000
CDUS43 KDMX 070642
CLIMCW

CLIMATE REPORT
NATIONAL WEATHER SERVICE DES MOINES IA
1240 AM CST SUN FEB 7 2016

...................................

...THE MASON CITY IA CLIMATE SUMMARY FOR FEBRUARY 6 2016...

CLIMATE NORMAL PERIOD 1981 TO 2010
CLIMATE RECORD PERIOD 1893 TO 2016


WEATHER ITEM   OBSERVED TIME   RECORD YEAR NORMAL DEPARTURE LAST
                VALUE   (LST)  VALUE       VALUE  FROM      YEAR
                                                  NORMAL
..................................................................
TEMPERATURE (F)
 YESTERDAY
  MAXIMUM         34   1159 PM  52    1925  27      7       29
  MINIMUM         24    829 AM -22    1900   9     15        7
  AVERAGE         29                        18     11       18

PRECIPITATION (IN)
  YESTERDAY        0.00          0.84 2005   0.03  -0.03     0.00
  MONTH TO DATE    0.33                      0.19   0.14     0.70
  SINCE DEC 1      4.52                      2.25   2.27     2.73
  SINCE JAN 1      0.89                      1.01  -0.12     1.63

SNOWFALL (IN)
  YESTERDAY        0.0           5.0  1931   0.3   -0.3      0.0
  MONTH TO DATE   11.0                       2.0    9.0      7.6
  SINCE DEC 1     29.7                      22.1    7.6     23.0
  SINCE JUL 1     39.7                      26.8   12.9     31.0
  SNOW DEPTH      12

DEGREE DAYS
 HEATING
  YESTERDAY       36                        47    -11       47
  MONTH TO DATE  259                       286    -27      348
  SINCE DEC 1   2829                      3217   -388     2988
  SINCE JUL 1   4184                      4897   -713     4887

 COOLING
  YESTERDAY        0                         0      0        0
  MONTH TO DATE    0                         0      0        0
  SINCE DEC 1      0                         0      0        0
  SINCE JAN 1      0                         0      0        0
..................................................................


WIND (MPH)
  HIGHEST WIND SPEED    21   HIGHEST WIND DIRECTION    SW (210)
  HIGHEST GUST SPEED    26   HIGHEST GUST DIRECTION    SW (210)
  AVERAGE WIND SPEED    12.9


SKY COVER
  POSSIBLE SUNSHINE  MM
  AVERAGE SKY COVER 0.8


WEATHER CONDITIONS
 THE FOLLOWING WEATHER WAS RECORDED YESTERDAY.
  FOG
  FOG W/VISIBILITY <= 1/4 MILE


RELATIVE HUMIDITY (PERCENT)
 HIGHEST   100          1200 AM
 LOWEST     82          1100 PM
 AVERAGE    91

..........................................................


THE MASON CITY IA CLIMATE NORMALS FOR TODAY
                         NORMAL    RECORD    YEAR
 MAXIMUM TEMPERATURE (F)   27        58      1987
 MINIMUM TEMPERATURE (F)    9       -30      1899


SUNRISE AND SUNSET
FEBRUARY  7 2016......SUNRISE   722 AM CST   SUNSET   533 PM CST
FEBRUARY  8 2016......SUNRISE   721 AM CST   SUNSET   534 PM CST


-  INDICATES NEGATIVE NUMBERS.
R  INDICATES RECORD WAS SET OR TIED.
MM INDICATES DATA IS MISSING.
T  INDICATES TRACE AMOUNT.




$$
