000
CDUS43 KDMX 040637
CLIMCW

CLIMATE REPORT
NATIONAL WEATHER SERVICE DES MOINES IA
134 AM CDT FRI APR 4 2014


...................................

...THE MASON CITY IA CLIMATE SUMMARY FOR APRIL 3 2014...

CLIMATE NORMAL PERIOD 1981 TO 2010
CLIMATE RECORD PERIOD 1893 TO 2014


WEATHER ITEM   OBSERVED TIME   RECORD YEAR NORMAL DEPARTURE LAST
                VALUE   (LST)  VALUE       VALUE  FROM      YEAR
                                                  NORMAL
..................................................................
TEMPERATURE (F)
 YESTERDAY
  MAXIMUM         38    208 PM  79    1921  52    -14       46
  MINIMUM         32   1159 PM   9    1954  30      2       20
  AVERAGE         35                        41     -6       33

PRECIPITATION (IN)
  YESTERDAY        0.21          1.38 1974   0.10   0.11     0.00
  MONTH TO DATE    0.23                      0.30  -0.07     0.00
  SINCE MAR 1      1.44                      2.53  -1.09     3.38
  SINCE JAN 1      4.46                      4.35   0.11     5.09

SNOWFALL (IN)
  YESTERDAY        0.0           7.0  1945   0.1   -0.1      0.0
  MONTH TO DATE    0.0                       0.4   -0.4      0.0
  SINCE MAR 1      6.8                       6.4    0.4     23.8
  SINCE JUL 1     52.9                      38.9   14.0     45.8
  SNOW DEPTH       0

DEGREE DAYS
 HEATING
  YESTERDAY       30                        24      6       32
  MONTH TO DATE   92                        73     19      106
  SINCE MAR 1   1286                      1067    219     1343
  SINCE JUL 1   7832                      6918    914     6904

 COOLING
  YESTERDAY        0                         0      0        0
  MONTH TO DATE    0                         0      0        0
  SINCE MAR 1      0                         0      0        0
  SINCE JAN 1      0                         0      0        0
..................................................................


WIND (MPH)
  HIGHEST WIND SPEED    24   HIGHEST WIND DIRECTION     E (90)
  HIGHEST GUST SPEED    32   HIGHEST GUST DIRECTION     E (80)
  AVERAGE WIND SPEED    15.4


SKY COVER
  POSSIBLE SUNSHINE  MM
  AVERAGE SKY COVER 1.0


WEATHER CONDITIONS
 THE FOLLOWING WEATHER WAS RECORDED YESTERDAY.
  RAIN
  LIGHT RAIN
  FREEZING RAIN
  LT FREEZING RAIN
  FOG


RELATIVE HUMIDITY (PERCENT)
 HIGHEST   100          1000 AM
 LOWEST     75           300 AM
 AVERAGE    88

..........................................................


THE MASON CITY IA CLIMATE NORMALS FOR TODAY
                         NORMAL    RECORD    YEAR
 MAXIMUM TEMPERATURE (F)   53        82      2005
 MINIMUM TEMPERATURE (F)   31         9      1995


SUNRISE AND SUNSET
APRIL  4 2014.........SUNRISE   650 AM CDT   SUNSET   743 PM CDT
APRIL  5 2014.........SUNRISE   648 AM CDT   SUNSET   744 PM CDT


-  INDICATES NEGATIVE NUMBERS.
R  INDICATES RECORD WAS SET OR TIED.
MM INDICATES DATA IS MISSING.
T  INDICATES TRACE AMOUNT.




$$
