933
CDUS43 KDMX 220645 RRA
CLIMCW

CLIMATE REPORT
NATIONAL WEATHER SERVICE DES MOINES IA
142 AM CDT FRI JUL 22 2016


...................................

...THE MASON CITY IA CLIMATE SUMMARY FOR JULY 21 2016...

CLIMATE NORMAL PERIOD 1981 TO 2010
CLIMATE RECORD PERIOD 1893 TO 2016


WEATHER ITEM   OBSERVED TIME   RECORD YEAR NORMAL DEPARTURE LAST
                VALUE   (LST)  VALUE       VALUE  FROM      YEAR
                                                  NORMAL
..................................................................
TEMPERATURE (F)
 YESTERDAY
  MAXIMUM         92    416 PM 100    1901  83      9       80
  MINIMUM         76    553 AM  45    1992  61     15       55
  AVERAGE         84                        72     12       68

PRECIPITATION (IN)
  YESTERDAY        0.00          2.29 1999   0.16  -0.16     0.00
  MONTH TO DATE    6.10                      3.21   2.89     1.54
  SINCE JUN 1     12.61                      8.35   4.26     6.58
  SINCE JAN 1     23.83                     20.83   3.00    17.58

SNOWFALL (IN)
  YESTERDAY        0.0           0.0  2002   0.0    0.0      0.0
                                      2001
  MONTH TO DATE    0.0                       0.0    0.0      0.0
  SINCE JUN 1      0.0                       0.0    0.0      0.0
  SINCE JUL 1      0.0                       0.0    0.0      0.0
  SNOW DEPTH       0

DEGREE DAYS
 HEATING
  YESTERDAY        0                         0      0        0
  MONTH TO DATE   10                         0     10       21
  SINCE JUN 1     18                        44    -26       33
  SINCE JUL 1     10                         0     10       21

 COOLING
  YESTERDAY       19                         7     12        3
  MONTH TO DATE  136                       149    -13      136
  SINCE JUN 1    322                       287     35      272
  SINCE JAN 1    363                       322     41      302
..................................................................


WIND (MPH)
  HIGHEST WIND SPEED    17   HIGHEST WIND DIRECTION    SW (210)
  HIGHEST GUST SPEED    22   HIGHEST GUST DIRECTION     S (180)
  AVERAGE WIND SPEED     8.2


SKY COVER
  POSSIBLE SUNSHINE  MM
  AVERAGE SKY COVER 0.2


WEATHER CONDITIONS
 THE FOLLOWING WEATHER WAS RECORDED YESTERDAY.
  FOG


RELATIVE HUMIDITY (PERCENT)
 HIGHEST    97          1100 PM
 LOWEST     64          1200 PM
 AVERAGE    81

..........................................................


THE MASON CITY IA CLIMATE NORMALS FOR TODAY
                         NORMAL    RECORD    YEAR
 MAXIMUM TEMPERATURE (F)   83        99      1901
 MINIMUM TEMPERATURE (F)   61        42      1947


SUNRISE AND SUNSET
JULY 22 2016..........SUNRISE   554 AM CDT   SUNSET   845 PM CDT
JULY 23 2016..........SUNRISE   555 AM CDT   SUNSET   844 PM CDT


-  INDICATES NEGATIVE NUMBERS.
R  INDICATES RECORD WAS SET OR TIED.
MM INDICATES DATA IS MISSING.
T  INDICATES TRACE AMOUNT.




$$
