000
CDUS43 KDMX 170631 RRA
CLIMCW

CLIMATE REPORT
NATIONAL WEATHER SERVICE DES MOINES IA
1230 AM CST FRI FEB 17 2017


...................................

...THE MASON CITY IA CLIMATE SUMMARY FOR FEBRUARY 16 2017...

CLIMATE NORMAL PERIOD 1981 TO 2010
CLIMATE RECORD PERIOD 1893 TO 2017


WEATHER ITEM   OBSERVED TIME   RECORD YEAR NORMAL DEPARTURE LAST
                VALUE   (LST)  VALUE       VALUE  FROM      YEAR
                                                  NORMAL
..................................................................
TEMPERATURE (F)
 YESTERDAY
  MAXIMUM         41    348 PM  63    1981  30     11       34
  MINIMUM         29    744 AM -28    1936  12     17       24
  AVERAGE         35                        21     14       29

PRECIPITATION (IN)
  YESTERDAY        0.00          0.37 1932   0.04  -0.04      T
  MONTH TO DATE    0.06                      0.52  -0.46     0.67
  SINCE DEC 1      4.13                      2.58   1.55     4.86
  SINCE JAN 1      1.97                      1.34   0.63     1.23

SNOWFALL (IN)
  YESTERDAY        0.0           5.5  2006   0.2   -0.2       T
  MONTH TO DATE    T                         4.8   -4.8     13.2
  SINCE DEC 1     30.6                      24.9    5.7     31.9
  SINCE JUL 1     30.6                      29.6    1.0     41.9
  SNOW DEPTH       1

DEGREE DAYS
 HEATING
  YESTERDAY       30                        44    -14       36
  MONTH TO DATE  631                       741   -110      773
  SINCE DEC 1   3400                      3672   -272     3343
  SINCE JUL 1   4564                      5352   -788     4698

 COOLING
  YESTERDAY        0                         0      0        0
  MONTH TO DATE    0                         0      0        0
  SINCE DEC 1      0                         0      0        0
  SINCE JAN 1      0                         0      0        0
..................................................................


WIND (MPH)
  HIGHEST WIND SPEED    17   HIGHEST WIND DIRECTION    SE (150)
  HIGHEST GUST SPEED    22   HIGHEST GUST DIRECTION    SE (150)
  AVERAGE WIND SPEED     9.5


SKY COVER
  POSSIBLE SUNSHINE  MM
  AVERAGE SKY COVER 0.0


WEATHER CONDITIONS
 THE FOLLOWING WEATHER WAS RECORDED YESTERDAY.
  NO SIGNIFICANT WEATHER WAS OBSERVED.


RELATIVE HUMIDITY (PERCENT)
 HIGHEST    89           700 PM
 LOWEST     70           200 PM
 AVERAGE    80

..........................................................


THE MASON CITY IA CLIMATE NORMALS FOR TODAY
                         NORMAL    RECORD    YEAR
 MAXIMUM TEMPERATURE (F)   30        66      1981
 MINIMUM TEMPERATURE (F)   13       -20      1958


SUNRISE AND SUNSET
FEBRUARY 17 2017......SUNRISE   708 AM CST   SUNSET   547 PM CST
FEBRUARY 18 2017......SUNRISE   706 AM CST   SUNSET   549 PM CST


-  INDICATES NEGATIVE NUMBERS.
R  INDICATES RECORD WAS SET OR TIED.
MM INDICATES DATA IS MISSING.
T  INDICATES TRACE AMOUNT.




$$
