000
CDUS43 KDMX 220631 RRA
CLIMCW

CLIMATE REPORT
NATIONAL WEATHER SERVICE DES MOINES IA
128 AM CDT WED JUL 22 2015


...................................

...THE MASON CITY IA CLIMATE SUMMARY FOR JULY 21 2015...

CLIMATE NORMAL PERIOD 1981 TO 2010
CLIMATE RECORD PERIOD 1893 TO 2015


WEATHER ITEM   OBSERVED TIME   RECORD YEAR NORMAL DEPARTURE LAST
                VALUE   (LST)  VALUE       VALUE  FROM      YEAR
                                                  NORMAL
..................................................................
TEMPERATURE (F)
 YESTERDAY
  MAXIMUM         80    415 PM 100    1901  83     -3       88
  MINIMUM         55    445 AM  45    1992  61     -6       69
  AVERAGE         68                        72     -4       79

PRECIPITATION (IN)
  YESTERDAY        0.00          2.29 1999   0.16  -0.16     0.00
  MONTH TO DATE    1.54                      3.21  -1.67     0.40
  SINCE JUN 1      6.58                      8.35  -1.77     9.05
  SINCE JAN 1     17.58                     20.83  -3.25    23.09

SNOWFALL (IN)
  YESTERDAY        0.0           0.0  2002   0.0    0.0      0.0
                                      2001
  MONTH TO DATE    0.0                       0.0    0.0      0.0
  SINCE JUN 1      0.0                       0.0    0.0      0.0
  SINCE JUL 1      0.0                       0.0    0.0      0.0
  SNOW DEPTH       0

DEGREE DAYS
 HEATING
  YESTERDAY        0                         0      0        0
  MONTH TO DATE   21                         0     21       21
  SINCE JUN 1     33                        44    -11       34
  SINCE JUL 1     21                         0     21       21

 COOLING
  YESTERDAY        3                         7     -4       14
  MONTH TO DATE  136                       149    -13       82
  SINCE JUN 1    272                       287    -15      218
  SINCE JAN 1    302                       322    -20      271
..................................................................


WIND (MPH)
  HIGHEST WIND SPEED    14   HIGHEST WIND DIRECTION     W (290)
  HIGHEST GUST SPEED    17   HIGHEST GUST DIRECTION     W (290)
  AVERAGE WIND SPEED     3.9


SKY COVER
  POSSIBLE SUNSHINE  MM
  AVERAGE SKY COVER 0.1


WEATHER CONDITIONS
 THE FOLLOWING WEATHER WAS RECORDED YESTERDAY.
  NO SIGNIFICANT WEATHER WAS OBSERVED.


RELATIVE HUMIDITY (PERCENT)
 HIGHEST    97          1100 PM
 LOWEST     48           200 PM
 AVERAGE    73

..........................................................


THE MASON CITY IA CLIMATE NORMALS FOR TODAY
                         NORMAL    RECORD    YEAR
 MAXIMUM TEMPERATURE (F)   83        99      1901
 MINIMUM TEMPERATURE (F)   61        42      1947


SUNRISE AND SUNSET
JULY 22 2015..........SUNRISE   553 AM CDT   SUNSET   846 PM CDT
JULY 23 2015..........SUNRISE   554 AM CDT   SUNSET   845 PM CDT


-  INDICATES NEGATIVE NUMBERS.
R  INDICATES RECORD WAS SET OR TIED.
MM INDICATES DATA IS MISSING.
T  INDICATES TRACE AMOUNT.




$$
