000
CDUS43 KDMX 220659
CLIMCW

CLIMATE REPORT
NATIONAL WEATHER SERVICE DES MOINES IA
1255 AM CST SUN FEB 22 2015


...................................

...THE MASON CITY IA CLIMATE SUMMARY FOR FEBRUARY 21 2015...

CLIMATE NORMAL PERIOD 1981 TO 2010
CLIMATE RECORD PERIOD 1893 TO 2015


WEATHER ITEM   OBSERVED TIME   RECORD YEAR NORMAL DEPARTURE LAST
                VALUE   (LST)  VALUE       VALUE  FROM      YEAR
                                                  NORMAL
..................................................................
TEMPERATURE (F)
 YESTERDAY
  MAXIMUM         30    128 AM  59    1930  31     -1       20
  MINIMUM          3   1159 PM -22    1936  14    -11        8
  AVERAGE         17                        23     -6       14

PRECIPITATION (IN)
  YESTERDAY        T             0.80 1974   0.04  -0.04      T
  MONTH TO DATE    0.17                      0.70  -0.53     2.06
  SINCE DEC 1      2.20                      2.76  -0.56     4.06
  SINCE JAN 1      1.10                      1.52  -0.42     2.89

SNOWFALL (IN)
  YESTERDAY        T            10.0  1945   0.2   -0.2       T
  MONTH TO DATE    7.6                       6.0    1.6     18.4
  SINCE DEC 1     23.0                      26.1   -3.1     42.5
  SINCE JUL 1     31.0                      30.8    0.2     44.0
  SNOW DEPTH       6

DEGREE DAYS
 HEATING
  YESTERDAY       48                        42      6       51
  MONTH TO DATE 1096                       956    140     1148
  SINCE DEC 1   3736                      3887   -151     4454
  SINCE JUL 1   5635                      5567     68     6118

 COOLING
  YESTERDAY        0                         0      0        0
  MONTH TO DATE    0                         0      0        0
  SINCE DEC 1      0                         0      0        0
  SINCE JAN 1      0                         0      0        0
..................................................................


WIND (MPH)
  HIGHEST WIND SPEED    25   HIGHEST WIND DIRECTION    NW (330)
  HIGHEST GUST SPEED    31   HIGHEST GUST DIRECTION    NW (320)
  AVERAGE WIND SPEED    16.0


SKY COVER
  POSSIBLE SUNSHINE  MM
  AVERAGE SKY COVER 0.6


WEATHER CONDITIONS
 THE FOLLOWING WEATHER WAS RECORDED YESTERDAY.
  LIGHT SNOW
  FOG


RELATIVE HUMIDITY (PERCENT)
 HIGHEST   100           600 AM
 LOWEST     66           900 PM
 AVERAGE    83

..........................................................


THE MASON CITY IA CLIMATE NORMALS FOR TODAY
                         NORMAL    RECORD    YEAR
 MAXIMUM TEMPERATURE (F)   32        58      1930
 MINIMUM TEMPERATURE (F)   15       -17      1929


SUNRISE AND SUNSET
FEBRUARY 22 2015......SUNRISE   701 AM CST   SUNSET   553 PM CST
FEBRUARY 23 2015......SUNRISE   659 AM CST   SUNSET   555 PM CST


-  INDICATES NEGATIVE NUMBERS.
R  INDICATES RECORD WAS SET OR TIED.
MM INDICATES DATA IS MISSING.
T  INDICATES TRACE AMOUNT.




$$
