000
CDUS43 KDMX 040655
CLIMCW

CLIMATE REPORT
NATIONAL WEATHER SERVICE DES MOINES IA
1248 AM CST THU FEB 4 2016


...................................

...THE MASON CITY IA CLIMATE SUMMARY FOR FEBRUARY 3 2016...

CLIMATE NORMAL PERIOD 1981 TO 2010
CLIMATE RECORD PERIOD 1893 TO 2016


WEATHER ITEM   OBSERVED TIME   RECORD YEAR NORMAL DEPARTURE LAST
                VALUE   (LST)  VALUE       VALUE  FROM      YEAR
                                                  NORMAL
..................................................................
TEMPERATURE (F)
 YESTERDAY
  MAXIMUM         29   1223 AM  53    1934  26      3       15
  MINIMUM          7   1135 PM -28    1996   8     -1       -1
  AVERAGE         18                        17      1        7

PRECIPITATION (IN)
  YESTERDAY        0.08          0.40 1919   0.04   0.04     0.14
  MONTH TO DATE    0.33                      0.10   0.23     0.70
  SINCE DEC 1      4.52                      2.16   2.36     2.73
  SINCE JAN 1      0.89                      0.92  -0.03     1.63

SNOWFALL (IN)
  YESTERDAY        1.0           7.0  1936   0.3    0.7      1.4
  MONTH TO DATE   11.0                       1.0   10.0      7.6
  SINCE DEC 1     29.7                      21.1    8.6     23.0
  SINCE JUL 1     39.7                      25.8   13.9     31.0
  SNOW DEPTH      13

DEGREE DAYS
 HEATING
  YESTERDAY       47                        48     -1       58
  MONTH TO DATE  119                       144    -25      174
  SINCE DEC 1   2689                      3075   -386     2814
  SINCE JUL 1   4044                      4755   -711     4713

 COOLING
  YESTERDAY        0                         0      0        0
  MONTH TO DATE    0                         0      0        0
  SINCE DEC 1      0                         0      0        0
  SINCE JAN 1      0                         0      0        0
..................................................................


WIND (MPH)
  HIGHEST WIND SPEED    31   HIGHEST WIND DIRECTION    NW (330)
  HIGHEST GUST SPEED    38   HIGHEST GUST DIRECTION    NW (330)
  AVERAGE WIND SPEED    20.8


SKY COVER
  POSSIBLE SUNSHINE  MM
  AVERAGE SKY COVER 0.6


WEATHER CONDITIONS
 THE FOLLOWING WEATHER WAS RECORDED YESTERDAY.
  HEAVY SNOW
  SNOW
  LIGHT SNOW
  FOG
  FOG W/VISIBILITY <= 1/4 MILE
  BLOWING SNOW


RELATIVE HUMIDITY (PERCENT)
 HIGHEST    92          1200 AM
 LOWEST     67           400 PM
 AVERAGE    80

..........................................................


THE MASON CITY IA CLIMATE NORMALS FOR TODAY
                         NORMAL    RECORD    YEAR
 MAXIMUM TEMPERATURE (F)   26        55      2005
 MINIMUM TEMPERATURE (F)    8       -23      1895


SUNRISE AND SUNSET
FEBRUARY  4 2016......SUNRISE   726 AM CST   SUNSET   529 PM CST
FEBRUARY  5 2016......SUNRISE   725 AM CST   SUNSET   530 PM CST


-  INDICATES NEGATIVE NUMBERS.
R  INDICATES RECORD WAS SET OR TIED.
MM INDICATES DATA IS MISSING.
T  INDICATES TRACE AMOUNT.




$$
