000
CDUS43 KDMX 210639 RRA
CLIMCW

CLIMATE REPORT
NATIONAL WEATHER SERVICE DES MOINES IA
138 AM CDT SAT MAR 21 2015


...................................

...THE MASON CITY IA CLIMATE SUMMARY FOR MARCH 20 2015...

CLIMATE NORMAL PERIOD 1981 TO 2010
CLIMATE RECORD PERIOD 1893 TO 2015


WEATHER ITEM   OBSERVED TIME   RECORD YEAR NORMAL DEPARTURE LAST
                VALUE   (LST)  VALUE       VALUE  FROM      YEAR
                                                  NORMAL
..................................................................
TEMPERATURE (F)
 YESTERDAY
  MAXIMUM         59    516 PM  73    1934  44     15       45
  MINIMUM         28    638 AM -13    1965  25      3       21
  AVERAGE         44                        35      9       33

PRECIPITATION (IN)
  YESTERDAY        0.00          0.94 2011   0.08  -0.08     0.00
  MONTH TO DATE    0.01                      1.26  -1.25     0.56
  SINCE MAR 1      0.01                      1.26  -1.25     0.56
  SINCE JAN 1      2.08                      3.08  -1.00     3.58

SNOWFALL (IN)
  YESTERDAY        0.0          10.0  1933   0.1   -0.1      0.0
  MONTH TO DATE    T                         4.2   -4.2      5.6
  SINCE MAR 1      T                         4.2   -4.2      5.6
  SINCE JUL 1     35.8                      36.7   -0.9     51.7
  SNOW DEPTH       0

DEGREE DAYS
 HEATING
  YESTERDAY       21                        30     -9       32
  MONTH TO DATE  612                       690    -78      833
  SINCE MAR 1    612                       690    -78      833
  SINCE JUL 1   6675                      6541    134     7379

 COOLING
  YESTERDAY        0                         0      0        0
  MONTH TO DATE    0                         0      0        0
  SINCE MAR 1      0                         0      0        0
  SINCE JAN 1      0                         0      0        0
..................................................................


WIND (MPH)
  HIGHEST WIND SPEED    25   HIGHEST WIND DIRECTION     N (340)
  HIGHEST GUST SPEED    32   HIGHEST GUST DIRECTION    NW (320)
  AVERAGE WIND SPEED    11.5


SKY COVER
  POSSIBLE SUNSHINE  MM
  AVERAGE SKY COVER 0.1


WEATHER CONDITIONS
 THE FOLLOWING WEATHER WAS RECORDED YESTERDAY.
  FOG


RELATIVE HUMIDITY (PERCENT)
 HIGHEST    92           400 AM
 LOWEST     37           400 PM
 AVERAGE    65

..........................................................


THE MASON CITY IA CLIMATE NORMALS FOR TODAY
                         NORMAL    RECORD    YEAR
 MAXIMUM TEMPERATURE (F)   45        81      1938
 MINIMUM TEMPERATURE (F)   26        -8      1965


SUNRISE AND SUNSET
MARCH 21 2015.........SUNRISE   715 AM CDT   SUNSET   727 PM CDT
MARCH 22 2015.........SUNRISE   713 AM CDT   SUNSET   728 PM CDT


-  INDICATES NEGATIVE NUMBERS.
R  INDICATES RECORD WAS SET OR TIED.
MM INDICATES DATA IS MISSING.
T  INDICATES TRACE AMOUNT.




$$
