000
CDUS43 KDMX 130636 RRC
CLIMCW

CLIMATE REPORT
NATIONAL WEATHER SERVICE DES MOINES IA
134 AM CDT MON MAR 13 2017


...................................

...THE MASON CITY IA CLIMATE SUMMARY FOR MARCH 12 2017...

CLIMATE NORMAL PERIOD 1981 TO 2010
CLIMATE RECORD PERIOD 1893 TO 2017


WEATHER ITEM   OBSERVED TIME   RECORD YEAR NORMAL DEPARTURE LAST
                VALUE   (LST)  VALUE       VALUE  FROM      YEAR
                                                  NORMAL
..................................................................
TEMPERATURE (F)
 YESTERDAY
  MAXIMUM         25   1247 PM  72    1990  40    -15       64
  MINIMUM          8    620 AM -10    1956  22    -14       33
  AVERAGE         17                        31    -14       49

PRECIPITATION (IN)
  YESTERDAY        0.21          1.58 1991   0.06   0.15     0.04
  MONTH TO DATE    0.65                      0.68  -0.03     0.20
  SINCE MAR 1      0.65                      0.68  -0.03     0.20
  SINCE JAN 1      4.64                      2.50   2.14     1.49

SNOWFALL (IN)
  YESTERDAY        6.5 R         5.3  1991   0.2    6.3      0.0
  MONTH TO DATE    7.0                       2.7    4.3      2.2
  SINCE MAR 1      7.0                       2.7    4.3      2.2
  SINCE JUL 1     46.4                      35.2   11.2     44.9
  SNOW DEPTH       0

DEGREE DAYS
 HEATING
  YESTERDAY       48                        34     14       16
  MONTH TO DATE  424                       436    -12      333
  SINCE MAR 1    424                       436    -12      333
  SINCE JUL 1   5336                      6287   -951     5432

 COOLING
  YESTERDAY        0                         0      0        0
  MONTH TO DATE    0                         0      0        0
  SINCE MAR 1      0                         0      0        0
  SINCE JAN 1      0                         0      0        0
..................................................................


WIND (MPH)
  HIGHEST WIND SPEED    21   HIGHEST WIND DIRECTION     E (80)
  HIGHEST GUST SPEED    26   HIGHEST GUST DIRECTION     E (110)
  AVERAGE WIND SPEED    10.2


SKY COVER
  POSSIBLE SUNSHINE  MM
  AVERAGE SKY COVER 0.6


WEATHER CONDITIONS
 THE FOLLOWING WEATHER WAS RECORDED YESTERDAY.
  HEAVY SNOW
  SNOW
  LIGHT SNOW
  FOG
  FOG W/VISIBILITY <= 1/4 MILE
  HAZE


RELATIVE HUMIDITY (PERCENT)
 HIGHEST    92           400 PM
 LOWEST     36          1200 PM
 AVERAGE    64

..........................................................


THE MASON CITY IA CLIMATE NORMALS FOR TODAY
                         NORMAL    RECORD    YEAR
 MAXIMUM TEMPERATURE (F)   41        69      2012
 MINIMUM TEMPERATURE (F)   23        -7      1993


SUNRISE AND SUNSET
MARCH 13 2017.........SUNRISE   728 AM CDT   SUNSET   718 PM CDT
MARCH 14 2017.........SUNRISE   727 AM CDT   SUNSET   719 PM CDT


-  INDICATES NEGATIVE NUMBERS.
R  INDICATES RECORD WAS SET OR TIED.
MM INDICATES DATA IS MISSING.
T  INDICATES TRACE AMOUNT.




$$
