000
CDUS43 KDMX 030641
CLIMCW

CLIMATE REPORT
NATIONAL WEATHER SERVICE DES MOINES IA
138 AM CDT THU APR 3 2014


...................................

...THE MASON CITY IA CLIMATE SUMMARY FOR APRIL 2 2014...

CLIMATE NORMAL PERIOD 1981 TO 2010
CLIMATE RECORD PERIOD 1893 TO 2014


WEATHER ITEM   OBSERVED TIME   RECORD YEAR NORMAL DEPARTURE LAST
                VALUE   (LST)  VALUE       VALUE  FROM      YEAR
                                                  NORMAL
..................................................................
TEMPERATURE (F)
 YESTERDAY
  MAXIMUM         47    347 PM  83    1981  51     -4       39
  MINIMUM         26    114 AM  11    1899  30     -4       18
  AVERAGE         37                        41     -4       29

PRECIPITATION (IN)
  YESTERDAY        0.02          1.29 2006   0.10  -0.08     0.00
  MONTH TO DATE    0.02                      0.20  -0.18     0.00
  SINCE MAR 1      1.23                      2.43  -1.20     3.38
  SINCE JAN 1      4.25                      4.25   0.00     5.09

SNOWFALL (IN)
  YESTERDAY        0.0           2.0  1979   0.1   -0.1      0.0
  MONTH TO DATE    0.0                       0.3   -0.3      0.0
  SINCE MAR 1      6.8                       6.3    0.5     23.8
  SINCE JUL 1     52.9                      38.8   14.1     45.8
  SNOW DEPTH       0

DEGREE DAYS
 HEATING
  YESTERDAY       28                        24      4       36
  MONTH TO DATE   62                        49     13       74
  SINCE MAR 1   1256                      1043    213     1311
  SINCE JUL 1   7802                      6894    908     6872

 COOLING
  YESTERDAY        0                         0      0        0
  MONTH TO DATE    0                         0      0        0
  SINCE MAR 1      0                         0      0        0
  SINCE JAN 1      0                         0      0        0
..................................................................


WIND (MPH)
  HIGHEST WIND SPEED    22   HIGHEST WIND DIRECTION     E (90)
  HIGHEST GUST SPEED    28   HIGHEST GUST DIRECTION     E (80)
  AVERAGE WIND SPEED    13.5


SKY COVER
  POSSIBLE SUNSHINE  MM
  AVERAGE SKY COVER 0.6


WEATHER CONDITIONS
 THE FOLLOWING WEATHER WAS RECORDED YESTERDAY.
  LIGHT RAIN
  FOG


RELATIVE HUMIDITY (PERCENT)
 HIGHEST   100           400 AM
 LOWEST     53           400 PM
 AVERAGE    77

..........................................................


THE MASON CITY IA CLIMATE NORMALS FOR TODAY
                         NORMAL    RECORD    YEAR
 MAXIMUM TEMPERATURE (F)   52        79      1921
 MINIMUM TEMPERATURE (F)   30         9      1954


SUNRISE AND SUNSET
APRIL  3 2014.........SUNRISE   652 AM CDT   SUNSET   742 PM CDT
APRIL  4 2014.........SUNRISE   650 AM CDT   SUNSET   743 PM CDT


-  INDICATES NEGATIVE NUMBERS.
R  INDICATES RECORD WAS SET OR TIED.
MM INDICATES DATA IS MISSING.
T  INDICATES TRACE AMOUNT.




$$
