542
CDUS43 KDMX 140642 RRB
CLIMCW

CLIMATE REPORT
NATIONAL WEATHER SERVICE DES MOINES IA
1236 AM CST TUE NOV 14 2017


...................................

...THE MASON CITY IA CLIMATE SUMMARY FOR NOVEMBER 13 2017...

CLIMATE NORMAL PERIOD 1981 TO 2010
CLIMATE RECORD PERIOD 1893 TO 2017


WEATHER ITEM   OBSERVED TIME   RECORD YEAR NORMAL DEPARTURE LAST
                VALUE   (LST)  VALUE       VALUE  FROM      YEAR
                                                  NORMAL
..................................................................
TEMPERATURE (F)
 YESTERDAY
  MAXIMUM         42    251 PM  73    1999  45     -3       63
  MINIMUM         19    239 AM  -7    1896  26     -7       36
  AVERAGE         31                        35     -4       50

PRECIPITATION (IN)
  YESTERDAY        T             2.33 1909   0.06  -0.06     0.00
  MONTH TO DATE    0.09                      0.87  -0.78     0.00
  SINCE SEP 1      7.35                      6.59   0.76    13.19
  SINCE JAN 1     30.27                     32.95  -2.68    44.45

SNOWFALL (IN)
  YESTERDAY        0.0           2.5  1959   0.1   -0.1      0.0
  MONTH TO DATE    T                         1.0   -1.0      0.0
  SINCE SEP 1      0.2                       1.4   -1.2      0.0
  SINCE JUL 1      0.2                       1.4   -1.2      0.0
  SNOW DEPTH       0

DEGREE DAYS
 HEATING
  YESTERDAY       34                        30      4       15
  MONTH TO DATE  437                       344     93      208
  SINCE SEP 1    977                      1046    -69      681
  SINCE JUL 1   1000                      1082    -82      699

 COOLING
  YESTERDAY        0                         0      0        0
  MONTH TO DATE    0                         0      0        0
  SINCE SEP 1    104                        60     44       89
  SINCE JAN 1    603                       616    -13      697
..................................................................


WIND (MPH)
  HIGHEST WIND SPEED    21   HIGHEST WIND DIRECTION     S (180)
  HIGHEST GUST SPEED    26   HIGHEST GUST DIRECTION     S (170)
  AVERAGE WIND SPEED    11.6


SKY COVER
  POSSIBLE SUNSHINE  MM
  AVERAGE SKY COVER 0.5


WEATHER CONDITIONS
 THE FOLLOWING WEATHER WAS RECORDED YESTERDAY.
  LIGHT RAIN
  FOG


RELATIVE HUMIDITY (PERCENT)
 HIGHEST   100          1200 AM
 LOWEST     73           300 PM
 AVERAGE    87

..........................................................


THE MASON CITY IA CLIMATE NORMALS FOR TODAY
                         NORMAL    RECORD    YEAR
 MAXIMUM TEMPERATURE (F)   44        71      1990
 MINIMUM TEMPERATURE (F)   25        -7      1959


SUNRISE AND SUNSET
NOVEMBER 14 2017......SUNRISE   705 AM CST   SUNSET   450 PM CST
NOVEMBER 15 2017......SUNRISE   706 AM CST   SUNSET   449 PM CST


-  INDICATES NEGATIVE NUMBERS.
R  INDICATES RECORD WAS SET OR TIED.
MM INDICATES DATA IS MISSING.
T  INDICATES TRACE AMOUNT.




$$
