212
CDUS43 KDMX 300641 RRC
CLIMCW

CLIMATE REPORT
NATIONAL WEATHER SERVICE DES MOINES IA
1239 AM CST WED NOV 30 2016


...................................

...THE MASON CITY IA CLIMATE SUMMARY FOR NOVEMBER 29 2016...

CLIMATE NORMAL PERIOD 1981 TO 2010
CLIMATE RECORD PERIOD 1893 TO 2016


WEATHER ITEM   OBSERVED TIME   RECORD YEAR NORMAL DEPARTURE LAST
                VALUE   (LST)  VALUE       VALUE  FROM      YEAR
                                                  NORMAL
..................................................................
TEMPERATURE (F)
 YESTERDAY
  MAXIMUM         38    250 PM  67    1998  35      3       33
  MINIMUM         34    810 AM  -8    1929  17     17       24
  AVERAGE         36                        26     10       29

PRECIPITATION (IN)
  YESTERDAY        0.00          0.73 1996   0.05  -0.05     0.08
  MONTH TO DATE    1.10                      1.83  -0.73     2.63
  SINCE SEP 1     14.29                      7.55   6.74     8.17
  SINCE JAN 1     45.55                     33.91  11.64    35.98

SNOWFALL (IN)
  YESTERDAY        0.0           6.5  1919   0.2   -0.2      0.0
  MONTH TO DATE    0.0                       4.0   -4.0     10.0
  SINCE SEP 1      0.0                       4.4   -4.4     10.0
  SINCE JUL 1      0.0                       4.4   -4.4     10.0
  SNOW DEPTH       0

DEGREE DAYS
 HEATING
  YESTERDAY       29                        39    -10       36
  MONTH TO DATE  642                       902   -260      737
  SINCE SEP 1   1115                      1604   -489     1264
  SINCE JUL 1   1133                      1640   -507     1322

 COOLING
  YESTERDAY        0                         0      0        0
  MONTH TO DATE    0                         0      0        0
  SINCE SEP 1     89                        60     29      135
  SINCE JAN 1    697                       616     81      652
..................................................................


WIND (MPH)
  HIGHEST WIND SPEED    31   HIGHEST WIND DIRECTION     W (250)
  HIGHEST GUST SPEED    37   HIGHEST GUST DIRECTION     W (260)
  AVERAGE WIND SPEED    17.8


SKY COVER
  POSSIBLE SUNSHINE  MM
  AVERAGE SKY COVER 1.0


WEATHER CONDITIONS
 THE FOLLOWING WEATHER WAS RECORDED YESTERDAY.
  FOG


RELATIVE HUMIDITY (PERCENT)
 HIGHEST    92          1000 PM
 LOWEST     64          1200 PM
 AVERAGE    78

..........................................................


THE MASON CITY IA CLIMATE NORMALS FOR TODAY
                         NORMAL    RECORD    YEAR
 MAXIMUM TEMPERATURE (F)   34        64      1932
 MINIMUM TEMPERATURE (F)   17        -9      1976


SUNRISE AND SUNSET
NOVEMBER 30 2016......SUNRISE   725 AM CST   SUNSET   439 PM CST
DECEMBER  1 2016......SUNRISE   726 AM CST   SUNSET   439 PM CST


-  INDICATES NEGATIVE NUMBERS.
R  INDICATES RECORD WAS SET OR TIED.
MM INDICATES DATA IS MISSING.
T  INDICATES TRACE AMOUNT.




$$
