000
CDUS43 KDMX 140715 RRA
CLIMCW

CLIMATE REPORT
NATIONAL WEATHER SERVICE DES MOINES IA
112 AM CST SUN DEC 14 2014


...................................

...THE MASON CITY IA CLIMATE SUMMARY FOR DECEMBER 13 2014...

CLIMATE NORMAL PERIOD 1981 TO 2010
CLIMATE RECORD PERIOD 1893 TO 2014


WEATHER ITEM   OBSERVED TIME   RECORD YEAR NORMAL DEPARTURE LAST
                VALUE   (LST)  VALUE       VALUE  FROM      YEAR
                                                  NORMAL
..................................................................
TEMPERATURE (F)
 YESTERDAY
  MAXIMUM         48    204 PM  56    1998  28     20       23
  MINIMUM         27    124 AM -22    1917  12     15        2
  AVERAGE         38                        20     18       13

PRECIPITATION (IN)
  YESTERDAY        0.00          0.49 1928   0.04  -0.04     0.00
  MONTH TO DATE    0.10                      0.59  -0.49     0.40
  SINCE DEC 1      0.10                      0.59  -0.49     0.40
  SINCE JAN 1     34.21                     34.55  -0.34    38.23

SNOWFALL (IN)
  YESTERDAY        0.0           5.5  1937   0.3   -0.3      0.0
  MONTH TO DATE    T                         3.9   -3.9      4.8
  SINCE DEC 1      T                         3.9   -3.9      4.8
  SINCE JUL 1      8.0                       8.6   -0.6      6.3
  SNOW DEPTH       0

DEGREE DAYS
 HEATING
  YESTERDAY       27                        45    -18       52
  MONTH TO DATE  500                       558    -58      657
  SINCE DEC 1    500                       558    -58      657
  SINCE JUL 1   2399                      2238    161     2321

 COOLING
  YESTERDAY        0                         0      0        0
  MONTH TO DATE    0                         0      0        0
  SINCE DEC 1      0                         0      0        0
  SINCE JAN 1    544                       616    -72      718
..................................................................


WIND (MPH)
  HIGHEST WIND SPEED    14   HIGHEST WIND DIRECTION    SW (220)
  HIGHEST GUST SPEED    16   HIGHEST GUST DIRECTION    SW (220)
  AVERAGE WIND SPEED     8.0


SKY COVER
  POSSIBLE SUNSHINE  MM
  AVERAGE SKY COVER 0.9


WEATHER CONDITIONS
 THE FOLLOWING WEATHER WAS RECORDED YESTERDAY.
  FOG
  FOG W/VISIBILITY <= 1/4 MILE


RELATIVE HUMIDITY (PERCENT)
 HIGHEST   100           400 AM
 LOWEST     92          1200 AM
 AVERAGE    96

..........................................................


THE MASON CITY IA CLIMATE NORMALS FOR TODAY
                         NORMAL    RECORD    YEAR
 MAXIMUM TEMPERATURE (F)   28        55      1998
 MINIMUM TEMPERATURE (F)   11       -17      1926


SUNRISE AND SUNSET
DECEMBER 14 2014......SUNRISE   737 AM CST   SUNSET   439 PM CST
DECEMBER 15 2014......SUNRISE   738 AM CST   SUNSET   439 PM CST


-  INDICATES NEGATIVE NUMBERS.
R  INDICATES RECORD WAS SET OR TIED.
MM INDICATES DATA IS MISSING.
T  INDICATES TRACE AMOUNT.




$$
