000
CDUS43 KDMX 180633
CLIMCW

CLIMATE REPORT
NATIONAL WEATHER SERVICE DES MOINES IA
1231 AM CST WED FEB 18 2015


...................................

...THE MASON CITY IA CLIMATE SUMMARY FOR FEBRUARY 17 2015...

CLIMATE NORMAL PERIOD 1981 TO 2010
CLIMATE RECORD PERIOD 1893 TO 2015


WEATHER ITEM   OBSERVED TIME   RECORD YEAR NORMAL DEPARTURE LAST
                VALUE   (LST)  VALUE       VALUE  FROM      YEAR
                                                  NORMAL
..................................................................
TEMPERATURE (F)
 YESTERDAY
  MAXIMUM         14    414 PM  66    1981  30    -16       35
  MINIMUM          2   1159 PM -20    1958  13    -11       19
  AVERAGE          8                        21    -13       27

PRECIPITATION (IN)
  YESTERDAY        T             0.60 1904   0.03  -0.03     0.30
  MONTH TO DATE    0.17                      0.55  -0.38     0.75
  SINCE DEC 1      2.20                      2.61  -0.41     2.75
  SINCE JAN 1      1.10                      1.37  -0.27     1.58

SNOWFALL (IN)
  YESTERDAY       MM             6.0  1904   0.3   MM        4.3
  MONTH TO DATE    7.6                       5.1    2.5     11.3
  SINCE DEC 1     23.0                      25.2   -2.2     35.4
  SINCE JUL 1     31.0                      29.9    1.1     36.9
  SNOW DEPTH       6

DEGREE DAYS
 HEATING
  YESTERDAY       57                        44     13       38
  MONTH TO DATE  870                       785     85      992
  SINCE DEC 1   3510                      3716   -206     4298
  SINCE JUL 1   5409                      5396     13     5962

 COOLING
  YESTERDAY        0                         0      0        0
  MONTH TO DATE    0                         0      0        0
  SINCE DEC 1      0                         0      0        0
  SINCE JAN 1      0                         0      0        0
..................................................................


WIND (MPH)
  HIGHEST WIND SPEED    33   HIGHEST WIND DIRECTION    NW (330)
  HIGHEST GUST SPEED    39   HIGHEST GUST DIRECTION    NW (330)
  AVERAGE WIND SPEED    18.0


SKY COVER
  POSSIBLE SUNSHINE  MM
  AVERAGE SKY COVER 0.6


WEATHER CONDITIONS
 THE FOLLOWING WEATHER WAS RECORDED YESTERDAY.
  LIGHT SNOW
  FOG
  HAZE


RELATIVE HUMIDITY (PERCENT)
 HIGHEST    80           100 AM
 LOWEST     58           100 PM
 AVERAGE    69

..........................................................


THE MASON CITY IA CLIMATE NORMALS FOR TODAY
                         NORMAL    RECORD    YEAR
 MAXIMUM TEMPERATURE (F)   30        64      1981
 MINIMUM TEMPERATURE (F)   13       -20      2006
                                             1936


SUNRISE AND SUNSET
FEBRUARY 18 2015......SUNRISE   707 AM CST   SUNSET   548 PM CST
FEBRUARY 19 2015......SUNRISE   705 AM CST   SUNSET   549 PM CST


-  INDICATES NEGATIVE NUMBERS.
R  INDICATES RECORD WAS SET OR TIED.
MM INDICATES DATA IS MISSING.
T  INDICATES TRACE AMOUNT.

$$

PODIUM
