000
CDUS43 KDMX 130646 RRA
CLIMCW

CLIMATE REPORT
NATIONAL WEATHER SERVICE DES MOINES IA
143 AM CDT MON OCT 13 2014


...................................

...THE MASON CITY IA CLIMATE SUMMARY FOR OCTOBER 12 2014...

CLIMATE NORMAL PERIOD 1981 TO 2010
CLIMATE RECORD PERIOD 1893 TO 2014


WEATHER ITEM   OBSERVED TIME   RECORD YEAR NORMAL DEPARTURE LAST
                VALUE   (LST)  VALUE       VALUE  FROM      YEAR
                                                  NORMAL
..................................................................
TEMPERATURE (F)
 YESTERDAY
  MAXIMUM         57    146 PM  89    1975  62     -5       64
  MINIMUM         30    529 AM  21    2012  38     -8       37
                                      1917
  AVERAGE         44                        50     -6       51

PRECIPITATION (IN)
  YESTERDAY        T             2.05 1914   0.08  -0.08     0.00
  MONTH TO DATE    0.94                      1.07  -0.13     1.08
  SINCE SEP 1      3.53                      4.34  -0.81     2.23
  SINCE JAN 1     32.18                     30.70   1.48    35.61

SNOWFALL (IN)
  YESTERDAY        0.0           0.7  2006   0.0    0.0      0.0
  MONTH TO DATE    0.0                       0.0    0.0      0.0
  SINCE SEP 1      0.0                       0.0    0.0      0.0
  SINCE JUL 1      0.0                       0.0    0.0      0.0
  SNOW DEPTH       0

DEGREE DAYS
 HEATING
  YESTERDAY       21                        15      6       14
  MONTH TO DATE  210                       161     49       73
  SINCE SEP 1    384                       338     46      193
  SINCE JUL 1    405                       374     31      231

 COOLING
  YESTERDAY        0                         0      0        0
  MONTH TO DATE    0                         2     -2        6
  SINCE SEP 1     33                        56    -23      126
  SINCE JAN 1    544                       612    -68      718
..................................................................


WIND (MPH)
  HIGHEST WIND SPEED    20   HIGHEST WIND DIRECTION    SE (140)
  HIGHEST GUST SPEED    27   HIGHEST GUST DIRECTION    SE (150)
  AVERAGE WIND SPEED    10.8


SKY COVER
  POSSIBLE SUNSHINE  MM
  AVERAGE SKY COVER 0.6


WEATHER CONDITIONS
 THE FOLLOWING WEATHER WAS RECORDED YESTERDAY.
  LIGHT RAIN
  FOG
  HAZE


RELATIVE HUMIDITY (PERCENT)
 HIGHEST   100          1000 PM
 LOWEST     55           200 PM
 AVERAGE    78

..........................................................


THE MASON CITY IA CLIMATE NORMALS FOR TODAY
                         NORMAL    RECORD    YEAR
 MAXIMUM TEMPERATURE (F)   62        91      1975
 MINIMUM TEMPERATURE (F)   37        17      1917


SUNRISE AND SUNSET
OCTOBER 13 2014.......SUNRISE   725 AM CDT   SUNSET   634 PM CDT
OCTOBER 14 2014.......SUNRISE   726 AM CDT   SUNSET   632 PM CDT


-  INDICATES NEGATIVE NUMBERS.
R  INDICATES RECORD WAS SET OR TIED.
MM INDICATES DATA IS MISSING.
T  INDICATES TRACE AMOUNT.




$$
