000
CDUS43 KDMX 090732
CLIMCW

CLIMATE REPORT
NATIONAL WEATHER SERVICE DES MOINES IA
209 AM CDT TUE MAY 9 2017

...................................

...THE MASON CITY IA CLIMATE SUMMARY FOR MAY 8 2017...

CLIMATE NORMAL PERIOD 1981 TO 2010
CLIMATE RECORD PERIOD 1893 TO 2017

WEATHER ITEM   OBSERVED TIME   RECORD YEAR NORMAL DEPARTURE LAST
                VALUE   (LST)  VALUE       VALUE  FROM      YEAR
                                                  NORMAL
..................................................................
TEMPERATURE (F)
 YESTERDAY
  MAXIMUM         80    338 PM  91    1934  68     12       74
  MINIMUM         49    459 AM  27    1925  44      5       38
  AVERAGE         65                        56      9       56

PRECIPITATION (IN)
  YESTERDAY        0.39          1.46 1927   0.14   0.25     0.00
  MONTH TO DATE    0.59                      1.13  -0.54     0.06
  SINCE MAR 1      6.87                      7.11  -0.24     5.03
  SINCE JAN 1     10.86                      8.93   1.93     6.32

SNOWFALL (IN)
  YESTERDAY       MM             4.0  1938   0.0   MM        0.0
  MONTH TO DATE    0.0                       0.1   -0.1      0.0
  SINCE MAR 1      8.5                       8.8   -0.3      8.2
  SINCE JUL 1     47.9                      41.3    6.6     50.9
  SNOW DEPTH       0

DEGREE DAYS
 HEATING
  YESTERDAY        0                        10    -10        9
  MONTH TO DATE   96                        87      9       82
  SINCE MAR 1   1589                      1636    -47     1382
  SINCE JUL 1   6501                      7487   -986     6481

 COOLING
  YESTERDAY        0                         0      0        0
  MONTH TO DATE    0                         0      0        5
  SINCE MAR 1      0                         5     -5        9
  SINCE JAN 1      0                         5     -5        9
..................................................................

WIND (MPH)
  HIGHEST WIND SPEED    24   HIGHEST WIND DIRECTION     S (160)
  HIGHEST GUST SPEED    30   HIGHEST GUST DIRECTION    SE (150)
  AVERAGE WIND SPEED    15.4

SKY COVER
  POSSIBLE SUNSHINE  MM
  AVERAGE SKY COVER 0.0

WEATHER CONDITIONS
 THE FOLLOWING WEATHER WAS RECORDED YESTERDAY.
  THUNDERSTORM
  HEAVY RAIN
  RAIN
  LIGHT RAIN
  FOG

RELATIVE HUMIDITY (PERCENT)
 HIGHEST    80          1100 PM
 LOWEST     35          1200 PM
 AVERAGE    58
..........................................................

THE MASON CITY IA CLIMATE NORMALS FOR TODAY
                         NORMAL    RECORD    YEAR
 MAXIMUM TEMPERATURE (F)   68        91      1895
 MINIMUM TEMPERATURE (F)   44        23      1945

SUNRISE AND SUNSET
MAY  9 2017...........SUNRISE   556 AM CDT   SUNSET   824 PM CDT
MAY 10 2017...........SUNRISE   555 AM CDT   SUNSET   825 PM CDT

-  INDICATES NEGATIVE NUMBERS.
R  INDICATES RECORD WAS SET OR TIED.
MM INDICATES DATA IS MISSING.
T  INDICATES TRACE AMOUNT.

$$

FAB
