000
CDUS43 KDMX 010637 RRA
CLIMCW

CLIMATE REPORT
NATIONAL WEATHER SERVICE DES MOINES IA
1236 AM CST SUN JAN 1 2017


...................................

...THE MASON CITY IA CLIMATE SUMMARY FOR DECEMBER 31 2016...

CLIMATE NORMAL PERIOD 1981 TO 2010
CLIMATE RECORD PERIOD 1893 TO 2016


WEATHER ITEM   OBSERVED TIME   RECORD YEAR NORMAL DEPARTURE LAST
                VALUE   (LST)  VALUE       VALUE  FROM      YEAR
                                                  NORMAL
..................................................................
TEMPERATURE (F)
 YESTERDAY
  MAXIMUM         32    150 AM  52    1965  25      7       20
  MINIMUM         15    713 PM -25    1898   8      7        8
  AVERAGE         24                        16      8       14

PRECIPITATION (IN)
  YESTERDAY        0.00          1.33 2006   0.03  -0.03      T
  MONTH TO DATE    2.16                      1.24   0.92     3.63
  SINCE DEC 1      2.16                      1.24   0.92     3.63
  SINCE JAN 1     47.74                     35.20  12.54    39.97

SNOWFALL (IN)
  YESTERDAY        0.0           5.0  1977   0.3   -0.3       T
  MONTH TO DATE   14.9                       9.3    5.6     14.0
  SINCE DEC 1     14.9                       9.3    5.6     14.0
  SINCE JUL 1     14.9                      14.0    0.9     24.0
  SNOW DEPTH       6

DEGREE DAYS
 HEATING
  YESTERDAY       41                        49     -8       51
  MONTH TO DATE 1391                      1409    -18     1065
  SINCE DEC 1   1391                      1409    -18     1065
  SINCE JUL 1   2555                      3089   -534     2420

 COOLING
  YESTERDAY        0                         0      0        0
  MONTH TO DATE    0                         0      0        0
  SINCE DEC 1      0                         0      0        0
  SINCE JAN 1    697                       616     81      652
..................................................................


WIND (MPH)
  HIGHEST WIND SPEED    30   HIGHEST WIND DIRECTION    NW (330)
  HIGHEST GUST SPEED    35   HIGHEST GUST DIRECTION    NW (320)
  AVERAGE WIND SPEED    14.7


SKY COVER
  POSSIBLE SUNSHINE  MM
  AVERAGE SKY COVER 0.5


WEATHER CONDITIONS
 THE FOLLOWING WEATHER WAS RECORDED YESTERDAY.
  NO SIGNIFICANT WEATHER WAS OBSERVED.


RELATIVE HUMIDITY (PERCENT)
 HIGHEST    84           600 PM
 LOWEST     71           500 PM
 AVERAGE    78

..........................................................


THE MASON CITY IA CLIMATE NORMALS FOR TODAY
                         NORMAL    RECORD    YEAR
 MAXIMUM TEMPERATURE (F)   25        54      1897
 MINIMUM TEMPERATURE (F)    8       -24      1974


SUNRISE AND SUNSET
JANUARY  1 2017.......SUNRISE   745 AM CST   SUNSET   449 PM CST
JANUARY  2 2017.......SUNRISE   745 AM CST   SUNSET   450 PM CST


-  INDICATES NEGATIVE NUMBERS.
R  INDICATES RECORD WAS SET OR TIED.
MM INDICATES DATA IS MISSING.
T  INDICATES TRACE AMOUNT.




$$
