000
CDUS43 KDMX 230649
CLIMCW

CLIMATE REPORT
NATIONAL WEATHER SERVICE DES MOINES IA
137 AM CDT SUN AUG 23 2015


...................................

...THE MASON CITY IA CLIMATE SUMMARY FOR AUGUST 22 2015...

CLIMATE NORMAL PERIOD 1981 TO 2010
CLIMATE RECORD PERIOD 1893 TO 2015


WEATHER ITEM   OBSERVED TIME   RECORD YEAR NORMAL DEPARTURE LAST
                VALUE   (LST)  VALUE       VALUE  FROM      YEAR
                                                  NORMAL
..................................................................
TEMPERATURE (F)
 YESTERDAY
  MAXIMUM         81    314 PM  97    1947  80      1       88
  MINIMUM         60    516 AM  40    1923  57      3       68
  AVERAGE         71                        69      2       78

PRECIPITATION (IN)
  YESTERDAY        0.91          6.33 1954   0.12   0.79     0.00
  MONTH TO DATE    3.21                      2.92   0.29     0.38
  SINCE JUN 1     14.88                     12.76   2.12     9.93
  SINCE JAN 1     25.88                     25.24   0.64    23.97

SNOWFALL (IN)
  YESTERDAY        0.0          MM      MM   0.0    0.0      0.0
  MONTH TO DATE    0.0                       0.0    0.0      0.0
  SINCE JUN 1      0.0                       0.0    0.0      0.0
  SINCE JUL 1      0.0                       0.0    0.0      0.0
  SNOW DEPTH       0

DEGREE DAYS
 HEATING
  YESTERDAY        0                         1     -1        0
  MONTH TO DATE    9                        17     -8        0
  SINCE JUN 1     42                        70    -28       34
  SINCE JUL 1     30                        26      4       21

 COOLING
  YESTERDAY        6                         5      1       13
  MONTH TO DATE  125                       124      1      141
  SINCE JUN 1    478                       483     -5      397
  SINCE JAN 1    508                       518    -10      450
..................................................................


WIND (MPH)
  HIGHEST WIND SPEED    29   HIGHEST WIND DIRECTION     S (160)
  HIGHEST GUST SPEED    38   HIGHEST GUST DIRECTION     S (160)
  AVERAGE WIND SPEED    16.2


SKY COVER
  POSSIBLE SUNSHINE  MM
  AVERAGE SKY COVER 0.5


WEATHER CONDITIONS
 THE FOLLOWING WEATHER WAS RECORDED YESTERDAY.
  THUNDERSTORM
  HEAVY RAIN
  RAIN
  LIGHT RAIN
  FOG


RELATIVE HUMIDITY (PERCENT)
 HIGHEST    97           600 AM
 LOWEST     69           200 PM
 AVERAGE    83

..........................................................


THE MASON CITY IA CLIMATE NORMALS FOR TODAY
                         NORMAL    RECORD    YEAR
 MAXIMUM TEMPERATURE (F)   80       100      1948
 MINIMUM TEMPERATURE (F)   57        44      1940


SUNRISE AND SUNSET
AUGUST 23 2015........SUNRISE   627 AM CDT   SUNSET   804 PM CDT
AUGUST 24 2015........SUNRISE   629 AM CDT   SUNSET   802 PM CDT


-  INDICATES NEGATIVE NUMBERS.
R  INDICATES RECORD WAS SET OR TIED.
MM INDICATES DATA IS MISSING.
T  INDICATES TRACE AMOUNT.




$$
