000
CDUS43 KDMX 280825 RRB
CLIMCW

CLIMATE REPORT
NATIONAL WEATHER SERVICE DES MOINES IA
223 AM CST THU JAN 28 2016


...................................

...THE MASON CITY IA CLIMATE SUMMARY FOR JANUARY 27 2016...

CLIMATE NORMAL PERIOD 1981 TO 2010
CLIMATE RECORD PERIOD 1893 TO 2016


WEATHER ITEM   OBSERVED TIME   RECORD YEAR NORMAL DEPARTURE LAST
                VALUE   (LST)  VALUE       VALUE  FROM      YEAR
                                                  NORMAL
..................................................................
TEMPERATURE (F)
 YESTERDAY
  MAXIMUM         34    933 PM  57    1944  25      9       35
  MINIMUM         13    738 AM -24    1904   7      6       26
  AVERAGE         24                        16      8       31

PRECIPITATION (IN)
  YESTERDAY        0.00          0.78 1944   0.02  -0.02     0.00
  MONTH TO DATE    0.31                      0.70  -0.39     0.72
  SINCE DEC 1      3.94                      1.94   2.00     1.82
  SINCE JAN 1      0.31                      0.70  -0.39     0.72

SNOWFALL (IN)
  YESTERDAY        0.0           5.0  1923   0.4   -0.4      0.0
  MONTH TO DATE    4.7                       9.4   -4.7      8.2
  SINCE DEC 1     18.7                      18.7    0.0     13.9
  SINCE JUL 1     28.7                      23.4    5.3     21.9
  SNOW DEPTH      10

DEGREE DAYS
 HEATING
  YESTERDAY       41                        49     -8       34
  MONTH TO DATE 1363                      1323     40     1257
  SINCE DEC 1   2428                      2732   -304     2483
  SINCE JUL 1   3783                      4412   -629     4382

 COOLING
  YESTERDAY        0                         0      0        0
  MONTH TO DATE    0                         0      0        0
  SINCE DEC 1      0                         0      0        0
  SINCE JAN 1      0                         0      0        0
..................................................................


WIND (MPH)
  HIGHEST WIND SPEED    25   HIGHEST WIND DIRECTION    SW (240)
  HIGHEST GUST SPEED    32   HIGHEST GUST DIRECTION    SW (240)
  AVERAGE WIND SPEED    15.1


SKY COVER
  POSSIBLE SUNSHINE  MM
  AVERAGE SKY COVER 0.3


WEATHER CONDITIONS
 THE FOLLOWING WEATHER WAS RECORDED YESTERDAY.
  NO SIGNIFICANT WEATHER WAS OBSERVED.


RELATIVE HUMIDITY (PERCENT)
 HIGHEST    96           700 AM
 LOWEST     75           200 PM
 AVERAGE    86

..........................................................


THE MASON CITY IA CLIMATE NORMALS FOR TODAY
                         NORMAL    RECORD    YEAR
 MAXIMUM TEMPERATURE (F)   25        51      1931
 MINIMUM TEMPERATURE (F)    7       -28      1915


SUNRISE AND SUNSET
JANUARY 28 2016.......SUNRISE   733 AM CST   SUNSET   520 PM CST
JANUARY 29 2016.......SUNRISE   732 AM CST   SUNSET   521 PM CST


-  INDICATES NEGATIVE NUMBERS.
R  INDICATES RECORD WAS SET OR TIED.
MM INDICATES DATA IS MISSING.
T  INDICATES TRACE AMOUNT.




$$
