000
CDUS43 KDMX 170638 RRA
CLIMCW

CLIMATE REPORT
NATIONAL WEATHER SERVICE DES MOINES IA
135 AM CDT THU JUL 17 2014


...................................

...THE MASON CITY IA CLIMATE SUMMARY FOR JULY 16 2014...

CLIMATE NORMAL PERIOD 1981 TO 2010
CLIMATE RECORD PERIOD 1893 TO 2014


WEATHER ITEM   OBSERVED TIME   RECORD YEAR NORMAL DEPARTURE LAST
                VALUE   (LST)  VALUE       VALUE  FROM      YEAR
                                                  NORMAL
..................................................................
TEMPERATURE (F)
 YESTERDAY
  MAXIMUM         76   1239 PM 103    1901  83     -7       91
  MINIMUM         48    506 AM  44    1912  61    -13       70
  AVERAGE         62                        72    -10       81

PRECIPITATION (IN)
  YESTERDAY        0.00          1.70 1994   0.15  -0.15     0.00
  MONTH TO DATE    0.40                      2.44  -2.04     1.57
  SINCE JUN 1      9.04                      7.58   1.46     8.01
  SINCE JAN 1     23.08                     20.06   3.02    29.45

SNOWFALL (IN)
  YESTERDAY        0.0          MM      MM   0.0    0.0      0.0
  MONTH TO DATE    0.0                       0.0    0.0      0.0
  SINCE JUN 1      0.0                       0.0    0.0      0.0
  SINCE JUL 1      0.0                       0.0    0.0      0.0
  SNOW DEPTH       0

DEGREE DAYS
 HEATING
  YESTERDAY        3                         0      3        0
  MONTH TO DATE   20                         0     20        0
  SINCE JUN 1     33                        44    -11       53
  SINCE JUL 1     20                         0     20        0

 COOLING
  YESTERDAY        0                         7     -7       16
  MONTH TO DATE   51                       114    -63      139
  SINCE JUN 1    187                       252    -65      285
  SINCE JAN 1    240                       287    -47      322
..................................................................


WIND (MPH)
  HIGHEST WIND SPEED    10   HIGHEST WIND DIRECTION    NW (320)
  HIGHEST GUST SPEED    13   HIGHEST GUST DIRECTION    NW (330)
  AVERAGE WIND SPEED     4.1


SKY COVER
  POSSIBLE SUNSHINE  MM
  AVERAGE SKY COVER 0.4


WEATHER CONDITIONS
 THE FOLLOWING WEATHER WAS RECORDED YESTERDAY.
  NO SIGNIFICANT WEATHER WAS OBSERVED.


RELATIVE HUMIDITY (PERCENT)
 HIGHEST   100          1100 PM
 LOWEST     44           200 PM
 AVERAGE    72

..........................................................


THE MASON CITY IA CLIMATE NORMALS FOR TODAY
                         NORMAL    RECORD    YEAR
 MAXIMUM TEMPERATURE (F)   83       104      1936
 MINIMUM TEMPERATURE (F)   61        42      1911


SUNRISE AND SUNSET
JULY 17 2014..........SUNRISE   549 AM CDT   SUNSET   849 PM CDT
JULY 18 2014..........SUNRISE   550 AM CDT   SUNSET   849 PM CDT


-  INDICATES NEGATIVE NUMBERS.
R  INDICATES RECORD WAS SET OR TIED.
MM INDICATES DATA IS MISSING.
T  INDICATES TRACE AMOUNT.




$$
