711
CDUS43 KDMX 110719
CLIMCW

CLIMATE REPORT
NATIONAL WEATHER SERVICE DES MOINES IA
1246 AM CST SAT NOV 11 2017

...................................

...THE MASON CITY IA CLIMATE SUMMARY FOR NOVEMBER 10 2017...

CLIMATE NORMAL PERIOD 1981 TO 2010
CLIMATE RECORD PERIOD 1893 TO 2017

WEATHER ITEM   OBSERVED TIME   RECORD YEAR NORMAL DEPARTURE LAST
                VALUE   (LST)  VALUE       VALUE  FROM      YEAR
                                                  NORMAL
..................................................................
TEMPERATURE (F)
 YESTERDAY
  MAXIMUM         30   1159 PM  76    2012  47    -17       66
  MINIMUM         10   1258 AM  -1    1986  27    -17       42
  AVERAGE         20                        37    -17       54

PRECIPITATION (IN)
  YESTERDAY        0.00          1.12 1919   0.07  -0.07     0.00
  MONTH TO DATE    0.09                      0.68  -0.59     0.00
  SINCE SEP 1      7.35                      6.40   0.95    13.19
  SINCE JAN 1     30.27                     32.76  -2.49    44.45

SNOWFALL (IN)
  YESTERDAY        0.0           7.0  1896   0.1   -0.1      0.0
  MONTH TO DATE    T                         0.7   -0.7      0.0
  SINCE SEP 1      0.2                       1.1   -0.9      0.0
  SINCE JUL 1      0.2                       1.1   -0.9      0.0
  SNOW DEPTH       0

DEGREE DAYS
 HEATING
  YESTERDAY       45                        28     17       11
  MONTH TO DATE  338                       256     82      141
  SINCE SEP 1    878                       958    -80      614
  SINCE JUL 1    901                       994    -93      632

 COOLING
  YESTERDAY        0                         0      0        0
  MONTH TO DATE    0                         0      0        0
  SINCE SEP 1    104                        60     44       89
  SINCE JAN 1    603                       616    -13      697
..................................................................

WIND (MPH)
  HIGHEST WIND SPEED    28   HIGHEST WIND DIRECTION    SE (150)
  HIGHEST GUST SPEED    34   HIGHEST GUST DIRECTION     S (170)
  AVERAGE WIND SPEED    16.2

SKY COVER
  POSSIBLE SUNSHINE  MM
  AVERAGE SKY COVER 0.5

WEATHER CONDITIONS
 THE FOLLOWING WEATHER WAS RECORDED YESTERDAY.
  NO SIGNIFICANT WEATHER WAS OBSERVED.

RELATIVE HUMIDITY (PERCENT)
 HIGHEST    67          1200 AM
 LOWEST     33           700 PM
 AVERAGE    50
..........................................................

THE MASON CITY IA CLIMATE NORMALS FOR TODAY
                         NORMAL    RECORD    YEAR
 MAXIMUM TEMPERATURE (F)   46        67      1971
 MINIMUM TEMPERATURE (F)   27        -5      1986

SUNRISE AND SUNSET
NOVEMBER 11 2017......SUNRISE   701 AM CST   SUNSET   453 PM CST
NOVEMBER 12 2017......SUNRISE   703 AM CST   SUNSET   452 PM CST

-  INDICATES NEGATIVE NUMBERS.
R  INDICATES RECORD WAS SET OR TIED.
MM INDICATES DATA IS MISSING.
T  INDICATES TRACE AMOUNT.

$$

FAB
