000
CDUS43 KDMX 100639 RRA
CLIMCW

CLIMATE REPORT
NATIONAL WEATHER SERVICE DES MOINES IA
1236 AM CST MON NOV 10 2014

...................................

...THE MASON CITY IA CLIMATE SUMMARY FOR NOVEMBER 9 2014...

CLIMATE NORMAL PERIOD 1981 TO 2010
CLIMATE RECORD PERIOD 1893 TO 2014


WEATHER ITEM   OBSERVED TIME   RECORD YEAR NORMAL DEPARTURE LAST
                VALUE   (LST)  VALUE       VALUE  FROM      YEAR
                                                  NORMAL
..................................................................
TEMPERATURE (F)
 YESTERDAY
  MAXIMUM         49   1234 PM  71    1999  47      2       51
  MINIMUM         34    610 AM   7    1921  28      6       31
  AVERAGE         42                        38      4       41

PRECIPITATION (IN)
  YESTERDAY        T             2.35 1975   0.06  -0.06     0.00
  MONTH TO DATE    0.05                      0.61  -0.56     1.11
  SINCE SEP 1      4.81                      6.33  -1.52     4.12
  SINCE JAN 1     33.46                     32.69   0.77    37.50

SNOWFALL (IN)
  YESTERDAY        0.0           3.0  1940   0.1   -0.1      0.0
                                      1985
  MONTH TO DATE    0.0                       0.6   -0.6       T
  SINCE SEP 1      0.0                       1.0   -1.0       T
  SINCE JUL 1      0.0                       1.0   -1.0       T
  SNOW DEPTH       0

DEGREE DAYS
 HEATING
  YESTERDAY       23                        28     -5       24
  MONTH TO DATE  228                       228      0      239
  SINCE SEP 1    932                       930      2      859
  SINCE JUL 1    953                       966    -13      897

 COOLING
  YESTERDAY        0                         0      0        0
  MONTH TO DATE    0                         0      0        0
  SINCE SEP 1     33                        60    -27      126
  SINCE JAN 1    544                       616    -72      718
..................................................................


WIND (MPH)
  HIGHEST WIND SPEED    15   HIGHEST WIND DIRECTION     N (360)
  HIGHEST GUST SPEED    20   HIGHEST GUST DIRECTION     N (340)
  AVERAGE WIND SPEED     9.0


SKY COVER
  POSSIBLE SUNSHINE  MM
  AVERAGE SKY COVER 0.6


WEATHER CONDITIONS
 THE FOLLOWING WEATHER WAS RECORDED YESTERDAY.
  LIGHT RAIN


RELATIVE HUMIDITY (PERCENT)
 HIGHEST    92           600 PM
 LOWEST     53          1100 AM
 AVERAGE    73

..........................................................


THE MASON CITY IA CLIMATE NORMALS FOR TODAY
                         NORMAL    RECORD    YEAR
 MAXIMUM TEMPERATURE (F)   47        76      2012
 MINIMUM TEMPERATURE (F)   27        -1      1986


SUNRISE AND SUNSET
NOVEMBER 10 2014......SUNRISE   700 AM CST   SUNSET   454 PM CST
NOVEMBER 11 2014......SUNRISE   701 AM CST   SUNSET   453 PM CST


-  INDICATES NEGATIVE NUMBERS.
R  INDICATES RECORD WAS SET OR TIED.
MM INDICATES DATA IS MISSING.
T  INDICATES TRACE AMOUNT.




$$
