000
CDUS43 KDMX 110658
CLIMCW

CLIMATE REPORT
NATIONAL WEATHER SERVICE DES MOINES IA
136 AM CDT MON AUG 11 2014

...................................

...THE MASON CITY IA CLIMATE SUMMARY FOR AUGUST 10 2014...

CLIMATE NORMAL PERIOD 1981 TO 2010
CLIMATE RECORD PERIOD 1893 TO 2014

WEATHER ITEM   OBSERVED TIME   RECORD YEAR NORMAL DEPARTURE LAST
                VALUE   (LST)  VALUE       VALUE  FROM      YEAR
                                                  NORMAL
..................................................................
TEMPERATURE (F)
 YESTERDAY
  MAXIMUM         80    346 PM  98    1947  81     -1       78
  MINIMUM         57    534 AM  45    1967  59     -2       51
  AVERAGE         69                        70     -1       65

PRECIPITATION (IN)
  YESTERDAY        0.00          3.33 1980   0.13  -0.13     0.00
                                      2000
  MONTH TO DATE    0.01                      1.36  -1.35     1.01
  SINCE JUN 1      9.55                     11.20  -1.65    10.69
  SINCE JAN 1     23.59                     23.68  -0.09    32.13

SNOWFALL (IN)
  YESTERDAY        0.0          MM      MM   0.0    0.0      0.0
  MONTH TO DATE    0.0                       0.0    0.0      0.0
  SINCE JUN 1      0.0                       0.0    0.0      0.0
  SINCE JUL 1      0.0                       0.0    0.0      0.0
  SNOW DEPTH       0

DEGREE DAYS
 HEATING
  YESTERDAY        0                         1     -1        0
  MONTH TO DATE    0                         5     -5        4
  SINCE JUN 1     34                        58    -24       77
  SINCE JUL 1     21                        14      7       24

 COOLING
  YESTERDAY        4                         6     -2        0
  MONTH TO DATE   57                        60     -3       20
  SINCE JUN 1    313                       419   -106      391
  SINCE JAN 1    366                       454    -88      428
..................................................................

WIND (MPH)
  HIGHEST WIND SPEED    12   HIGHEST WIND DIRECTION     S (170)
  HIGHEST GUST SPEED    15   HIGHEST GUST DIRECTION     S (180)
  AVERAGE WIND SPEED     4.6

SKY COVER
  POSSIBLE SUNSHINE  MM
  AVERAGE SKY COVER 0.2

WEATHER CONDITIONS
 THE FOLLOWING WEATHER WAS RECORDED YESTERDAY.
  FOG

RELATIVE HUMIDITY (PERCENT)
 HIGHEST   100           300 AM
 LOWEST     54          1200 PM
 AVERAGE    77
..........................................................

THE MASON CITY IA CLIMATE NORMALS FOR TODAY
                         NORMAL    RECORD    YEAR
 MAXIMUM TEMPERATURE (F)   81        96      1947
 MINIMUM TEMPERATURE (F)   59        42      2012

SUNRISE AND SUNSET
AUGUST 11 2014........SUNRISE   615 AM CDT   SUNSET   822 PM CDT
AUGUST 12 2014........SUNRISE   616 AM CDT   SUNSET   820 PM CDT

-  INDICATES NEGATIVE NUMBERS.
R  INDICATES RECORD WAS SET OR TIED.
MM INDICATES DATA IS MISSING.
T  INDICATES TRACE AMOUNT.

$$

FAB
