000
CDUS43 KDMX 210701
CLIMCW

CLIMATE REPORT
NATIONAL WEATHER SERVICE DES MOINES IA
145 AM CDT FRI AUG 21 2015


...................................

...THE MASON CITY IA CLIMATE SUMMARY FOR AUGUST 20 2015...

CLIMATE NORMAL PERIOD 1981 TO 2010
CLIMATE RECORD PERIOD 1893 TO 2015


WEATHER ITEM   OBSERVED TIME   RECORD YEAR NORMAL DEPARTURE LAST
                VALUE   (LST)  VALUE       VALUE  FROM      YEAR
                                                  NORMAL
..................................................................
TEMPERATURE (F)
 YESTERDAY
  MAXIMUM         76    338 PM  96    1972  80     -4       79
  MINIMUM         50    556 AM  35    1950  58     -8       59
  AVERAGE         63                        69     -6       69

PRECIPITATION (IN)
  YESTERDAY        0.00          2.31 1913   0.12  -0.12      T
  MONTH TO DATE    2.30                      2.67  -0.37     0.02
  SINCE JUN 1     13.97                     12.51   1.46     9.57
  SINCE JAN 1     24.97                     24.99  -0.02    23.61

SNOWFALL (IN)
  YESTERDAY        0.0          MM      MM   0.0    0.0      0.0
  MONTH TO DATE    0.0                       0.0    0.0      0.0
  SINCE JUN 1      0.0                       0.0    0.0      0.0
  SINCE JUL 1      0.0                       0.0    0.0      0.0
  SNOW DEPTH       0

DEGREE DAYS
 HEATING
  YESTERDAY        2                         1      1        0
  MONTH TO DATE    9                        15     -6        0
  SINCE JUN 1     42                        68    -26       34
  SINCE JUL 1     30                        24      6       21

 COOLING
  YESTERDAY        0                         5     -5        4
  MONTH TO DATE  115                       114      1      114
  SINCE JUN 1    468                       473     -5      370
  SINCE JAN 1    498                       508    -10      423
..................................................................


WIND (MPH)
  HIGHEST WIND SPEED    18   HIGHEST WIND DIRECTION    NW (300)
  HIGHEST GUST SPEED    24   HIGHEST GUST DIRECTION    NW (310)
  AVERAGE WIND SPEED     9.4


SKY COVER
  POSSIBLE SUNSHINE  MM
  AVERAGE SKY COVER 0.0


WEATHER CONDITIONS
 THE FOLLOWING WEATHER WAS RECORDED YESTERDAY.
  NO SIGNIFICANT WEATHER WAS OBSERVED.


RELATIVE HUMIDITY (PERCENT)
 HIGHEST    93           600 AM
 LOWEST     38           400 PM
 AVERAGE    66

..........................................................


THE MASON CITY IA CLIMATE NORMALS FOR TODAY
                         NORMAL    RECORD    YEAR
 MAXIMUM TEMPERATURE (F)   80       100      1947
 MINIMUM TEMPERATURE (F)   58        36      2004


SUNRISE AND SUNSET
AUGUST 21 2015........SUNRISE   625 AM CDT   SUNSET   807 PM CDT
AUGUST 22 2015........SUNRISE   626 AM CDT   SUNSET   805 PM CDT


-  INDICATES NEGATIVE NUMBERS.
R  INDICATES RECORD WAS SET OR TIED.
MM INDICATES DATA IS MISSING.
T  INDICATES TRACE AMOUNT.

$$
