000
CDUS43 KDMX 100643 RRA
CLIMCW

CLIMATE REPORT
NATIONAL WEATHER SERVICE DES MOINES IA
134 AM CDT SUN JUL 10 2016

...................................

...THE MASON CITY IA CLIMATE SUMMARY FOR JULY 9 2016...

CLIMATE NORMAL PERIOD 1981 TO 2010
CLIMATE RECORD PERIOD 1893 TO 2016

WEATHER ITEM   OBSERVED TIME   RECORD YEAR NORMAL DEPARTURE LAST
                VALUE   (LST)  VALUE       VALUE  FROM      YEAR
                                                  NORMAL
..................................................................
TEMPERATURE (F)
 YESTERDAY
  MAXIMUM         82    318 PM 102    1976  84     -2       79
  MINIMUM         57    518 AM  43    1895  61     -4       54
  AVERAGE         70                        72     -2       67

PRECIPITATION (IN)
  YESTERDAY        0.00          2.75 1903   0.16  -0.16     0.00
  MONTH TO DATE    0.74                      1.39  -0.65     0.31
  SINCE JUN 1      7.25                      6.53   0.72     5.35
  SINCE JAN 1     18.47                     19.01  -0.54    16.35

SNOWFALL (IN)
  YESTERDAY        0.0          MM      MM   0.0    0.0      0.0
  MONTH TO DATE    0.0                       0.0    0.0      0.0
  SINCE JUN 1      0.0                       0.0    0.0      0.0
  SINCE JUL 1      0.0                       0.0    0.0      0.0
  SNOW DEPTH       0

DEGREE DAYS
 HEATING
  YESTERDAY        0                         0      0        0
  MONTH TO DATE   10                         0     10       21
  SINCE JUN 1     18                        44    -26       33
  SINCE JUL 1     10                         0     10       21

 COOLING
  YESTERDAY        5                         7     -2        2
  MONTH TO DATE   37                        63    -26       19
  SINCE JUN 1    223                       201     22      155
  SINCE JAN 1    264                       236     28      185
..................................................................

WIND (MPH)
  HIGHEST WIND SPEED    12   HIGHEST WIND DIRECTION     S (160)
  HIGHEST GUST SPEED    14   HIGHEST GUST DIRECTION     S (170)
  AVERAGE WIND SPEED     5.6

SKY COVER
  POSSIBLE SUNSHINE  MM
  AVERAGE SKY COVER 0.0

WEATHER CONDITIONS
 THE FOLLOWING WEATHER WAS RECORDED YESTERDAY.
  NO SIGNIFICANT WEATHER WAS OBSERVED.

RELATIVE HUMIDITY (PERCENT)
 HIGHEST    93           300 AM
 LOWEST     51           400 PM
 AVERAGE    72
..........................................................

THE MASON CITY IA CLIMATE NORMALS FOR TODAY
                         NORMAL    RECORD    YEAR
 MAXIMUM TEMPERATURE (F)   84       104      1936
 MINIMUM TEMPERATURE (F)   61        45      1945

SUNRISE AND SUNSET
JULY 10 2016..........SUNRISE   544 AM CDT   SUNSET   853 PM CDT
JULY 11 2016..........SUNRISE   544 AM CDT   SUNSET   853 PM CDT

-  INDICATES NEGATIVE NUMBERS.
R  INDICATES RECORD WAS SET OR TIED.
MM INDICATES DATA IS MISSING.
T  INDICATES TRACE AMOUNT.

$$

FAB
