000
CDUS43 KDMX 150651
CLIMCW

CLIMATE REPORT
NATIONAL WEATHER SERVICE DES MOINES IA
140 AM CDT FRI APR 15 2016


...................................

...THE MASON CITY IA CLIMATE SUMMARY FOR APRIL 14 2016...

CLIMATE NORMAL PERIOD 1981 TO 2010
CLIMATE RECORD PERIOD 1893 TO 2016


WEATHER ITEM   OBSERVED TIME   RECORD YEAR NORMAL DEPARTURE LAST
                VALUE   (LST)  VALUE       VALUE  FROM      YEAR
                                                  NORMAL
..................................................................
TEMPERATURE (F)
 YESTERDAY
  MAXIMUM         74    231 PM  89    2003  58     16       70
  MINIMUM         43    603 AM  17    1928  34      9       28
  AVERAGE         59                        46     13       49

PRECIPITATION (IN)
  YESTERDAY        0.00          1.60 2013   0.12  -0.12     0.00
  MONTH TO DATE    0.12                      1.59  -1.47     2.37
  SINCE MAR 1      3.40                      3.82  -0.42     3.44
  SINCE JAN 1      4.64                      5.64  -1.00     5.51

SNOWFALL (IN)
  YESTERDAY        0.0           8.3  1949   0.1   -0.1      0.0
  MONTH TO DATE    T                         1.7   -1.7      0.6
  SINCE MAR 1      9.0                       7.7    1.3      4.2
  SINCE JUL 1     50.9                      40.2   10.7     40.0
  SNOW DEPTH       0

DEGREE DAYS
 HEATING
  YESTERDAY        6                        19    -13       16
  MONTH TO DATE  342                       308     34      253
  SINCE MAR 1   1133                      1302   -169     1174
  SINCE JUL 1   6232                      7153   -921     7237

 COOLING
  YESTERDAY        0                         0      0        0
  MONTH TO DATE    0                         0      0        0
  SINCE MAR 1      0                         0      0        0
  SINCE JAN 1      0                         0      0        0
..................................................................


WIND (MPH)
  HIGHEST WIND SPEED    25   HIGHEST WIND DIRECTION     S (160)
  HIGHEST GUST SPEED    35   HIGHEST GUST DIRECTION     S (160)
  AVERAGE WIND SPEED    15.4


SKY COVER
  POSSIBLE SUNSHINE  MM
  AVERAGE SKY COVER 0.2


WEATHER CONDITIONS
 THE FOLLOWING WEATHER WAS RECORDED YESTERDAY.
  HAZE


RELATIVE HUMIDITY (PERCENT)
 HIGHEST    70           600 AM
 LOWEST     27           300 PM
 AVERAGE    49

..........................................................


THE MASON CITY IA CLIMATE NORMALS FOR TODAY
                         NORMAL    RECORD    YEAR
 MAXIMUM TEMPERATURE (F)   58        91      2002
 MINIMUM TEMPERATURE (F)   35         6      1928


SUNRISE AND SUNSET
APRIL 15 2016.........SUNRISE   630 AM CDT   SUNSET   757 PM CDT
APRIL 16 2016.........SUNRISE   629 AM CDT   SUNSET   758 PM CDT


-  INDICATES NEGATIVE NUMBERS.
R  INDICATES RECORD WAS SET OR TIED.
MM INDICATES DATA IS MISSING.
T  INDICATES TRACE AMOUNT.




$$
