000
CDUS43 KDMX 110650
CLIMCW

CLIMATE REPORT
NATIONAL WEATHER SERVICE DES MOINES IA
150 AM CDT THU SEP 11 2014

...................................

...THE MASON CITY IA CLIMATE SUMMARY FOR SEPTEMBER 10 2014...

CLIMATE NORMAL PERIOD 1981 TO 2010
CLIMATE RECORD PERIOD 1893 TO 2014


WEATHER ITEM   OBSERVED TIME   RECORD YEAR NORMAL DEPARTURE LAST
                VALUE   (LST)  VALUE       VALUE  FROM      YEAR
                                                  NORMAL
..................................................................
TEMPERATURE (F)
 YESTERDAY
  MAXIMUM         66    727 AM  98    1931  76    -10       89
  MINIMUM         48   1159 PM  35    1935  51     -3       63
  AVERAGE         57                        63     -6       76

PRECIPITATION (IN)
  YESTERDAY        0.58          1.70 1896   0.12   0.46     0.00
  MONTH TO DATE    1.24                      1.15   0.09      T
  SINCE SEP 1      1.24                      1.15   0.09      T
  SINCE JAN 1     29.89                     27.51   2.38    33.38

SNOWFALL (IN)
  YESTERDAY        0.0          MM      MM   0.0    0.0      0.0
  MONTH TO DATE    0.0                       0.0    0.0      0.0
  SINCE SEP 1      0.0                       0.0    0.0      0.0
  SINCE JUL 1      0.0                       0.0    0.0      0.0
  SNOW DEPTH       0

DEGREE DAYS
 HEATING
  YESTERDAY        8                         4      4        0
  MONTH TO DATE   25                        29     -4       11
  SINCE SEP 1     25                        29     -4       11
  SINCE JUL 1     46                        65    -19       49

 COOLING
  YESTERDAY        0                         2     -2       11
  MONTH TO DATE   26                        29     -3       83
  SINCE SEP 1     26                        29     -3       83
  SINCE JAN 1    537                       585    -48      675
..................................................................


WIND (MPH)
  HIGHEST WIND SPEED    28   HIGHEST WIND DIRECTION    NW (330)
  HIGHEST GUST SPEED    33   HIGHEST GUST DIRECTION    NW (330)
  AVERAGE WIND SPEED    17.3


SKY COVER
  POSSIBLE SUNSHINE  MM
  AVERAGE SKY COVER 1.0


WEATHER CONDITIONS
 THE FOLLOWING WEATHER WAS RECORDED YESTERDAY.
  HEAVY RAIN
  RAIN
  LIGHT RAIN
  FOG


RELATIVE HUMIDITY (PERCENT)
 HIGHEST   100          1200 AM
 LOWEST     80          1200 PM
 AVERAGE    90

..........................................................


THE MASON CITY IA CLIMATE NORMALS FOR TODAY
                         NORMAL    RECORD    YEAR
 MAXIMUM TEMPERATURE (F)   75        95      2000
 MINIMUM TEMPERATURE (F)   51        31      1894


SUNRISE AND SUNSET
SEPTEMBER 11 2014.....SUNRISE   648 AM CDT   SUNSET   730 PM CDT
SEPTEMBER 12 2014.....SUNRISE   650 AM CDT   SUNSET   729 PM CDT


-  INDICATES NEGATIVE NUMBERS.
R  INDICATES RECORD WAS SET OR TIED.
MM INDICATES DATA IS MISSING.
T  INDICATES TRACE AMOUNT.

$$

SMALL
