000
CDUS43 KDMX 080635
CLIMCW

CLIMATE REPORT
NATIONAL WEATHER SERVICE DES MOINES IA
134 AM CDT TUE AUG 8 2017

...................................

...THE MASON CITY IA CLIMATE SUMMARY FOR AUGUST 7 2017...

CLIMATE NORMAL PERIOD 1981 TO 2010
CLIMATE RECORD PERIOD 1893 TO 2017


WEATHER ITEM   OBSERVED TIME   RECORD YEAR NORMAL DEPARTURE LAST
                VALUE   (LST)  VALUE       VALUE  FROM      YEAR
                                                  NORMAL
..................................................................
TEMPERATURE (F)
 YESTERDAY
  MAXIMUM         79    309 PM 102    1894  81     -2       78
  MINIMUM         54   1159 PM  46    1989  59     -5       56
  AVERAGE         67                        70     -3       67

PRECIPITATION (IN)
  YESTERDAY        0.01          1.75 1991   0.13  -0.12     0.00
  MONTH TO DATE    0.58                      0.95  -0.37     0.98
  SINCE JUN 1      6.78                     10.79  -4.01    14.38
  SINCE JAN 1     20.93                     23.27  -2.34    25.59

SNOWFALL (IN)
  YESTERDAY        0.0          MM      MM   0.0    0.0      0.0
  MONTH TO DATE    0.0                       0.0    0.0      0.0
  SINCE JUN 1      0.0                       0.0    0.0      0.0
  SINCE JUL 1      0.0                       0.0    0.0      0.0
  SNOW DEPTH       0

DEGREE DAYS
 HEATING
  YESTERDAY        0                         1     -1        0
  MONTH TO DATE   10                         2      8        0
  SINCE JUN 1     32                        55    -23       18
  SINCE JUL 1     11                        11      0       10

 COOLING
  YESTERDAY        2                         6     -4        2
  MONTH TO DATE   15                        42    -27       48
  SINCE JUN 1    430                       401     29      451
  SINCE JAN 1    455                       436     19      492
..................................................................


WIND (MPH)
  HIGHEST WIND SPEED    12   HIGHEST WIND DIRECTION    NE (50)
  HIGHEST GUST SPEED    15   HIGHEST GUST DIRECTION    NE (40)
  AVERAGE WIND SPEED     4.3


SKY COVER
  POSSIBLE SUNSHINE  MM
  AVERAGE SKY COVER 0.3


WEATHER CONDITIONS
 THE FOLLOWING WEATHER WAS RECORDED YESTERDAY.
  NO SIGNIFICANT WEATHER WAS OBSERVED.


RELATIVE HUMIDITY (PERCENT)
 HIGHEST    97          1200 AM
 LOWEST     46           200 PM
 AVERAGE    72

..........................................................


THE MASON CITY IA CLIMATE NORMALS FOR TODAY
                         NORMAL    RECORD    YEAR
 MAXIMUM TEMPERATURE (F)   81       102      1934
 MINIMUM TEMPERATURE (F)   59        42      1922


SUNRISE AND SUNSET
AUGUST  8 2017........SUNRISE   612 AM CDT   SUNSET   825 PM CDT
AUGUST  9 2017........SUNRISE   613 AM CDT   SUNSET   824 PM CDT


-  INDICATES NEGATIVE NUMBERS.
R  INDICATES RECORD WAS SET OR TIED.
MM INDICATES DATA IS MISSING.
T  INDICATES TRACE AMOUNT.

$$

SMALL
