000
CDUS43 KDMX 080710 RRB
CLIMCW

CLIMATE REPORT
NATIONAL WEATHER SERVICE DES MOINES IA
209 AM CDT SUN OCT 8 2017


...................................

...THE MASON CITY IA CLIMATE SUMMARY FOR OCTOBER 7 2017...

CLIMATE NORMAL PERIOD 1981 TO 2010
CLIMATE RECORD PERIOD 1893 TO 2017


WEATHER ITEM   OBSERVED TIME   RECORD YEAR NORMAL DEPARTURE LAST
                VALUE   (LST)  VALUE       VALUE  FROM      YEAR
                                                  NORMAL
..................................................................
TEMPERATURE (F)
 YESTERDAY
  MAXIMUM         63    502 PM  86    1997  64     -1       57
  MINIMUM         50   1151 PM  19    2012  39     11       34
  AVERAGE         57                        52      5       46

PRECIPITATION (IN)
  YESTERDAY        1.19          1.33 1970   0.09   1.10      T
  MONTH TO DATE    3.02                      0.66   2.36     0.46
  SINCE SEP 1      5.39                      3.93   1.46    11.49
  SINCE JAN 1     28.31                     30.29  -1.98    42.75

SNOWFALL (IN)
  YESTERDAY        0.0           0.0  2002   0.0    0.0      0.0
  MONTH TO DATE    0.0                       0.0    0.0      0.0
  SINCE SEP 1      0.0                       0.0    0.0      0.0
  SINCE JUL 1      0.0                       0.0    0.0      0.0
  SNOW DEPTH       0

DEGREE DAYS
 HEATING
  YESTERDAY        8                        14     -6       19
  MONTH TO DATE   42                        88    -46       53
  SINCE SEP 1    130                       265   -135      124
  SINCE JUL 1    153                       301   -148      142

 COOLING
  YESTERDAY        0                         0      0        0
  MONTH TO DATE    3                         2      1        1
  SINCE SEP 1    104                        56     48       86
  SINCE JAN 1    603                       612     -9      694
..................................................................


WIND (MPH)
  HIGHEST WIND SPEED    23   HIGHEST WIND DIRECTION     W (280)
  HIGHEST GUST SPEED    27   HIGHEST GUST DIRECTION    NW (300)
  AVERAGE WIND SPEED    10.4


SKY COVER
  POSSIBLE SUNSHINE  MM
  AVERAGE SKY COVER 0.7


WEATHER CONDITIONS
 THE FOLLOWING WEATHER WAS RECORDED YESTERDAY.
  THUNDERSTORM
  HEAVY RAIN
  RAIN
  LIGHT RAIN
  FOG


RELATIVE HUMIDITY (PERCENT)
 HIGHEST   100           100 AM
 LOWEST     72           800 PM
 AVERAGE    86

..........................................................


THE MASON CITY IA CLIMATE NORMALS FOR TODAY
                         NORMAL    RECORD    YEAR
 MAXIMUM TEMPERATURE (F)   64        87      2010
 MINIMUM TEMPERATURE (F)   39        20      2000


SUNRISE AND SUNSET
OCTOBER  8 2017.......SUNRISE   719 AM CDT   SUNSET   642 PM CDT
OCTOBER  9 2017.......SUNRISE   720 AM CDT   SUNSET   640 PM CDT


-  INDICATES NEGATIVE NUMBERS.
R  INDICATES RECORD WAS SET OR TIED.
MM INDICATES DATA IS MISSING.
T  INDICATES TRACE AMOUNT.




$$
