000
CDUS43 KDMX 300629
CLIMCW

CLIMATE REPORT
NATIONAL WEATHER SERVICE DES MOINES IA
127 AM CDT SUN MAR 30 2014

...................................

...THE MASON CITY IA CLIMATE SUMMARY FOR MARCH 29 2014...

CLIMATE NORMAL PERIOD 1981 TO 2010
CLIMATE RECORD PERIOD 1893 TO 2014


WEATHER ITEM   OBSERVED TIME   RECORD YEAR NORMAL DEPARTURE LAST
                VALUE   (LST)  VALUE       VALUE  FROM      YEAR
                                                  NORMAL
..................................................................
TEMPERATURE (F)
 YESTERDAY
  MAXIMUM         45    456 PM  84    1986  49     -4       52
  MINIMUM         23    500 AM   1    1969  28     -5       29
  AVERAGE         34                        39     -5       41

PRECIPITATION (IN)
  YESTERDAY        0.00          1.08 1933   0.09  -0.09     0.00
  MONTH TO DATE    0.93                      2.03  -1.10     3.38
  SINCE MAR 1      0.93                      2.03  -1.10     3.38
  SINCE JAN 1      3.95                      3.85   0.10     5.09

SNOWFALL (IN)
  YESTERDAY        0.0           2.6  1939   0.2   -0.2      0.0
  MONTH TO DATE    6.8                       5.7    1.1     23.8
  SINCE MAR 1      6.8                       5.7    1.1     23.8
  SINCE JUL 1     52.9                      38.2   14.7     45.8
  SNOW DEPTH       0

DEGREE DAYS
 HEATING
  YESTERDAY       31                        26      5       24
  MONTH TO DATE 1159                       942    217     1185
  SINCE MAR 1   1159                       942    217     1185
  SINCE JUL 1   7705                      6793    912     6746

 COOLING
  YESTERDAY        0                         0      0        0
  MONTH TO DATE    0                         0      0        0
  SINCE MAR 1      0                         0      0        0
  SINCE JAN 1      0                         0      0        0
..................................................................


WIND (MPH)
  HIGHEST WIND SPEED    17   HIGHEST WIND DIRECTION     S (160)
  HIGHEST GUST SPEED    22   HIGHEST GUST DIRECTION    SE (150)
  AVERAGE WIND SPEED     7.8


SKY COVER
  POSSIBLE SUNSHINE  MM
  AVERAGE SKY COVER 0.1


WEATHER CONDITIONS
 THE FOLLOWING WEATHER WAS RECORDED YESTERDAY.
  NO SIGNIFICANT WEATHER WAS OBSERVED.


RELATIVE HUMIDITY (PERCENT)
 HIGHEST    89          1000 PM
 LOWEST     38          1200 PM
 AVERAGE    64

..........................................................


THE MASON CITY IA CLIMATE NORMALS FOR TODAY
                         NORMAL    RECORD    YEAR
 MAXIMUM TEMPERATURE (F)   50        78      1967
 MINIMUM TEMPERATURE (F)   29         0      1964


SUNRISE AND SUNSET
MARCH 30 2014.........SUNRISE   659 AM CDT   SUNSET   737 PM CDT
MARCH 31 2014.........SUNRISE   657 AM CDT   SUNSET   739 PM CDT


-  INDICATES NEGATIVE NUMBERS.
R  INDICATES RECORD WAS SET OR TIED.
MM INDICATES DATA IS MISSING.
T  INDICATES TRACE AMOUNT.

$$

REV
