000
CDUS43 KDMX 100629 RRC
CLIMCW

CLIMATE REPORT
NATIONAL WEATHER SERVICE DES MOINES IA
128 AM CDT SAT JUN 10 2017


...................................

...THE MASON CITY IA CLIMATE SUMMARY FOR JUNE 9 2017...

CLIMATE NORMAL PERIOD 1981 TO 2010
CLIMATE RECORD PERIOD 1893 TO 2017


WEATHER ITEM   OBSERVED TIME   RECORD YEAR NORMAL DEPARTURE LAST
                VALUE   (LST)  VALUE       VALUE  FROM      YEAR
                                                  NORMAL
..................................................................
TEMPERATURE (F)
 YESTERDAY
  MAXIMUM         90    237 PM  97    1973  78     12       86
  MINIMUM         56    439 AM  34    1913  55      1       66
  AVERAGE         73                        66      7       76

PRECIPITATION (IN)
  YESTERDAY        0.01          2.45 1907   0.17  -0.16      T
  MONTH TO DATE    0.03                      1.55  -1.52     0.87
  SINCE JUN 1      0.03                      1.55  -1.52     0.87
  SINCE JAN 1     14.18                     14.03   0.15    12.08

SNOWFALL (IN)
  YESTERDAY        0.0          MM      MM   0.0    0.0      0.0
  MONTH TO DATE    0.0                       0.0    0.0      0.0
  SINCE JUN 1      0.0                       0.0    0.0      0.0
  SINCE JUL 1     47.9                      41.2    6.7     50.9
  SNOW DEPTH       0

DEGREE DAYS
 HEATING
  YESTERDAY        0                         2     -2        0
  MONTH TO DATE    2                        25    -23        8
  SINCE JUN 1      2                        25    -23        8
  SINCE JUL 1   6673                      7660   -987     6633

 COOLING
  YESTERDAY        8                         3      5       11
  MONTH TO DATE   57                        25     32       23
  SINCE JUN 1     57                        25     32       23
  SINCE JAN 1     82                        60     22       64
..................................................................


WIND (MPH)
  HIGHEST WIND SPEED    23   HIGHEST WIND DIRECTION    SW (210)
  HIGHEST GUST SPEED    28   HIGHEST GUST DIRECTION    SW (220)
  AVERAGE WIND SPEED     8.2


SKY COVER
  POSSIBLE SUNSHINE  MM
  AVERAGE SKY COVER 0.1


WEATHER CONDITIONS
 THE FOLLOWING WEATHER WAS RECORDED YESTERDAY.
  THUNDERSTORM
  LIGHT RAIN
  FOG
  HAZE


RELATIVE HUMIDITY (PERCENT)
 HIGHEST    93           500 AM
 LOWEST     31           100 PM
 AVERAGE    62

..........................................................


THE MASON CITY IA CLIMATE NORMALS FOR TODAY
                         NORMAL    RECORD    YEAR
 MAXIMUM TEMPERATURE (F)   78        98      1933
 MINIMUM TEMPERATURE (F)   55        33      1913


SUNRISE AND SUNSET
JUNE 10 2017..........SUNRISE   533 AM CDT   SUNSET   853 PM CDT
JUNE 11 2017..........SUNRISE   533 AM CDT   SUNSET   853 PM CDT


-  INDICATES NEGATIVE NUMBERS.
R  INDICATES RECORD WAS SET OR TIED.
MM INDICATES DATA IS MISSING.
T  INDICATES TRACE AMOUNT.




$$
