000
CDUS43 KDMX 050633 RRA
CLIMCW

CLIMATE REPORT
NATIONAL WEATHER SERVICE DES MOINES IA
1232 AM CST THU JAN 5 2017


...................................

...THE MASON CITY IA CLIMATE SUMMARY FOR JANUARY 4 2017...

CLIMATE NORMAL PERIOD 1981 TO 2010
CLIMATE RECORD PERIOD 1893 TO 2017


WEATHER ITEM   OBSERVED TIME   RECORD YEAR NORMAL DEPARTURE LAST
                VALUE   (LST)  VALUE       VALUE  FROM      YEAR
                                                  NORMAL
..................................................................
TEMPERATURE (F)
 YESTERDAY
  MAXIMUM          4   1117 PM  45    2007  25    -21       23
                                      1964
  MINIMUM         -4    821 AM -26    1942   8    -12       17
  AVERAGE          0                        16    -16       20

PRECIPITATION (IN)
  YESTERDAY        0.00          1.80 1922   0.03  -0.03      T
  MONTH TO DATE    0.15                      0.11   0.04      T
  SINCE DEC 1      2.31                      1.35   0.96     3.63
  SINCE JAN 1      0.15                      0.11   0.04      T

SNOWFALL (IN)
  YESTERDAY        0.0          10.0  1922   0.3   -0.3       T
  MONTH TO DATE    0.0                       1.2   -1.2       T
  SINCE DEC 1     14.9                      10.5    4.4     14.0
  SINCE JUL 1     14.9                      15.2   -0.3     24.0
  SNOW DEPTH       6

DEGREE DAYS
 HEATING
  YESTERDAY       65                        49     16       45
  MONTH TO DATE  186                       196    -10      177
  SINCE DEC 1   1577                      1605    -28     1242
  SINCE JUL 1   2741                      3285   -544     2597

 COOLING
  YESTERDAY        0                         0      0        0
  MONTH TO DATE    0                         0      0        0
  SINCE DEC 1      0                         0      0        0
  SINCE JAN 1      0                         0      0        0
..................................................................


WIND (MPH)
  HIGHEST WIND SPEED    28   HIGHEST WIND DIRECTION    NW (300)
  HIGHEST GUST SPEED    33   HIGHEST GUST DIRECTION    NW (300)
  AVERAGE WIND SPEED    17.0


SKY COVER
  POSSIBLE SUNSHINE  MM
  AVERAGE SKY COVER 0.1


WEATHER CONDITIONS
 THE FOLLOWING WEATHER WAS RECORDED YESTERDAY.
  NO SIGNIFICANT WEATHER WAS OBSERVED.


RELATIVE HUMIDITY (PERCENT)
 HIGHEST    79          1200 AM
 LOWEST     68           200 PM
 AVERAGE    74

..........................................................


THE MASON CITY IA CLIMATE NORMALS FOR TODAY
                         NORMAL    RECORD    YEAR
 MAXIMUM TEMPERATURE (F)   25        57      2012
 MINIMUM TEMPERATURE (F)    8       -31      1924


SUNRISE AND SUNSET
JANUARY  5 2017.......SUNRISE   745 AM CST   SUNSET   453 PM CST
JANUARY  6 2017.......SUNRISE   745 AM CST   SUNSET   454 PM CST


-  INDICATES NEGATIVE NUMBERS.
R  INDICATES RECORD WAS SET OR TIED.
MM INDICATES DATA IS MISSING.
T  INDICATES TRACE AMOUNT.




$$
