000
CDUS43 KDMX 260631
CLIMCW

CLIMATE REPORT
NATIONAL WEATHER SERVICE DES MOINES IA
128 AM CDT TUE APR 26 2016

...................................

...THE MASON CITY IA CLIMATE SUMMARY FOR APRIL 25 2016...

CLIMATE NORMAL PERIOD 1981 TO 2010
CLIMATE RECORD PERIOD 1893 TO 2016


WEATHER ITEM   OBSERVED TIME   RECORD YEAR NORMAL DEPARTURE LAST
                VALUE   (LST)  VALUE       VALUE  FROM      YEAR
                                                  NORMAL
..................................................................
TEMPERATURE (F)
 YESTERDAY
  MAXIMUM         67    256 PM  89    1949  63      4       57
  MINIMUM         53   1033 PM  18    1934  39     14       34
  AVERAGE         60                        51      9       46

PRECIPITATION (IN)
  YESTERDAY        0.00          1.48 1994   0.15  -0.15     0.00
  MONTH TO DATE    0.55                      3.06  -2.51     4.53
  SINCE MAR 1      3.83                      5.29  -1.46     5.60
  SINCE JAN 1      5.07                      7.11  -2.04     7.67

SNOWFALL (IN)
  YESTERDAY        0.0          MM      MM   0.1   -0.1      0.0
  MONTH TO DATE    T                         2.6   -2.6      0.6
  SINCE MAR 1      9.0                       8.6    0.4      4.2
  SINCE JUL 1     50.9                      41.1    9.8     40.0
  SNOW DEPTH       0

DEGREE DAYS
 HEATING
  YESTERDAY        5                        14     -9       19
  MONTH TO DATE  411                       489    -78      427
  SINCE MAR 1   1202                      1483   -281     1348
  SINCE JUL 1   6301                      7334  -1033     7411

 COOLING
  YESTERDAY        0                         0      0        0
  MONTH TO DATE    4                         0      4        0
  SINCE MAR 1      4                         0      4        0
  SINCE JAN 1      4                         0      4        0
..................................................................


WIND (MPH)
  HIGHEST WIND SPEED    25   HIGHEST WIND DIRECTION     W (270)
  HIGHEST GUST SPEED    31   HIGHEST GUST DIRECTION     W (250)
  AVERAGE WIND SPEED    15.3


SKY COVER
  POSSIBLE SUNSHINE  MM
  AVERAGE SKY COVER 0.4


WEATHER CONDITIONS
 THE FOLLOWING WEATHER WAS RECORDED YESTERDAY.
  LIGHT RAIN
  FOG


RELATIVE HUMIDITY (PERCENT)
 HIGHEST   100           300 AM
 LOWEST     63           200 PM
 AVERAGE    82

..........................................................


THE MASON CITY IA CLIMATE NORMALS FOR TODAY
                         NORMAL    RECORD    YEAR
 MAXIMUM TEMPERATURE (F)   63        87      1962
 MINIMUM TEMPERATURE (F)   39        23      2002


SUNRISE AND SUNSET
APRIL 26 2016.........SUNRISE   613 AM CDT   SUNSET   810 PM CDT
APRIL 27 2016.........SUNRISE   612 AM CDT   SUNSET   811 PM CDT


-  INDICATES NEGATIVE NUMBERS.
R  INDICATES RECORD WAS SET OR TIED.
MM INDICATES DATA IS MISSING.
T  INDICATES TRACE AMOUNT.

$$

REV
