000
CDUS43 KDMX 010650
CLIMCW

CLIMATE REPORT
NATIONAL WEATHER SERVICE DES MOINES IA
1248 AM CST MON FEB 1 2016


...................................

...THE MASON CITY IA CLIMATE SUMMARY FOR JANUARY 31 2016...

CLIMATE NORMAL PERIOD 1981 TO 2010
CLIMATE RECORD PERIOD 1893 TO 2016


WEATHER ITEM   OBSERVED TIME   RECORD YEAR NORMAL DEPARTURE LAST
                VALUE   (LST)  VALUE       VALUE  FROM      YEAR
                                                  NORMAL
..................................................................
TEMPERATURE (F)
 YESTERDAY
  MAXIMUM         37    332 PM  51    1989  26     11       33
  MINIMUM         27   1143 PM -34    1899   8     19       22
  AVERAGE         32                        17     15       28

PRECIPITATION (IN)
  YESTERDAY        0.03          0.55 1908   0.03   0.00     0.21
  MONTH TO DATE    0.34                      0.82  -0.48     0.93
  SINCE DEC 1      3.97                      2.06   1.91     2.03
  SINCE JAN 1      0.34                      0.82  -0.48     0.93

SNOWFALL (IN)
  YESTERDAY       MM             5.5  1908   0.4   MM        1.5
  MONTH TO DATE    4.7                      10.8   -6.1      9.7
  SINCE DEC 1     18.7                      20.1   -1.4     15.4
  SINCE JUL 1     28.7                      24.8    3.9     23.4
  SNOW DEPTH      MM

DEGREE DAYS
 HEATING
  YESTERDAY       33                        48    -15       37
  MONTH TO DATE 1505                      1517    -12     1414
  SINCE DEC 1   2570                      2931   -361     2640
  SINCE JUL 1   3925                      4611   -686     4539

 COOLING
  YESTERDAY        0                         0      0        0
  MONTH TO DATE    0                         0      0        0
  SINCE DEC 1      0                         0      0        0
  SINCE JAN 1      0                         0      0        0
..................................................................


WIND (MPH)
  HIGHEST WIND SPEED    15   HIGHEST WIND DIRECTION     W (270)
  HIGHEST GUST SPEED    18   HIGHEST GUST DIRECTION    NW (330)
  AVERAGE WIND SPEED     9.5


SKY COVER
  POSSIBLE SUNSHINE  MM
  AVERAGE SKY COVER 0.6


WEATHER CONDITIONS
 THE FOLLOWING WEATHER WAS RECORDED YESTERDAY.
  LIGHT RAIN
  FOG


RELATIVE HUMIDITY (PERCENT)
 HIGHEST   100          1200 AM
 LOWEST     76           300 PM
 AVERAGE    88

..........................................................


THE MASON CITY IA CLIMATE NORMALS FOR TODAY
                         NORMAL    RECORD    YEAR
 MAXIMUM TEMPERATURE (F)   26        48      1987
 MINIMUM TEMPERATURE (F)    8       -26      1996


SUNRISE AND SUNSET
FEBRUARY  1 2016......SUNRISE   729 AM CST   SUNSET   525 PM CST
FEBRUARY  2 2016......SUNRISE   728 AM CST   SUNSET   526 PM CST


-  INDICATES NEGATIVE NUMBERS.
R  INDICATES RECORD WAS SET OR TIED.
MM INDICATES DATA IS MISSING.
T  INDICATES TRACE AMOUNT.




$$
