000
CDUS43 KDMX 090644 RRA
CLIMCW

CLIMATE REPORT
NATIONAL WEATHER SERVICE DES MOINES IA
142 AM CDT TUE AUG 9 2016

...................................

...THE MASON CITY IA CLIMATE SUMMARY FOR AUGUST 8 2016...

CLIMATE NORMAL PERIOD 1981 TO 2010
CLIMATE RECORD PERIOD 1893 TO 2016


WEATHER ITEM   OBSERVED TIME   RECORD YEAR NORMAL DEPARTURE LAST
                VALUE   (LST)  VALUE       VALUE  FROM      YEAR
                                                  NORMAL
..................................................................
TEMPERATURE (F)
 YESTERDAY
  MAXIMUM         80    330 PM 102    1934  81     -1       83
  MINIMUM         54    515 AM  42    1922  59     -5       61
  AVERAGE         67                        70     -3       72

PRECIPITATION (IN)
  YESTERDAY        0.00          2.05 1979   0.14  -0.14      T
  MONTH TO DATE    0.98                      1.09  -0.11      T
  SINCE JUN 1     14.38                     10.93   3.45    11.67
  SINCE JAN 1     25.60                     23.41   2.19    22.67

SNOWFALL (IN)
  YESTERDAY        0.0          MM      MM   0.0    0.0      0.0
  MONTH TO DATE    0.0                       0.0    0.0      0.0
  SINCE JUN 1      0.0                       0.0    0.0      0.0
  SINCE JUL 1      0.0                       0.0    0.0      0.0
  SNOW DEPTH       0

DEGREE DAYS
 HEATING
  YESTERDAY        0                         1     -1        0
  MONTH TO DATE    0                         3     -3        0
  SINCE JUN 1     18                        56    -38       33
  SINCE JUL 1     10                        12     -2       21

 COOLING
  YESTERDAY        2                         6     -4        7
  MONTH TO DATE   50                        48      2       42
  SINCE JUN 1    453                       407     46      395
  SINCE JAN 1    494                       442     52      425
..................................................................


WIND (MPH)
  HIGHEST WIND SPEED    15   HIGHEST WIND DIRECTION    SE (150)
  HIGHEST GUST SPEED    19   HIGHEST GUST DIRECTION    SE (150)
  AVERAGE WIND SPEED     5.6


SKY COVER
  POSSIBLE SUNSHINE  MM
  AVERAGE SKY COVER 0.4


WEATHER CONDITIONS
 THE FOLLOWING WEATHER WAS RECORDED YESTERDAY.
  FOG
  FOG W/VISIBILITY <= 1/4 MILE


RELATIVE HUMIDITY (PERCENT)
 HIGHEST   100           300 AM
 LOWEST     58           100 PM
 AVERAGE    79

..........................................................


THE MASON CITY IA CLIMATE NORMALS FOR TODAY
                         NORMAL    RECORD    YEAR
 MAXIMUM TEMPERATURE (F)   81       100      1936
 MINIMUM TEMPERATURE (F)   59        36      1927


SUNRISE AND SUNSET
AUGUST  9 2016........SUNRISE   613 AM CDT   SUNSET   824 PM CDT
AUGUST 10 2016........SUNRISE   614 AM CDT   SUNSET   822 PM CDT


-  INDICATES NEGATIVE NUMBERS.
R  INDICATES RECORD WAS SET OR TIED.
MM INDICATES DATA IS MISSING.
T  INDICATES TRACE AMOUNT.




$$
