965
CDUS43 KDMX 020648 RRB
CLIMCW

CLIMATE REPORT
NATIONAL WEATHER SERVICE DES MOINES IA
147 AM CDT SAT MAY 2 2015


...................................

...THE MASON CITY IA CLIMATE SUMMARY FOR MAY 1 2015...

CLIMATE NORMAL PERIOD 1981 TO 2010
CLIMATE RECORD PERIOD 1893 TO 2015


WEATHER ITEM   OBSERVED TIME   RECORD YEAR NORMAL DEPARTURE LAST
                VALUE   (LST)  VALUE       VALUE  FROM      YEAR
                                                  NORMAL
..................................................................
TEMPERATURE (F)
 YESTERDAY
  MAXIMUM         63    532 PM  92    1992  65     -2       47
  MINIMUM         36    517 AM  25    1909  41     -5       38
  AVERAGE         50                        53     -3       43

PRECIPITATION (IN)
  YESTERDAY        T             1.38 1906   0.14  -0.14     0.01
  MONTH TO DATE    T                         0.14  -0.14     0.01
  SINCE MAR 1      5.60                      6.12  -0.52     8.70
  SINCE JAN 1      7.67                      7.94  -0.27    11.72

SNOWFALL (IN)
  YESTERDAY        0.0           2.0  1911   0.0    0.0      0.0
  MONTH TO DATE    0.0                       0.0    0.0      0.0
  SINCE MAR 1      4.2                       8.7   -4.5     11.9
  SINCE JUL 1     40.0                      41.2   -1.2     58.0
  SNOW DEPTH       0

DEGREE DAYS
 HEATING
  YESTERDAY       15                        12      3       22
  MONTH TO DATE   15                        12      3       22
  SINCE MAR 1   1430                      1561   -131     1840
  SINCE JUL 1   7493                      7412     81     8386

 COOLING
  YESTERDAY        0                         0      0        0
  MONTH TO DATE    0                         0      0        0
  SINCE MAR 1      0                         5     -5        0
  SINCE JAN 1      0                         5     -5        0
..................................................................


WIND (MPH)
  HIGHEST WIND SPEED    21   HIGHEST WIND DIRECTION    SW (210)
  HIGHEST GUST SPEED    27   HIGHEST GUST DIRECTION     S (200)
  AVERAGE WIND SPEED     8.9


SKY COVER
  POSSIBLE SUNSHINE  MM
  AVERAGE SKY COVER 0.4


WEATHER CONDITIONS
 THE FOLLOWING WEATHER WAS RECORDED YESTERDAY.
  NO SIGNIFICANT WEATHER WAS OBSERVED.


RELATIVE HUMIDITY (PERCENT)
 HIGHEST    79           600 AM
 LOWEST     39           900 AM
 AVERAGE    59

..........................................................


THE MASON CITY IA CLIMATE NORMALS FOR TODAY
                         NORMAL    RECORD    YEAR
 MAXIMUM TEMPERATURE (F)   66        89      1965
 MINIMUM TEMPERATURE (F)   42        25      1908


SUNRISE AND SUNSET
MAY  2 2015...........SUNRISE   606 AM CDT   SUNSET   816 PM CDT
MAY  3 2015...........SUNRISE   604 AM CDT   SUNSET   817 PM CDT


-  INDICATES NEGATIVE NUMBERS.
R  INDICATES RECORD WAS SET OR TIED.
MM INDICATES DATA IS MISSING.
T  INDICATES TRACE AMOUNT.




$$
