006
CDUS43 KDMX 280636 RRA
CLIMCW

CLIMATE REPORT
NATIONAL WEATHER SERVICE DES MOINES IA
135 AM CDT SAT MAY 28 2016


...................................

...THE MASON CITY IA CLIMATE SUMMARY FOR MAY 27 2016...

CLIMATE NORMAL PERIOD 1981 TO 2010
CLIMATE RECORD PERIOD 1893 TO 2016


WEATHER ITEM   OBSERVED TIME   RECORD YEAR NORMAL DEPARTURE LAST
                VALUE   (LST)  VALUE       VALUE  FROM      YEAR
                                                  NORMAL
..................................................................
TEMPERATURE (F)
 YESTERDAY
  MAXIMUM         74    501 PM  93    2012  74      0       82
  MINIMUM         61    354 AM  32    1907  51     10       54
  AVERAGE         68                        62      6       68

PRECIPITATION (IN)
  YESTERDAY        0.46          2.00 1927   0.15   0.31     0.01
  MONTH TO DATE    3.40                      4.04  -0.64     3.09
  SINCE MAR 1      8.43                     10.02  -1.59     8.69
  SINCE JAN 1      9.67                     11.84  -2.17    10.76

SNOWFALL (IN)
  YESTERDAY        0.0          MM      MM   0.0    0.0      0.0
  MONTH TO DATE    0.0                       0.1   -0.1      0.0
  SINCE MAR 1      9.0                       8.8    0.2      4.2
  SINCE JUL 1     50.9                      41.3    9.6     40.0
  SNOW DEPTH       0

DEGREE DAYS
 HEATING
  YESTERDAY        0                         5     -5        0
  MONTH TO DATE  226                       219      7      182
  SINCE MAR 1   1526                      1768   -242     1597
  SINCE JUL 1   6625                      7619   -994     7660

 COOLING
  YESTERDAY        3                         2      1        3
  MONTH TO DATE   27                        21      6       25
  SINCE MAR 1     31                        26      5       25
  SINCE JAN 1     31                        26      5       25
..................................................................


WIND (MPH)
  HIGHEST WIND SPEED    17   HIGHEST WIND DIRECTION    SE (120)
  HIGHEST GUST SPEED    19   HIGHEST GUST DIRECTION    SE (120)
  AVERAGE WIND SPEED     4.3


SKY COVER
  POSSIBLE SUNSHINE  MM
  AVERAGE SKY COVER 0.6


WEATHER CONDITIONS
 THE FOLLOWING WEATHER WAS RECORDED YESTERDAY.
  HEAVY RAIN
  RAIN
  LIGHT RAIN
  FOG


RELATIVE HUMIDITY (PERCENT)
 HIGHEST   100          1100 AM
 LOWEST     68           400 PM
 AVERAGE    84

..........................................................


THE MASON CITY IA CLIMATE NORMALS FOR TODAY
                         NORMAL    RECORD    YEAR
 MAXIMUM TEMPERATURE (F)   74        93      2006
 MINIMUM TEMPERATURE (F)   51        32      1947


SUNRISE AND SUNSET
MAY 28 2016...........SUNRISE   538 AM CDT   SUNSET   843 PM CDT
MAY 29 2016...........SUNRISE   538 AM CDT   SUNSET   844 PM CDT


-  INDICATES NEGATIVE NUMBERS.
R  INDICATES RECORD WAS SET OR TIED.
MM INDICATES DATA IS MISSING.
T  INDICATES TRACE AMOUNT.




$$
