000
CDUS43 KDMX 200627 RRA
CLIMCW

CLIMATE REPORT
NATIONAL WEATHER SERVICE DES MOINES IA
1226 AM CST FRI JAN 20 2017

...................................

...THE MASON CITY IA CLIMATE SUMMARY FOR JANUARY 19 2017...

CLIMATE NORMAL PERIOD 1981 TO 2010
CLIMATE RECORD PERIOD 1893 TO 2017


WEATHER ITEM   OBSERVED TIME   RECORD YEAR NORMAL DEPARTURE LAST
                VALUE   (LST)  VALUE       VALUE  FROM      YEAR
                                                  NORMAL
..................................................................
TEMPERATURE (F)
 YESTERDAY
  MAXIMUM         36    532 PM  50    1981  25     11        8
  MINIMUM         30   1030 AM -26    1970   7     23       -9
  AVERAGE         33                        16     17        0

PRECIPITATION (IN)
  YESTERDAY        0.10          0.57 1988   0.03   0.07      T
  MONTH TO DATE    0.73                      0.49   0.24     0.34
  SINCE DEC 1      2.89                      1.73   1.16     3.97
  SINCE JAN 1      0.73                      0.49   0.24     0.34

SNOWFALL (IN)
  YESTERDAY        0.0           8.3  2000   0.4   -0.4       T
  MONTH TO DATE    0.6                       6.4   -5.8      2.5
  SINCE DEC 1     15.5                      15.7   -0.2     16.5
  SINCE JUL 1     15.5                      20.4   -4.9     26.5
  SNOW DEPTH       4

DEGREE DAYS
 HEATING
  YESTERDAY       32                        49    -17       65
  MONTH TO DATE  934                       931      3     1010
  SINCE DEC 1   2325                      2340    -15     2075
  SINCE JUL 1   3489                      4020   -531     3430

 COOLING
  YESTERDAY        0                         0      0        0
  MONTH TO DATE    0                         0      0        0
  SINCE DEC 1      0                         0      0        0
  SINCE JAN 1      0                         0      0        0
..................................................................


WIND (MPH)
  HIGHEST WIND SPEED    18   HIGHEST WIND DIRECTION     S (180)
  HIGHEST GUST SPEED    23   HIGHEST GUST DIRECTION     S (180)
  AVERAGE WIND SPEED     9.5


SKY COVER
  POSSIBLE SUNSHINE  MM
  AVERAGE SKY COVER 0.9


WEATHER CONDITIONS
 THE FOLLOWING WEATHER WAS RECORDED YESTERDAY.
  RAIN
  LIGHT RAIN
  FOG
  FOG W/VISIBILITY <= 1/4 MILE


RELATIVE HUMIDITY (PERCENT)
 HIGHEST   100           400 AM
 LOWEST     92          1200 AM
 AVERAGE    96

..........................................................


THE MASON CITY IA CLIMATE NORMALS FOR TODAY
                         NORMAL    RECORD    YEAR
 MAXIMUM TEMPERATURE (F)   25        50      1944
 MINIMUM TEMPERATURE (F)    7       -25      1994


SUNRISE AND SUNSET
JANUARY 20 2017.......SUNRISE   739 AM CST   SUNSET   510 PM CST
JANUARY 21 2017.......SUNRISE   738 AM CST   SUNSET   512 PM CST


-  INDICATES NEGATIVE NUMBERS.
R  INDICATES RECORD WAS SET OR TIED.
MM INDICATES DATA IS MISSING.
T  INDICATES TRACE AMOUNT.




$$
