000
CDUS43 KDMX 210631 RRB
CLIMCW

CLIMATE REPORT
NATIONAL WEATHER SERVICE DES MOINES IA
1230 AM CST SUN JAN 21 2018

...................................

...THE MASON CITY IA CLIMATE SUMMARY FOR JANUARY 20 2018...

CLIMATE NORMAL PERIOD 1981 TO 2010
CLIMATE RECORD PERIOD 1893 TO 2018


WEATHER ITEM   OBSERVED TIME   RECORD YEAR NORMAL DEPARTURE LAST
                VALUE   (LST)  VALUE       VALUE  FROM      YEAR
                                                  NORMAL
..................................................................
TEMPERATURE (F)
 YESTERDAY
  MAXIMUM         52R   309 PM  50    1944  25     27       34
  MINIMUM         23    422 AM -25    1994   7     16       33
  AVERAGE         38                        16     22       34

PRECIPITATION (IN)
  YESTERDAY        0.00          1.06 1990   0.02  -0.02     0.00
  MONTH TO DATE    0.28                      0.51  -0.23     0.74
  SINCE DEC 1      0.56                      1.75  -1.19     2.90
  SINCE JAN 1      0.28                      0.51  -0.23     0.74

SNOWFALL (IN)
  YESTERDAY        0.0          10.8  1990   0.3   -0.3      0.0
  MONTH TO DATE    3.2                       6.7   -3.5      0.6
  SINCE DEC 1      7.4                      16.0   -8.6     15.5
  SINCE JUL 1      7.6                      20.7  -13.1     15.5
  SNOW DEPTH       0

DEGREE DAYS
 HEATING
  YESTERDAY       27                        49    -22       31
  MONTH TO DATE 1085                       980    105      965
  SINCE DEC 1   2470                      2389     81     2356
  SINCE JUL 1   3973                      4069    -96     3520

 COOLING
  YESTERDAY        0                         0      0        0
  MONTH TO DATE    0                         0      0        0
  SINCE DEC 1      0                         0      0        0
  SINCE JAN 1      0                         0      0        0
..................................................................


WIND (MPH)
  HIGHEST WIND SPEED    10   HIGHEST WIND DIRECTION    NE (50)
  HIGHEST GUST SPEED    10   HIGHEST GUST DIRECTION    NE (50)
  AVERAGE WIND SPEED     3.4


SKY COVER
  POSSIBLE SUNSHINE  MM
  AVERAGE SKY COVER 0.0


WEATHER CONDITIONS
 THE FOLLOWING WEATHER WAS RECORDED YESTERDAY.
  FOG


RELATIVE HUMIDITY (PERCENT)
 HIGHEST   100          1100 PM
 LOWEST     50           300 PM
 AVERAGE    75

..........................................................


THE MASON CITY IA CLIMATE NORMALS FOR TODAY
                         NORMAL    RECORD    YEAR
 MAXIMUM TEMPERATURE (F)   25        48      1921
 MINIMUM TEMPERATURE (F)    7       -29      1970


SUNRISE AND SUNSET
JANUARY 21 2018.......SUNRISE   738 AM CST   SUNSET   511 PM CST
JANUARY 22 2018.......SUNRISE   738 AM CST   SUNSET   513 PM CST


-  INDICATES NEGATIVE NUMBERS.
R  INDICATES RECORD WAS SET OR TIED.
MM INDICATES DATA IS MISSING.
T  INDICATES TRACE AMOUNT.




$$
