363
CDUS43 KDMX 130658
CLIMCW

CLIMATE REPORT
NATIONAL WEATHER SERVICE DES MOINES IA
1254 AM CST MON NOV 13 2017

...................................

...THE MASON CITY IA CLIMATE SUMMARY FOR NOVEMBER 12 2017...

CLIMATE NORMAL PERIOD 1981 TO 2010
CLIMATE RECORD PERIOD 1893 TO 2017

WEATHER ITEM   OBSERVED TIME   RECORD YEAR NORMAL DEPARTURE LAST
                VALUE   (LST)  VALUE       VALUE  FROM      YEAR
                                                  NORMAL
..................................................................
TEMPERATURE (F)
 YESTERDAY
  MAXIMUM         44    226 PM  65    1999  45     -1       54
  MINIMUM         20   1159 PM  -6    1896  26     -6       25
  AVERAGE         32                        36     -4       40

PRECIPITATION (IN)
  YESTERDAY        0.00          1.56 2010   0.07  -0.07     0.00
  MONTH TO DATE    0.09                      0.81  -0.72     0.00
  SINCE SEP 1      7.35                      6.53   0.82    13.19
  SINCE JAN 1     30.27                     32.89  -2.62    44.45

SNOWFALL (IN)
  YESTERDAY        0.0           5.0  1940   0.1   -0.1      0.0
  MONTH TO DATE    T                         0.9   -0.9      0.0
  SINCE SEP 1      0.2                       1.3   -1.1      0.0
  SINCE JUL 1      0.2                       1.3   -1.1      0.0
  SNOW DEPTH       0

DEGREE DAYS
 HEATING
  YESTERDAY       33                        29      4       25
  MONTH TO DATE  403                       314     89      193
  SINCE SEP 1    943                      1016    -73      666
  SINCE JUL 1    966                      1052    -86      684

 COOLING
  YESTERDAY        0                         0      0        0
  MONTH TO DATE    0                         0      0        0
  SINCE SEP 1    104                        60     44       89
  SINCE JAN 1    603                       616    -13      697
..................................................................

WIND (MPH)
  HIGHEST WIND SPEED    13   HIGHEST WIND DIRECTION    NW (320)
  HIGHEST GUST SPEED    16   HIGHEST GUST DIRECTION    NW (320)
  AVERAGE WIND SPEED     6.0

SKY COVER
  POSSIBLE SUNSHINE  MM
  AVERAGE SKY COVER 0.3

WEATHER CONDITIONS
 THE FOLLOWING WEATHER WAS RECORDED YESTERDAY.
  FOG
  FOG W/VISIBILITY <= 1/4 MILE

RELATIVE HUMIDITY (PERCENT)
 HIGHEST   100           500 AM
 LOWEST     49           300 PM
 AVERAGE    75
..........................................................

THE MASON CITY IA CLIMATE NORMALS FOR TODAY
                         NORMAL    RECORD    YEAR
 MAXIMUM TEMPERATURE (F)   45        73      1999
 MINIMUM TEMPERATURE (F)   26        -7      1896

SUNRISE AND SUNSET
NOVEMBER 13 2017......SUNRISE   704 AM CST   SUNSET   451 PM CST
NOVEMBER 14 2017......SUNRISE   705 AM CST   SUNSET   450 PM CST

-  INDICATES NEGATIVE NUMBERS.
R  INDICATES RECORD WAS SET OR TIED.
MM INDICATES DATA IS MISSING.
T  INDICATES TRACE AMOUNT.

$$

FAB
