000
CDUS43 KDMX 110629
CLIMCW

CLIMATE REPORT
NATIONAL WEATHER SERVICE DES MOINES IA
127 AM CDT SAT OCT 11 2014


...................................

...THE MASON CITY IA CLIMATE SUMMARY FOR OCTOBER 10 2014...

CLIMATE NORMAL PERIOD 1981 TO 2010
CLIMATE RECORD PERIOD 1893 TO 2014


WEATHER ITEM   OBSERVED TIME   RECORD YEAR NORMAL DEPARTURE LAST
                VALUE   (LST)  VALUE       VALUE  FROM      YEAR
                                                  NORMAL
..................................................................
TEMPERATURE (F)
 YESTERDAY
  MAXIMUM         56    233 PM  87    1928  63     -7       77
  MINIMUM         29    613 AM  20    1987  38     -9       42
  AVERAGE         43                        50     -7       60

PRECIPITATION (IN)
  YESTERDAY        0.00          1.93 1946   0.08  -0.08     0.00
  MONTH TO DATE    0.94                      0.91   0.03     1.08
  SINCE SEP 1      3.53                      4.18  -0.65     2.23
  SINCE JAN 1     32.18                     30.54   1.64    35.61

SNOWFALL (IN)
  YESTERDAY        0.0           0.2  1932   0.0    0.0      0.0
  MONTH TO DATE    0.0                       0.0    0.0      0.0
  SINCE SEP 1      0.0                       0.0    0.0      0.0
  SINCE JUL 1      0.0                       0.0    0.0      0.0
  SNOW DEPTH       0

DEGREE DAYS
 HEATING
  YESTERDAY       22                        15      7        5
  MONTH TO DATE  166                       131     35       57
  SINCE SEP 1    340                       308     32      177
  SINCE JUL 1    361                       344     17      215

 COOLING
  YESTERDAY        0                         0      0        0
  MONTH TO DATE    0                         2     -2        6
  SINCE SEP 1     33                        56    -23      126
  SINCE JAN 1    544                       612    -68      718
..................................................................


WIND (MPH)
  HIGHEST WIND SPEED    14   HIGHEST WIND DIRECTION     N (350)
  HIGHEST GUST SPEED    18   HIGHEST GUST DIRECTION     N (350)
  AVERAGE WIND SPEED     5.3


SKY COVER
  POSSIBLE SUNSHINE  MM
  AVERAGE SKY COVER 0.0


WEATHER CONDITIONS
 THE FOLLOWING WEATHER WAS RECORDED YESTERDAY.
  NO SIGNIFICANT WEATHER WAS OBSERVED.


RELATIVE HUMIDITY (PERCENT)
 HIGHEST    92           200 AM
 LOWEST     43           200 PM
 AVERAGE    68

..........................................................


THE MASON CITY IA CLIMATE NORMALS FOR TODAY
                         NORMAL    RECORD    YEAR
 MAXIMUM TEMPERATURE (F)   62        85      1928
 MINIMUM TEMPERATURE (F)   38        17      1987


SUNRISE AND SUNSET
OCTOBER 11 2014.......SUNRISE   722 AM CDT   SUNSET   637 PM CDT
OCTOBER 12 2014.......SUNRISE   723 AM CDT   SUNSET   635 PM CDT


-  INDICATES NEGATIVE NUMBERS.
R  INDICATES RECORD WAS SET OR TIED.
MM INDICATES DATA IS MISSING.
T  INDICATES TRACE AMOUNT.




$$
