000
CDUS43 KDMX 180814
CLIMCW

CLIMATE REPORT
NATIONAL WEATHER SERVICE DES MOINES IA
141 AM CDT TUE AUG 18 2015

...................................

...THE MASON CITY IA CLIMATE SUMMARY FOR AUGUST 17 2015...

CLIMATE NORMAL PERIOD 1981 TO 2010
CLIMATE RECORD PERIOD 1893 TO 2015

WEATHER ITEM   OBSERVED TIME   RECORD YEAR NORMAL DEPARTURE LAST
                VALUE   (LST)  VALUE       VALUE  FROM      YEAR
                                                  NORMAL
..................................................................
TEMPERATURE (F)
 YESTERDAY
  MAXIMUM         77   1137 AM 101    1988  81     -4       88
  MINIMUM         64   1159 PM  43    1895  58      6       61
  AVERAGE         71                        70      1       75

PRECIPITATION (IN)
  YESTERDAY        1.00          1.79 1921   0.13   0.87     0.00
  MONTH TO DATE    1.87                      2.29  -0.42     0.01
  SINCE JUN 1     13.54                     12.13   1.41     9.56
  SINCE JAN 1     24.54                     24.61  -0.07    23.60

SNOWFALL (IN)
  YESTERDAY        0.0          MM      MM   0.0    0.0      0.0
  MONTH TO DATE    0.0                       0.0    0.0      0.0
  SINCE JUN 1      0.0                       0.0    0.0      0.0
  SINCE JUL 1      0.0                       0.0    0.0      0.0
  SNOW DEPTH       0

DEGREE DAYS
 HEATING
  YESTERDAY        0                         1     -1        0
  MONTH TO DATE    0                        12    -12        0
  SINCE JUN 1     33                        65    -32       34
  SINCE JUL 1     21                        21      0       21

 COOLING
  YESTERDAY        6                         5      1       10
  MONTH TO DATE  115                        99     16       89
  SINCE JUN 1    468                       458     10      345
  SINCE JAN 1    498                       493      5      398
..................................................................

WIND (MPH)
  HIGHEST WIND SPEED    23   HIGHEST WIND DIRECTION     E (90)
  HIGHEST GUST SPEED    29   HIGHEST GUST DIRECTION     E (90)
  AVERAGE WIND SPEED     6.6

SKY COVER
  POSSIBLE SUNSHINE  MM
  AVERAGE SKY COVER 0.9

WEATHER CONDITIONS
 THE FOLLOWING WEATHER WAS RECORDED YESTERDAY.
  THUNDERSTORM
  HEAVY RAIN
  RAIN
  LIGHT RAIN
  FOG

RELATIVE HUMIDITY (PERCENT)
 HIGHEST   100           100 AM
 LOWEST     74          1200 PM
 AVERAGE    87
..........................................................

THE MASON CITY IA CLIMATE NORMALS FOR TODAY
                         NORMAL    RECORD    YEAR
 MAXIMUM TEMPERATURE (F)   81        99      1947
 MINIMUM TEMPERATURE (F)   58        40      1895

SUNRISE AND SUNSET
AUGUST 18 2015........SUNRISE   622 AM CDT   SUNSET   812 PM CDT
AUGUST 19 2015........SUNRISE   623 AM CDT   SUNSET   810 PM CDT

-  INDICATES NEGATIVE NUMBERS.
R  INDICATES RECORD WAS SET OR TIED.
MM INDICATES DATA IS MISSING.
T  INDICATES TRACE AMOUNT.

$$

FAB
