849
CDUS43 KDMX 180640 RRB
CLIMCW

CLIMATE REPORT
NATIONAL WEATHER SERVICE DES MOINES IA
138 AM CDT TUE APR 18 2017


...................................

...THE MASON CITY IA CLIMATE SUMMARY FOR APRIL 17 2017...

CLIMATE NORMAL PERIOD 1981 TO 2010
CLIMATE RECORD PERIOD 1893 TO 2017


WEATHER ITEM   OBSERVED TIME   RECORD YEAR NORMAL DEPARTURE LAST
                VALUE   (LST)  VALUE       VALUE  FROM      YEAR
                                                  NORMAL
..................................................................
TEMPERATURE (F)
 YESTERDAY
  MAXIMUM         66    509 PM  88    1985  59      7       78
  MINIMUM         45    611 AM  18    1907  36      9       50
  AVERAGE         56                        47      9       64

PRECIPITATION (IN)
  YESTERDAY        0.00          1.25 1976   0.13  -0.13     0.00
  MONTH TO DATE    2.06                      1.98   0.08     0.12
  SINCE MAR 1      3.97                      4.21  -0.24     3.34
  SINCE JAN 1      7.96                      6.03   1.93     4.63

SNOWFALL (IN)
  YESTERDAY        0.0           5.0  1939   0.1   -0.1      0.0
  MONTH TO DATE    0.0                       2.0   -2.0       T
  SINCE MAR 1      8.5                       8.0    0.5      8.2
  SINCE JUL 1     47.9                      40.5    7.4     50.9
  SNOW DEPTH       0

DEGREE DAYS
 HEATING
  YESTERDAY        9                        18     -9        1
  MONTH TO DATE  245                       363   -118      348
  SINCE MAR 1   1263                      1357    -94     1139
  SINCE JUL 1   6175                      7208  -1033     6238

 COOLING
  YESTERDAY        0                         0      0        0
  MONTH TO DATE    0                         0      0        1
  SINCE MAR 1      0                         0      0        1
  SINCE JAN 1      0                         0      0        1
..................................................................


WIND (MPH)
  HIGHEST WIND SPEED    16   HIGHEST WIND DIRECTION    NW (310)
  HIGHEST GUST SPEED    20   HIGHEST GUST DIRECTION    NW (310)
  AVERAGE WIND SPEED     6.9


SKY COVER
  POSSIBLE SUNSHINE  MM
  AVERAGE SKY COVER 0.3


WEATHER CONDITIONS
 THE FOLLOWING WEATHER WAS RECORDED YESTERDAY.
  NO SIGNIFICANT WEATHER WAS OBSERVED.


RELATIVE HUMIDITY (PERCENT)
 HIGHEST    76          1200 AM
 LOWEST     31           400 PM
 AVERAGE    54

..........................................................


THE MASON CITY IA CLIMATE NORMALS FOR TODAY
                         NORMAL    RECORD    YEAR
 MAXIMUM TEMPERATURE (F)   60        93      1985
 MINIMUM TEMPERATURE (F)   36        18      1953


SUNRISE AND SUNSET
APRIL 18 2017.........SUNRISE   626 AM CDT   SUNSET   800 PM CDT
APRIL 19 2017.........SUNRISE   624 AM CDT   SUNSET   801 PM CDT


-  INDICATES NEGATIVE NUMBERS.
R  INDICATES RECORD WAS SET OR TIED.
MM INDICATES DATA IS MISSING.
T  INDICATES TRACE AMOUNT.




$$
