000
CDUS43 KDMX 150736
CLIMCW

CLIMATE REPORT
NATIONAL WEATHER SERVICE DES MOINES IA
135 AM CST THU JAN 15 2015

...................................

...THE MASON CITY IA CLIMATE SUMMARY FOR JANUARY 14 2015...

CLIMATE NORMAL PERIOD 1981 TO 2010
CLIMATE RECORD PERIOD 1893 TO 2015


WEATHER ITEM   OBSERVED TIME   RECORD YEAR NORMAL DEPARTURE LAST
                VALUE   (LST)  VALUE       VALUE  FROM      YEAR
                                                  NORMAL
..................................................................
TEMPERATURE (F)
 YESTERDAY
  MAXIMUM         24    315 PM  51    1914  24      0       34
  MINIMUM         16    110 AM -22    1982   7      9        8
  AVERAGE         20                        16      4       21

PRECIPITATION (IN)
  YESTERDAY        T             1.00 1897   0.03  -0.03     0.07
  MONTH TO DATE    0.33                      0.37  -0.04     0.08
  SINCE DEC 1      1.43                      1.61  -0.18     1.25
  SINCE JAN 1      0.33                      0.37  -0.04     0.08

SNOWFALL (IN)
  YESTERDAY        T             5.5  1929   0.3   -0.3       T
  MONTH TO DATE    7.6                       4.5    3.1      0.1
  SINCE DEC 1     13.3                      13.8   -0.5     15.0
  SINCE JUL 1     21.3                      18.5    2.8     16.5
  SNOW DEPTH       8

DEGREE DAYS
 HEATING
  YESTERDAY       45                        49     -4       44
  MONTH TO DATE  808                       686    122      786
  SINCE DEC 1   2034                      2095    -61     2366
  SINCE JUL 1   3933                      3775    158     4030

 COOLING
  YESTERDAY        0                         0      0        0
  MONTH TO DATE    0                         0      0        0
  SINCE DEC 1      0                         0      0        0
  SINCE JAN 1      0                         0      0        0
..................................................................


WIND (MPH)
  HIGHEST WIND SPEED    16   HIGHEST WIND DIRECTION     S (200)
  HIGHEST GUST SPEED    20   HIGHEST GUST DIRECTION     S (200)
  AVERAGE WIND SPEED     8.0


SKY COVER
  POSSIBLE SUNSHINE  MM
  AVERAGE SKY COVER 0.9


WEATHER CONDITIONS
 THE FOLLOWING WEATHER WAS RECORDED YESTERDAY.
  NO SIGNIFICANT WEATHER WAS OBSERVED.


RELATIVE HUMIDITY (PERCENT)
 HIGHEST    91           800 PM
 LOWEST     67           500 AM
 AVERAGE    79

..........................................................


THE MASON CITY IA CLIMATE NORMALS FOR TODAY
                         NORMAL    RECORD    YEAR
 MAXIMUM TEMPERATURE (F)   24        55      1990
 MINIMUM TEMPERATURE (F)    7       -28      1994


SUNRISE AND SUNSET
JANUARY 15 2015.......SUNRISE   742 AM CST   SUNSET   503 PM CST
JANUARY 16 2015.......SUNRISE   742 AM CST   SUNSET   505 PM CST


-  INDICATES NEGATIVE NUMBERS.
R  INDICATES RECORD WAS SET OR TIED.
MM INDICATES DATA IS MISSING.
T  INDICATES TRACE AMOUNT.




$$
