000
CDUS43 KDMX 260629 RRA
CLIMCW

CLIMATE REPORT
NATIONAL WEATHER SERVICE DES MOINES IA
1228 AM CST SUN NOV 26 2017


...................................

...THE MASON CITY IA CLIMATE SUMMARY FOR NOVEMBER 25 2017...

CLIMATE NORMAL PERIOD 1981 TO 2010
CLIMATE RECORD PERIOD 1893 TO 2017


WEATHER ITEM   OBSERVED TIME   RECORD YEAR NORMAL DEPARTURE LAST
                VALUE   (LST)  VALUE       VALUE  FROM      YEAR
                                                  NORMAL
..................................................................
TEMPERATURE (F)
 YESTERDAY
  MAXIMUM         47    233 PM  68    1960  37     10       40
  MINIMUM         22   1129 PM -13    1977  19      3       28
  AVERAGE         35                        28      7       34

PRECIPITATION (IN)
  YESTERDAY        0.00          0.51 1942   0.05  -0.05     0.00
  MONTH TO DATE    0.28                      1.61  -1.33     0.80
  SINCE SEP 1      7.54                      7.33   0.21    13.99
  SINCE JAN 1     30.46                     33.69  -3.23    45.25

SNOWFALL (IN)
  YESTERDAY        0.0          10.0  1930   0.2   -0.2      0.0
  MONTH TO DATE    T                         3.1   -3.1       T
  SINCE SEP 1      0.2                       3.5   -3.3       T
  SINCE JUL 1      0.2                       3.5   -3.3       T
  SNOW DEPTH       0

DEGREE DAYS
 HEATING
  YESTERDAY       30                        37     -7       31
  MONTH TO DATE  802                       748     54      537
  SINCE SEP 1   1342                      1450   -108     1010
  SINCE JUL 1   1365                      1486   -121     1028

 COOLING
  YESTERDAY        0                         0      0        0
  MONTH TO DATE    0                         0      0        0
  SINCE SEP 1    104                        60     44       89
  SINCE JAN 1    603                       616    -13      697
..................................................................


WIND (MPH)
  HIGHEST WIND SPEED    22   HIGHEST WIND DIRECTION    NW (320)
  HIGHEST GUST SPEED    25   HIGHEST GUST DIRECTION    NW (310)
  AVERAGE WIND SPEED    11.4


SKY COVER
  POSSIBLE SUNSHINE  MM
  AVERAGE SKY COVER 0.0


WEATHER CONDITIONS
 THE FOLLOWING WEATHER WAS RECORDED YESTERDAY.
  NO SIGNIFICANT WEATHER WAS OBSERVED.


RELATIVE HUMIDITY (PERCENT)
 HIGHEST    92           600 AM
 LOWEST     42           300 PM
 AVERAGE    67

..........................................................


THE MASON CITY IA CLIMATE NORMALS FOR TODAY
                         NORMAL    RECORD    YEAR
 MAXIMUM TEMPERATURE (F)   36        65      1998
 MINIMUM TEMPERATURE (F)   19       -16      1977


SUNRISE AND SUNSET
NOVEMBER 26 2017......SUNRISE   720 AM CST   SUNSET   441 PM CST
NOVEMBER 27 2017......SUNRISE   721 AM CST   SUNSET   441 PM CST


-  INDICATES NEGATIVE NUMBERS.
R  INDICATES RECORD WAS SET OR TIED.
MM INDICATES DATA IS MISSING.
T  INDICATES TRACE AMOUNT.




$$
