682
CDUS43 KDMX 150638
CLIMCW

CLIMATE REPORT
NATIONAL WEATHER SERVICE DES MOINES IA
1236 AM CST WED FEB 15 2017


...................................

...THE MASON CITY IA CLIMATE SUMMARY FOR FEBRUARY 14 2017...

CLIMATE NORMAL PERIOD 1981 TO 2010
CLIMATE RECORD PERIOD 1893 TO 2017


WEATHER ITEM   OBSERVED TIME   RECORD YEAR NORMAL DEPARTURE LAST
                VALUE   (LST)  VALUE       VALUE  FROM      YEAR
                                                  NORMAL
..................................................................
TEMPERATURE (F)
 YESTERDAY
  MAXIMUM         44    311 PM  58    1954  29     15       17
  MINIMUM         27   1156 PM -20    1951  12     15        8
  AVERAGE         36                        20     16       13

PRECIPITATION (IN)
  YESTERDAY        0.00          1.03 1915   0.03  -0.03     0.07
  MONTH TO DATE    0.06                      0.45  -0.39     0.67
  SINCE DEC 1      4.13                      2.51   1.62     4.86
  SINCE JAN 1      1.97                      1.27   0.70     1.23

SNOWFALL (IN)
  YESTERDAY        0.0           4.5  2003   0.3   -0.3      2.0
  MONTH TO DATE    T                         4.3   -4.3     13.2
  SINCE DEC 1     30.6                      24.4    6.2     31.9
  SINCE JUL 1     30.6                      29.1    1.5     41.9
  SNOW DEPTH       4

DEGREE DAYS
 HEATING
  YESTERDAY       29                        45    -16       52
  MONTH TO DATE  564                       653    -89      697
  SINCE DEC 1   3333                      3584   -251     3267
  SINCE JUL 1   4497                      5264   -767     4622

 COOLING
  YESTERDAY        0                         0      0        0
  MONTH TO DATE    0                         0      0        0
  SINCE DEC 1      0                         0      0        0
  SINCE JAN 1      0                         0      0        0
..................................................................


WIND (MPH)
  HIGHEST WIND SPEED    31   HIGHEST WIND DIRECTION    NW (310)
  HIGHEST GUST SPEED    37   HIGHEST GUST DIRECTION    NW (310)
  AVERAGE WIND SPEED    17.7


SKY COVER
  POSSIBLE SUNSHINE  MM
  AVERAGE SKY COVER 0.0


WEATHER CONDITIONS
 THE FOLLOWING WEATHER WAS RECORDED YESTERDAY.
  NO SIGNIFICANT WEATHER WAS OBSERVED.


RELATIVE HUMIDITY (PERCENT)
 HIGHEST    85           300 AM
 LOWEST     57           400 PM
 AVERAGE    71

..........................................................


THE MASON CITY IA CLIMATE NORMALS FOR TODAY
                         NORMAL    RECORD    YEAR
 MAXIMUM TEMPERATURE (F)   29        53      1981
 MINIMUM TEMPERATURE (F)   12       -20      1905


SUNRISE AND SUNSET
FEBRUARY 15 2017......SUNRISE   711 AM CST   SUNSET   545 PM CST
FEBRUARY 16 2017......SUNRISE   709 AM CST   SUNSET   546 PM CST


-  INDICATES NEGATIVE NUMBERS.
R  INDICATES RECORD WAS SET OR TIED.
MM INDICATES DATA IS MISSING.
T  INDICATES TRACE AMOUNT.




$$
