000
CDUS43 KDMX 070639 RRB
CLIMCW

CLIMATE REPORT
NATIONAL WEATHER SERVICE DES MOINES IA
138 AM CDT WED SEP 7 2016


...................................

...THE MASON CITY IA CLIMATE SUMMARY FOR SEPTEMBER 6 2016...

CLIMATE NORMAL PERIOD 1981 TO 2010
CLIMATE RECORD PERIOD 1893 TO 2016


WEATHER ITEM   OBSERVED TIME   RECORD YEAR NORMAL DEPARTURE LAST
                VALUE   (LST)  VALUE       VALUE  FROM      YEAR
                                                  NORMAL
..................................................................
TEMPERATURE (F)
 YESTERDAY
  MAXIMUM         89    333 PM 103    1922  77     12       88
  MINIMUM         70   1159 PM  37    2011  53     17       70
  AVERAGE         80                        65     15       79

PRECIPITATION (IN)
  YESTERDAY        0.22          2.29 1938   0.12   0.10     0.96
  MONTH TO DATE    0.38                      0.69  -0.31     1.02
  SINCE SEP 1      0.38                      0.69  -0.31     1.02
  SINCE JAN 1     31.65                     27.05   4.60    28.83

SNOWFALL (IN)
  YESTERDAY        0.0          MM      MM   0.0    0.0      0.0
  MONTH TO DATE    0.0                       0.0    0.0      0.0
  SINCE SEP 1      0.0                       0.0    0.0      0.0
  SINCE JUL 1      0.0                       0.0    0.0      0.0
  SNOW DEPTH       0

DEGREE DAYS
 HEATING
  YESTERDAY        0                         3     -3        0
  MONTH TO DATE    7                        15     -8        0
  SINCE SEP 1      7                        15     -8        0
  SINCE JUL 1     25                        51    -26       58

 COOLING
  YESTERDAY       15                         3     12       14
  MONTH TO DATE   31                        19     12       73
  SINCE SEP 1     31                        19     12       73
  SINCE JAN 1    639                       575     64      590
..................................................................


WIND (MPH)
  HIGHEST WIND SPEED    17   HIGHEST WIND DIRECTION    SW (230)
  HIGHEST GUST SPEED    24   HIGHEST GUST DIRECTION    SW (230)
  AVERAGE WIND SPEED     8.2


SKY COVER
  POSSIBLE SUNSHINE  MM
  AVERAGE SKY COVER 0.6


WEATHER CONDITIONS
 THE FOLLOWING WEATHER WAS RECORDED YESTERDAY.
  THUNDERSTORM
  HEAVY RAIN
  RAIN
  LIGHT RAIN
  FOG


RELATIVE HUMIDITY (PERCENT)
 HIGHEST    94           800 PM
 LOWEST     59           300 PM
 AVERAGE    77

..........................................................


THE MASON CITY IA CLIMATE NORMALS FOR TODAY
                         NORMAL    RECORD    YEAR
 MAXIMUM TEMPERATURE (F)   77        98      1939
 MINIMUM TEMPERATURE (F)   53        36      1895


SUNRISE AND SUNSET
SEPTEMBER  7 2016.....SUNRISE   645 AM CDT   SUNSET   737 PM CDT
SEPTEMBER  8 2016.....SUNRISE   646 AM CDT   SUNSET   735 PM CDT


-  INDICATES NEGATIVE NUMBERS.
R  INDICATES RECORD WAS SET OR TIED.
MM INDICATES DATA IS MISSING.
T  INDICATES TRACE AMOUNT.




$$
