000
CDUS43 KDMX 310629
CLIMCW

CLIMATE REPORT
NATIONAL WEATHER SERVICE DES MOINES IA
127 AM CDT MON MAR 31 2014

...................................

...THE MASON CITY IA CLIMATE SUMMARY FOR MARCH 30 2014...

CLIMATE NORMAL PERIOD 1981 TO 2010
CLIMATE RECORD PERIOD 1893 TO 2014


WEATHER ITEM   OBSERVED TIME   RECORD YEAR NORMAL DEPARTURE LAST
                VALUE   (LST)  VALUE       VALUE  FROM      YEAR
                                                  NORMAL
..................................................................
TEMPERATURE (F)
 YESTERDAY
  MAXIMUM         66    322 PM  78    1967  50     16       55
  MINIMUM         34    343 AM   0    1964  29      5       34
  AVERAGE         50                        39     11       45

PRECIPITATION (IN)
  YESTERDAY        0.00          2.57 2006   0.10  -0.10     0.00
  MONTH TO DATE    0.93                      2.13  -1.20     3.38
  SINCE MAR 1      0.93                      2.13  -1.20     3.38
  SINCE JAN 1      3.95                      3.95   0.00     5.09

SNOWFALL (IN)
  YESTERDAY        0.0          12.0  1934   0.1   -0.1      0.0
  MONTH TO DATE    6.8                       5.8    1.0     23.8
  SINCE MAR 1      6.8                       5.8    1.0     23.8
  SINCE JUL 1     52.9                      38.3   14.6     45.8
  SNOW DEPTH       0

DEGREE DAYS
 HEATING
  YESTERDAY       15                        26    -11       20
  MONTH TO DATE 1174                       968    206     1205
  SINCE MAR 1   1174                       968    206     1205
  SINCE JUL 1   7720                      6819    901     6766

 COOLING
  YESTERDAY        0                         0      0        0
  MONTH TO DATE    0                         0      0        0
  SINCE MAR 1      0                         0      0        0
  SINCE JAN 1      0                         0      0        0
..................................................................


WIND (MPH)
  HIGHEST WIND SPEED    25   HIGHEST WIND DIRECTION     S (190)
  HIGHEST GUST SPEED    32   HIGHEST GUST DIRECTION     S (180)
  AVERAGE WIND SPEED    16.6


SKY COVER
  POSSIBLE SUNSHINE  MM
  AVERAGE SKY COVER 0.0


WEATHER CONDITIONS
 THE FOLLOWING WEATHER WAS RECORDED YESTERDAY.
  NO SIGNIFICANT WEATHER WAS OBSERVED.


RELATIVE HUMIDITY (PERCENT)
 HIGHEST    89           200 AM
 LOWEST     44           200 PM
 AVERAGE    67

..........................................................


THE MASON CITY IA CLIMATE NORMALS FOR TODAY
                         NORMAL    RECORD    YEAR
 MAXIMUM TEMPERATURE (F)   50        83      1978
 MINIMUM TEMPERATURE (F)   29         2      1923


SUNRISE AND SUNSET
MARCH 31 2014.........SUNRISE   657 AM CDT   SUNSET   739 PM CDT
APRIL  1 2014.........SUNRISE   655 AM CDT   SUNSET   740 PM CDT


-  INDICATES NEGATIVE NUMBERS.
R  INDICATES RECORD WAS SET OR TIED.
MM INDICATES DATA IS MISSING.
T  INDICATES TRACE AMOUNT.

$$

REV
