000
CDUS43 KDMX 070640 RRB
CLIMCW

CLIMATE REPORT
NATIONAL WEATHER SERVICE DES MOINES IA
139 AM CDT SUN SEP 7 2014


...................................

...THE MASON CITY IA CLIMATE SUMMARY FOR SEPTEMBER 6 2014...

CLIMATE NORMAL PERIOD 1981 TO 2010
CLIMATE RECORD PERIOD 1893 TO 2014


WEATHER ITEM   OBSERVED TIME   RECORD YEAR NORMAL DEPARTURE LAST
                VALUE   (LST)  VALUE       VALUE  FROM      YEAR
                                                  NORMAL
..................................................................
TEMPERATURE (F)
 YESTERDAY
  MAXIMUM         75    400 PM 103    1922  77     -2       89
  MINIMUM         45    553 AM  37    2011  53     -8       65
  AVERAGE         60                        65     -5       77

PRECIPITATION (IN)
  YESTERDAY        0.00          2.29 1938   0.12  -0.12     0.00
  MONTH TO DATE    0.39                      0.69  -0.30     0.00
  SINCE SEP 1      0.39                      0.69  -0.30     0.00
  SINCE JAN 1     29.04                     27.05   1.99    33.38

SNOWFALL (IN)
  YESTERDAY        0.0          MM      MM   0.0    0.0      0.0
  MONTH TO DATE    0.0                       0.0    0.0      0.0
  SINCE SEP 1      0.0                       0.0    0.0      0.0
  SINCE JUL 1      0.0                       0.0    0.0      0.0
  SNOW DEPTH       0

DEGREE DAYS
 HEATING
  YESTERDAY        5                         3      2        0
  MONTH TO DATE   11                        15     -4       11
  SINCE SEP 1     11                        15     -4       11
  SINCE JUL 1     32                        51    -19       49

 COOLING
  YESTERDAY        0                         3     -3       12
  MONTH TO DATE   23                        19      4       33
  SINCE SEP 1     23                        19      4       33
  SINCE JAN 1    534                       575    -41      625
..................................................................


WIND (MPH)
  HIGHEST WIND SPEED    14   HIGHEST WIND DIRECTION    NW (300)
  HIGHEST GUST SPEED    18   HIGHEST GUST DIRECTION     W (270)
  AVERAGE WIND SPEED     6.4


SKY COVER
  POSSIBLE SUNSHINE  MM
  AVERAGE SKY COVER 0.0


WEATHER CONDITIONS
 THE FOLLOWING WEATHER WAS RECORDED YESTERDAY.
  NO SIGNIFICANT WEATHER WAS OBSERVED.


RELATIVE HUMIDITY (PERCENT)
 HIGHEST   100           100 AM
 LOWEST     38           300 PM
 AVERAGE    69

..........................................................


THE MASON CITY IA CLIMATE NORMALS FOR TODAY
                         NORMAL    RECORD    YEAR
 MAXIMUM TEMPERATURE (F)   77        98      1939
 MINIMUM TEMPERATURE (F)   53        36      1895


SUNRISE AND SUNSET
SEPTEMBER  7 2014.....SUNRISE   644 AM CDT   SUNSET   738 PM CDT
SEPTEMBER  8 2014.....SUNRISE   645 AM CDT   SUNSET   736 PM CDT


-  INDICATES NEGATIVE NUMBERS.
R  INDICATES RECORD WAS SET OR TIED.
MM INDICATES DATA IS MISSING.
T  INDICATES TRACE AMOUNT.

$$
