511
CDUS43 KDMX 220629 RRA
CLIMCW

CLIMATE REPORT
NATIONAL WEATHER SERVICE DES MOINES IA
1227 AM CST TUE NOV 22 2016

...................................

...THE MASON CITY IA CLIMATE SUMMARY FOR NOVEMBER 21 2016...

CLIMATE NORMAL PERIOD 1981 TO 2010
CLIMATE RECORD PERIOD 1893 TO 2016


WEATHER ITEM   OBSERVED TIME   RECORD YEAR NORMAL DEPARTURE LAST
                VALUE   (LST)  VALUE       VALUE  FROM      YEAR
                                                  NORMAL
..................................................................
TEMPERATURE (F)
 YESTERDAY
  MAXIMUM         41    259 PM  71    2012  39      2       25
  MINIMUM         18    711 AM  -3    2014  21     -3        2
                                      1937
  AVERAGE         30                        30      0       14

PRECIPITATION (IN)
  YESTERDAY        0.00          0.53 1979   0.06  -0.06     0.01
  MONTH TO DATE    0.04                      1.38  -1.34     2.07
  SINCE SEP 1     13.23                      7.10   6.13     7.61
  SINCE JAN 1     44.49                     33.46  11.03    35.42

SNOWFALL (IN)
  YESTERDAY        0.0           5.0  1921   0.2   -0.2      0.2
  MONTH TO DATE    0.0                       2.3   -2.3     10.0
  SINCE SEP 1      0.0                       2.7   -2.7     10.0
  SINCE JUL 1      0.0                       2.7   -2.7     10.0
  SNOW DEPTH       0

DEGREE DAYS
 HEATING
  YESTERDAY       35                        35      0       51
  MONTH TO DATE  418                       604   -186      435
  SINCE SEP 1    891                      1306   -415      962
  SINCE JUL 1    909                      1342   -433     1020

 COOLING
  YESTERDAY        0                         0      0        0
  MONTH TO DATE    0                         0      0        0
  SINCE SEP 1     89                        60     29      135
  SINCE JAN 1    697                       616     81      652
..................................................................


WIND (MPH)
  HIGHEST WIND SPEED    17   HIGHEST WIND DIRECTION    SE (130)
  HIGHEST GUST SPEED    25   HIGHEST GUST DIRECTION    SE (120)
  AVERAGE WIND SPEED    11.4


SKY COVER
  POSSIBLE SUNSHINE  MM
  AVERAGE SKY COVER 0.0


WEATHER CONDITIONS
 THE FOLLOWING WEATHER WAS RECORDED YESTERDAY.
  NO SIGNIFICANT WEATHER WAS OBSERVED.


RELATIVE HUMIDITY (PERCENT)
 HIGHEST    84           200 AM
 LOWEST     38           200 PM
 AVERAGE    61

..........................................................


THE MASON CITY IA CLIMATE NORMALS FOR TODAY
                         NORMAL    RECORD    YEAR
 MAXIMUM TEMPERATURE (F)   39        65      1966
 MINIMUM TEMPERATURE (F)   21        -5      1935


SUNRISE AND SUNSET
NOVEMBER 22 2016......SUNRISE   715 AM CST   SUNSET   443 PM CST
NOVEMBER 23 2016......SUNRISE   717 AM CST   SUNSET   443 PM CST


-  INDICATES NEGATIVE NUMBERS.
R  INDICATES RECORD WAS SET OR TIED.
MM INDICATES DATA IS MISSING.
T  INDICATES TRACE AMOUNT.

$$

REV
