000
CDUS43 KDMX 030638 RRB
CLIMCW

CLIMATE REPORT
NATIONAL WEATHER SERVICE DES MOINES IA
137 AM CDT SAT SEP 3 2016


...................................

...THE MASON CITY IA CLIMATE SUMMARY FOR SEPTEMBER 2 2016...

CLIMATE NORMAL PERIOD 1981 TO 2010
CLIMATE RECORD PERIOD 1893 TO 2016


WEATHER ITEM   OBSERVED TIME   RECORD YEAR NORMAL DEPARTURE LAST
                VALUE   (LST)  VALUE       VALUE  FROM      YEAR
                                                  NORMAL
..................................................................
TEMPERATURE (F)
 YESTERDAY
  MAXIMUM         74    210 PM  99    1925  78     -4       86
  MINIMUM         47    558 AM  34    1928  54     -7       68
  AVERAGE         61                        66     -5       77

PRECIPITATION (IN)
  YESTERDAY        0.00          2.54 2006   0.11  -0.11     0.05
  MONTH TO DATE    0.00                      0.23  -0.23     0.05
  SINCE SEP 1      0.00                      0.23  -0.23     0.05
  SINCE JAN 1     31.27                     26.59   4.68    27.86

SNOWFALL (IN)
  YESTERDAY        0.0          MM      MM   0.0    0.0      0.0
  MONTH TO DATE    0.0                       0.0    0.0      0.0
  SINCE SEP 1      0.0                       0.0    0.0      0.0
  SINCE JUL 1      0.0                       0.0    0.0      0.0
  SNOW DEPTH       0

DEGREE DAYS
 HEATING
  YESTERDAY        4                         2      2        0
  MONTH TO DATE    6                         4      2        0
  SINCE SEP 1      6                         4      2        0
  SINCE JUL 1     24                        40    -16       58

 COOLING
  YESTERDAY        0                         3     -3       12
  MONTH TO DATE    0                         7     -7       21
  SINCE SEP 1      0                         7     -7       21
  SINCE JAN 1    608                       563     45      538
..................................................................


WIND (MPH)
  HIGHEST WIND SPEED    14   HIGHEST WIND DIRECTION     S (160)
  HIGHEST GUST SPEED    19   HIGHEST GUST DIRECTION     S (160)
  AVERAGE WIND SPEED     6.1


SKY COVER
  POSSIBLE SUNSHINE  MM
  AVERAGE SKY COVER 0.0


WEATHER CONDITIONS
 THE FOLLOWING WEATHER WAS RECORDED YESTERDAY.
  FOG


RELATIVE HUMIDITY (PERCENT)
 HIGHEST   100           100 AM
 LOWEST     49           200 PM
 AVERAGE    75

..........................................................


THE MASON CITY IA CLIMATE NORMALS FOR TODAY
                         NORMAL    RECORD    YEAR
 MAXIMUM TEMPERATURE (F)   78        96      1925
 MINIMUM TEMPERATURE (F)   54        34      1974


SUNRISE AND SUNSET
SEPTEMBER  3 2016.....SUNRISE   640 AM CDT   SUNSET   744 PM CDT
SEPTEMBER  4 2016.....SUNRISE   641 AM CDT   SUNSET   742 PM CDT


-  INDICATES NEGATIVE NUMBERS.
R  INDICATES RECORD WAS SET OR TIED.
MM INDICATES DATA IS MISSING.
T  INDICATES TRACE AMOUNT.




$$
