322
CDUS43 KDMX 110636
CLIMCW

CLIMATE REPORT
NATIONAL WEATHER SERVICE DES MOINES IA
1236 AM CST WED JAN 11 2017

...................................

...THE MASON CITY IA CLIMATE SUMMARY FOR JANUARY 10 2017...

CLIMATE NORMAL PERIOD 1981 TO 2010
CLIMATE RECORD PERIOD 1893 TO 2017


WEATHER ITEM   OBSERVED TIME   RECORD YEAR NORMAL DEPARTURE LAST
                VALUE   (LST)  VALUE       VALUE  FROM      YEAR
                                                  NORMAL
..................................................................
TEMPERATURE (F)
 YESTERDAY
  MAXIMUM         33   1007 AM  55    2012  24      9       -1
  MINIMUM         12    924 PM -30    1937   7      5      -12
  AVERAGE         23                        16      7       -6

PRECIPITATION (IN)
  YESTERDAY        0.17          0.77 1975   0.03   0.14     0.00
  MONTH TO DATE    0.32                      0.27   0.05     0.29
  SINCE DEC 1      2.48                      1.51   0.97     3.92
  SINCE JAN 1      0.32                      0.27   0.05     0.29

SNOWFALL (IN)
  YESTERDAY        0.1           6.0  1924   0.3   -0.2      0.0
  MONTH TO DATE    0.1                       3.1   -3.0      1.8
  SINCE DEC 1     15.0                      12.4    2.6     15.8
  SINCE JUL 1     15.0                      17.1   -2.1     25.8
  SNOW DEPTH       5

DEGREE DAYS
 HEATING
  YESTERDAY       42                        49     -7       71
  MONTH TO DATE  527                       490     37      462
  SINCE DEC 1   1918                      1899     19     1527
  SINCE JUL 1   3082                      3579   -497     2882

 COOLING
  YESTERDAY        0                         0      0        0
  MONTH TO DATE    0                         0      0        0
  SINCE DEC 1      0                         0      0        0
  SINCE JAN 1      0                         0      0        0
..................................................................


WIND (MPH)
  HIGHEST WIND SPEED    39   HIGHEST WIND DIRECTION     W (290)
  HIGHEST GUST SPEED    45   HIGHEST GUST DIRECTION     W (290)
  AVERAGE WIND SPEED    17.3


SKY COVER
  POSSIBLE SUNSHINE  MM
  AVERAGE SKY COVER 0.8


WEATHER CONDITIONS
 THE FOLLOWING WEATHER WAS RECORDED YESTERDAY.
  LIGHT RAIN
  LT FREEZING RAIN
  LIGHT SNOW
  FOG
  HAZE


RELATIVE HUMIDITY (PERCENT)
 HIGHEST   100           800 AM
 LOWEST     67           900 PM
 AVERAGE    84

..........................................................


THE MASON CITY IA CLIMATE NORMALS FOR TODAY
                         NORMAL    RECORD    YEAR
 MAXIMUM TEMPERATURE (F)   24        48      2004
 MINIMUM TEMPERATURE (F)    7       -24      1977


SUNRISE AND SUNSET
JANUARY 11 2017.......SUNRISE   744 AM CST   SUNSET   459 PM CST
JANUARY 12 2017.......SUNRISE   743 AM CST   SUNSET   501 PM CST


-  INDICATES NEGATIVE NUMBERS.
R  INDICATES RECORD WAS SET OR TIED.
MM INDICATES DATA IS MISSING.
T  INDICATES TRACE AMOUNT.

$$

SMALL
