305
CDUS43 KDMX 140634
CLIMCW

CLIMATE REPORT
NATIONAL WEATHER SERVICE DES MOINES IA
132 AM CDT WED JUN 14 2017


...................................

...THE MASON CITY IA CLIMATE SUMMARY FOR JUNE 13 2017...

CLIMATE NORMAL PERIOD 1981 TO 2010
CLIMATE RECORD PERIOD 1893 TO 2017


WEATHER ITEM   OBSERVED TIME   RECORD YEAR NORMAL DEPARTURE LAST
                VALUE   (LST)  VALUE       VALUE  FROM      YEAR
                                                  NORMAL
..................................................................
TEMPERATURE (F)
 YESTERDAY
  MAXIMUM         93    347 PM 100    1987  79     14       84
  MINIMUM         68    517 AM  38    1933  56     12       64
  AVERAGE         81                        68     13       74

PRECIPITATION (IN)
  YESTERDAY        0.02          2.46 2000   0.17  -0.15     0.40
  MONTH TO DATE    0.20                      2.26  -2.06     1.73
  SINCE JUN 1      0.20                      2.26  -2.06     1.73
  SINCE JAN 1     14.35                     14.74  -0.39    12.94

SNOWFALL (IN)
  YESTERDAY        0.0          MM      MM   0.0    0.0      0.0
  MONTH TO DATE    0.0                       0.0    0.0      0.0
  SINCE JUN 1      0.0                       0.0    0.0      0.0
  SINCE JUL 1     47.9                      41.2    6.7     50.9
  SNOW DEPTH       0

DEGREE DAYS
 HEATING
  YESTERDAY        0                         1     -1        0
  MONTH TO DATE    2                        32    -30        8
  SINCE JUN 1      2                        32    -30        8
  SINCE JUL 1   6673                      7667   -994     6633

 COOLING
  YESTERDAY       16                         4     12        9
  MONTH TO DATE  122                        41     81       76
  SINCE JUN 1    122                        41     81       76
  SINCE JAN 1    147                        76     71      117
..................................................................


WIND (MPH)
  HIGHEST WIND SPEED    33   HIGHEST WIND DIRECTION     W (260)
  HIGHEST GUST SPEED    43   HIGHEST GUST DIRECTION     W (270)
  AVERAGE WIND SPEED    17.3


SKY COVER
  POSSIBLE SUNSHINE  MM
  AVERAGE SKY COVER 0.2


WEATHER CONDITIONS
 THE FOLLOWING WEATHER WAS RECORDED YESTERDAY.
  THUNDERSTORM
  LIGHT RAIN


RELATIVE HUMIDITY (PERCENT)
 HIGHEST    90           600 AM
 LOWEST     41           200 PM
 AVERAGE    66

..........................................................


THE MASON CITY IA CLIMATE NORMALS FOR TODAY
                         NORMAL    RECORD    YEAR
 MAXIMUM TEMPERATURE (F)   79       100      1987
 MINIMUM TEMPERATURE (F)   57        37      1933


SUNRISE AND SUNSET
JUNE 14 2017..........SUNRISE   533 AM CDT   SUNSET   854 PM CDT
JUNE 15 2017..........SUNRISE   533 AM CDT   SUNSET   855 PM CDT


-  INDICATES NEGATIVE NUMBERS.
R  INDICATES RECORD WAS SET OR TIED.
MM INDICATES DATA IS MISSING.
T  INDICATES TRACE AMOUNT.




$$
