000
CDUS43 KDMX 160641 RRA
CLIMCW

CLIMATE REPORT
NATIONAL WEATHER SERVICE DES MOINES IA
138 AM CDT SAT AUG 16 2014

...................................

...THE MASON CITY IA CLIMATE SUMMARY FOR AUGUST 15 2014...

CLIMATE NORMAL PERIOD 1981 TO 2010
CLIMATE RECORD PERIOD 1893 TO 2014


WEATHER ITEM   OBSERVED TIME   RECORD YEAR NORMAL DEPARTURE LAST
                VALUE   (LST)  VALUE       VALUE  FROM      YEAR
                                                  NORMAL
..................................................................
TEMPERATURE (F)
 YESTERDAY
  MAXIMUM         76    156 PM 100    1988  81     -5       75
  MINIMUM         61    345 AM  39    1979  59      2       46
  AVERAGE         69                        70     -1       61

PRECIPITATION (IN)
  YESTERDAY        T             2.76 1977   0.14  -0.14     0.00
  MONTH TO DATE    0.01                      2.02  -2.01     1.61
  SINCE JUN 1      9.55                     11.86  -2.31    11.29
  SINCE JAN 1     23.59                     24.34  -0.75    32.73

SNOWFALL (IN)
  YESTERDAY        0.0          MM      MM   0.0    0.0      0.0
  MONTH TO DATE    0.0                       0.0    0.0      0.0
  SINCE JUN 1      0.0                       0.0    0.0      0.0
  SINCE JUL 1      0.0                       0.0    0.0      0.0
  SNOW DEPTH       0

DEGREE DAYS
 HEATING
  YESTERDAY        0                         1     -1        4
  MONTH TO DATE    0                        10    -10       15
  SINCE JUN 1     34                        63    -29       88
  SINCE JUL 1     21                        19      2       35

 COOLING
  YESTERDAY        4                         5     -1        0
  MONTH TO DATE   69                        89    -20       25
  SINCE JUN 1    325                       448   -123      396
  SINCE JAN 1    378                       483   -105      433
..................................................................


WIND (MPH)
  HIGHEST WIND SPEED    17   HIGHEST WIND DIRECTION     S (200)
  HIGHEST GUST SPEED    20   HIGHEST GUST DIRECTION    SW (210)
  AVERAGE WIND SPEED     7.1


SKY COVER
  POSSIBLE SUNSHINE  MM
  AVERAGE SKY COVER 0.4


WEATHER CONDITIONS
 THE FOLLOWING WEATHER WAS RECORDED YESTERDAY.
  LIGHT RAIN


RELATIVE HUMIDITY (PERCENT)
 HIGHEST   100           900 PM
 LOWEST     69           200 PM
 AVERAGE    85

..........................................................


THE MASON CITY IA CLIMATE NORMALS FOR TODAY
                         NORMAL    RECORD    YEAR
 MAXIMUM TEMPERATURE (F)   81       101      1937
 MINIMUM TEMPERATURE (F)   58        40      1897


SUNRISE AND SUNSET
AUGUST 16 2014........SUNRISE   620 AM CDT   SUNSET   814 PM CDT
AUGUST 17 2014........SUNRISE   621 AM CDT   SUNSET   813 PM CDT


-  INDICATES NEGATIVE NUMBERS.
R  INDICATES RECORD WAS SET OR TIED.
MM INDICATES DATA IS MISSING.
T  INDICATES TRACE AMOUNT.

$$

REV
