000
CDUS43 KDMX 180645
CLIMCW

CLIMATE REPORT
NATIONAL WEATHER SERVICE DES MOINES IA
1243 AM CST SUN JAN 18 2015

...................................

...THE MASON CITY IA CLIMATE SUMMARY FOR JANUARY 17 2015...

CLIMATE NORMAL PERIOD 1981 TO 2010
CLIMATE RECORD PERIOD 1893 TO 2015


WEATHER ITEM   OBSERVED TIME   RECORD YEAR NORMAL DEPARTURE LAST
                VALUE   (LST)  VALUE       VALUE  FROM      YEAR
                                                  NORMAL
..................................................................
TEMPERATURE (F)
 YESTERDAY
  MAXIMUM         39    232 PM  49    1996  25     14       13
  MINIMUM         26    132 AM -24    1930   7     19       -1
  AVERAGE         33                        16     17        6

PRECIPITATION (IN)
  YESTERDAY        0.00          0.50 1932   0.02  -0.02     0.00
  MONTH TO DATE    0.33                      0.44  -0.11     0.11
  SINCE DEC 1      1.43                      1.68  -0.25     1.28
  SINCE JAN 1      0.33                      0.44  -0.11     0.11

SNOWFALL (IN)
  YESTERDAY        0.0          10.0  1932   0.3   -0.3      0.0
  MONTH TO DATE    7.6                       5.6    2.0      0.4
  SINCE DEC 1     13.3                      14.9   -1.6     15.3
  SINCE JUL 1     21.3                      19.6    1.7     16.8
  SNOW DEPTH       6

DEGREE DAYS
 HEATING
  YESTERDAY       32                        49    -17       59
  MONTH TO DATE  916                       833     83      941
  SINCE DEC 1   2142                      2242   -100     2521
  SINCE JUL 1   4041                      3922    119     4185

 COOLING
  YESTERDAY        0                         0      0        0
  MONTH TO DATE    0                         0      0        0
  SINCE DEC 1      0                         0      0        0
  SINCE JAN 1      0                         0      0        0
..................................................................


WIND (MPH)
  HIGHEST WIND SPEED    28   HIGHEST WIND DIRECTION    NW (300)
  HIGHEST GUST SPEED    37   HIGHEST GUST DIRECTION    NW (300)
  AVERAGE WIND SPEED    15.1


SKY COVER
  POSSIBLE SUNSHINE  MM
  AVERAGE SKY COVER 0.4


WEATHER CONDITIONS
 THE FOLLOWING WEATHER WAS RECORDED YESTERDAY.
  FOG


RELATIVE HUMIDITY (PERCENT)
 HIGHEST    92          1200 AM
 LOWEST     75           300 AM
 AVERAGE    84

..........................................................


THE MASON CITY IA CLIMATE NORMALS FOR TODAY
                         NORMAL    RECORD    YEAR
 MAXIMUM TEMPERATURE (F)   25        50      1944
 MINIMUM TEMPERATURE (F)    7       -30      1967


SUNRISE AND SUNSET
JANUARY 18 2015.......SUNRISE   741 AM CST   SUNSET   507 PM CST
JANUARY 19 2015.......SUNRISE   740 AM CST   SUNSET   508 PM CST


-  INDICATES NEGATIVE NUMBERS.
R  INDICATES RECORD WAS SET OR TIED.
MM INDICATES DATA IS MISSING.
T  INDICATES TRACE AMOUNT.




$$
