000
CDUS43 KDMX 020627 RRB
CLIMCW

CLIMATE REPORT
NATIONAL WEATHER SERVICE DES MOINES IA
127 AM CDT WED APR 2 2014


...................................

...THE MASON CITY IA CLIMATE SUMMARY FOR APRIL 1 2014...

CLIMATE NORMAL PERIOD 1981 TO 2010
CLIMATE RECORD PERIOD 1893 TO 2014


WEATHER ITEM   OBSERVED TIME   RECORD YEAR NORMAL DEPARTURE LAST
                VALUE   (LST)  VALUE       VALUE  FROM      YEAR
                                                  NORMAL
..................................................................
TEMPERATURE (F)
 YESTERDAY
  MAXIMUM         41    330 PM  86    2010  51    -10       35
  MINIMUM         20    657 AM   7    1924  29     -9       19
  AVERAGE         31                        40     -9       27

PRECIPITATION (IN)
  YESTERDAY        T             0.71 1927   0.10  -0.10     0.00
  MONTH TO DATE    T                         0.10  -0.10     0.00
  SINCE MAR 1      1.21                      2.33  -1.12     3.38
  SINCE JAN 1      4.23                      4.15   0.08     5.09

SNOWFALL (IN)
  YESTERDAY       MM             6.0  1927   0.2   MM        0.0
  MONTH TO DATE   MM                         0.2   MM        0.0
  SINCE MAR 1      6.8                       6.2    0.6     23.8
  SINCE JUL 1     52.9                      38.7   14.2     45.8
  SNOW DEPTH       0

DEGREE DAYS
 HEATING
  YESTERDAY       34                        25      9       38
  MONTH TO DATE   34                        25      9       38
  SINCE MAR 1   1228                      1019    209     1275
  SINCE JUL 1   7774                      6870    904     6836

 COOLING
  YESTERDAY        0                         0      0        0
  MONTH TO DATE    0                         0      0        0
  SINCE MAR 1      0                         0      0        0
  SINCE JAN 1      0                         0      0        0
..................................................................


WIND (MPH)
  HIGHEST WIND SPEED    37   HIGHEST WIND DIRECTION     W (290)
  HIGHEST GUST SPEED    44   HIGHEST GUST DIRECTION     W (290)
  AVERAGE WIND SPEED    19.2


SKY COVER
  POSSIBLE SUNSHINE  MM
  AVERAGE SKY COVER 0.5


WEATHER CONDITIONS
 THE FOLLOWING WEATHER WAS RECORDED YESTERDAY.
  LIGHT SNOW
  FOG


RELATIVE HUMIDITY (PERCENT)
 HIGHEST    92          1000 PM
 LOWEST     59           100 PM
 AVERAGE    76

..........................................................


THE MASON CITY IA CLIMATE NORMALS FOR TODAY
                         NORMAL    RECORD    YEAR
 MAXIMUM TEMPERATURE (F)   51        83      1981
 MINIMUM TEMPERATURE (F)   30        11      1899


SUNRISE AND SUNSET
APRIL  2 2014.........SUNRISE   653 AM CDT   SUNSET   741 PM CDT
APRIL  3 2014.........SUNRISE   652 AM CDT   SUNSET   742 PM CDT


-  INDICATES NEGATIVE NUMBERS.
R  INDICATES RECORD WAS SET OR TIED.
MM INDICATES DATA IS MISSING.
T  INDICATES TRACE AMOUNT.




$$
