000
CDUS43 KDMX 090652
CLIMCW

CLIMATE REPORT
NATIONAL WEATHER SERVICE DES MOINES IA
150 AM CDT THU OCT 9 2014


...................................

...THE MASON CITY IA CLIMATE SUMMARY FOR OCTOBER 8 2014...

CLIMATE NORMAL PERIOD 1981 TO 2010
CLIMATE RECORD PERIOD 1893 TO 2014


WEATHER ITEM   OBSERVED TIME   RECORD YEAR NORMAL DEPARTURE LAST
                VALUE   (LST)  VALUE       VALUE  FROM      YEAR
                                                  NORMAL
..................................................................
TEMPERATURE (F)
 YESTERDAY
  MAXIMUM         67    328 PM  87    2010  64      3       77
  MINIMUM         38    507 AM  20    2000  39     -1       40
  AVERAGE         53                        51      2       59

PRECIPITATION (IN)
  YESTERDAY        0.01          1.36 1970   0.08  -0.07     0.00
  MONTH TO DATE    0.94                      0.74   0.20     1.08
  SINCE SEP 1      3.53                      4.01  -0.48     2.23
  SINCE JAN 1     32.18                     30.37   1.81    35.61

SNOWFALL (IN)
  YESTERDAY        0.0           0.0  2002   0.0    0.0      0.0
  MONTH TO DATE    0.0                       0.0    0.0      0.0
  SINCE SEP 1      0.0                       0.0    0.0      0.0
  SINCE JUL 1      0.0                       0.0    0.0      0.0
  SNOW DEPTH       0

DEGREE DAYS
 HEATING
  YESTERDAY       12                        14     -2        6
  MONTH TO DATE  125                       102     23       48
  SINCE SEP 1    299                       279     20      168
  SINCE JUL 1    320                       315      5      206

 COOLING
  YESTERDAY        0                         0      0        0
  MONTH TO DATE    0                         2     -2        6
  SINCE SEP 1     33                        56    -23      126
  SINCE JAN 1    544                       612    -68      718
..................................................................


WIND (MPH)
  HIGHEST WIND SPEED    26   HIGHEST WIND DIRECTION     W (280)
  HIGHEST GUST SPEED    34   HIGHEST GUST DIRECTION     W (280)
  AVERAGE WIND SPEED    11.4


SKY COVER
  POSSIBLE SUNSHINE  MM
  AVERAGE SKY COVER 0.2


WEATHER CONDITIONS
 THE FOLLOWING WEATHER WAS RECORDED YESTERDAY.
  LIGHT RAIN


RELATIVE HUMIDITY (PERCENT)
 HIGHEST    85           200 AM
 LOWEST     29           100 PM
 AVERAGE    57

..........................................................


THE MASON CITY IA CLIMATE NORMALS FOR TODAY
                         NORMAL    RECORD    YEAR
 MAXIMUM TEMPERATURE (F)   63        89      2010
 MINIMUM TEMPERATURE (F)   39        19      1915


SUNRISE AND SUNSET
OCTOBER  9 2014.......SUNRISE   720 AM CDT   SUNSET   640 PM CDT
OCTOBER 10 2014.......SUNRISE   721 AM CDT   SUNSET   639 PM CDT


-  INDICATES NEGATIVE NUMBERS.
R  INDICATES RECORD WAS SET OR TIED.
MM INDICATES DATA IS MISSING.
T  INDICATES TRACE AMOUNT.




$$
