000
CDUS43 KDMX 250629 RRA
CLIMCW

CLIMATE REPORT
NATIONAL WEATHER SERVICE DES MOINES IA
127 AM CDT TUE AUG 25 2015

...................................

...THE MASON CITY IA CLIMATE SUMMARY FOR AUGUST 24 2015...

CLIMATE NORMAL PERIOD 1981 TO 2010
CLIMATE RECORD PERIOD 1893 TO 2015


WEATHER ITEM   OBSERVED TIME   RECORD YEAR NORMAL DEPARTURE LAST
                VALUE   (LST)  VALUE       VALUE  FROM      YEAR
                                                  NORMAL
..................................................................
TEMPERATURE (F)
 YESTERDAY
  MAXIMUM         69    417 PM  99    1948  80    -11       91
  MINIMUM         49    612 AM  37    1934  57     -8       69
  AVERAGE         59                        68     -9       80

PRECIPITATION (IN)
  YESTERDAY        0.00          2.55 1905   0.13  -0.13     0.58
  MONTH TO DATE    3.21                      3.17   0.04     2.77
  SINCE JUN 1     14.88                     13.01   1.87    12.32
  SINCE JAN 1     25.88                     25.49   0.39    26.36

SNOWFALL (IN)
  YESTERDAY        0.0          MM      MM   0.0    0.0      0.0
  MONTH TO DATE    0.0                       0.0    0.0      0.0
  SINCE JUN 1      0.0                       0.0    0.0      0.0
  SINCE JUL 1      0.0                       0.0    0.0      0.0
  SNOW DEPTH       0

DEGREE DAYS
 HEATING
  YESTERDAY        6                         1      5        0
  MONTH TO DATE   18                        19     -1        0
  SINCE JUN 1     51                        72    -21       34
  SINCE JUL 1     39                        28     11       21

 COOLING
  YESTERDAY        0                         5     -5       15
  MONTH TO DATE  125                       134     -9      166
  SINCE JUN 1    478                       493    -15      422
  SINCE JAN 1    508                       528    -20      475
..................................................................


WIND (MPH)
  HIGHEST WIND SPEED    29   HIGHEST WIND DIRECTION    NW (300)
  HIGHEST GUST SPEED    36   HIGHEST GUST DIRECTION     W (290)
  AVERAGE WIND SPEED    14.6


SKY COVER
  POSSIBLE SUNSHINE  MM
  AVERAGE SKY COVER 0.0


WEATHER CONDITIONS
 THE FOLLOWING WEATHER WAS RECORDED YESTERDAY.
  NO SIGNIFICANT WEATHER WAS OBSERVED.


RELATIVE HUMIDITY (PERCENT)
 HIGHEST    86           400 AM
 LOWEST     44           400 PM
 AVERAGE    65

..........................................................


THE MASON CITY IA CLIMATE NORMALS FOR TODAY
                         NORMAL    RECORD    YEAR
 MAXIMUM TEMPERATURE (F)   80        96      1948
 MINIMUM TEMPERATURE (F)   57DSMCLIMCY 000
TTAA00 KDMX 250627        35      1915


SUNRISE AND SUNSET
AUGUST 25 2015........SUNRISE   630 AM CDT   SUNSET   800 PM CDT
AUGUST 26 2015........SUNRISE   631 AM CDT   SUNSET   759 PM CDT


-  INDICATES NEGATIVE NUMBERS.
R  INDICATES RECORD WAS SET OR TIED.
MM INDICATES DATA IS MISSING.
T  INDICATES TRACE AMOUNT.

$$

REV
