000
CDUS43 KDMX 160639
CLIMCW

CLIMATE REPORT
NATIONAL WEATHER SERVICE DES MOINES IA
130 AM CDT MON MAR 16 2015

...................................

...THE MASON CITY IA CLIMATE SUMMARY FOR MARCH 15 2015...

CLIMATE NORMAL PERIOD 1981 TO 2010
CLIMATE RECORD PERIOD 1893 TO 2015


WEATHER ITEM   OBSERVED TIME   RECORD YEAR NORMAL DEPARTURE LAST
                VALUE   (LST)  VALUE       VALUE  FROM      YEAR
                                                  NORMAL
..................................................................
TEMPERATURE (F)
 YESTERDAY
  MAXIMUM         66    438 PM  74    2012  42     24       31
  MINIMUM         30    122 AM  -5    1979  24      6       24
  AVERAGE         48                        32     16       28

PRECIPITATION (IN)
  YESTERDAY        0.00          1.41 1945   0.06  -0.06      T
  MONTH TO DATE    0.01                      0.87  -0.86     0.46
  SINCE MAR 1      0.01                      0.87  -0.86     0.46
  SINCE JAN 1      2.08                      2.69  -0.61     3.48

SNOWFALL (IN)
  YESTERDAY        0.0          11.0  1923   0.2   -0.2      0.1
  MONTH TO DATE    T                         3.3   -3.3      5.1
  SINCE MAR 1      T                         3.3   -3.3      5.1
  SINCE JUL 1     35.8                      35.8    0.0     51.2
  SNOW DEPTH       0

DEGREE DAYS
 HEATING
  YESTERDAY       17                        32    -15       37
  MONTH TO DATE  503                       534    -31      664
  SINCE MAR 1    503                       534    -31      664
  SINCE JUL 1   6566                      6385    181     7210

 COOLING
  YESTERDAY        0                         0      0        0
  MONTH TO DATE    0                         0      0        0
  SINCE MAR 1      0                         0      0        0
  SINCE JAN 1      0                         0      0        0
..................................................................


WIND (MPH)
  HIGHEST WIND SPEED    32   HIGHEST WIND DIRECTION    SW (220)
  HIGHEST GUST SPEED    41   HIGHEST GUST DIRECTION    SW (220)
  AVERAGE WIND SPEED    13.5


SKY COVER
  POSSIBLE SUNSHINE  MM
  AVERAGE SKY COVER 0.0


WEATHER CONDITIONS
 THE FOLLOWING WEATHER WAS RECORDED YESTERDAY.
  NO SIGNIFICANT WEATHER WAS OBSERVED.


RELATIVE HUMIDITY (PERCENT)
 HIGHEST    92          1200 AM
 LOWEST     34           200 PM
 AVERAGE    63

..........................................................


THE MASON CITY IA CLIMATE NORMALS FOR TODAY
                         NORMAL    RECORD    YEAR
 MAXIMUM TEMPERATURE (F)   42        81      2012
 MINIMUM TEMPERATURE (F)   24       -12      1900


SUNRISE AND SUNSET
MARCH 16 2015.........SUNRISE   724 AM CDT   SUNSET   721 PM CDT
MARCH 17 2015.........SUNRISE   722 AM CDT   SUNSET   722 PM CDT


-  INDICATES NEGATIVE NUMBERS.
R  INDICATES RECORD WAS SET OR TIED.
MM INDICATES DATA IS MISSING.
T  INDICATES TRACE AMOUNT.

$$

REV
