000
CDUS43 KDMX 310633 RRB
CLIMCW

CLIMATE REPORT
NATIONAL WEATHER SERVICE DES MOINES IA
1232 AM CST WED JAN 31 2018

...................................

...THE MASON CITY IA CLIMATE SUMMARY FOR JANUARY 30 2018...

CLIMATE NORMAL PERIOD 1981 TO 2010
CLIMATE RECORD PERIOD 1893 TO 2018


WEATHER ITEM   OBSERVED TIME   RECORD YEAR NORMAL DEPARTURE LAST
                VALUE   (LST)  VALUE       VALUE  FROM      YEAR
                                                  NORMAL
..................................................................
TEMPERATURE (F)
 YESTERDAY
  MAXIMUM         31   1159 PM  49    1964  26      5       40
  MINIMUM          4    205 AM -26    1951   8     -4        8
  AVERAGE         18                        16      2       24

PRECIPITATION (IN)
  YESTERDAY        0.00          0.29 1937   0.03  -0.03     0.00
  MONTH TO DATE    1.31                      0.79   0.52     1.91
  SINCE DEC 1      1.59                      2.03  -0.44     4.07
  SINCE JAN 1      1.31                      0.79   0.52     1.91

SNOWFALL (IN)
  YESTERDAY        0.0           6.0  1947   0.3   -0.3      0.0
  MONTH TO DATE    5.2                      10.4   -5.2     15.7
  SINCE DEC 1      9.4                      19.7  -10.3     30.6
  SINCE JUL 1      9.6                      24.4  -14.8     30.6
  SNOW DEPTH       0

DEGREE DAYS
 HEATING
  YESTERDAY       47                        48     -1       41
  MONTH TO DATE 1483                      1469     14     1347
  SINCE DEC 1   2868                      2878    -10     2738
  SINCE JUL 1   4371                      4558   -187     3902

 COOLING
  YESTERDAY        0                         0      0        0
  MONTH TO DATE    0                         0      0        0
  SINCE DEC 1      0                         0      0        0
  SINCE JAN 1      0                         0      0        0
..................................................................


WIND (MPH)
  HIGHEST WIND SPEED    32   HIGHEST WIND DIRECTION     S (160)
  HIGHEST GUST SPEED    40   HIGHEST GUST DIRECTION     S (160)
  AVERAGE WIND SPEED    15.1


SKY COVER
  POSSIBLE SUNSHINE  MM
  AVERAGE SKY COVER 0.3


WEATHER CONDITIONS
 THE FOLLOWING WEATHER WAS RECORDED YESTERDAY.
  NO SIGNIFICANT WEATHER WAS OBSERVED.


RELATIVE HUMIDITY (PERCENT)
 HIGHEST    88           500 AM
 LOWEST     58           300 PM
 AVERAGE    73

..........................................................


THE MASON CITY IA CLIMATE NORMALS FOR TODAY
                         NORMAL    RECORD    YEAR
 MAXIMUM TEMPERATURE (F)   26        51      1989
 MINIMUM TEMPERATURE (F)    8       -34      1899


SUNRISE AND SUNSET
JANUARY 31 2018.......SUNRISE   730 AM CST   SUNSET   524 PM CST
FEBRUARY  1 2018......SUNRISE   729 AM CST   SUNSET   526 PM CST


-  INDICATES NEGATIVE NUMBERS.
R  INDICATES RECORD WAS SET OR TIED.
MM INDICATES DATA IS MISSING.
T  INDICATES TRACE AMOUNT.

$$

ANSORGE
