000
CDUS43 KDMX 150634
CLIMCW

CLIMATE REPORT
NATIONAL WEATHER SERVICE DES MOINES IA
128 AM CDT WED OCT 15 2014


...................................

...THE MASON CITY IA CLIMATE SUMMARY FOR OCTOBER 14 2014...

CLIMATE NORMAL PERIOD 1981 TO 2010
CLIMATE RECORD PERIOD 1893 TO 2014


WEATHER ITEM   OBSERVED TIME   RECORD YEAR NORMAL DEPARTURE LAST
                VALUE   (LST)  VALUE       VALUE  FROM      YEAR
                                                  NORMAL
..................................................................
TEMPERATURE (F)
 YESTERDAY
  MAXIMUM         62    334 PM  90    1947  61      1       61
  MINIMUM         43   1021 PM  17    1937  37      6       32
  AVERAGE         53                        49      4       47

PRECIPITATION (IN)
  YESTERDAY        0.05          2.38 1966   0.08  -0.03     0.51
  MONTH TO DATE    1.79                      1.23   0.56     1.59
  SINCE SEP 1      4.38                      4.50  -0.12     2.74
  SINCE JAN 1     33.03                     30.86   2.17    36.12

SNOWFALL (IN)
  YESTERDAY        0.0           0.0  2002   0.0    0.0      0.0
  MONTH TO DATE    0.0                       0.0    0.0      0.0
  SINCE SEP 1      0.0                       0.0    0.0      0.0
  SINCE JUL 1      0.0                       0.0    0.0      0.0
  SNOW DEPTH       0

DEGREE DAYS
 HEATING
  YESTERDAY       12                        16     -4       18
  MONTH TO DATE  235                       193     42      109
  SINCE SEP 1    409                       370     39      229
  SINCE JUL 1    430                       406     24      267

 COOLING
  YESTERDAY        0                         0      0        0
  MONTH TO DATE    0                         2     -2        6
  SINCE SEP 1     33                        56    -23      126
  SINCE JAN 1    544                       612    -68      718
..................................................................


WIND (MPH)
  HIGHEST WIND SPEED    33   HIGHEST WIND DIRECTION     N (360)
  HIGHEST GUST SPEED    42   HIGHEST GUST DIRECTION     N (360)
  AVERAGE WIND SPEED    21.3


SKY COVER
  POSSIBLE SUNSHINE  MM
  AVERAGE SKY COVER 0.6


WEATHER CONDITIONS
 THE FOLLOWING WEATHER WAS RECORDED YESTERDAY.
  LIGHT RAIN


RELATIVE HUMIDITY (PERCENT)
 HIGHEST    96          1200 AM
 LOWEST     43           300 PM
 AVERAGE    70

..........................................................


THE MASON CITY IA CLIMATE NORMALS FOR TODAY
                         NORMAL    RECORD    YEAR
 MAXIMUM TEMPERATURE (F)   61        86      1963
 MINIMUM TEMPERATURE (F)   37        16      1937


SUNRISE AND SUNSET
OCTOBER 15 2014.......SUNRISE   727 AM CDT   SUNSET   630 PM CDT
OCTOBER 16 2014.......SUNRISE   728 AM CDT   SUNSET   629 PM CDT


-  INDICATES NEGATIVE NUMBERS.
R  INDICATES RECORD WAS SET OR TIED.
MM INDICATES DATA IS MISSING.
T  INDICATES TRACE AMOUNT.




$$
