000
CDUS43 KDMX 170640 RRA
CLIMCW

CLIMATE REPORT
NATIONAL WEATHER SERVICE DES MOINES IA
137 AM CDT SUN APR 17 2016


...................................

...THE MASON CITY IA CLIMATE SUMMARY FOR APRIL 16 2016...

CLIMATE NORMAL PERIOD 1981 TO 2010
CLIMATE RECORD PERIOD 1893 TO 2016


WEATHER ITEM   OBSERVED TIME   RECORD YEAR NORMAL DEPARTURE LAST
                VALUE   (LST)  VALUE       VALUE  FROM      YEAR
                                                  NORMAL
..................................................................
TEMPERATURE (F)
 YESTERDAY
  MAXIMUM         80    110 PM  88    2004  59     21       72
                                      1964
  MINIMUM         52    600 AM  18    1928  35     17       49
  AVERAGE         66                        47     19       61

PRECIPITATION (IN)
  YESTERDAY        0.00          1.50 2006   0.13  -0.13      T
  MONTH TO DATE    0.12                      1.85  -1.73     2.37
  SINCE MAR 1      3.40                      4.08  -0.68     3.44
  SINCE JAN 1      4.64                      5.90  -1.26     5.51

SNOWFALL (IN)
  YESTERDAY        0.0           0.5  1928   0.1   -0.1      0.0
  MONTH TO DATE    T                         1.9   -1.9      0.6
  SINCE MAR 1      9.0                       7.9    1.1      4.2
  SINCE JUL 1     50.9                      40.4   10.5     40.0
  SNOW DEPTH       0

DEGREE DAYS
 HEATING
  YESTERDAY        0                        18    -18        4
  MONTH TO DATE  347                       345      2      269
  SINCE MAR 1   1138                      1339   -201     1190
  SINCE JUL 1   6237                      7190   -953     7253

 COOLING
  YESTERDAY        1                         0      1        0
  MONTH TO DATE    1                         0      1        0
  SINCE MAR 1      1                         0      1        0
  SINCE JAN 1      1                         0      1        0
..................................................................


WIND (MPH)
  HIGHEST WIND SPEED    31   HIGHEST WIND DIRECTION     S (160)
  HIGHEST GUST SPEED    39   HIGHEST GUST DIRECTION     S (170)
  AVERAGE WIND SPEED    14.8


SKY COVER
  POSSIBLE SUNSHINE  MM
  AVERAGE SKY COVER 0.0


WEATHER CONDITIONS
 THE FOLLOWING WEATHER WAS RECORDED YESTERDAY.
  NO SIGNIFICANT WEATHER WAS OBSERVED.


RELATIVE HUMIDITY (PERCENT)
 HIGHEST    77           200 AM
 LOWEST     27           300 PM
 AVERAGE    52

..........................................................


THE MASON CITY IA CLIMATE NORMALS FOR TODAY
                         NORMAL    RECORD    YEAR
 MAXIMUM TEMPERATURE (F)   59        88      1985
 MINIMUM TEMPERATURE (F)   36        18      1907


SUNRISE AND SUNSET
APRIL 17 2016.........SUNRISE   627 AM CDT   SUNSET   759 PM CDT
APRIL 18 2016.........SUNRISE   626 AM CDT   SUNSET   800 PM CDT


-  INDICATES NEGATIVE NUMBERS.
R  INDICATES RECORD WAS SET OR TIED.
MM INDICATES DATA IS MISSING.
T  INDICATES TRACE AMOUNT.




$$
