284
CDUS43 KDMX 040642
CLIMCW

CLIMATE REPORT
NATIONAL WEATHER SERVICE DES MOINES IA
130 AM CDT WED OCT 4 2017

...................................

...THE MASON CITY IA CLIMATE SUMMARY FOR OCTOBER 3 2017...

CLIMATE NORMAL PERIOD 1981 TO 2010
CLIMATE RECORD PERIOD 1893 TO 2017


WEATHER ITEM   OBSERVED TIME   RECORD YEAR NORMAL DEPARTURE LAST
                VALUE   (LST)  VALUE       VALUE  FROM      YEAR
                                                  NORMAL
..................................................................
TEMPERATURE (F)
 YESTERDAY
  MAXIMUM         74   1247 PM  95    1997  66      8       74
  MINIMUM         49   1159 PM  25    1996  41      8       44
  AVERAGE         62                        53      9       59

PRECIPITATION (IN)
  YESTERDAY        0.04          0.86 1942   0.10  -0.06     0.00
  MONTH TO DATE    0.57                      0.31   0.26     0.00
  SINCE SEP 1      2.94                      3.58  -0.64    11.03
  SINCE JAN 1     25.86                     29.94  -4.08    42.29

SNOWFALL (IN)
  YESTERDAY        0.0           T    2014   0.0    0.0      0.0
  MONTH TO DATE    0.0                       0.0    0.0      0.0
  SINCE SEP 1      0.0                       0.0    0.0      0.0
  SINCE JUL 1      0.0                       0.0    0.0      0.0
  SNOW DEPTH       0

DEGREE DAYS
 HEATING
  YESTERDAY        3                        12     -9        6
  MONTH TO DATE    9                        35    -26       17
  SINCE SEP 1     97                       212   -115       88
  SINCE JUL 1    120                       248   -128      106

 COOLING
  YESTERDAY        0                         0      0        0
  MONTH TO DATE    3                         2      1        0
  SINCE SEP 1    104                        56     48       85
  SINCE JAN 1    603                       612     -9      693
..................................................................


WIND (MPH)
  HIGHEST WIND SPEED    24   HIGHEST WIND DIRECTION     S (200)
  HIGHEST GUST SPEED    33   HIGHEST GUST DIRECTION    SW (210)
  AVERAGE WIND SPEED    12.4


SKY COVER
  POSSIBLE SUNSHINE  MM
  AVERAGE SKY COVER 1.0


WEATHER CONDITIONS
 THE FOLLOWING WEATHER WAS RECORDED YESTERDAY.
  THUNDERSTORM
  RAIN
  LIGHT RAIN
  FOG


RELATIVE HUMIDITY (PERCENT)
 HIGHEST    93           400 PM
 LOWEST     73           900 AM
 AVERAGE    83

..........................................................


THE MASON CITY IA CLIMATE NORMALS FOR TODAY
                         NORMAL    RECORD    YEAR
 MAXIMUM TEMPERATURE (F)   65        87      2005
                                             1938
 MINIMUM TEMPERATURE (F)   40        20      1935


SUNRISE AND SUNSET
OCTOBER  4 2017.......SUNRISE   714 AM CDT   SUNSET   649 PM CDT
OCTOBER  5 2017.......SUNRISE   716 AM CDT   SUNSET   647 PM CDT


-  INDICATES NEGATIVE NUMBERS.
R  INDICATES RECORD WAS SET OR TIED.
MM INDICATES DATA IS MISSING.
T  INDICATES TRACE AMOUNT.




$$
