000
CDUS43 KDMX 040629 RRB
CLIMCW

CLIMATE REPORT
NATIONAL WEATHER SERVICE DES MOINES IA
1227 AM CST SAT MAR 4 2017


...................................

...THE MASON CITY IA CLIMATE SUMMARY FOR MARCH 3 2017...

CLIMATE NORMAL PERIOD 1981 TO 2010
CLIMATE RECORD PERIOD 1893 TO 2017


WEATHER ITEM   OBSERVED TIME   RECORD YEAR NORMAL DEPARTURE LAST
                VALUE   (LST)  VALUE       VALUE  FROM      YEAR
                                                  NORMAL
..................................................................
TEMPERATURE (F)
 YESTERDAY
  MAXIMUM         30    902 PM  69    1983  36     -6       33
  MINIMUM          8    645 AM -15    2014  19    -11       25
  AVERAGE         19                        27     -8       29

PRECIPITATION (IN)
  YESTERDAY        0.00          1.00 1989   0.05  -0.05      T
  MONTH TO DATE    T                         0.16  -0.16     0.16
  SINCE MAR 1      T                         0.16  -0.16     0.16
  SINCE JAN 1      3.99                      1.98   2.01     1.45

SNOWFALL (IN)
  YESTERDAY        0.0           4.7  1989   0.2   -0.2       T
  MONTH TO DATE    0.5                       0.7   -0.2      2.2
  SINCE MAR 1      0.5                       0.7   -0.2      2.2
  SINCE JUL 1     39.9                      33.2    6.7     44.9
  SNOW DEPTH      MM

DEGREE DAYS
 HEATING
  YESTERDAY       46                        38      8       36
  MONTH TO DATE  126                       115     11      141
  SINCE MAR 1    126                       115     11      141
  SINCE JUL 1   5038                      5966   -928     5240

 COOLING
  YESTERDAY        0                         0      0        0
  MONTH TO DATE    0                         0      0        0
  SINCE MAR 1      0                         0      0        0
  SINCE JAN 1      0                         0      0        0
..................................................................


WIND (MPH)
  HIGHEST WIND SPEED    18   HIGHEST WIND DIRECTION    SE (130)
  HIGHEST GUST SPEED    23   HIGHEST GUST DIRECTION    SE (130)
  AVERAGE WIND SPEED    10.1


SKY COVER
  POSSIBLE SUNSHINE  MM
  AVERAGE SKY COVER 0.5


WEATHER CONDITIONS
 THE FOLLOWING WEATHER WAS RECORDED YESTERDAY.
  FOG
  HAZE


RELATIVE HUMIDITY (PERCENT)
 HIGHEST    96           800 AM
 LOWEST     57          1200 PM
 AVERAGE    77

..........................................................


THE MASON CITY IA CLIMATE NORMALS FOR TODAY
                         NORMAL    RECORD    YEAR
 MAXIMUM TEMPERATURE (F)   36        65      2000
 MINIMUM TEMPERATURE (F)   19        -8      1978


SUNRISE AND SUNSET
MARCH  4 2017.........SUNRISE   644 AM CST   SUNSET   607 PM CST
MARCH  5 2017.........SUNRISE   642 AM CST   SUNSET   608 PM CST


-  INDICATES NEGATIVE NUMBERS.
R  INDICATES RECORD WAS SET OR TIED.
MM INDICATES DATA IS MISSING.
T  INDICATES TRACE AMOUNT.




$$
