117
CDUS43 KDMX 270627 RRA
CLIMCW

CLIMATE REPORT
NATIONAL WEATHER SERVICE DES MOINES IA
1226 AM CST SUN NOV 27 2016

...................................

...THE MASON CITY IA CLIMATE SUMMARY FOR NOVEMBER 26 2016...

CLIMATE NORMAL PERIOD 1981 TO 2010
CLIMATE RECORD PERIOD 1893 TO 2016


WEATHER ITEM   OBSERVED TIME   RECORD YEAR NORMAL DEPARTURE LAST
                VALUE   (LST)  VALUE       VALUE  FROM      YEAR
                                                  NORMAL
..................................................................
TEMPERATURE (F)
 YESTERDAY
  MAXIMUM         49    228 PM  65    1998  36     13       37
  MINIMUM         25   1159 PM -16    1977  19      6       28
  AVERAGE         37                        28      9       33

PRECIPITATION (IN)
  YESTERDAY        0.00          1.72 1896   0.06  -0.06     0.48
  MONTH TO DATE    0.80                      1.67  -0.87     2.55
  SINCE SEP 1     13.99                      7.39   6.60     8.09
  SINCE JAN 1     45.25                     33.75  11.50    35.90

SNOWFALL (IN)
  YESTERDAY        0.0           4.0  1952   0.2   -0.2       T
  MONTH TO DATE    0.0                       3.3   -3.3     10.0
  SINCE SEP 1      0.0                       3.7   -3.7     10.0
  SINCE JUL 1      0.0                       3.7   -3.7     10.0
  SNOW DEPTH       0

DEGREE DAYS
 HEATING
  YESTERDAY       28                        38    -10       32
  MONTH TO DATE  565                       786   -221      616
  SINCE SEP 1   1038                      1488   -450     1143
  SINCE JUL 1   1056                      1524   -468     1201

 COOLING
  YESTERDAY        0                         0      0        0
  MONTH TO DATE    0                         0      0        0
  SINCE SEP 1     89                        60     29      135
  SINCE JAN 1    697                       616     81      652
..................................................................


WIND (MPH)
  HIGHEST WIND SPEED    20   HIGHEST WIND DIRECTION     S (200)
  HIGHEST GUST SPEED    24   HIGHEST GUST DIRECTION     S (200)
  AVERAGE WIND SPEED     7.5


SKY COVER
  POSSIBLE SUNSHINE  MM
  AVERAGE SKY COVER 0.2


WEATHER CONDITIONS
 THE FOLLOWING WEATHER WAS RECORDED YESTERDAY.
  FOG
  FOG W/VISIBILITY <= 1/4 MILE


RELATIVE HUMIDITY (PERCENT)
 HIGHEST   100           200 AM
 LOWEST     65           100 PM
 AVERAGE    83

..........................................................


THE MASON CITY IA CLIMATE NORMALS FOR TODAY
                         NORMAL    RECORD    YEAR
 MAXIMUM TEMPERATURE (F)   36        71      1998
 MINIMUM TEMPERATURE (F)   18       -10      1897


SUNRISE AND SUNSET
NOVEMBER 27 2016......SUNRISE   721 AM CST   SUNSET   441 PM CST
NOVEMBER 28 2016......SUNRISE   723 AM CST   SUNSET   440 PM CST


-  INDICATES NEGATIVE NUMBERS.
R  INDICATES RECORD WAS SET OR TIED.
MM INDICATES DATA IS MISSING.
T  INDICATES TRACE AMOUNT.




$$
