000
CDUS43 KDMX 290631 RRA
CLIMCW

CLIMATE REPORT
NATIONAL WEATHER SERVICE DES MOINES IA
129 AM CDT SUN OCT 29 2017

...................................

...THE MASON CITY IA CLIMATE SUMMARY FOR OCTOBER 28 2017...

CLIMATE NORMAL PERIOD 1981 TO 2010
CLIMATE RECORD PERIOD 1893 TO 2017


WEATHER ITEM   OBSERVED TIME   RECORD YEAR NORMAL DEPARTURE LAST
                VALUE   (LST)  VALUE       VALUE  FROM      YEAR
                                                  NORMAL
..................................................................
TEMPERATURE (F)
 YESTERDAY
  MAXIMUM         38    313 PM  77    1945  54    -16       75
  MINIMUM         22   1036 PM   5    1925  33    -11       43
  AVERAGE         30                        44    -14       59

PRECIPITATION (IN)
  YESTERDAY        0.00          0.93 1896   0.07  -0.07     0.00
  MONTH TO DATE    4.82                      2.24   2.58     2.16
  SINCE SEP 1      7.19                      5.51   1.68    13.19
  SINCE JAN 1     30.11                     31.87  -1.76    44.45

SNOWFALL (IN)
  YESTERDAY        0.0           4.5  1917   0.1   -0.1      0.0
  MONTH TO DATE    0.2                       0.3   -0.1      0.0
  SINCE SEP 1      0.2                       0.3   -0.1      0.0
  SINCE JUL 1      0.2                       0.3   -0.1      0.0
  SNOW DEPTH       0

DEGREE DAYS
 HEATING
  YESTERDAY       35                        21     14        6
  MONTH TO DATE  352                       456   -104      348
  SINCE SEP 1    440                       633   -193      419
  SINCE JUL 1    463                       669   -206      437

 COOLING
  YESTERDAY        0                         0      0        0
  MONTH TO DATE    3                         2      1        4
  SINCE SEP 1    104                        56     48       89
  SINCE JAN 1    603                       612     -9      697
..................................................................


WIND (MPH)
  HIGHEST WIND SPEED    24   HIGHEST WIND DIRECTION    NW (330)
  HIGHEST GUST SPEED    31   HIGHEST GUST DIRECTION    NW (320)
  AVERAGE WIND SPEED    11.3


SKY COVER
  POSSIBLE SUNSHINE  MM
  AVERAGE SKY COVER 0.6


WEATHER CONDITIONS
 THE FOLLOWING WEATHER WAS RECORDED YESTERDAY.
  NO SIGNIFICANT WEATHER WAS OBSERVED.


RELATIVE HUMIDITY (PERCENT)
 HIGHEST    88           800 PM
 LOWEST     64           300 PM
 AVERAGE    76

..........................................................


THE MASON CITY IA CLIMATE NORMALS FOR TODAY
                         NORMAL    RECORD    YEAR
 MAXIMUM TEMPERATURE (F)   54        83      1937
 MINIMUM TEMPERATURE (F)   32        -4      1925


SUNRISE AND SUNSET
OCTOBER 29 2017.......SUNRISE   745 AM CDT   SUNSET   609 PM CDT
OCTOBER 30 2017.......SUNRISE   746 AM CDT   SUNSET   607 PM CDT


-  INDICATES NEGATIVE NUMBERS.
R  INDICATES RECORD WAS SET OR TIED.
MM INDICATES DATA IS MISSING.
T  INDICATES TRACE AMOUNT.




$$
