000
CDUS43 KDMX 200634
CLIMCW

CLIMATE REPORT
NATIONAL WEATHER SERVICE DES MOINES IA
132 AM CDT SUN JUL 20 2014


...................................

...THE MASON CITY IA CLIMATE SUMMARY FOR JULY 19 2014...

CLIMATE NORMAL PERIOD 1981 TO 2010
CLIMATE RECORD PERIOD 1893 TO 2014


WEATHER ITEM   OBSERVED TIME   RECORD YEAR NORMAL DEPARTURE LAST
                VALUE   (LST)  VALUE       VALUE  FROM      YEAR
                                                  NORMAL
..................................................................
TEMPERATURE (F)
 YESTERDAY
  MAXIMUM         81    252 PM 101    1940  83     -2       88
  MINIMUM         57    506 AM  46    1912  61     -4       64
  AVERAGE         69                        72     -3       76

PRECIPITATION (IN)
  YESTERDAY        0.00          2.70 1990   0.15  -0.15     0.00
  MONTH TO DATE    0.40                      2.90  -2.50     1.57
  SINCE JUN 1      9.04                      8.04   1.00     8.01
  SINCE JAN 1     23.08                     20.52   2.56    29.45

SNOWFALL (IN)
  YESTERDAY        0.0           0.0  2002   0.0    0.0      0.0
                                      2001
  MONTH TO DATE    0.0                       0.0    0.0      0.0
  SINCE JUN 1      0.0                       0.0    0.0      0.0
  SINCE JUL 1      0.0                       0.0    0.0      0.0
  SNOW DEPTH       0

DEGREE DAYS
 HEATING
  YESTERDAY        0                         0      0        0
  MONTH TO DATE   21                         0     21        0
  SINCE JUN 1     34                        44    -10       53
  SINCE JUL 1     21                         0     21        0

 COOLING
  YESTERDAY        4                         7     -3       11
  MONTH TO DATE   57                       135    -78      183
  SINCE JUN 1    193                       273    -80      329
  SINCE JAN 1    246                       308    -62      366
..................................................................


WIND (MPH)
  HIGHEST WIND SPEED    20   HIGHEST WIND DIRECTION     S (180)
  HIGHEST GUST SPEED    27   HIGHEST GUST DIRECTION     S (180)
  AVERAGE WIND SPEED    10.2


SKY COVER
  POSSIBLE SUNSHINE  MM
  AVERAGE SKY COVER 0.4


WEATHER CONDITIONS
 THE FOLLOWING WEATHER WAS RECORDED YESTERDAY.
  FOG


RELATIVE HUMIDITY (PERCENT)
 HIGHEST   100           400 AM
 LOWEST     51           200 PM
 AVERAGE    76

..........................................................


THE MASON CITY IA CLIMATE NORMALS FOR TODAY
                         NORMAL    RECORD    YEAR
 MAXIMUM TEMPERATURE (F)   83       104      1930
 MINIMUM TEMPERATURE (F)   61        45      1970


SUNRISE AND SUNSET
JULY 20 2014..........SUNRISE   552 AM CDT   SUNSET   847 PM CDT
JULY 21 2014..........SUNRISE   553 AM CDT   SUNSET   846 PM CDT


-  INDICATES NEGATIVE NUMBERS.
R  INDICATES RECORD WAS SET OR TIED.
MM INDICATES DATA IS MISSING.
T  INDICATES TRACE AMOUNT.




$$
