000
CDUS43 KDMX 060644 RRA
CLIMCW

CLIMATE REPORT
NATIONAL WEATHER SERVICE DES MOINES IA
1232 AM CST MON MAR 6 2017


...................................

...THE MASON CITY IA CLIMATE SUMMARY FOR MARCH 5 2017...

CLIMATE NORMAL PERIOD 1981 TO 2010
CLIMATE RECORD PERIOD 1893 TO 2017


WEATHER ITEM   OBSERVED TIME   RECORD YEAR NORMAL DEPARTURE LAST
                VALUE   (LST)  VALUE       VALUE  FROM      YEAR
                                                  NORMAL
..................................................................
TEMPERATURE (F)
 YESTERDAY
  MAXIMUM         52    206 PM  71    2000  37     15       37
  MINIMUM         34    655 AM -15    1960  20     14       28
  AVERAGE         43                        28     15       33

PRECIPITATION (IN)
  YESTERDAY        0.00          1.09 1992   0.06  -0.06     0.00
  MONTH TO DATE    T                         0.27  -0.27     0.16
  SINCE MAR 1      T                         0.27  -0.27     0.16
  SINCE JAN 1      3.99                      2.09   1.90     1.45

SNOWFALL (IN)
  YESTERDAY        0.0           6.0  1959   0.2   -0.2      0.0
  MONTH TO DATE    0.5                       1.2   -0.7      2.2
  SINCE MAR 1      0.5                       1.2   -0.7      2.2
  SINCE JUL 1     39.9                      33.7    6.2     44.9
  SNOW DEPTH       0

DEGREE DAYS
 HEATING
  YESTERDAY       22                        37    -15       32
  MONTH TO DATE  179                       189    -10      206
  SINCE MAR 1    179                       189    -10      206
  SINCE JUL 1   5091                      6040   -949     5305

 COOLING
  YESTERDAY        0                         0      0        0
  MONTH TO DATE    0                         0      0        0
  SINCE MAR 1      0                         0      0        0
  SINCE JAN 1      0                         0      0        0
..................................................................


WIND (MPH)
  HIGHEST WIND SPEED    17   HIGHEST WIND DIRECTION     S (160)
  HIGHEST GUST SPEED    23   HIGHEST GUST DIRECTION     S (160)
  AVERAGE WIND SPEED    11.3


SKY COVER
  POSSIBLE SUNSHINE  MM
  AVERAGE SKY COVER 0.7


WEATHER CONDITIONS
 THE FOLLOWING WEATHER WAS RECORDED YESTERDAY.
  NO SIGNIFICANT WEATHER WAS OBSERVED.


RELATIVE HUMIDITY (PERCENT)
 HIGHEST    93           500 PM
 LOWEST     76          1100 AM
 AVERAGE    85

..........................................................


THE MASON CITY IA CLIMATE NORMALS FOR TODAY
                         NORMAL    RECORD    YEAR
 MAXIMUM TEMPERATURE (F)   37        71      2005
                                             2000
 MINIMUM TEMPERATURE (F)   20       -12      1960


SUNRISE AND SUNSET
MARCH  6 2017.........SUNRISE   640 AM CST   SUNSET   609 PM CST
MARCH  7 2017.........SUNRISE   639 AM CST   SUNSET   610 PM CST


-  INDICATES NEGATIVE NUMBERS.
R  INDICATES RECORD WAS SET OR TIED.
MM INDICATES DATA IS MISSING.
T  INDICATES TRACE AMOUNT.

$$

PODIUM
