000
CDUS43 KDMX 170714
CLIMCW

CLIMATE REPORT
NATIONAL WEATHER SERVICE DES MOINES IA
131 AM CDT SUN MAY 17 2015

...................................

...THE MASON CITY IA CLIMATE SUMMARY FOR MAY 16 2015...

CLIMATE NORMAL PERIOD 1981 TO 2010
CLIMATE RECORD PERIOD 1893 TO 2015

WEATHER ITEM   OBSERVED TIME   RECORD YEAR NORMAL DEPARTURE LAST
                VALUE   (LST)  VALUE       VALUE  FROM      YEAR
                                                  NORMAL
..................................................................
TEMPERATURE (F)
 YESTERDAY
  MAXIMUM         81    316 PM  91    1936  70     11       53
  MINIMUM         59   1257 AM  26    1921  47     12       33
  AVERAGE         70                        58     12       43

PRECIPITATION (IN)
  YESTERDAY        0.27          2.18 1992   0.16   0.11      T
  MONTH TO DATE    2.39                      2.35   0.04     2.04
  SINCE MAR 1      7.99                      8.33  -0.34    10.73
  SINCE JAN 1     10.06                     10.15  -0.09    13.75

SNOWFALL (IN)
  YESTERDAY        0.0           0.2  1992   0.0    0.0      0.0
  MONTH TO DATE    0.0                       0.1   -0.1      0.0
  SINCE MAR 1      4.2                       8.8   -4.6     11.9
  SINCE JUL 1     40.0                      41.3   -1.3     58.0
  SNOW DEPTH       0

DEGREE DAYS
 HEATING
  YESTERDAY        0                         7     -7       22
  MONTH TO DATE  106                       154    -48      208
  SINCE MAR 1   1521                      1703   -182     2026
  SINCE JUL 1   7584                      7554     30     8572

 COOLING
  YESTERDAY        5                         1      4        0
  MONTH TO DATE   16                         8      8        4
  SINCE MAR 1     16                        13      3        4
  SINCE JAN 1     16                        13      3        4
..................................................................

WIND (MPH)
  HIGHEST WIND SPEED    26   HIGHEST WIND DIRECTION     S (160)
  HIGHEST GUST SPEED    34   HIGHEST GUST DIRECTION    SE (150)
  AVERAGE WIND SPEED    12.8

SKY COVER
  POSSIBLE SUNSHINE  MM
  AVERAGE SKY COVER 0.8

WEATHER CONDITIONS
 THE FOLLOWING WEATHER WAS RECORDED YESTERDAY.
  HEAVY RAIN
  RAIN
  LIGHT RAIN
  FOG

RELATIVE HUMIDITY (PERCENT)
 HIGHEST   100           700 AM
 LOWEST     58           300 PM
 AVERAGE    79
..........................................................

THE MASON CITY IA CLIMATE NORMALS FOR TODAY
                         NORMAL    RECORD    YEAR
 MAXIMUM TEMPERATURE (F)   70        94      1934
 MINIMUM TEMPERATURE (F)   47        28      1930

SUNRISE AND SUNSET
MAY 17 2015...........SUNRISE   548 AM CDT   SUNSET   832 PM CDT
MAY 18 2015...........SUNRISE   547 AM CDT   SUNSET   833 PM CDT

-  INDICATES NEGATIVE NUMBERS.
R  INDICATES RECORD WAS SET OR TIED.
MM INDICATES DATA IS MISSING.
T  INDICATES TRACE AMOUNT.

$$

FAB
