000
CDUS43 KDMX 282114
CLIMCW

CLIMATE REPORT
NATIONAL WEATHER SERVICE DES MOINES IA
413 PM CDT MON AUG 28 2017

...................................
...RESEND OF PRODUCT FROM 126 AM...

...THE MASON CITY IA CLIMATE SUMMARY FOR AUGUST 27 2017...

CLIMATE NORMAL PERIOD 1981 TO 2010
CLIMATE RECORD PERIOD 1893 TO 2017


WEATHER ITEM   OBSERVED TIME   RECORD YEAR NORMAL DEPARTURE LAST
                VALUE   (LST)  VALUE       VALUE  FROM      YEAR
                                                  NORMAL
..................................................................
TEMPERATURE (F)
 YESTERDAY
  MAXIMUM         78    335 PM  98    1984  79     -1       75
  MINIMUM         57   1159 PM  39    1896  56      1       59
  AVERAGE         68                        68      0       67

PRECIPITATION (IN)
  YESTERDAY        0.00          1.58 1936   0.13  -0.13     0.12
  MONTH TO DATE    2.44                      3.54  -1.10     6.62
  SINCE JUN 1      8.64                     13.38  -4.74    20.02
  SINCE JAN 1     22.79                     25.86  -3.07    31.23

SNOWFALL (IN)
  YESTERDAY        0.0          MM      MM   0.0    0.0      0.0
  MONTH TO DATE    0.0                       0.0    0.0      0.0
  SINCE JUN 1      0.0                       0.0    0.0      0.0
  SINCE JUL 1      0.0                       0.0    0.0      0.0
  SNOW DEPTH       0

DEGREE DAYS
 HEATING
  YESTERDAY        0                         1     -1        0
  MONTH TO DATE   19                        22     -3        8
  SINCE JUN 1     41                        75    -34       26
  SINCE JUL 1     20                        31    -11       18

 COOLING
  YESTERDAY        3                         4     -1        2
  MONTH TO DATE   54                       146    -92      146
  SINCE JUN 1    469                       505    -36      549
  SINCE JAN 1    494                       540    -46      590
..................................................................


WIND (MPH)
  HIGHEST WIND SPEED    16   HIGHEST WIND DIRECTION    NW (330)
  HIGHEST GUST SPEED    20   HIGHEST GUST DIRECTION    NW (310)
  AVERAGE WIND SPEED     6.3


SKY COVER
  POSSIBLE SUNSHINE  MM
  AVERAGE SKY COVER 0.4


WEATHER CONDITIONS
 THE FOLLOWING WEATHER WAS RECORDED YESTERDAY.
  THUNDERSTORM
  FOG
  FOG W/VISIBILITY <= 1/4 MILE


RELATIVE HUMIDITY (PERCENT)
 HIGHEST   100          1200 AM
 LOWEST     56           200 PM
 AVERAGE    78

..........................................................


THE MASON CITY IA CLIMATE NORMALS FOR TODAY
                         NORMAL    RECORD    YEAR
 MAXIMUM TEMPERATURE (F)   79        97      1894
 MINIMUM TEMPERATURE (F)   56        36      1935


SUNRISE AND SUNSET
AUGUST 28 2017........SUNRISE   633 AM CDT   SUNSET   755 PM CDT
AUGUST 29 2017........SUNRISE   635 AM CDT   SUNSET   753 PM CDT


-  INDICATES NEGATIVE NUMBERS.
R  INDICATES RECORD WAS SET OR TIED.
MM INDICATES DATA IS MISSING.
T  INDICATES TRACE AMOUNT.

$$

REV
