000
CDUS43 KDMX 310645 RRB
CLIMCW

CLIMATE REPORT
NATIONAL WEATHER SERVICE DES MOINES IA
1244 AM CST SUN JAN 31 2016


...................................

...THE MASON CITY IA CLIMATE SUMMARY FOR JANUARY 30 2016...

CLIMATE NORMAL PERIOD 1981 TO 2010
CLIMATE RECORD PERIOD 1893 TO 2016


WEATHER ITEM   OBSERVED TIME   RECORD YEAR NORMAL DEPARTURE LAST
                VALUE   (LST)  VALUE       VALUE  FROM      YEAR
                                                  NORMAL
..................................................................
TEMPERATURE (F)
 YESTERDAY
  MAXIMUM         38    609 PM  49    1964  26     12       29
  MINIMUM         27    842 AM -26    1951   8     19        8
  AVERAGE         33                        16     17       19

PRECIPITATION (IN)
  YESTERDAY        T             0.29 1937   0.03  -0.03     0.00
  MONTH TO DATE    0.31                      0.79  -0.48     0.72
  SINCE DEC 1      3.94                      2.03   1.91     1.82
  SINCE JAN 1      0.31                      0.79  -0.48     0.72

SNOWFALL (IN)
  YESTERDAY        0.0           6.0  1947   0.3   -0.3      0.0
  MONTH TO DATE    4.7                      10.4   -5.7      8.2
  SINCE DEC 1     18.7                      19.7   -1.0     13.9
  SINCE JUL 1     28.7                      24.4    4.3     21.9
  SNOW DEPTH       8

DEGREE DAYS
 HEATING
  YESTERDAY       32                        48    -16       46
  MONTH TO DATE 1472                      1469      3     1377
  SINCE DEC 1   2537                      2878   -341     2603
  SINCE JUL 1   3892                      4558   -666     4502

 COOLING
  YESTERDAY        0                         0      0        0
  MONTH TO DATE    0                         0      0        0
  SINCE DEC 1      0                         0      0        0
  SINCE JAN 1      0                         0      0        0
..................................................................


WIND (MPH)
  HIGHEST WIND SPEED    15   HIGHEST WIND DIRECTION     S (170)
  HIGHEST GUST SPEED    17   HIGHEST GUST DIRECTION     S (170)
  AVERAGE WIND SPEED     8.2


SKY COVER
  POSSIBLE SUNSHINE  MM
  AVERAGE SKY COVER 0.5


WEATHER CONDITIONS
 THE FOLLOWING WEATHER WAS RECORDED YESTERDAY.
  LIGHT RAIN


RELATIVE HUMIDITY (PERCENT)
 HIGHEST    92          1200 AM
 LOWEST     85           600 PM
 AVERAGE    89

..........................................................


THE MASON CITY IA CLIMATE NORMALS FOR TODAY
                         NORMAL    RECORD    YEAR
 MAXIMUM TEMPERATURE (F)   26        51      1989
 MINIMUM TEMPERATURE (F)    8       -34      1899


SUNRISE AND SUNSET
JANUARY 31 2016.......SUNRISE   730 AM CST   SUNSET   524 PM CST
FEBRUARY  1 2016......SUNRISE   729 AM CST   SUNSET   525 PM CST


-  INDICATES NEGATIVE NUMBERS.
R  INDICATES RECORD WAS SET OR TIED.
MM INDICATES DATA IS MISSING.
T  INDICATES TRACE AMOUNT.




$$
