000
CDUS43 KDMX 150731
CLIMCW

CLIMATE REPORT
NATIONAL WEATHER SERVICE DES MOINES IA
129 AM CST TUE NOV 15 2016


...................................

...THE MASON CITY IA CLIMATE SUMMARY FOR NOVEMBER 14 2016...

CLIMATE NORMAL PERIOD 1981 TO 2010
CLIMATE RECORD PERIOD 1893 TO 2016


WEATHER ITEM   OBSERVED TIME   RECORD YEAR NORMAL DEPARTURE LAST
                VALUE   (LST)  VALUE       VALUE  FROM      YEAR
                                                  NORMAL
..................................................................
TEMPERATURE (F)
 YESTERDAY
  MAXIMUM         51   1119 AM  71    1990  44      7       62
  MINIMUM         34   1159 PM  -7    1959  25      9       25
  AVERAGE         43                        35      8       44

PRECIPITATION (IN)
  YESTERDAY        0.00          0.60 1926   0.07  -0.07     0.00
  MONTH TO DATE    0.00                      0.94  -0.94     0.81
  SINCE SEP 1     13.19                      6.66   6.53     6.35
  SINCE JAN 1     44.45                     33.02  11.43    34.16

SNOWFALL (IN)
  YESTERDAY        0.0           5.0  1908   0.1   -0.1      0.0
  MONTH TO DATE    0.0                       1.1   -1.1      0.0
  SINCE SEP 1      0.0                       1.5   -1.5       T
  SINCE JUL 1      0.0                       1.5   -1.5       T
  SNOW DEPTH       0

DEGREE DAYS
 HEATING
  YESTERDAY       22                        30     -8       21
  MONTH TO DATE  230                       374   -144      257
  SINCE SEP 1    703                      1076   -373      784
  SINCE JUL 1    721                      1112   -391      842

 COOLING
  YESTERDAY        0                         0      0        0
  MONTH TO DATE    0                         0      0        0
  SINCE SEP 1     89                        60     29      135
  SINCE JAN 1    697                       616     81      652
..................................................................


WIND (MPH)
  HIGHEST WIND SPEED    21   HIGHEST WIND DIRECTION    NW (330)
  HIGHEST GUST SPEED    24   HIGHEST GUST DIRECTION    NW (310)
  AVERAGE WIND SPEED    10.6


SKY COVER
  POSSIBLE SUNSHINE  MM
  AVERAGE SKY COVER 0.4


WEATHER CONDITIONS
 THE FOLLOWING WEATHER WAS RECORDED YESTERDAY.
  FOG


RELATIVE HUMIDITY (PERCENT)
 HIGHEST   100          1100 PM
 LOWEST     66          1100 AM
 AVERAGE    83

..........................................................


THE MASON CITY IA CLIMATE NORMALS FOR TODAY
                         NORMAL    RECORD    YEAR
 MAXIMUM TEMPERATURE (F)   43        68      1953
 MINIMUM TEMPERATURE (F)   25        -3      1940


SUNRISE AND SUNSET
NOVEMBER 15 2016......SUNRISE   707 AM CST   SUNSET   449 PM CST
NOVEMBER 16 2016......SUNRISE   708 AM CST   SUNSET   448 PM CST


-  INDICATES NEGATIVE NUMBERS.
R  INDICATES RECORD WAS SET OR TIED.
MM INDICATES DATA IS MISSING.
T  INDICATES TRACE AMOUNT.




$$
