000
CDUS43 KDMX 030637
CLIMCW

CLIMATE REPORT
NATIONAL WEATHER SERVICE DES MOINES IA
128 AM CDT SUN JUL 3 2016

...................................

...THE MASON CITY IA CLIMATE SUMMARY FOR JULY 2 2016...

CLIMATE NORMAL PERIOD 1981 TO 2010
CLIMATE RECORD PERIOD 1893 TO 2016


WEATHER ITEM   OBSERVED TIME   RECORD YEAR NORMAL DEPARTURE LAST
                VALUE   (LST)  VALUE       VALUE  FROM      YEAR
                                                  NORMAL
..................................................................
TEMPERATURE (F)
 YESTERDAY
  MAXIMUM         74    334 PM 101    1934  83     -9       74
  MINIMUM         52   1156 PM  43    1924  61     -9       45
  AVERAGE         63                        72     -9       60

PRECIPITATION (IN)
  YESTERDAY        0.00          3.01 2000   0.15  -0.15     0.00
  MONTH TO DATE    0.00                      0.30  -0.30     0.01
  SINCE JUN 1      6.51                      5.44   1.07     5.05
  SINCE JAN 1     17.73                     17.92  -0.19    16.05

SNOWFALL (IN)
  YESTERDAY        0.0          MM      MM   0.0    0.0      0.0
  MONTH TO DATE    0.0                       0.0    0.0      0.0
  SINCE JUN 1      0.0                       0.0    0.0      0.0
  SINCE JUL 1      0.0                       0.0    0.0      0.0
  SNOW DEPTH       0

DEGREE DAYS
 HEATING
  YESTERDAY        2                         0      2        5
  MONTH TO DATE    5                         0      5       12
  SINCE JUN 1     13                        44    -31       24
  SINCE JUL 1      5                         0      5       12

 COOLING
  YESTERDAY        0                         7     -7        0
  MONTH TO DATE    0                        14    -14        0
  SINCE JUN 1    186                       152     34      136
  SINCE JAN 1    227                       187     40      166
..................................................................


WIND (MPH)
  HIGHEST WIND SPEED    14   HIGHEST WIND DIRECTION     S (170)
  HIGHEST GUST SPEED    18   HIGHEST GUST DIRECTION    SE (150)
  AVERAGE WIND SPEED     5.7


SKY COVER
  POSSIBLE SUNSHINE  MM
  AVERAGE SKY COVER 0.2


WEATHER CONDITIONS
 THE FOLLOWING WEATHER WAS RECORDED YESTERDAY.
  FOG


RELATIVE HUMIDITY (PERCENT)
 HIGHEST    93           100 AM
 LOWEST     49           300 PM
 AVERAGE    71

..........................................................


THE MASON CITY IA CLIMATE NORMALS FOR TODAY
                         NORMAL    RECORD    YEAR
 MAXIMUM TEMPERATURE (F)   83       101      1990
 MINIMUM TEMPERATURE (F)   61        45      1967


SUNRISE AND SUNSET
JULY  3 2016..........SUNRISE   539 AM CDT   SUNSET   856 PM CDT
JULY  4 2016..........SUNRISE   539 AM CDT   SUNSET   856 PM CDT


-  INDICATES NEGATIVE NUMBERS.
R  INDICATES RECORD WAS SET OR TIED.
MM INDICATES DATA IS MISSING.
T  INDICATES TRACE AMOUNT.

$$

REV
