000
CDUS43 KDMX 010634 RRA
CLIMCW

CLIMATE REPORT
NATIONAL WEATHER SERVICE DES MOINES IA
132 AM CDT SAT JUL 1 2017

...................................

...THE MASON CITY IA CLIMATE SUMMARY FOR JUNE 30 2017...

CLIMATE NORMAL PERIOD 1981 TO 2010
CLIMATE RECORD PERIOD 1893 TO 2017


WEATHER ITEM   OBSERVED TIME   RECORD YEAR NORMAL DEPARTURE LAST
                VALUE   (LST)  VALUE       VALUE  FROM      YEAR
                                                  NORMAL
..................................................................
TEMPERATURE (F)
 YESTERDAY
  MAXIMUM         80    332 PM 101    1933  83     -3       79
  MINIMUM         57    256 AM  42    1943  60     -3       56
  AVERAGE         69                        72     -3       68

PRECIPITATION (IN)
  YESTERDAY        T             2.25 1977   0.17  -0.17     0.28
  MONTH TO DATE    3.36                      5.14  -1.78     6.51
  SINCE JUN 1      3.36                      5.14  -1.78     6.51
  SINCE JAN 1     17.51                     17.62  -0.11    17.72

SNOWFALL (IN)
  YESTERDAY        0.0          MM      MM   0.0    0.0      0.0
  MONTH TO DATE    0.0                       0.0    0.0      0.0
  SINCE JUN 1      0.0                       0.0    0.0      0.0
  SINCE JUL 1     47.9                      41.2    6.7     50.9
  SNOW DEPTH       0

DEGREE DAYS
 HEATING
  YESTERDAY        0                         0      0        0
  MONTH TO DATE   21                        44    -23        8
  SINCE JUN 1     21                        44    -23        8
  SINCE JUL 1   6692                      7679   -987     6633

 COOLING
  YESTERDAY        4                         7     -3        3
  MONTH TO DATE  181                       138     43      186
  SINCE JUN 1    181                       138     43      186
  SINCE JAN 1    206                       173     33      227
..................................................................


WIND (MPH)
  HIGHEST WIND SPEED    20   HIGHEST WIND DIRECTION    NW (310)
  HIGHEST GUST SPEED    25   HIGHEST GUST DIRECTION    NW (310)
  AVERAGE WIND SPEED    10.0


SKY COVER
  POSSIBLE SUNSHINE  MM
  AVERAGE SKY COVER 0.3


WEATHER CONDITIONS
 THE FOLLOWING WEATHER WAS RECORDED YESTERDAY.
  NO SIGNIFICANT WEATHER WAS OBSERVED.


RELATIVE HUMIDITY (PERCENT)
 HIGHEST    93          1200 AM
 LOWEST     48           400 PM
 AVERAGE    71

..........................................................


THE MASON CITY IA CLIMATE NORMALS FOR TODAY
                         NORMAL    RECORD    YEAR
 MAXIMUM TEMPERATURE (F)   83        98      1931
 MINIMUM TEMPERATURE (F)   60        44      1976


SUNRISE AND SUNSET
JULY  1 2017..........SUNRISE   538 AM CDT   SUNSET   857 PM CDT
JULY  2 2017..........SUNRISE   538 AM CDT   SUNSET   856 PM CDT


-  INDICATES NEGATIVE NUMBERS.
R  INDICATES RECORD WAS SET OR TIED.
MM INDICATES DATA IS MISSING.
T  INDICATES TRACE AMOUNT.




$$
