000
CDUS43 KDMX 150631
CLIMCW

CLIMATE REPORT
NATIONAL WEATHER SERVICE DES MOINES IA
126 AM CDT MON MAY 15 2017


...................................

...THE MASON CITY IA CLIMATE SUMMARY FOR MAY 14 2017...

CLIMATE NORMAL PERIOD 1981 TO 2010
CLIMATE RECORD PERIOD 1893 TO 2017


WEATHER ITEM   OBSERVED TIME   RECORD YEAR NORMAL DEPARTURE LAST
                VALUE   (LST)  VALUE       VALUE  FROM      YEAR
                                                  NORMAL
..................................................................
TEMPERATURE (F)
 YESTERDAY
  MAXIMUM         85    357 PM  99    2013  70     15       53
  MINIMUM         50    517 AM  30    1966  46      4       33
  AVERAGE         68                        58     10       43

PRECIPITATION (IN)
  YESTERDAY        0.00          2.65 1906   0.15  -0.15     0.00
  MONTH TO DATE    1.04                      2.04  -1.00     1.17
  SINCE MAR 1      7.32                      8.02  -0.70     6.14
  SINCE JAN 1     11.31                      9.84   1.47     7.43

SNOWFALL (IN)
  YESTERDAY        0.0          MM      MM   0.0    0.0      0.0
  MONTH TO DATE    0.0                       0.1   -0.1      0.0
  SINCE MAR 1      8.5                       8.8   -0.3      8.2
  SINCE JUL 1     47.9                      41.3    6.6     50.9
  SNOW DEPTH       0

DEGREE DAYS
 HEATING
  YESTERDAY        0                         8     -8       22
  MONTH TO DATE  130                       139     -9      162
  SINCE MAR 1   1623                      1688    -65     1462
  SINCE JUL 1   6535                      7539  -1004     6561

 COOLING
  YESTERDAY        3                         1      2        0
  MONTH TO DATE    7                         6      1        5
  SINCE MAR 1      7                        11     -4        9
  SINCE JAN 1      7                        11     -4        9
..................................................................


WIND (MPH)
  HIGHEST WIND SPEED    23   HIGHEST WIND DIRECTION    SW (210)
  HIGHEST GUST SPEED    30   HIGHEST GUST DIRECTION     S (170)
  AVERAGE WIND SPEED    10.8


SKY COVER
  POSSIBLE SUNSHINE  MM
  AVERAGE SKY COVER 0.1


WEATHER CONDITIONS
 THE FOLLOWING WEATHER WAS RECORDED YESTERDAY.
  NO SIGNIFICANT WEATHER WAS OBSERVED.


RELATIVE HUMIDITY (PERCENT)
 HIGHEST    83           300 AM
 LOWEST     32           300 PM
 AVERAGE    58

..........................................................


THE MASON CITY IA CLIMATE NORMALS FOR TODAY
                         NORMAL    RECORD    YEAR
 MAXIMUM TEMPERATURE (F)   70        91      2001
                                             1894
 MINIMUM TEMPERATURE (F)   46        28      2016
                                             1983


SUNRISE AND SUNSET
MAY 15 2017...........SUNRISE   549 AM CDT   SUNSET   831 PM CDT
MAY 16 2017...........SUNRISE   548 AM CDT   SUNSET   832 PM CDT


-  INDICATES NEGATIVE NUMBERS.
R  INDICATES RECORD WAS SET OR TIED.
MM INDICATES DATA IS MISSING.
T  INDICATES TRACE AMOUNT.




$$
