000
CDUS43 KDMX 270633
CLIMCW

CLIMATE REPORT
NATIONAL WEATHER SERVICE DES MOINES IA
1229 AM CST FRI JAN 27 2017

...................................

...THE MASON CITY IA CLIMATE SUMMARY FOR JANUARY 26 2017...

CLIMATE NORMAL PERIOD 1981 TO 2010
CLIMATE RECORD PERIOD 1893 TO 2017


WEATHER ITEM   OBSERVED TIME   RECORD YEAR NORMAL DEPARTURE LAST
                VALUE   (LST)  VALUE       VALUE  FROM      YEAR
                                                  NORMAL
..................................................................
TEMPERATURE (F)
 YESTERDAY
  MAXIMUM         27    147 PM  62    2002  25      2       26
  MINIMUM         20   1159 PM -26    1930   7     13       21
  AVERAGE         24                        16      8       24

PRECIPITATION (IN)
  YESTERDAY        T             0.45 1994   0.03  -0.03     0.02
  MONTH TO DATE    1.33                      0.68   0.65     0.53
  SINCE DEC 1      3.49                      1.92   1.57     4.16
  SINCE JAN 1      1.33                      0.68   0.65     0.53

SNOWFALL (IN)
  YESTERDAY        T             7.0  1996   0.4   -0.4      0.2
  MONTH TO DATE   15.6                       9.0    6.6      4.7
  SINCE DEC 1     30.5                      18.3   12.2     18.7
  SINCE JUL 1     30.5                      23.0    7.5     28.7
  SNOW DEPTH      15

DEGREE DAYS
 HEATING
  YESTERDAY       41                        49     -8       41
  MONTH TO DATE 1169                      1274   -105     1322
  SINCE DEC 1   2560                      2683   -123     2387
  SINCE JUL 1   3724                      4363   -639     3742

 COOLING
  YESTERDAY        0                         0      0        0
  MONTH TO DATE    0                         0      0        0
  SINCE DEC 1      0                         0      0        0
  SINCE JAN 1      0                         0      0        0
..................................................................


WIND (MPH)
  HIGHEST WIND SPEED    23   HIGHEST WIND DIRECTION    NW (310)
  HIGHEST GUST SPEED    29   HIGHEST GUST DIRECTION    NW (310)
  AVERAGE WIND SPEED    16.6


SKY COVER
  POSSIBLE SUNSHINE  MM
  AVERAGE SKY COVER 1.0


WEATHER CONDITIONS
 THE FOLLOWING WEATHER WAS RECORDED YESTERDAY.
  NO SIGNIFICANT WEATHER WAS OBSERVED.


RELATIVE HUMIDITY (PERCENT)
 HIGHEST    88           500 AM
 LOWEST     75           500 PM
 AVERAGE    82

..........................................................


THE MASON CITY IA CLIMATE NORMALS FOR TODAY
                         NORMAL    RECORD    YEAR
 MAXIMUM TEMPERATURE (F)   25        57      1944
 MINIMUM TEMPERATURE (F)    7       -24      1904


SUNRISE AND SUNSET
JANUARY 27 2017.......SUNRISE   733 AM CST   SUNSET   519 PM CST
JANUARY 28 2017.......SUNRISE   732 AM CST   SUNSET   521 PM CST


-  INDICATES NEGATIVE NUMBERS.
R  INDICATES RECORD WAS SET OR TIED.
MM INDICATES DATA IS MISSING.
T  INDICATES TRACE AMOUNT.

$$

REV
