806
CDUS43 KDMX 150629 RRA
CLIMCW

CLIMATE REPORT
NATIONAL WEATHER SERVICE DES MOINES IA
128 AM CDT SUN MAY 15 2016


...................................

...THE MASON CITY IA CLIMATE SUMMARY FOR MAY 14 2016...

CLIMATE NORMAL PERIOD 1981 TO 2010
CLIMATE RECORD PERIOD 1893 TO 2016


WEATHER ITEM   OBSERVED TIME   RECORD YEAR NORMAL DEPARTURE LAST
                VALUE   (LST)  VALUE       VALUE  FROM      YEAR
                                                  NORMAL
..................................................................
TEMPERATURE (F)
 YESTERDAY
  MAXIMUM         53    512 PM  99    2013  70    -17       59
  MINIMUM         33    540 AM  30    1966  46    -13       49
  AVERAGE         43                        58    -15       54

PRECIPITATION (IN)
  YESTERDAY        0.00          2.65 1906   0.15  -0.15     1.16
  MONTH TO DATE    1.17                      2.04  -0.87     2.12
  SINCE MAR 1      6.20                      8.02  -1.82     7.72
  SINCE JAN 1      7.44                      9.84  -2.40     9.79

SNOWFALL (IN)
  YESTERDAY        0.0          MM      MM   0.0    0.0      0.0
  MONTH TO DATE    0.0                       0.1   -0.1      0.0
  SINCE MAR 1      9.0                       8.8    0.2      4.2
  SINCE JUL 1     50.9                      41.3    9.6     40.0
  SNOW DEPTH       0

DEGREE DAYS
 HEATING
  YESTERDAY       22                         8     14       11
  MONTH TO DATE  162                       139     23      103
  SINCE MAR 1   1462                      1688   -226     1518
  SINCE JUL 1   6561                      7539   -978     7581

 COOLING
  YESTERDAY        0                         1     -1        0
  MONTH TO DATE    5                         6     -1       11
  SINCE MAR 1      9                        11     -2       11
  SINCE JAN 1      9                        11     -2       11
..................................................................


WIND (MPH)
  HIGHEST WIND SPEED    31   HIGHEST WIND DIRECTION    NW (330)
  HIGHEST GUST SPEED    41   HIGHEST GUST DIRECTION    NW (320)
  AVERAGE WIND SPEED    19.1


SKY COVER
  POSSIBLE SUNSHINE  MM
  AVERAGE SKY COVER 0.4


WEATHER CONDITIONS
 THE FOLLOWING WEATHER WAS RECORDED YESTERDAY.
  NO SIGNIFICANT WEATHER WAS OBSERVED.


RELATIVE HUMIDITY (PERCENT)
 HIGHEST    76           200 AM
 LOWEST     44           300 PM
 AVERAGE    60

..........................................................


THE MASON CITY IA CLIMATE NORMALS FOR TODAY
                         NORMAL    RECORD    YEAR
 MAXIMUM TEMPERATURE (F)   70        91      2001
                                             1894
 MINIMUM TEMPERATURE (F)   46        28      1983


SUNRISE AND SUNSET
MAY 15 2016...........SUNRISE   549 AM CDT   SUNSET   831 PM CDT
MAY 16 2016...........SUNRISE   548 AM CDT   SUNSET   832 PM CDT


-  INDICATES NEGATIVE NUMBERS.
R  INDICATES RECORD WAS SET OR TIED.
MM INDICATES DATA IS MISSING.
T  INDICATES TRACE AMOUNT.




$$
