080
CDUS43 KDMX 020646
CLIMCW

CLIMATE REPORT
NATIONAL WEATHER SERVICE DES MOINES IA
1246 AM CST SAT DEC 2 2017

...................................

...THE MASON CITY IA CLIMATE SUMMARY FOR DECEMBER 1 2017...

CLIMATE NORMAL PERIOD 1981 TO 2010
CLIMATE RECORD PERIOD 1893 TO 2017


WEATHER ITEM   OBSERVED TIME   RECORD YEAR NORMAL DEPARTURE LAST
                VALUE   (LST)  VALUE       VALUE  FROM      YEAR
                                                  NORMAL
..................................................................
TEMPERATURE (F)
 YESTERDAY
  MAXIMUM         56    240 PM  67    1998  33     23       35
  MINIMUM         21    443 AM  -3    1919  16      5       33
  AVERAGE         39                        25     14       34

PRECIPITATION (IN)
  YESTERDAY        0.00          1.35 2007   0.05  -0.05      T
  MONTH TO DATE    0.00                      0.05  -0.05      T
  SINCE DEC 1      0.00                      0.05  -0.05      T
  SINCE JAN 1     30.46                     34.01  -3.55    45.58

SNOWFALL (IN)
  YESTERDAY        0.0           9.6  1985   0.3   -0.3       T
  MONTH TO DATE    0.0                       0.3   -0.3       T
  SINCE DEC 1      0.0                       0.3   -0.3       T
  SINCE JUL 1      0.2                       5.0   -4.8       T
  SNOW DEPTH       0

DEGREE DAYS
 HEATING
  YESTERDAY       26                        40    -14       31
  MONTH TO DATE   26                        40    -14       31
  SINCE DEC 1     26                        40    -14       31
  SINCE JUL 1   1529                      1720   -191     1195

 COOLING
  YESTERDAY        0                         0      0        0
  MONTH TO DATE    0                         0      0        0
  SINCE DEC 1      0                         0      0        0
  SINCE JAN 1    603                       616    -13      697
..................................................................


WIND (MPH)
  HIGHEST WIND SPEED    26   HIGHEST WIND DIRECTION    SW (210)
  HIGHEST GUST SPEED    34   HIGHEST GUST DIRECTION     S (200)
  AVERAGE WIND SPEED    10.6


SKY COVER
  POSSIBLE SUNSHINE  MM
  AVERAGE SKY COVER 0.1


WEATHER CONDITIONS
 THE FOLLOWING WEATHER WAS RECORDED YESTERDAY.
  NO SIGNIFICANT WEATHER WAS OBSERVED.


RELATIVE HUMIDITY (PERCENT)
 HIGHEST    84           400 AM
 LOWEST     24           200 PM
 AVERAGE    54

..........................................................


THE MASON CITY IA CLIMATE NORMALS FOR TODAY
                         NORMAL    RECORD    YEAR
 MAXIMUM TEMPERATURE (F)   33        64      1998
 MINIMUM TEMPERATURE (F)   16       -16      1919


SUNRISE AND SUNSET
DECEMBER  2 2017......SUNRISE   727 AM CST   SUNSET   439 PM CST
DECEMBER  3 2017......SUNRISE   728 AM CST   SUNSET   439 PM CST


-  INDICATES NEGATIVE NUMBERS.
R  INDICATES RECORD WAS SET OR TIED.
MM INDICATES DATA IS MISSING.
T  INDICATES TRACE AMOUNT.

$$

SMALL
