000
CDUS43 KDMX 010633 RRA
CLIMCW

CLIMATE REPORT
NATIONAL WEATHER SERVICE DES MOINES IA
131 AM CDT THU JUN 1 2017


...................................

...THE MASON CITY IA CLIMATE SUMMARY FOR MAY 31 2017...

CLIMATE NORMAL PERIOD 1981 TO 2010
CLIMATE RECORD PERIOD 1893 TO 2017


WEATHER ITEM   OBSERVED TIME   RECORD YEAR NORMAL DEPARTURE LAST
                VALUE   (LST)  VALUE       VALUE  FROM      YEAR
                                                  NORMAL
..................................................................
TEMPERATURE (F)
 YESTERDAY
  MAXIMUM         74    502 PM 104    1934  75     -1       77
  MINIMUM         43    443 AM  35    1972  52     -9       56
  AVERAGE         59                        63     -4       67

PRECIPITATION (IN)
  YESTERDAY        0.00          2.37 1942   0.16  -0.16     0.44
  MONTH TO DATE    3.88                      4.68  -0.80     4.95
  SINCE MAR 1     10.16                     10.66  -0.50     9.92
  SINCE JAN 1     14.15                     12.48   1.67    11.21

SNOWFALL (IN)
  YESTERDAY        0.0          MM      MM   0.0    0.0      0.0
  MONTH TO DATE    0.0                       0.0    0.0      0.0
  SINCE MAR 1      8.5                       8.7   -0.2      8.2
  SINCE JUL 1     47.9                      41.2    6.7     50.9
  SNOW DEPTH       0

DEGREE DAYS
 HEATING
  YESTERDAY        6                         4      2        0
  MONTH TO DATE  265                       235     30      226
  SINCE MAR 1   1758                      1784    -26     1526
  SINCE JUL 1   6670                      7635   -965     6625

 COOLING
  YESTERDAY        0                         2     -2        2
  MONTH TO DATE   25                        30     -5       37
  SINCE MAR 1     25                        35    -10       41
  SINCE JAN 1     25                        35    -10       41
..................................................................


WIND (MPH)
  HIGHEST WIND SPEED    22   HIGHEST WIND DIRECTION    NW (310)
  HIGHEST GUST SPEED    28   HIGHEST GUST DIRECTION    NW (300)
  AVERAGE WIND SPEED    10.8


SKY COVER
  POSSIBLE SUNSHINE  MM
  AVERAGE SKY COVER 0.0


WEATHER CONDITIONS
 THE FOLLOWING WEATHER WAS RECORDED YESTERDAY.
  NO SIGNIFICANT WEATHER WAS OBSERVED.


RELATIVE HUMIDITY (PERCENT)
 HIGHEST    83           100 AM
 LOWEST     23           300 PM
 AVERAGE    53

..........................................................


THE MASON CITY IA CLIMATE NORMALS FOR TODAY
                         NORMAL    RECORD    YEAR
 MAXIMUM TEMPERATURE (F)   75        92      1934
 MINIMUM TEMPERATURE (F)   52        36      1993


SUNRISE AND SUNSET
JUNE  1 2017..........SUNRISE   536 AM CDT   SUNSET   847 PM CDT
JUNE  2 2017..........SUNRISE   536 AM CDT   SUNSET   847 PM CDT


-  INDICATES NEGATIVE NUMBERS.
R  INDICATES RECORD WAS SET OR TIED.
MM INDICATES DATA IS MISSING.
T  INDICATES TRACE AMOUNT.




$$
