000
CDUS43 KDMX 140640 RRA
CLIMCW

CLIMATE REPORT
NATIONAL WEATHER SERVICE DES MOINES IA
1236 AM CST WED JAN 14 2015


...................................

...THE MASON CITY IA CLIMATE SUMMARY FOR JANUARY 13 2015...

CLIMATE NORMAL PERIOD 1981 TO 2010
CLIMATE RECORD PERIOD 1893 TO 2015


WEATHER ITEM   OBSERVED TIME   RECORD YEAR NORMAL DEPARTURE LAST
                VALUE   (LST)  VALUE       VALUE  FROM      YEAR
                                                  NORMAL
..................................................................
TEMPERATURE (F)
 YESTERDAY
  MAXIMUM         16   1159 PM  51    1996  24     -8       36
  MINIMUM        -16    718 AM -26    1916   7    -23       27
  AVERAGE          0                        16    -16       32

PRECIPITATION (IN)
  YESTERDAY        0.00          0.58 1950   0.02  -0.02     0.00
  MONTH TO DATE    0.33                      0.34  -0.01     0.01
  SINCE DEC 1      1.43                      1.58  -0.15     1.18
  SINCE JAN 1      0.33                      0.34  -0.01     0.01

SNOWFALL (IN)
  YESTERDAY        0.0          10.0  1935   0.4   -0.4      0.0
  MONTH TO DATE    7.6                       4.2    3.4      0.1
  SINCE DEC 1     13.3                      13.5   -0.2     15.0
  SINCE JUL 1     21.3                      18.2    3.1     16.5
  SNOW DEPTH       8

DEGREE DAYS
 HEATING
  YESTERDAY       65                        49     16       33
  MONTH TO DATE  763                       637    126      742
  SINCE DEC 1   1989                      2046    -57     2322
  SINCE JUL 1   3888                      3726    162     3986

 COOLING
  YESTERDAY        0                         0      0        0
  MONTH TO DATE    0                         0      0        0
  SINCE DEC 1      0                         0      0        0
  SINCE JAN 1      0                         0      0        0
..................................................................


WIND (MPH)
  HIGHEST WIND SPEED    16   HIGHEST WIND DIRECTION     S (190)
  HIGHEST GUST SPEED    20   HIGHEST GUST DIRECTION     S (180)
  AVERAGE WIND SPEED     7.1


SKY COVER
  POSSIBLE SUNSHINE  MM
  AVERAGE SKY COVER 0.2


WEATHER CONDITIONS
 THE FOLLOWING WEATHER WAS RECORDED YESTERDAY.
  NO SIGNIFICANT WEATHER WAS OBSERVED.


RELATIVE HUMIDITY (PERCENT)
 HIGHEST    88           600 PM
 LOWEST     70           200 AM
 AVERAGE    79

..........................................................


THE MASON CITY IA CLIMATE NORMALS FOR TODAY
                         NORMAL    RECORD    YEAR
 MAXIMUM TEMPERATURE (F)   24        51      1914
 MINIMUM TEMPERATURE (F)    7       -22      1982


SUNRISE AND SUNSET
JANUARY 14 2015.......SUNRISE   743 AM CST   SUNSET   502 PM CST
JANUARY 15 2015.......SUNRISE   742 AM CST   SUNSET   503 PM CST


-  INDICATES NEGATIVE NUMBERS.
R  INDICATES RECORD WAS SET OR TIED.
MM INDICATES DATA IS MISSING.
T  INDICATES TRACE AMOUNT.




$$
