000
CDUS43 KDMX 180925
CLIMCW

CLIMATE REPORT
NATIONAL WEATHER SERVICE DES MOINES IA
145 AM CDT MON MAY 18 2015

...................................

...THE MASON CITY IA CLIMATE SUMMARY FOR MAY 17 2015...

CLIMATE NORMAL PERIOD 1981 TO 2010
CLIMATE RECORD PERIOD 1893 TO 2015

WEATHER ITEM   OBSERVED TIME   RECORD YEAR NORMAL DEPARTURE LAST
                VALUE   (LST)  VALUE       VALUE  FROM      YEAR
                                                  NORMAL
..................................................................
TEMPERATURE (F)
 YESTERDAY
  MAXIMUM         75    219 PM  94    1934  70      5       66
  MINIMUM         51   1159 PM  28    1930  47      4       32
  AVERAGE         63                        59      4       49

PRECIPITATION (IN)
  YESTERDAY        0.05          1.45 1921   0.15  -0.10     0.00
  MONTH TO DATE    2.44                      2.50  -0.06     2.04
  SINCE MAR 1      8.04                      8.48  -0.44    10.73
  SINCE JAN 1     10.11                     10.30  -0.19    13.75

SNOWFALL (IN)
  YESTERDAY        0.0          MM      MM   0.0    0.0      0.0
  MONTH TO DATE    0.0                       0.1   -0.1      0.0
  SINCE MAR 1      4.2                       8.8   -4.6     11.9
  SINCE JUL 1     40.0                      41.3   -1.3     58.0
  SNOW DEPTH       0

DEGREE DAYS
 HEATING
  YESTERDAY        2                         7     -5       16
  MONTH TO DATE  108                       161    -53      224
  SINCE MAR 1   1523                      1710   -187     2042
  SINCE JUL 1   7586                      7561     25     8588

 COOLING
  YESTERDAY        0                         1     -1        0
  MONTH TO DATE   16                         9      7        4
  SINCE MAR 1     16                        14      2        4
  SINCE JAN 1     16                        14      2        4
..................................................................

WIND (MPH)
  HIGHEST WIND SPEED    37   HIGHEST WIND DIRECTION    SW (220)
  HIGHEST GUST SPEED    46   HIGHEST GUST DIRECTION    SW (220)
  AVERAGE WIND SPEED    20.1

SKY COVER
  POSSIBLE SUNSHINE  MM
  AVERAGE SKY COVER 0.6

WEATHER CONDITIONS
 THE FOLLOWING WEATHER WAS RECORDED YESTERDAY.
  THUNDERSTORM
  LIGHT RAIN
  FOG

RELATIVE HUMIDITY (PERCENT)
 HIGHEST    87          1200 AM
 LOWEST     57           500 PM
 AVERAGE    72
..........................................................

THE MASON CITY IA CLIMATE NORMALS FOR TODAY
                         NORMAL    RECORD    YEAR
 MAXIMUM TEMPERATURE (F)   71        97      1934
 MINIMUM TEMPERATURE (F)   48        31      2002

SUNRISE AND SUNSET
MAY 18 2015...........SUNRISE   547 AM CDT   SUNSET   833 PM CDT
MAY 19 2015...........SUNRISE   546 AM CDT   SUNSET   834 PM CDT

-  INDICATES NEGATIVE NUMBERS.
R  INDICATES RECORD WAS SET OR TIED.
MM INDICATES DATA IS MISSING.
T  INDICATES TRACE AMOUNT.

$$

FAB
