000
CDUS43 KDMX 150632 RRA
CLIMCW

CLIMATE REPORT
NATIONAL WEATHER SERVICE DES MOINES IA
130 AM CDT FRI AUG 15 2014

...................................

...THE MASON CITY IA CLIMATE SUMMARY FOR AUGUST 14 2014...

CLIMATE NORMAL PERIOD 1981 TO 2010
CLIMATE RECORD PERIOD 1893 TO 2014


WEATHER ITEM   OBSERVED TIME   RECORD YEAR NORMAL DEPARTURE LAST
                VALUE   (LST)  VALUE       VALUE  FROM      YEAR
                                                  NORMAL
..................................................................
TEMPERATURE (F)
 YESTERDAY
  MAXIMUM         79    437 PM  97    1965  81     -2       74
  MINIMUM         53    443 AM  39    1964  59     -6       46
  AVERAGE         66                        70     -4       60

PRECIPITATION (IN)
  YESTERDAY        0.00          1.61 1896   0.13  -0.13     0.00
  MONTH TO DATE    0.01                      1.88  -1.87     1.61
  SINCE JUN 1      9.55                     11.72  -2.17    11.29
  SINCE JAN 1     23.59                     24.20  -0.61    32.73

SNOWFALL (IN)
  YESTERDAY        0.0          MM      MM   0.0    0.0      0.0
  MONTH TO DATE    0.0                       0.0    0.0      0.0
  SINCE JUN 1      0.0                       0.0    0.0      0.0
  SINCE JUL 1      0.0                       0.0    0.0      0.0
  SNOW DEPTH       0

DEGREE DAYS
 HEATING
  YESTERDAY        0                         1     -1        5
  MONTH TO DATE    0                         9     -9       11
  SINCE JUN 1     34                        62    -28       84
  SINCE JUL 1     21                        18      3       31

 COOLING
  YESTERDAY        1                         6     -5        0
  MONTH TO DATE   65                        84    -19       25
  SINCE JUN 1    321                       443   -122      396
  SINCE JAN 1    374                       478   -104      433
..................................................................


WIND (MPH)
  HIGHEST WIND SPEED    13   HIGHEST WIND DIRECTION    SE (150)
  HIGHEST GUST SPEED    18   HIGHEST GUST DIRECTION     E (110)
  AVERAGE WIND SPEED     6.1


SKY COVER
  POSSIBLE SUNSHINE  MM
  AVERAGE SKY COVER 0.0


WEATHER CONDITIONS
 THE FOLLOWING WEATHER WAS RECORDED YESTERDAY.
  FOG


RELATIVE HUMIDITY (PERCENT)
 HIGHEST   100           300 AM
 LOWEST     47          1200 PM
 AVERAGE    74

..........................................................


THE MASON CITY IA CLIMATE NORMALS FOR TODAY
                         NORMAL    RECORD    YEAR
 MAXIMUM TEMPERATURE (F)   81       100      1988
 MINIMUM TEMPERATURE (F)   59        39      1979


SUNRISE AND SUNSET
AUGUST 15 2014........SUNRISE   619 AM CDT   SUNSET   816 PM CDT
AUGUST 16 2014........SUNRISE   620 AM CDT   SUNSET   814 PM CDT


-  INDICATES NEGATIVE NUMBERS.
R  INDICATES RECORD WAS SET OR TIED.
MM INDICATES DATA IS MISSING.
T  INDICATES TRACE AMOUNT.

$$

REV
