000
CDUS43 KDMX 170635
CLIMCW

CLIMATE REPORT
NATIONAL WEATHER SERVICE DES MOINES IA
132 AM CDT SUN AUG 17 2014

...................................

...THE MASON CITY IA CLIMATE SUMMARY FOR AUGUST 16 2014...

CLIMATE NORMAL PERIOD 1981 TO 2010
CLIMATE RECORD PERIOD 1893 TO 2014


WEATHER ITEM   OBSERVED TIME   RECORD YEAR NORMAL DEPARTURE LAST
                VALUE   (LST)  VALUE       VALUE  FROM      YEAR
                                                  NORMAL
..................................................................
TEMPERATURE (F)
 YESTERDAY
  MAXIMUM         83    332 PM 101    1937  81      2       77
  MINIMUM         66    627 AM  40    1897  58      8       47
  AVERAGE         75                        70      5       62

PRECIPITATION (IN)
  YESTERDAY        0.00          1.77 1980   0.14  -0.14     0.00
  MONTH TO DATE    0.01                      2.16  -2.15     1.61
  SINCE JUN 1      9.55                     12.00  -2.45    11.29
  SINCE JAN 1     23.59                     24.48  -0.89    32.73

SNOWFALL (IN)
  YESTERDAY        0.0          MM      MM   0.0    0.0      0.0
  MONTH TO DATE    0.0                       0.0    0.0      0.0
  SINCE JUN 1      0.0                       0.0    0.0      0.0
  SINCE JUL 1      0.0                       0.0    0.0      0.0
  SNOW DEPTH       0

DEGREE DAYS
 HEATING
  YESTERDAY        0                         1     -1        3
  MONTH TO DATE    0                        11    -11       18
  SINCE JUN 1     34                        64    -30       91
  SINCE JUL 1     21                        20      1       38

 COOLING
  YESTERDAY       10                         5      5        0
  MONTH TO DATE   79                        94    -15       25
  SINCE JUN 1    335                       453   -118      396
  SINCE JAN 1    388                       488   -100      433
..................................................................


WIND (MPH)
  HIGHEST WIND SPEED     9   HIGHEST WIND DIRECTION     S (160)
  HIGHEST GUST SPEED    12   HIGHEST GUST DIRECTION    SE (140)
  AVERAGE WIND SPEED     3.5


SKY COVER
  POSSIBLE SUNSHINE  MM
  AVERAGE SKY COVER 0.7


WEATHER CONDITIONS
 THE FOLLOWING WEATHER WAS RECORDED YESTERDAY.
  FOG


RELATIVE HUMIDITY (PERCENT)
 HIGHEST    93          1200 AM
 LOWEST     58           200 PM
 AVERAGE    76

..........................................................


THE MASON CITY IA CLIMATE NORMALS FOR TODAY
                         NORMAL    RECORD    YEAR
 MAXIMUM TEMPERATURE (F)   81       101      1988
 MINIMUM TEMPERATURE (F)   58        43      1895


SUNRISE AND SUNSET
AUGUST 17 2014........SUNRISE   621 AM CDT   SUNSET   813 PM CDT
AUGUST 18 2014........SUNRISE   622 AM CDT   SUNSET   811 PM CDT


-  INDICATES NEGATIVE NUMBERS.
R  INDICATES RECORD WAS SET OR TIED.
MM INDICATES DATA IS MISSING.
T  INDICATES TRACE AMOUNT.

$$

REV
