000
CDUS43 KDMX 040706
CLIMCW

CLIMATE REPORT
NATIONAL WEATHER SERVICE DES MOINES IA
1249 AM CST SAT FEB 4 2017

...................................

...THE MASON CITY IA CLIMATE SUMMARY FOR FEBRUARY 3 2017...

CLIMATE NORMAL PERIOD 1981 TO 2010
CLIMATE RECORD PERIOD 1893 TO 2017

WEATHER ITEM   OBSERVED TIME   RECORD YEAR NORMAL DEPARTURE LAST
                VALUE   (LST)  VALUE       VALUE  FROM      YEAR
                                                  NORMAL
..................................................................
TEMPERATURE (F)
 YESTERDAY
  MAXIMUM         21    427 PM  53    1934  26     -5       29
  MINIMUM          5    737 AM -28    1996   8     -3        7
  AVERAGE         13                        17     -4       18

PRECIPITATION (IN)
  YESTERDAY        0.00          0.40 1919   0.04  -0.04     0.08
  MONTH TO DATE    T                         0.10  -0.10     0.57
  SINCE DEC 1      4.07                      2.16   1.91     4.76
  SINCE JAN 1      1.91                      0.92   0.99     1.13

SNOWFALL (IN)
  YESTERDAY        0.0           7.0  1936   0.3   -0.3      1.0
  MONTH TO DATE    T                         1.0   -1.0     11.0
  SINCE DEC 1     30.6                      21.1    9.5     29.7
  SINCE JUL 1     30.6                      25.8    4.8     39.7
  SNOW DEPTH      10

DEGREE DAYS
 HEATING
  YESTERDAY       52                        48      4       47
  MONTH TO DATE  146                       144      2      119
  SINCE DEC 1   2915                      3075   -160     2689
  SINCE JUL 1   4079                      4755   -676     4044

 COOLING
  YESTERDAY        0                         0      0        0
  MONTH TO DATE    0                         0      0        0
  SINCE DEC 1      0                         0      0        0
  SINCE JAN 1      0                         0      0        0
..................................................................

WIND (MPH)
  HIGHEST WIND SPEED    18   HIGHEST WIND DIRECTION     W (270)
  HIGHEST GUST SPEED    21   HIGHEST GUST DIRECTION     W (280)
  AVERAGE WIND SPEED    10.2

SKY COVER
  POSSIBLE SUNSHINE  MM
  AVERAGE SKY COVER 0.0

WEATHER CONDITIONS
 THE FOLLOWING WEATHER WAS RECORDED YESTERDAY.
  NO SIGNIFICANT WEATHER WAS OBSERVED.

RELATIVE HUMIDITY (PERCENT)
 HIGHEST    80           500 AM
 LOWEST     52           300 PM
 AVERAGE    66
..........................................................

THE MASON CITY IA CLIMATE NORMALS FOR TODAY
                         NORMAL    RECORD    YEAR
 MAXIMUM TEMPERATURE (F)   26        55      2005
 MINIMUM TEMPERATURE (F)    8       -23      1895

SUNRISE AND SUNSET
FEBRUARY  4 2017......SUNRISE   725 AM CST   SUNSET   530 PM CST
FEBRUARY  5 2017......SUNRISE   724 AM CST   SUNSET   531 PM CST

-  INDICATES NEGATIVE NUMBERS.
R  INDICATES RECORD WAS SET OR TIED.
MM INDICATES DATA IS MISSING.
T  INDICATES TRACE AMOUNT.

$$

FAB
