096
CDUS43 KDMX 300636 RRA
CLIMCW

CLIMATE REPORT
NATIONAL WEATHER SERVICE DES MOINES IA
1234 AM CST SAT JAN 30 2016


...................................

...THE MASON CITY IA CLIMATE SUMMARY FOR JANUARY 29 2016...

CLIMATE NORMAL PERIOD 1981 TO 2010
CLIMATE RECORD PERIOD 1893 TO 2016


WEATHER ITEM   OBSERVED TIME   RECORD YEAR NORMAL DEPARTURE LAST
                VALUE   (LST)  VALUE       VALUE  FROM      YEAR
                                                  NORMAL
..................................................................
TEMPERATURE (F)
 YESTERDAY
  MAXIMUM         33   1115 PM  50    1931  25      8       33
  MINIMUM         17    532 AM -28    1966   7     10       17
  AVERAGE         25                        16      9       25

PRECIPITATION (IN)
  YESTERDAY        0.00          0.62 1909   0.03  -0.03      T
  MONTH TO DATE    0.31                      0.76  -0.45     0.72
  SINCE DEC 1      3.94                      2.00   1.94     1.82
  SINCE JAN 1      0.31                      0.76  -0.45     0.72

SNOWFALL (IN)
  YESTERDAY        0.0           7.0  1936   0.4   -0.4      0.0
  MONTH TO DATE    4.7                      10.1   -5.4      8.2
  SINCE DEC 1     18.7                      19.4   -0.7     13.9
  SINCE JUL 1     28.7                      24.1    4.6     21.9
  SNOW DEPTH       9

DEGREE DAYS
 HEATING
  YESTERDAY       40                        49     -9       40
  MONTH TO DATE 1440                      1421     19     1331
  SINCE DEC 1   2505                      2830   -325     2557
  SINCE JUL 1   3860                      4510   -650     4456

 COOLING
  YESTERDAY        0                         0      0        0
  MONTH TO DATE    0                         0      0        0
  SINCE DEC 1      0                         0      0        0
  SINCE JAN 1      0                         0      0        0
..................................................................


WIND (MPH)
  HIGHEST WIND SPEED    29   HIGHEST WIND DIRECTION     S (160)
  HIGHEST GUST SPEED    35   HIGHEST GUST DIRECTION    SE (150)
  AVERAGE WIND SPEED    13.6


SKY COVER
  POSSIBLE SUNSHINE  MM
  AVERAGE SKY COVER 0.1


WEATHER CONDITIONS
 THE FOLLOWING WEATHER WAS RECORDED YESTERDAY.
  NO SIGNIFICANT WEATHER WAS OBSERVED.


RELATIVE HUMIDITY (PERCENT)
 HIGHEST    92           100 AM
 LOWEST     81          1100 AM
 AVERAGE    87

..........................................................


THE MASON CITY IA CLIMATE NORMALS FOR TODAY
                         NORMAL    RECORD    YEAR
 MAXIMUM TEMPERATURE (F)   26        49      1964
 MINIMUM TEMPERATURE (F)    8       -26      1951


SUNRISE AND SUNSET
JANUARY 30 2016.......SUNRISE   731 AM CST   SUNSET   522 PM CST
JANUARY 31 2016.......SUNRISE   730 AM CST   SUNSET   524 PM CST


-  INDICATES NEGATIVE NUMBERS.
R  INDICATES RECORD WAS SET OR TIED.
MM INDICATES DATA IS MISSING.
T  INDICATES TRACE AMOUNT.




$$
