305
CDUS43 KDMX 090632 RRB
CLIMCW

CLIMATE REPORT
NATIONAL WEATHER SERVICE DES MOINES IA
130 AM CDT MON OCT 9 2017


...................................

...THE MASON CITY IA CLIMATE SUMMARY FOR OCTOBER 8 2017...

CLIMATE NORMAL PERIOD 1981 TO 2010
CLIMATE RECORD PERIOD 1893 TO 2017


WEATHER ITEM   OBSERVED TIME   RECORD YEAR NORMAL DEPARTURE LAST
                VALUE   (LST)  VALUE       VALUE  FROM      YEAR
                                                  NORMAL
..................................................................
TEMPERATURE (F)
 YESTERDAY
  MAXIMUM         80    158 PM  87    2010  64     16       68
  MINIMUM         46    626 AM  20    2000  39      7       32
  AVERAGE         63                        51     12       50

PRECIPITATION (IN)
  YESTERDAY        0.00          1.36 1970   0.08  -0.08     0.00
  MONTH TO DATE    3.02                      0.74   2.28     0.46
  SINCE SEP 1      5.39                      4.01   1.38    11.49
  SINCE JAN 1     28.31                     30.37  -2.06    42.75

SNOWFALL (IN)
  YESTERDAY        0.0           0.0  2002   0.0    0.0      0.0
  MONTH TO DATE    0.0                       0.0    0.0      0.0
  SINCE SEP 1      0.0                       0.0    0.0      0.0
  SINCE JUL 1      0.0                       0.0    0.0      0.0
  SNOW DEPTH       0

DEGREE DAYS
 HEATING
  YESTERDAY        2                        14    -12       15
  MONTH TO DATE   44                       102    -58       68
  SINCE SEP 1    132                       279   -147      139
  SINCE JUL 1    155                       315   -160      157

 COOLING
  YESTERDAY        0                         0      0        0
  MONTH TO DATE    3                         2      1        1
  SINCE SEP 1    104                        56     48       86
  SINCE JAN 1    603                       612     -9      694
..................................................................


WIND (MPH)
  HIGHEST WIND SPEED    25   HIGHEST WIND DIRECTION     S (200)
  HIGHEST GUST SPEED    37   HIGHEST GUST DIRECTION     S (200)
  AVERAGE WIND SPEED    11.1


SKY COVER
  POSSIBLE SUNSHINE  MM
  AVERAGE SKY COVER 0.0


WEATHER CONDITIONS
 THE FOLLOWING WEATHER WAS RECORDED YESTERDAY.
  NO SIGNIFICANT WEATHER WAS OBSERVED.


RELATIVE HUMIDITY (PERCENT)
 HIGHEST    93           400 AM
 LOWEST     35           100 PM
 AVERAGE    64

..........................................................


THE MASON CITY IA CLIMATE NORMALS FOR TODAY
                         NORMAL    RECORD    YEAR
 MAXIMUM TEMPERATURE (F)   63        89      2010
 MINIMUM TEMPERATURE (F)   39        19      1915


SUNRISE AND SUNSET
OCTOBER  9 2017.......SUNRISE   720 AM CDT   SUNSET   640 PM CDT
OCTOBER 10 2017.......SUNRISE   721 AM CDT   SUNSET   638 PM CDT


-  INDICATES NEGATIVE NUMBERS.
R  INDICATES RECORD WAS SET OR TIED.
MM INDICATES DATA IS MISSING.
T  INDICATES TRACE AMOUNT.




$$
