332
CDUS43 KDMX 130633
CLIMCW

CLIMATE REPORT
NATIONAL WEATHER SERVICE DES MOINES IA
1231 AM CST TUE FEB 13 2018

...................................

...THE MASON CITY IA CLIMATE SUMMARY FOR FEBRUARY 12 2018...

CLIMATE NORMAL PERIOD 1981 TO 2010
CLIMATE RECORD PERIOD 1893 TO 2018


WEATHER ITEM   OBSERVED TIME   RECORD YEAR NORMAL DEPARTURE LAST
                VALUE   (LST)  VALUE       VALUE  FROM      YEAR
                                                  NORMAL
..................................................................
TEMPERATURE (F)
 YESTERDAY
  MAXIMUM         13    218 PM  61    1976  28    -15       39
  MINIMUM         -4    806 AM -27    1899  11    -15       27
  AVERAGE          5                        20    -15       33

PRECIPITATION (IN)
  YESTERDAY        0.00          0.27 1908   0.03  -0.03     0.02
  MONTH TO DATE    0.40                      0.38   0.02     0.06
  SINCE DEC 1      1.99                      2.44  -0.45     4.13
  SINCE JAN 1      1.71                      1.20   0.51     1.97

SNOWFALL (IN)
  YESTERDAY        0.0           7.8  1965   0.3   -0.3      0.0
  MONTH TO DATE    5.6                       3.8    1.8       T
  SINCE DEC 1     15.2                      23.9   -8.7     30.6
  SINCE JUL 1     15.4                      28.6  -13.2     30.6
  SNOW DEPTH       5

DEGREE DAYS
 HEATING
  YESTERDAY       60                        45     15       32
  MONTH TO DATE  694                       563    131      505
  SINCE DEC 1   3602                      3494    108     3274
  SINCE JUL 1   5105                      5174    -69     4438

 COOLING
  YESTERDAY        0                         0      0        0
  MONTH TO DATE    0                         0      0        0
  SINCE DEC 1      0                         0      0        0
  SINCE JAN 1      0                         0      0        0
..................................................................


WIND (MPH)
  HIGHEST WIND SPEED    17   HIGHEST WIND DIRECTION     N (340)
  HIGHEST GUST SPEED    19   HIGHEST GUST DIRECTION     N (340)
  AVERAGE WIND SPEED     7.5


SKY COVER
  POSSIBLE SUNSHINE  MM
  AVERAGE SKY COVER 0.0


WEATHER CONDITIONS
 THE FOLLOWING WEATHER WAS RECORDED YESTERDAY.
  HAZE


RELATIVE HUMIDITY (PERCENT)
 HIGHEST    86           800 AM
 LOWEST     53           100 PM
 AVERAGE    70

..........................................................


THE MASON CITY IA CLIMATE NORMALS FOR TODAY
                         NORMAL    RECORD    YEAR
 MAXIMUM TEMPERATURE (F)   29        53      1954
 MINIMUM TEMPERATURE (F)   11       -27      1905


SUNRISE AND SUNSET
FEBRUARY 13 2018......SUNRISE   714 AM CST   SUNSET   542 PM CST
FEBRUARY 14 2018......SUNRISE   712 AM CST   SUNSET   543 PM CST


-  INDICATES NEGATIVE NUMBERS.
R  INDICATES RECORD WAS SET OR TIED.
MM INDICATES DATA IS MISSING.
T  INDICATES TRACE AMOUNT.




$$
