000
CDUS43 KDMX 270629 RRA
CLIMCW

CLIMATE REPORT
NATIONAL WEATHER SERVICE DES MOINES IA
128 AM CDT MON JUN 27 2016

...................................

...THE MASON CITY IA CLIMATE SUMMARY FOR JUNE 26 2016...

CLIMATE NORMAL PERIOD 1981 TO 2010
CLIMATE RECORD PERIOD 1893 TO 2016


WEATHER ITEM   OBSERVED TIME   RECORD YEAR NORMAL DEPARTURE LAST
                VALUE   (LST)  VALUE       VALUE  FROM      YEAR
                                                  NORMAL
..................................................................
TEMPERATURE (F)
 YESTERDAY
  MAXIMUM         87    230 PM  99    1933  82      5       78
  MINIMUM         66    532 AM  41    1926  60      6       61
  AVERAGE         77                        71      6       70

PRECIPITATION (IN)
  YESTERDAY        0.00          2.18 1995   0.17  -0.17      T
  MONTH TO DATE    6.23                      4.48   1.75     4.81
  SINCE JUN 1      6.23                      4.48   1.75     4.81
  SINCE JAN 1     17.45                     16.96   0.49    15.81

SNOWFALL (IN)
  YESTERDAY        0.0          MM      MM   0.0    0.0      0.0
  MONTH TO DATE    0.0                       0.0    0.0      0.0
  SINCE JUN 1      0.0                       0.0    0.0      0.0
  SINCE JUL 1     50.9                      41.2    9.7     40.0
  SNOW DEPTH       0

DEGREE DAYS
 HEATING
  YESTERDAY        0                         0      0        0
  MONTH TO DATE    8                        44    -36       12
  SINCE JUN 1      8                        44    -36       12
  SINCE JUL 1   6633                      7679  -1046     7696

 COOLING
  YESTERDAY       12                         6      6        5
  MONTH TO DATE  177                       111     66      116
  SINCE JUN 1    177                       111     66      116
  SINCE JAN 1    218                       146     72      146
..................................................................


WIND (MPH)
  HIGHEST WIND SPEED    18   HIGHEST WIND DIRECTION     W (260)
  HIGHEST GUST SPEED    23   HIGHEST GUST DIRECTION     W (260)
  AVERAGE WIND SPEED     8.9


SKY COVER
  POSSIBLE SUNSHINE  MM
  AVERAGE SKY COVER 0.0


WEATHER CONDITIONS
 THE FOLLOWING WEATHER WAS RECORDED YESTERDAY.
  NO SIGNIFICANT WEATHER WAS OBSERVED.


RELATIVE HUMIDITY (PERCENT)
 HIGHEST    93          1200 AM
 LOWEST     30           400 PM
 AVERAGE    62

..........................................................


THE MASON CITY IA CLIMATE NORMALS FOR TODAY
                         NORMAL    RECORD    YEAR
 MAXIMUM TEMPERATURE (F)   83       104      1934
 MINIMUM TEMPERATURE (F)   60        43      1926


SUNRISE AND SUNSET
JUNE 27 2016..........SUNRISE   536 AM CDT   SUNSET   857 PM CDT
JUNE 28 2016..........SUNRISE   536 AM CDT   SUNSET   857 PM CDT


-  INDICATES NEGATIVE NUMBERS.
R  INDICATES RECORD WAS SET OR TIED.
MM INDICATES DATA IS MISSING.
T  INDICATES TRACE AMOUNT.




$$
