000
CDUS43 KDMX 150639
CLIMCW

CLIMATE REPORT
NATIONAL WEATHER SERVICE DES MOINES IA
136 AM CDT SUN MAR 15 2015

...................................

...THE MASON CITY IA CLIMATE SUMMARY FOR MARCH 14 2015...

CLIMATE NORMAL PERIOD 1981 TO 2010
CLIMATE RECORD PERIOD 1893 TO 2015


WEATHER ITEM   OBSERVED TIME   RECORD YEAR NORMAL DEPARTURE LAST
                VALUE   (LST)  VALUE       VALUE  FROM      YEAR
                                                  NORMAL
..................................................................
TEMPERATURE (F)
 YESTERDAY
  MAXIMUM         61    309 PM  78    2012  41     20       45
  MINIMUM         31   1159 PM -11    1993  23      8       29
  AVERAGE         46                        32     14       37

PRECIPITATION (IN)
  YESTERDAY        0.00          0.88 1953   0.07  -0.07      T
  MONTH TO DATE    0.01                      0.81  -0.80     0.46
  SINCE MAR 1      0.01                      0.81  -0.80     0.46
  SINCE JAN 1      2.08                      2.63  -0.55     3.48

SNOWFALL (IN)
  YESTERDAY        0.0           3.0  1918   0.2   -0.2      0.0
                                      1959
  MONTH TO DATE    T                         3.1   -3.1      5.0
  SINCE MAR 1      T                         3.1   -3.1      5.0
  SINCE JUL 1     35.8                      35.6    0.2     51.1
  SNOW DEPTH       0

DEGREE DAYS
 HEATING
  YESTERDAY       19                        33    -14       28
  MONTH TO DATE  486                       502    -16      627
  SINCE MAR 1    486                       502    -16      627
  SINCE JUL 1   6549                      6353    196     7173

 COOLING
  YESTERDAY        0                         0      0        0
  MONTH TO DATE    0                         0      0        0
  SINCE MAR 1      0                         0      0        0
  SINCE JAN 1      0                         0      0        0
..................................................................


WIND (MPH)
  HIGHEST WIND SPEED    24   HIGHEST WIND DIRECTION     N (340)
  HIGHEST GUST SPEED    31   HIGHEST GUST DIRECTION     N (340)
  AVERAGE WIND SPEED    10.7


SKY COVER
  POSSIBLE SUNSHINE  MM
  AVERAGE SKY COVER 0.0


WEATHER CONDITIONS
 THE FOLLOWING WEATHER WAS RECORDED YESTERDAY.
  NO SIGNIFICANT WEATHER WAS OBSERVED.


RELATIVE HUMIDITY (PERCENT)
 HIGHEST    92           200 AM
 LOWEST     39           200 PM
 AVERAGE    66

..........................................................


THE MASON CITY IA CLIMATE NORMALS FOR TODAY
                         NORMAL    RECORD    YEAR
 MAXIMUM TEMPERATURE (F)   42        74      2012
 MINIMUM TEMPERATURE (F)   24        -5      1979


SUNRISE AND SUNSET
MARCH 15 2015.........SUNRISE   726 AM CDT   SUNSET   719 PM CDT
MARCH 16 2015.........SUNRISE   724 AM CDT   SUNSET   721 PM CDT


-  INDICATES NEGATIVE NUMBERS.
R  INDICATES RECORD WAS SET OR TIED.
MM INDICATES DATA IS MISSING.
T  INDICATES TRACE AMOUNT.

$$

REV
