000
CDUS43 KDMX 120650 RRA
CLIMCW

CLIMATE REPORT
NATIONAL WEATHER SERVICE DES MOINES IA
1248 AM CST THU FEB 12 2015


...................................

...THE MASON CITY IA CLIMATE SUMMARY FOR FEBRUARY 11 2015...

CLIMATE NORMAL PERIOD 1981 TO 2010
CLIMATE RECORD PERIOD 1893 TO 2015


WEATHER ITEM   OBSERVED TIME   RECORD YEAR NORMAL DEPARTURE LAST
                VALUE   (LST)  VALUE       VALUE  FROM      YEAR
                                                  NORMAL
..................................................................
TEMPERATURE (F)
 YESTERDAY
  MAXIMUM         34   1242 AM  58    1977  28      6       13
  MINIMUM          2   1159 PM -32    1899  10     -8      -20
  AVERAGE         18                        19     -1       -3

PRECIPITATION (IN)
  YESTERDAY        T             0.40 1965   0.03  -0.03     0.00
  MONTH TO DATE    0.17                      0.35  -0.18     0.26
  SINCE DEC 1      2.20                      2.41  -0.21     2.26
  SINCE JAN 1      1.10                      1.17  -0.07     1.09

SNOWFALL (IN)
  YESTERDAY        T             6.8  1965   0.3   -0.3      0.0
  MONTH TO DATE    7.6                       3.5    4.1      3.3
  SINCE DEC 1     23.0                      23.6   -0.6     27.4
  SINCE JUL 1     31.0                      28.3    2.7     28.9
  SNOW DEPTH       6

DEGREE DAYS
 HEATING
  YESTERDAY       47                        46      1       68
  MONTH TO DATE  544                       518     26      695
  SINCE DEC 1   3184                      3449   -265     4001
  SINCE JUL 1   5083                      5129    -46     5665

 COOLING
  YESTERDAY        0                         0      0        0
  MONTH TO DATE    0                         0      0        0
  SINCE DEC 1      0                         0      0        0
  SINCE JAN 1      0                         0      0        0
..................................................................


WIND (MPH)
  HIGHEST WIND SPEED    39   HIGHEST WIND DIRECTION    NW (320)
  HIGHEST GUST SPEED    46   HIGHEST GUST DIRECTION    NW (320)
  AVERAGE WIND SPEED    27.1


SKY COVER
  POSSIBLE SUNSHINE  MM
  AVERAGE SKY COVER 0.9


WEATHER CONDITIONS
 THE FOLLOWING WEATHER WAS RECORDED YESTERDAY.
  LIGHT SNOW


RELATIVE HUMIDITY (PERCENT)
 HIGHEST    92           200 AM
 LOWEST     63           900 PM
 AVERAGE    78

..........................................................


THE MASON CITY IA CLIMATE NORMALS FOR TODAY
                         NORMAL    RECORD    YEAR
 MAXIMUM TEMPERATURE (F)   28        61      1976
 MINIMUM TEMPERATURE (F)   11       -27      1899


SUNRISE AND SUNSET
FEBRUARY 12 2015......SUNRISE   715 AM CST   SUNSET   540 PM CST
FEBRUARY 13 2015......SUNRISE   714 AM CST   SUNSET   541 PM CST


-  INDICATES NEGATIVE NUMBERS.
R  INDICATES RECORD WAS SET OR TIED.
MM INDICATES DATA IS MISSING.
T  INDICATES TRACE AMOUNT.




$$
