000
CDUS43 KDMX 110638 RRC
CLIMCW

CLIMATE REPORT
NATIONAL WEATHER SERVICE DES MOINES IA
1237 AM CST THU DEC 11 2014


...................................

...THE MASON CITY IA CLIMATE SUMMARY FOR DECEMBER 10 2014...

CLIMATE NORMAL PERIOD 1981 TO 2010
CLIMATE RECORD PERIOD 1893 TO 2014


WEATHER ITEM   OBSERVED TIME   RECORD YEAR NORMAL DEPARTURE LAST
                VALUE   (LST)  VALUE       VALUE  FROM      YEAR
                                                  NORMAL
..................................................................
TEMPERATURE (F)
 YESTERDAY
  MAXIMUM         30    309 PM  59    1979  29      1       17
  MINIMUM         21   1247 AM -23    1919  13      8        3
  AVERAGE         26                        21      5       10

PRECIPITATION (IN)
  YESTERDAY        0.00          1.20 1911   0.04  -0.04     0.07
  MONTH TO DATE    0.10                      0.46  -0.36     0.37
  SINCE DEC 1      0.10                      0.46  -0.36     0.37
  SINCE JAN 1     34.21                     34.42  -0.21    38.20

SNOWFALL (IN)
  YESTERDAY        0.0          11.0  1970   0.4   -0.4      1.0
  MONTH TO DATE    T                         3.0   -3.0      4.4
  SINCE DEC 1      T                         3.0   -3.0      4.4
  SINCE JUL 1      8.0                       7.7    0.3      5.9
  SNOW DEPTH       0

DEGREE DAYS
 HEATING
  YESTERDAY       39                        44     -5       55
  MONTH TO DATE  404                       423    -19      491
  SINCE DEC 1    404                       423    -19      491
  SINCE JUL 1   2303                      2103    200     2155

 COOLING
  YESTERDAY        0                         0      0        0
  MONTH TO DATE    0                         0      0        0
  SINCE DEC 1      0                         0      0        0
  SINCE JAN 1    544                       616    -72      718
..................................................................


WIND (MPH)
  HIGHEST WIND SPEED    14   HIGHEST WIND DIRECTION    SE (140)
  HIGHEST GUST SPEED    18   HIGHEST GUST DIRECTION    SE (150)
  AVERAGE WIND SPEED     7.6


SKY COVER
  POSSIBLE SUNSHINE  MM
  AVERAGE SKY COVER 1.0


WEATHER CONDITIONS
 THE FOLLOWING WEATHER WAS RECORDED YESTERDAY.
  FOG
  HAZE


RELATIVE HUMIDITY (PERCENT)
 HIGHEST    92           300 AM
 LOWEST     78           200 PM
 AVERAGE    85

..........................................................


THE MASON CITY IA CLIMATE NORMALS FOR TODAY
                         NORMAL    RECORD    YEAR
 MAXIMUM TEMPERATURE (F)   29        57      1946
 MINIMUM TEMPERATURE (F)   12       -17      1934


SUNRISE AND SUNSET
DECEMBER 11 2014......SUNRISE   735 AM CST   SUNSET   438 PM CST
DECEMBER 12 2014......SUNRISE   736 AM CST   SUNSET   438 PM CST


-  INDICATES NEGATIVE NUMBERS.
R  INDICATES RECORD WAS SET OR TIED.
MM INDICATES DATA IS MISSING.
T  INDICATES TRACE AMOUNT.




$$
