000
CDUS43 KDMX 120637 RRB
CLIMCW

CLIMATE REPORT
NATIONAL WEATHER SERVICE DES MOINES IA
136 AM CDT TUE MAY 12 2015


...................................

...THE MASON CITY IA CLIMATE SUMMARY FOR MAY 11 2015...

CLIMATE NORMAL PERIOD 1981 TO 2010
CLIMATE RECORD PERIOD 1893 TO 2015


WEATHER ITEM   OBSERVED TIME   RECORD YEAR NORMAL DEPARTURE LAST
                VALUE   (LST)  VALUE       VALUE  FROM      YEAR
                                                  NORMAL
..................................................................
TEMPERATURE (F)
 YESTERDAY
  MAXIMUM         60    121 AM  88    1958  69     -9       71
  MINIMUM         42   1159 PM  25    1925  45     -3       42
  AVERAGE         51                        57     -6       57

PRECIPITATION (IN)
  YESTERDAY        0.01          1.50 1999   0.14  -0.13     0.85
  MONTH TO DATE    0.96                      1.58  -0.62     1.39
  SINCE MAR 1      6.56                      7.56  -1.00    10.08
  SINCE JAN 1      8.63                      9.38  -0.75    13.10

SNOWFALL (IN)
  YESTERDAY        0.0          MM      MM   0.0    0.0      0.0
  MONTH TO DATE    0.0                       0.1   -0.1      0.0
  SINCE MAR 1      4.2                       8.8   -4.6     11.9
  SINCE JUL 1     40.0                      41.3   -1.3     58.0
  SNOW DEPTH       0

DEGREE DAYS
 HEATING
  YESTERDAY       14                         9      5        8
  MONTH TO DATE   70                       114    -44      123
  SINCE MAR 1   1485                      1663   -178     1941
  SINCE JUL 1   7548                      7514     34     8487

 COOLING
  YESTERDAY        0                         1     -1        0
  MONTH TO DATE   11                         3      8        4
  SINCE MAR 1     11                         8      3        4
  SINCE JAN 1     11                         8      3        4
..................................................................


WIND (MPH)
  HIGHEST WIND SPEED    28   HIGHEST WIND DIRECTION     W (250)
  HIGHEST GUST SPEED    36   HIGHEST GUST DIRECTION    SW (240)
  AVERAGE WIND SPEED    18.2


SKY COVER
  POSSIBLE SUNSHINE  MM
  AVERAGE SKY COVER 0.9


WEATHER CONDITIONS
 THE FOLLOWING WEATHER WAS RECORDED YESTERDAY.
  RAIN
  FOG
  HAZE


RELATIVE HUMIDITY (PERCENT)
 HIGHEST    92           600 PM
 LOWEST     71           100 PM
 AVERAGE    82

..........................................................


THE MASON CITY IA CLIMATE NORMALS FOR TODAY
                         NORMAL    RECORD    YEAR
 MAXIMUM TEMPERATURE (F)   69        90      1907
 MINIMUM TEMPERATURE (F)   45        26      1895


SUNRISE AND SUNSET
MAY 12 2015...........SUNRISE   553 AM CDT   SUNSET   827 PM CDT
MAY 13 2015...........SUNRISE   552 AM CDT   SUNSET   828 PM CDT


-  INDICATES NEGATIVE NUMBERS.
R  INDICATES RECORD WAS SET OR TIED.
MM INDICATES DATA IS MISSING.
T  INDICATES TRACE AMOUNT.




$$
