000
CDUS43 KDMX 180638 RRA
CLIMCW

CLIMATE REPORT
NATIONAL WEATHER SERVICE DES MOINES IA
132 AM CDT MON AUG 18 2014

...................................

...THE MASON CITY IA CLIMATE SUMMARY FOR AUGUST 17 2014...

CLIMATE NORMAL PERIOD 1981 TO 2010
CLIMATE RECORD PERIOD 1893 TO 2014


WEATHER ITEM   OBSERVED TIME   RECORD YEAR NORMAL DEPARTURE LAST
                VALUE   (LST)  VALUE       VALUE  FROM      YEAR
                                                  NORMAL
..................................................................
TEMPERATURE (F)
 YESTERDAY
  MAXIMUM         88    257 PM 101    1988  81      7       80
  MINIMUM         61    517 AM  43    1895  58      3       49
  AVERAGE         75                        70      5       65

PRECIPITATION (IN)
  YESTERDAY        0.00          1.79 1921   0.13  -0.13     0.00
  MONTH TO DATE    0.01                      2.29  -2.28     1.61
  SINCE JUN 1      9.55                     12.13  -2.58    11.29
  SINCE JAN 1     23.59                     24.61  -1.02    32.73

SNOWFALL (IN)
  YESTERDAY        0.0          MM      MM   0.0    0.0      0.0
  MONTH TO DATE    0.0                       0.0    0.0      0.0
  SINCE JUN 1      0.0                       0.0    0.0      0.0
  SINCE JUL 1      0.0                       0.0    0.0      0.0
  SNOW DEPTH       0

DEGREE DAYS
 HEATING
  YESTERDAY        0                         1     -1        0
  MONTH TO DATE    0                        12    -12       18
  SINCE JUN 1     34                        65    -31       91
  SINCE JUL 1     21                        21      0       38

 COOLING
  YESTERDAY       10                         5      5        0
  MONTH TO DATE   89                        99    -10       25
  SINCE JUN 1    345                       458   -113      396
  SINCE JAN 1    398                       493    -95      433
..................................................................


WIND (MPH)
  HIGHEST WIND SPEED    16   HIGHEST WIND DIRECTION    SW (210)
  HIGHEST GUST SPEED    20   HIGHEST GUST DIRECTION    SW (210)
  AVERAGE WIND SPEED     5.8


SKY COVER
  POSSIBLE SUNSHINE  MM
  AVERAGE SKY COVER 0.4


WEATHER CONDITIONS
 THE FOLLOWING WEATHER WAS RECORDED YESTERDAY.
  THUNDERSTORM
  FOG
  FOG W/VISIBILITY <= 1/4 MILE


RELATIVE HUMIDITY (PERCENT)
 HIGHEST   100           300 AM
 LOWEST     50           200 PM
 AVERAGE    75

..........................................................


THE MASON CITY IA CLIMATE NORMALS FOR TODAY
                         NORMAL    RECORD    YEAR
 MAXIMUM TEMPERATURE (F)   81        99      1947
 MINIMUM TEMPERATURE (F)   58        40      1895


SUNRISE AND SUNSET
AUGUST 18 2014........SUNRISE   622 AM CDT   SUNSET   811 PM CDT
AUGUST 19 2014........SUNRISE   623 AM CDT   SUNSET   810 PM CDT


-  INDICATES NEGATIVE NUMBERS.
R  INDICATES RECORD WAS SET OR TIED.
MM INDICATES DATA IS MISSING.
T  INDICATES TRACE AMOUNT.

$$

REV
