000
CDUS43 KDMX 110901 RRA
CLIMCW

CLIMATE REPORT
NATIONAL WEATHER SERVICE DES MOINES IA
142 AM CDT SUN JUN 11 2017

...................................

...THE MASON CITY IA CLIMATE SUMMARY FOR JUNE 10 2017...

CLIMATE NORMAL PERIOD 1981 TO 2010
CLIMATE RECORD PERIOD 1893 TO 2017


WEATHER ITEM   OBSERVED TIME   RECORD YEAR NORMAL DEPARTURE LAST
                VALUE   (LST)  VALUE       VALUE  FROM      YEAR
                                                  NORMAL
..................................................................
TEMPERATURE (F)
 YESTERDAY
  MAXIMUM         94    328 PM  98    1933  78     16       96
  MINIMUM         69    531 AM  33    1913  55     14       68
  AVERAGE         82                        67     15       82

PRECIPITATION (IN)
  YESTERDAY        0.00          4.00 1900   0.18  -0.18     0.46
  MONTH TO DATE    0.03                      1.73  -1.70     1.33
  SINCE JUN 1      0.03                      1.73  -1.70     1.33
  SINCE JAN 1     14.18                     14.21  -0.03    12.54

SNOWFALL (IN)
  YESTERDAY        0.0          MM      MM   0.0    0.0      0.0
  MONTH TO DATE    0.0                       0.0    0.0      0.0
  SINCE JUN 1      0.0                       0.0    0.0      0.0
  SINCE JUL 1     47.9                      41.2    6.7     50.9
  SNOW DEPTH       0

DEGREE DAYS
 HEATING
  YESTERDAY        0                         2     -2        0
  MONTH TO DATE    2                        27    -25        8
  SINCE JUN 1      2                        27    -25        8
  SINCE JUL 1   6673                      7662   -989     6633

 COOLING
  YESTERDAY       17                         4     13       17
  MONTH TO DATE   74                        29     45       40
  SINCE JUN 1     74                        29     45       40
  SINCE JAN 1     99                        64     35       81
..................................................................


WIND (MPH)
  HIGHEST WIND SPEED    36   HIGHEST WIND DIRECTION    SW (220)
  HIGHEST GUST SPEED    44   HIGHEST GUST DIRECTION    SW (210)
  AVERAGE WIND SPEED    18.8


SKY COVER
  POSSIBLE SUNSHINE  MM
  AVERAGE SKY COVER 0.2


WEATHER CONDITIONS
 THE FOLLOWING WEATHER WAS RECORDED YESTERDAY.
  NO SIGNIFICANT WEATHER WAS OBSERVED.


RELATIVE HUMIDITY (PERCENT)
 HIGHEST    66           500 AM
 LOWEST     36           300 PM
 AVERAGE    51

..........................................................


THE MASON CITY IA CLIMATE NORMALS FOR TODAY
                         NORMAL    RECORD    YEAR
 MAXIMUM TEMPERATURE (F)   79        95      2001
 MINIMUM TEMPERATURE (F)   56        38      1913


SUNRISE AND SUNSET
JUNE 11 2017..........SUNRISE   533 AM CDT   SUNSET   853 PM CDT
JUNE 12 2017..........SUNRISE   533 AM CDT   SUNSET   854 PM CDT


-  INDICATES NEGATIVE NUMBERS.
R  INDICATES RECORD WAS SET OR TIED.
MM INDICATES DATA IS MISSING.
T  INDICATES TRACE AMOUNT.




$$
