000
CDUS43 KDMX 150735
CLIMCW

CLIMATE REPORT
NATIONAL WEATHER SERVICE DES MOINES IA
229 AM CDT TUE JUL 15 2014

...................................

...THE MASON CITY IA CLIMATE SUMMARY FOR JULY 14 2014...

CLIMATE NORMAL PERIOD 1981 TO 2010
CLIMATE RECORD PERIOD 1893 TO 2014

WEATHER ITEM   OBSERVED TIME   RECORD YEAR NORMAL DEPARTURE LAST
                VALUE   (LST)  VALUE       VALUE  FROM      YEAR
                                                  NORMAL
..................................................................
TEMPERATURE (F)
 YESTERDAY
  MAXIMUM         70   1221 PM 107    1936  83    -13       84
  MINIMUM         52    504 AM  40    1926  61     -9       63
  AVERAGE         61                        72    -11       74

PRECIPITATION (IN)
  YESTERDAY        0.00          2.13 1919   0.16  -0.16     0.00
  MONTH TO DATE    0.40                      2.14  -1.74     1.57
  SINCE JUN 1      9.04                      7.28   1.76     8.01
  SINCE JAN 1     23.08                     19.76   3.32    29.45

SNOWFALL (IN)
  YESTERDAY        0.0          MM      MM   0.0    0.0      0.0
  MONTH TO DATE    0.0                       0.0    0.0      0.0
  SINCE JUN 1      0.0                       0.0    0.0      0.0
  SINCE JUL 1      0.0                       0.0    0.0      0.0
  SNOW DEPTH       0

DEGREE DAYS
 HEATING
  YESTERDAY        4                         0      4        0
  MONTH TO DATE   13                         0     13        0
  SINCE JUN 1     26                        44    -18       53
  SINCE JUL 1     13                         0     13        0

 COOLING
  YESTERDAY        0                         7     -7        9
  MONTH TO DATE   51                       100    -49      115
  SINCE JUN 1    187                       238    -51      261
  SINCE JAN 1    240                       273    -33      298
..................................................................

WIND (MPH)
  HIGHEST WIND SPEED    31   HIGHEST WIND DIRECTION    NW (330)
  HIGHEST GUST SPEED    38   HIGHEST GUST DIRECTION    NW (320)
  AVERAGE WIND SPEED    16.1

SKY COVER
  POSSIBLE SUNSHINE  MM
  AVERAGE SKY COVER 0.4

WEATHER CONDITIONS
 THE FOLLOWING WEATHER WAS RECORDED YESTERDAY.
  NO SIGNIFICANT WEATHER WAS OBSERVED.

RELATIVE HUMIDITY (PERCENT)
 HIGHEST    93           200 AM
 LOWEST     44          1200 PM
 AVERAGE    69
..........................................................

THE MASON CITY IA CLIMATE NORMALS FOR TODAY
                         NORMAL    RECORD    YEAR
 MAXIMUM TEMPERATURE (F)   83       102      1936
 MINIMUM TEMPERATURE (F)   61        43      1930

SUNRISE AND SUNSET
JULY 15 2014..........SUNRISE   547 AM CDT   SUNSET   851 PM CDT
JULY 16 2014..........SUNRISE   548 AM CDT   SUNSET   850 PM CDT

-  INDICATES NEGATIVE NUMBERS.
R  INDICATES RECORD WAS SET OR TIED.
MM INDICATES DATA IS MISSING.
T  INDICATES TRACE AMOUNT.

$$

FAB
