000
CDUS43 KDMX 130633 RRA
CLIMCW

CLIMATE REPORT
NATIONAL WEATHER SERVICE DES MOINES IA
132 AM CDT FRI MAY 13 2016


...................................

...THE MASON CITY IA CLIMATE SUMMARY FOR MAY 12 2016...

CLIMATE NORMAL PERIOD 1981 TO 2010
CLIMATE RECORD PERIOD 1893 TO 2016


WEATHER ITEM   OBSERVED TIME   RECORD YEAR NORMAL DEPARTURE LAST
                VALUE   (LST)  VALUE       VALUE  FROM      YEAR
                                                  NORMAL
..................................................................
TEMPERATURE (F)
 YESTERDAY
  MAXIMUM         59   1019 AM  90    1907  69    -10       61
  MINIMUM         41   1159 PM  26    1895  45     -4       40
  AVERAGE         50                        57     -7       51

PRECIPITATION (IN)
  YESTERDAY        0.00          1.84 1999   0.15  -0.15      T
  MONTH TO DATE    0.94                      1.73  -0.79     0.96
  SINCE MAR 1      5.97                      7.71  -1.74     6.56
  SINCE JAN 1      7.21                      9.53  -2.32     8.63

SNOWFALL (IN)
  YESTERDAY        0.0          MM      MM   0.0    0.0      0.0
  MONTH TO DATE    0.0                       0.1   -0.1      0.0
  SINCE MAR 1      9.0                       8.8    0.2      4.2
  SINCE JUL 1     50.9                      41.3    9.6     40.0
  SNOW DEPTH       0

DEGREE DAYS
 HEATING
  YESTERDAY       15                         9      6       14
  MONTH TO DATE  121                       123     -2       84
  SINCE MAR 1   1421                      1672   -251     1499
  SINCE JUL 1   6520                      7523  -1003     7562

 COOLING
  YESTERDAY        0                         1     -1        0
  MONTH TO DATE    5                         4      1       11
  SINCE MAR 1      9                         9      0       11
  SINCE JAN 1      9                         9      0       11
..................................................................


WIND (MPH)
  HIGHEST WIND SPEED    25   HIGHEST WIND DIRECTION     W (280)
  HIGHEST GUST SPEED    31   HIGHEST GUST DIRECTION     W (290)
  AVERAGE WIND SPEED    13.4


SKY COVER
  POSSIBLE SUNSHINE  MM
  AVERAGE SKY COVER 0.6


WEATHER CONDITIONS
 THE FOLLOWING WEATHER WAS RECORDED YESTERDAY.
  FOG
  FOG W/VISIBILITY <= 1/4 MILE


RELATIVE HUMIDITY (PERCENT)
 HIGHEST   100          1200 AM
 LOWEST     61          1200 PM
 AVERAGE    81

..........................................................


THE MASON CITY IA CLIMATE NORMALS FOR TODAY
                         NORMAL    RECORD    YEAR
 MAXIMUM TEMPERATURE (F)   69        91      1940
 MINIMUM TEMPERATURE (F)   46        25      1997


SUNRISE AND SUNSET
MAY 13 2016...........SUNRISE   551 AM CDT   SUNSET   829 PM CDT
MAY 14 2016...........SUNRISE   550 AM CDT   SUNSET   830 PM CDT


-  INDICATES NEGATIVE NUMBERS.
R  INDICATES RECORD WAS SET OR TIED.
MM INDICATES DATA IS MISSING.
T  INDICATES TRACE AMOUNT.




$$
