000
CDUS43 KDMX 170641 RRA
CLIMCW

CLIMATE REPORT
NATIONAL WEATHER SERVICE DES MOINES IA
139 AM CDT FRI JUL 17 2015


...................................

...THE MASON CITY IA CLIMATE SUMMARY FOR JULY 16 2015...

CLIMATE NORMAL PERIOD 1981 TO 2010
CLIMATE RECORD PERIOD 1893 TO 2015


WEATHER ITEM   OBSERVED TIME   RECORD YEAR NORMAL DEPARTURE LAST
                VALUE   (LST)  VALUE       VALUE  FROM      YEAR
                                                  NORMAL
..................................................................
TEMPERATURE (F)
 YESTERDAY
  MAXIMUM         82    534 PM 103    1901  83     -1       76
  MINIMUM         67    755 AM  44    1912  61      6       48
  AVERAGE         75                        72      3       62

PRECIPITATION (IN)
  YESTERDAY        0.82          1.70 1994   0.15   0.67     0.00
  MONTH TO DATE    1.13                      2.44  -1.31     0.40
  SINCE JUN 1      6.17                      7.58  -1.41     9.05
  SINCE JAN 1     17.17                     20.06  -2.89    23.09

SNOWFALL (IN)
  YESTERDAY        0.0          MM      MM   0.0    0.0      0.0
  MONTH TO DATE    0.0                       0.0    0.0      0.0
  SINCE JUN 1      0.0                       0.0    0.0      0.0
  SINCE JUL 1      0.0                       0.0    0.0      0.0
  SNOW DEPTH       0

DEGREE DAYS
 HEATING
  YESTERDAY        0                         0      0        3
  MONTH TO DATE   21                         0     21       20
  SINCE JUN 1     33                        44    -11       33
  SINCE JUL 1     21                         0     21       20

 COOLING
  YESTERDAY       10                         7      3        0
  MONTH TO DATE   93                       114    -21       51
  SINCE JUN 1    229                       252    -23      187
  SINCE JAN 1    259                       287    -28      240
..................................................................


WIND (MPH)
  HIGHEST WIND SPEED    17   HIGHEST WIND DIRECTION     S (170)
  HIGHEST GUST SPEED    23   HIGHEST GUST DIRECTION     E (110)
  AVERAGE WIND SPEED     9.5


SKY COVER
  POSSIBLE SUNSHINE  MM
  AVERAGE SKY COVER 0.7


WEATHER CONDITIONS
 THE FOLLOWING WEATHER WAS RECORDED YESTERDAY.
  THUNDERSTORM
  HEAVY RAIN
  RAIN
  LIGHT RAIN
  FOG
  FOG W/VISIBILITY <= 1/4 MILE
  HAZE


RELATIVE HUMIDITY (PERCENT)
 HIGHEST   100           600 AM
 LOWEST     79           500 PM
 AVERAGE    90

..........................................................


THE MASON CITY IA CLIMATE NORMALS FOR TODAY
                         NORMAL    RECORD    YEAR
 MAXIMUM TEMPERATURE (F)   83       104      1936
 MINIMUM TEMPERATURE (F)   61        42      1911


SUNRISE AND SUNSET
JULY 17 2015..........SUNRISE   549 AM CDT   SUNSET   850 PM CDT
JULY 18 2015..........SUNRISE   550 AM CDT   SUNSET   849 PM CDT


-  INDICATES NEGATIVE NUMBERS.
R  INDICATES RECORD WAS SET OR TIED.
MM INDICATES DATA IS MISSING.
T  INDICATES TRACE AMOUNT.




$$
