000
CDUS43 KDMX 120631
CLIMCW

CLIMATE REPORT
NATIONAL WEATHER SERVICE DES MOINES IA
129 AM CDT SAT JUL 12 2014


...................................

...THE MASON CITY IA CLIMATE SUMMARY FOR JULY 11 2014...

CLIMATE NORMAL PERIOD 1981 TO 2010
CLIMATE RECORD PERIOD 1893 TO 2014


WEATHER ITEM   OBSERVED TIME   RECORD YEAR NORMAL DEPARTURE LAST
                VALUE   (LST)  VALUE       VALUE  FROM      YEAR
                                                  NORMAL
..................................................................
TEMPERATURE (F)
 YESTERDAY
  MAXIMUM         81    140 PM 106    1936  84     -3       83
  MINIMUM         64    415 AM  43    1945  61      3       54
  AVERAGE         73                        72      1       69

PRECIPITATION (IN)
  YESTERDAY        0.01          1.96 1964   0.14  -0.13     0.00
  MONTH TO DATE    0.13                      1.68  -1.55     0.29
  SINCE JUN 1      8.77                      6.82   1.95     6.73
  SINCE JAN 1     22.81                     19.30   3.51    28.17

SNOWFALL (IN)
  YESTERDAY        0.0          MM      MM   0.0    0.0      0.0
  MONTH TO DATE    0.0                       0.0    0.0      0.0
  SINCE JUN 1      0.0                       0.0    0.0      0.0
  SINCE JUL 1      0.0                       0.0    0.0      0.0
  SNOW DEPTH       0

DEGREE DAYS
 HEATING
  YESTERDAY        0                         0      0        0
  MONTH TO DATE    9                         0      9        0
  SINCE JUN 1     22                        44    -22       53
  SINCE JUL 1      9                         0      9        0

 COOLING
  YESTERDAY        8                         8      0        4
  MONTH TO DATE   42                        78    -36       96
  SINCE JUN 1    178                       216    -38      242
  SINCE JAN 1    231                       251    -20      279
..................................................................


WIND (MPH)
  HIGHEST WIND SPEED    21   HIGHEST WIND DIRECTION     S (170)
  HIGHEST GUST SPEED    27   HIGHEST GUST DIRECTION    SE (140)
  AVERAGE WIND SPEED    10.9


SKY COVER
  POSSIBLE SUNSHINE  MM
  AVERAGE SKY COVER 0.4


WEATHER CONDITIONS
 THE FOLLOWING WEATHER WAS RECORDED YESTERDAY.
  LIGHT RAIN
  FOG


RELATIVE HUMIDITY (PERCENT)
 HIGHEST   100          1000 PM
 LOWEST     62           100 PM
 AVERAGE    81

..........................................................


THE MASON CITY IA CLIMATE NORMALS FOR TODAY
                         NORMAL    RECORD    YEAR
 MAXIMUM TEMPERATURE (F)   84       105      1936
 MINIMUM TEMPERATURE (F)   61        45      1897


SUNRISE AND SUNSET
JULY 12 2014..........SUNRISE   545 AM CDT   SUNSET   853 PM CDT
JULY 13 2014..........SUNRISE   546 AM CDT   SUNSET   852 PM CDT


-  INDICATES NEGATIVE NUMBERS.
R  INDICATES RECORD WAS SET OR TIED.
MM INDICATES DATA IS MISSING.
T  INDICATES TRACE AMOUNT.




$$
