390
CDUS43 KDMX 030630
CLIMCW

CLIMATE REPORT
NATIONAL WEATHER SERVICE DES MOINES IA
127 AM CDT THU AUG 3 2017

...................................

...THE MASON CITY IA CLIMATE SUMMARY FOR AUGUST 2 2017...

CLIMATE NORMAL PERIOD 1981 TO 2010
CLIMATE RECORD PERIOD 1893 TO 2017


WEATHER ITEM   OBSERVED TIME   RECORD YEAR NORMAL DEPARTURE LAST
                VALUE   (LST)  VALUE       VALUE  FROM      YEAR
                                                  NORMAL
..................................................................
TEMPERATURE (F)
 YESTERDAY
  MAXIMUM         83    257 PM  98    1988  82      1       84
  MINIMUM         58    522 AM  40    1927  60     -2       66
  AVERAGE         71                        71      0       75

PRECIPITATION (IN)
  YESTERDAY        0.00          3.02 1928   0.15  -0.15      T
  MONTH TO DATE    0.07                      0.29  -0.22     0.03
  SINCE JUN 1      6.27                     10.13  -3.86    13.43
  SINCE JAN 1     20.42                     22.61  -2.19    24.64

SNOWFALL (IN)
  YESTERDAY        0.0          MM      MM   0.0    0.0      0.0
  MONTH TO DATE    0.0                       0.0    0.0      0.0
  SINCE JUN 1      0.0                       0.0    0.0      0.0
  SINCE JUL 1      0.0                       0.0    0.0      0.0
  SNOW DEPTH       0

DEGREE DAYS
 HEATING
  YESTERDAY        0                         0      0        0
  MONTH TO DATE    0                         0      0        0
  SINCE JUN 1     22                        53    -31       18
  SINCE JUL 1      1                         9     -8       10

 COOLING
  YESTERDAY        6                         6      0       10
  MONTH TO DATE   12                        12      0       19
  SINCE JUN 1    427                       371     56      422
  SINCE JAN 1    452                       406     46      463
..................................................................


WIND (MPH)
  HIGHEST WIND SPEED    14   HIGHEST WIND DIRECTION     N (360)
  HIGHEST GUST SPEED    18   HIGHEST GUST DIRECTION     N (360)
  AVERAGE WIND SPEED     5.2


SKY COVER
  POSSIBLE SUNSHINE  MM
  AVERAGE SKY COVER 0.1


WEATHER CONDITIONS
 THE FOLLOWING WEATHER WAS RECORDED YESTERDAY.
  FOG


RELATIVE HUMIDITY (PERCENT)
 HIGHEST   100          1200 AM
 LOWEST     51           100 PM
 AVERAGE    76

..........................................................


THE MASON CITY IA CLIMATE NORMALS FOR TODAY
                         NORMAL    RECORD    YEAR
 MAXIMUM TEMPERATURE (F)   82       103      1930
 MINIMUM TEMPERATURE (F)   60        38      1894


SUNRISE AND SUNSET
AUGUST  3 2017........SUNRISE   606 AM CDT   SUNSET   832 PM CDT
AUGUST  4 2017........SUNRISE   607 AM CDT   SUNSET   831 PM CDT


-  INDICATES NEGATIVE NUMBERS.
R  INDICATES RECORD WAS SET OR TIED.
MM INDICATES DATA IS MISSING.
T  INDICATES TRACE AMOUNT.

$$

ANSORGE
