333
CDUS43 KDMX 220634 RRB
CLIMCW

CLIMATE REPORT
NATIONAL WEATHER SERVICE DES MOINES IA
1231 AM CST FRI JAN 22 2016


...................................

...THE MASON CITY IA CLIMATE SUMMARY FOR JANUARY 21 2016...

CLIMATE NORMAL PERIOD 1981 TO 2010
CLIMATE RECORD PERIOD 1893 TO 2016


WEATHER ITEM   OBSERVED TIME   RECORD YEAR NORMAL DEPARTURE LAST
                VALUE   (LST)  VALUE       VALUE  FROM      YEAR
                                                  NORMAL
..................................................................
TEMPERATURE (F)
 YESTERDAY
  MAXIMUM         23   1046 PM  48    1921  25     -2       33
  MINIMUM         17    832 AM -29    1970   7     10       25
  AVERAGE         20                        16      4       29

PRECIPITATION (IN)
  YESTERDAY        T             0.57 1917   0.03  -0.03     0.10
  MONTH TO DATE    0.30                      0.54  -0.24     0.70
  SINCE DEC 1      3.93                      1.78   2.15     1.80
  SINCE JAN 1      0.30                      0.54  -0.24     0.70

SNOWFALL (IN)
  YESTERDAY        T             5.7  1917   0.4   -0.4      0.5
  MONTH TO DATE    2.5                       7.1   -4.6      8.1
  SINCE DEC 1     16.5                      16.4    0.1     13.8
  SINCE JUL 1     26.5                      21.1    5.4     21.8
  SNOW DEPTH       7

DEGREE DAYS
 HEATING
  YESTERDAY       45                        49     -4       36
  MONTH TO DATE 1107                      1029     78     1052
  SINCE DEC 1   2172                      2438   -266     2278
  SINCE JUL 1   3527                      4118   -591     4177

 COOLING
  YESTERDAY        0                         0      0        0
  MONTH TO DATE    0                         0      0        0
  SINCE DEC 1      0                         0      0        0
  SINCE JAN 1      0                         0      0        0
..................................................................


WIND (MPH)
  HIGHEST WIND SPEED    10   HIGHEST WIND DIRECTION    NW (320)
  HIGHEST GUST SPEED    12   HIGHEST GUST DIRECTION    NW (320)
  AVERAGE WIND SPEED     5.4


SKY COVER
  POSSIBLE SUNSHINE  MM
  AVERAGE SKY COVER 1.0


WEATHER CONDITIONS
 THE FOLLOWING WEATHER WAS RECORDED YESTERDAY.
  LIGHT SNOW
  FOG


RELATIVE HUMIDITY (PERCENT)
 HIGHEST    96           700 PM
 LOWEST     81           400 PM
 AVERAGE    89

..........................................................


THE MASON CITY IA CLIMATE NORMALS FOR TODAY
                         NORMAL    RECORD    YEAR
 MAXIMUM TEMPERATURE (F)   25        51      2002
 MINIMUM TEMPERATURE (F)    7       -31      1930


SUNRISE AND SUNSET
JANUARY 22 2016.......SUNRISE   738 AM CST   SUNSET   512 PM CST
JANUARY 23 2016.......SUNRISE   737 AM CST   SUNSET   513 PM CST


-  INDICATES NEGATIVE NUMBERS.
R  INDICATES RECORD WAS SET OR TIED.
MM INDICATES DATA IS MISSING.
T  INDICATES TRACE AMOUNT.




$$
