396
CDUS43 KDMX 250657
CLIMCW

CLIMATE REPORT
NATIONAL WEATHER SERVICE DES MOINES IA
1254 AM CST FRI NOV 25 2016


...................................

...THE MASON CITY IA CLIMATE SUMMARY FOR NOVEMBER 24 2016...

CLIMATE NORMAL PERIOD 1981 TO 2010
CLIMATE RECORD PERIOD 1893 TO 2016


WEATHER ITEM   OBSERVED TIME   RECORD YEAR NORMAL DEPARTURE LAST
                VALUE   (LST)  VALUE       VALUE  FROM      YEAR
                                                  NORMAL
..................................................................
TEMPERATURE (F)
 YESTERDAY
  MAXIMUM         38    139 PM  63    2011  38      0       36
                                      1990
  MINIMUM         33    330 AM -11    1898  20     13       16
  AVERAGE         36                        29      7       26

PRECIPITATION (IN)
  YESTERDAY        0.00          0.80 1927   0.06  -0.06     0.00
  MONTH TO DATE    0.80                      1.56  -0.76     2.07
  SINCE SEP 1     13.99                      7.28   6.71     7.61
  SINCE JAN 1     45.25                     33.64  11.61    35.42

SNOWFALL (IN)
  YESTERDAY        0.0           3.0  1977   0.3   -0.3      0.0
  MONTH TO DATE    0.0                       2.9   -2.9     10.0
  SINCE SEP 1      0.0                       3.3   -3.3     10.0
  SINCE JUL 1      0.0                       3.3   -3.3     10.0
  SNOW DEPTH       0

DEGREE DAYS
 HEATING
  YESTERDAY       29                        36     -7       39
  MONTH TO DATE  506                       711   -205      557
  SINCE SEP 1    979                      1413   -434     1084
  SINCE JUL 1    997                      1449   -452     1142

 COOLING
  YESTERDAY        0                         0      0        0
  MONTH TO DATE    0                         0      0        0
  SINCE SEP 1     89                        60     29      135
  SINCE JAN 1    697                       616     81      652
..................................................................


WIND (MPH)
  HIGHEST WIND SPEED    13   HIGHEST WIND DIRECTION    NW (320)
  HIGHEST GUST SPEED    16   HIGHEST GUST DIRECTION    NW (300)
  AVERAGE WIND SPEED     6.5


SKY COVER
  POSSIBLE SUNSHINE  MM
  AVERAGE SKY COVER 1.0


WEATHER CONDITIONS
 THE FOLLOWING WEATHER WAS RECORDED YESTERDAY.
  FOG


RELATIVE HUMIDITY (PERCENT)
 HIGHEST   100           800 AM
 LOWEST     76           100 PM
 AVERAGE    88

..........................................................


THE MASON CITY IA CLIMATE NORMALS FOR TODAY
                         NORMAL    RECORD    YEAR
 MAXIMUM TEMPERATURE (F)   37        68      1960
 MINIMUM TEMPERATURE (F)   19       -13      1977


SUNRISE AND SUNSET
NOVEMBER 25 2016......SUNRISE   719 AM CST   SUNSET   442 PM CST
NOVEMBER 26 2016......SUNRISE   720 AM CST   SUNSET   441 PM CST


-  INDICATES NEGATIVE NUMBERS.
R  INDICATES RECORD WAS SET OR TIED.
MM INDICATES DATA IS MISSING.
T  INDICATES TRACE AMOUNT.




$$
