000
CDUS43 KDMX 010658
CLIMCW

CLIMATE REPORT
NATIONAL WEATHER SERVICE DES MOINES IA
1243 AM CST WED MAR 1 2017

...................................

...THE MASON CITY IA CLIMATE SUMMARY FOR FEBRUARY 28 2017...

CLIMATE NORMAL PERIOD 1981 TO 2010
CLIMATE RECORD PERIOD 1893 TO 2017

WEATHER ITEM   OBSERVED TIME   RECORD YEAR NORMAL DEPARTURE LAST
                VALUE   (LST)  VALUE       VALUE  FROM      YEAR
                                                  NORMAL
..................................................................
TEMPERATURE (F)
 YESTERDAY
  MAXIMUM         41    122 AM  60    2000  34      7       47
  MINIMUM         34   1159 PM -22    1962  17     17       29
  AVERAGE         38                        26     12       38

PRECIPITATION (IN)
  YESTERDAY        T             0.61 1939   0.05  -0.05      T
  MONTH TO DATE    2.08                      1.00   1.08     0.67
  SINCE DEC 1      6.15                      3.06   3.09     4.86
  SINCE JAN 1      3.99                      1.82   2.17     1.23

SNOWFALL (IN)
  YESTERDAY        T             9.0  1939   0.2   -0.2      0.0
  MONTH TO DATE    8.8                       7.7    1.1     13.2
  SINCE DEC 1     39.4                      27.8   11.6     31.9
  SINCE JUL 1     39.4                      32.5    6.9     41.9
  SNOW DEPTH       4

DEGREE DAYS
 HEATING
  YESTERDAY       27                        39    -12       27
  MONTH TO DATE  979                      1240   -261     1140
  SINCE DEC 1   3748                      4171   -423     3710
  SINCE JUL 1   4912                      5851   -939     5065

 COOLING
  YESTERDAY        0                         0      0        0
  MONTH TO DATE    0                         0      0        0
  SINCE DEC 1      0                         0      0        0
  SINCE JAN 1      0                         0      0        0
..................................................................

WIND (MPH)
  HIGHEST WIND SPEED    18   HIGHEST WIND DIRECTION     N (340)
  HIGHEST GUST SPEED    23   HIGHEST GUST DIRECTION    SE (130)
  AVERAGE WIND SPEED    10.5

SKY COVER
  POSSIBLE SUNSHINE  MM
  AVERAGE SKY COVER 0.8

WEATHER CONDITIONS
 THE FOLLOWING WEATHER WAS RECORDED YESTERDAY.
  LIGHT RAIN
  LIGHT SNOW
  FOG

RELATIVE HUMIDITY (PERCENT)
 HIGHEST    92           700 AM
 LOWEST     76          1200 AM
 AVERAGE    84
..........................................................

THE MASON CITY IA CLIMATE NORMALS FOR TODAY
                         NORMAL    RECORD    YEAR
 MAXIMUM TEMPERATURE (F)   35        63      1923
 MINIMUM TEMPERATURE (F)   18       -28      1962

SUNRISE AND SUNSET
MARCH  1 2017.........SUNRISE   649 AM CST   SUNSET   603 PM CST
MARCH  2 2017.........SUNRISE   647 AM CST   SUNSET   604 PM CST

-  INDICATES NEGATIVE NUMBERS.
R  INDICATES RECORD WAS SET OR TIED.
MM INDICATES DATA IS MISSING.
T  INDICATES TRACE AMOUNT.

$$

FAB
