000
CDUS43 KDMX 040631 RRB
CLIMCW

CLIMATE REPORT
NATIONAL WEATHER SERVICE DES MOINES IA
130 AM CDT THU SEP 4 2014


...................................

...THE MASON CITY IA CLIMATE SUMMARY FOR SEPTEMBER 3 2014...

CLIMATE NORMAL PERIOD 1981 TO 2010
CLIMATE RECORD PERIOD 1893 TO 2014


WEATHER ITEM   OBSERVED TIME   RECORD YEAR NORMAL DEPARTURE LAST
                VALUE   (LST)  VALUE       VALUE  FROM      YEAR
                                                  NORMAL
..................................................................
TEMPERATURE (F)
 YESTERDAY
  MAXIMUM         84    253 PM  96    1925  78      6       77
  MINIMUM         54    516 AM  34    1974  54      0       42
  AVERAGE         69                        66      3       60

PRECIPITATION (IN)
  YESTERDAY        0.00          1.22 1968   0.11  -0.11     0.00
  MONTH TO DATE    0.25                      0.34  -0.09     0.00
  SINCE SEP 1      0.25                      0.34  -0.09     0.00
  SINCE JAN 1     28.90                     26.70   2.20    33.38

SNOWFALL (IN)
  YESTERDAY        0.0          MM      MM   0.0    0.0      0.0
  MONTH TO DATE    0.0                       0.0    0.0      0.0
  SINCE SEP 1      0.0                       0.0    0.0      0.0
  SINCE JUL 1      0.0                       0.0    0.0      0.0
  SNOW DEPTH       0

DEGREE DAYS
 HEATING
  YESTERDAY        0                         2     -2        5
  MONTH TO DATE    0                         6     -6       11
  SINCE SEP 1      0                         6     -6       11
  SINCE JUL 1     21                        42    -21       49

 COOLING
  YESTERDAY        4                         3      1        0
  MONTH TO DATE    9                        10     -1        5
  SINCE SEP 1      9                        10     -1        5
  SINCE JAN 1    520                       566    -46      597
..................................................................


WIND (MPH)
  HIGHEST WIND SPEED    24   HIGHEST WIND DIRECTION     S (170)
  HIGHEST GUST SPEED    33   HIGHEST GUST DIRECTION     S (170)
  AVERAGE WIND SPEED    11.3


SKY COVER
  POSSIBLE SUNSHINE  MM
  AVERAGE SKY COVER 0.2


WEATHER CONDITIONS
 THE FOLLOWING WEATHER WAS RECORDED YESTERDAY.
  NO SIGNIFICANT WEATHER WAS OBSERVED.


RELATIVE HUMIDITY (PERCENT)
 HIGHEST   100          1200 AM
 LOWEST     58          1200 PM
 AVERAGE    79

..........................................................


THE MASON CITY IA CLIMATE NORMALS FOR TODAY
                         NORMAL    RECORD    YEAR
 MAXIMUM TEMPERATURE (F)   78       100      1925
 MINIMUM TEMPERATURE (F)   54        37      1930


SUNRISE AND SUNSET
SEPTEMBER  4 2014.....SUNRISE   641 AM CDT   SUNSET   743 PM CDT
SEPTEMBER  5 2014.....SUNRISE   642 AM CDT   SUNSET   741 PM CDT


-  INDICATES NEGATIVE NUMBERS.
R  INDICATES RECORD WAS SET OR TIED.
MM INDICATES DATA IS MISSING.
T  INDICATES TRACE AMOUNT.

$$
