000
CDUS43 KDMX 090637
CLIMCW

CLIMATE REPORT
NATIONAL WEATHER SERVICE DES MOINES IA
133 AM CDT SAT APR 9 2016


...................................

...THE MASON CITY IA CLIMATE SUMMARY FOR APRIL 8 2016...

CLIMATE NORMAL PERIOD 1981 TO 2010
CLIMATE RECORD PERIOD 1893 TO 2016


WEATHER ITEM   OBSERVED TIME   RECORD YEAR NORMAL DEPARTURE LAST
                VALUE   (LST)  VALUE       VALUE  FROM      YEAR
                                                  NORMAL
..................................................................
TEMPERATURE (F)
 YESTERDAY
  MAXIMUM         39    212 PM  85    1931  55    -16       48
  MINIMUM         19   1159 PM  12    1997  32    -13       39
  AVERAGE         29                        43    -14       44

PRECIPITATION (IN)
  YESTERDAY        T             1.50 1896   0.12  -0.12     0.10
  MONTH TO DATE    0.12                      0.86  -0.74     1.35
  SINCE MAR 1      3.40                      3.09   0.31     2.42
  SINCE JAN 1      4.64                      4.91  -0.27     4.49

SNOWFALL (IN)
  YESTERDAY        T             5.5  1896   0.2   -0.2      0.0
  MONTH TO DATE    T                         1.1   -1.1      0.0
  SINCE MAR 1      9.0                       7.1    1.9      3.6
  SINCE JUL 1     50.9                      39.6   11.3     39.4
  SNOW DEPTH       0

DEGREE DAYS
 HEATING
  YESTERDAY       36                        22     14       21
  MONTH TO DATE  217                       187     30      152
  SINCE MAR 1   1008                      1181   -173     1073
  SINCE JUL 1   6107                      7032   -925     7136

 COOLING
  YESTERDAY        0                         0      0        0
  MONTH TO DATE    0                         0      0        0
  SINCE MAR 1      0                         0      0        0
  SINCE JAN 1      0                         0      0        0
..................................................................


WIND (MPH)
  HIGHEST WIND SPEED    40   HIGHEST WIND DIRECTION    NW (320)
  HIGHEST GUST SPEED    52   HIGHEST GUST DIRECTION    NW (310)
  AVERAGE WIND SPEED    20.7


SKY COVER
  POSSIBLE SUNSHINE  MM
  AVERAGE SKY COVER 0.7


WEATHER CONDITIONS
 THE FOLLOWING WEATHER WAS RECORDED YESTERDAY.
  LIGHT SNOW
  FOG
  HAZE


RELATIVE HUMIDITY (PERCENT)
 HIGHEST    85           500 AM
 LOWEST     38           400 PM
 AVERAGE    62

..........................................................


THE MASON CITY IA CLIMATE NORMALS FOR TODAY
                         NORMAL    RECORD    YEAR
 MAXIMUM TEMPERATURE (F)   55        84      1977
 MINIMUM TEMPERATURE (F)   32        10      1928


SUNRISE AND SUNSET
APRIL  9 2016.........SUNRISE   640 AM CDT   SUNSET   750 PM CDT
APRIL 10 2016.........SUNRISE   639 AM CDT   SUNSET   751 PM CDT


-  INDICATES NEGATIVE NUMBERS.
R  INDICATES RECORD WAS SET OR TIED.
MM INDICATES DATA IS MISSING.
T  INDICATES TRACE AMOUNT.




$$
