000
CDUS43 KDMX 020630
CLIMCW

CLIMATE REPORT
NATIONAL WEATHER SERVICE DES MOINES IA
128 AM CDT SUN APR 2 2017

...................................

...THE MASON CITY IA CLIMATE SUMMARY FOR APRIL 1 2017...

CLIMATE NORMAL PERIOD 1981 TO 2010
CLIMATE RECORD PERIOD 1893 TO 2017


WEATHER ITEM   OBSERVED TIME   RECORD YEAR NORMAL DEPARTURE LAST
                VALUE   (LST)  VALUE       VALUE  FROM      YEAR
                                                  NORMAL
..................................................................
TEMPERATURE (F)
 YESTERDAY
  MAXIMUM         61    257 PM  86    2010  51     10       45
  MINIMUM         30    633 AM   7    1924  29      1       28
  AVERAGE         46                        40      6       37

PRECIPITATION (IN)
  YESTERDAY        0.00          0.71 1927   0.10  -0.10     0.06
  MONTH TO DATE    0.00                      0.10  -0.10     0.06
  SINCE MAR 1      1.91                      2.33  -0.42     3.28
  SINCE JAN 1      5.90                      4.15   1.75     4.57

SNOWFALL (IN)
  YESTERDAY        0.0           6.0  1927   0.2   -0.2      0.0
  MONTH TO DATE    0.0                       0.2   -0.2      0.0
  SINCE MAR 1      8.5                       6.2    2.3      8.2
  SINCE JUL 1     47.9                      38.7    9.2     50.9
  SNOW DEPTH       0

DEGREE DAYS
 HEATING
  YESTERDAY       19                        25     -6       28
  MONTH TO DATE   19                        25     -6       28
  SINCE MAR 1   1037                      1019     18      819
  SINCE JUL 1   5949                      6870   -921     5918

 COOLING
  YESTERDAY        0                         0      0        0
  MONTH TO DATE    0                         0      0        0
  SINCE MAR 1      0                         0      0        0
  SINCE JAN 1      0                         0      0        0
..................................................................


WIND (MPH)
  HIGHEST WIND SPEED     9   HIGHEST WIND DIRECTION     N (340)
  HIGHEST GUST SPEED    12   HIGHEST GUST DIRECTION     N (350)
  AVERAGE WIND SPEED     5.1


SKY COVER
  POSSIBLE SUNSHINE  MM
  AVERAGE SKY COVER 0.1


WEATHER CONDITIONS
 THE FOLLOWING WEATHER WAS RECORDED YESTERDAY.
  FOG


RELATIVE HUMIDITY (PERCENT)
 HIGHEST   100           400 AM
 LOWEST     23           100 PM
 AVERAGE    62

..........................................................


THE MASON CITY IA CLIMATE NORMALS FOR TODAY
                         NORMAL    RECORD    YEAR
 MAXIMUM TEMPERATURE (F)   51        83      1981
 MINIMUM TEMPERATURE (F)   30        11      1899


SUNRISE AND SUNSET
APRIL  2 2017.........SUNRISE   653 AM CDT   SUNSET   741 PM CDT
APRIL  3 2017.........SUNRISE   651 AM CDT   SUNSET   742 PM CDT


-  INDICATES NEGATIVE NUMBERS.
R  INDICATES RECORD WAS SET OR TIED.
MM INDICATES DATA IS MISSING.
T  INDICATES TRACE AMOUNT.




$$
