000
CDUS43 KDMX 270634 RRA
CLIMCW

CLIMATE REPORT
NATIONAL WEATHER SERVICE DES MOINES IA
130 AM CDT SUN AUG 27 2017

...................................

...THE MASON CITY IA CLIMATE SUMMARY FOR AUGUST 26 2017...

CLIMATE NORMAL PERIOD 1981 TO 2010
CLIMATE RECORD PERIOD 1893 TO 2017


WEATHER ITEM   OBSERVED TIME   RECORD YEAR NORMAL DEPARTURE LAST
                VALUE   (LST)  VALUE       VALUE  FROM      YEAR
                                                  NORMAL
..................................................................
TEMPERATURE (F)
 YESTERDAY
  MAXIMUM         73    606 PM  96    1955  80     -7       70
  MINIMUM         58    639 AM  38    1934  57      1       52
  AVERAGE         66                        68     -2       61

PRECIPITATION (IN)
  YESTERDAY        0.03          1.74 2004   0.12  -0.09     0.01
  MONTH TO DATE    2.44                      3.41  -0.97     6.50
  SINCE JUN 1      8.64                     13.25  -4.61    19.90
  SINCE JAN 1     22.79                     25.73  -2.94    31.11

SNOWFALL (IN)
  YESTERDAY        0.0          MM      MM   0.0    0.0      0.0
  MONTH TO DATE    0.0                       0.0    0.0      0.0
  SINCE JUN 1      0.0                       0.0    0.0      0.0
  SINCE JUL 1      0.0                       0.0    0.0      0.0
  SNOW DEPTH       0

DEGREE DAYS
 HEATING
  YESTERDAY        0                         1     -1        4
  MONTH TO DATE   19                        21     -2        8
  SINCE JUN 1     41                        74    -33       26
  SINCE JUL 1     20                        30    -10       18

 COOLING
  YESTERDAY        1                         4     -3        0
  MONTH TO DATE   51                       142    -91      144
  SINCE JUN 1    466                       501    -35      547
  SINCE JAN 1    491                       536    -45      588
..................................................................


WIND (MPH)
  HIGHEST WIND SPEED    18   HIGHEST WIND DIRECTION     S (160)
  HIGHEST GUST SPEED    23   HIGHEST GUST DIRECTION     S (160)
  AVERAGE WIND SPEED    10.2


SKY COVER
  POSSIBLE SUNSHINE  MM
  AVERAGE SKY COVER 0.8


WEATHER CONDITIONS
 THE FOLLOWING WEATHER WAS RECORDED YESTERDAY.
  THUNDERSTORM
  LIGHT RAIN
  FOG


RELATIVE HUMIDITY (PERCENT)
 HIGHEST    93           800 AM
 LOWEST     73           400 PM
 AVERAGE    83

..........................................................


THE MASON CITY IA CLIMATE NORMALS FOR TODAY
                         NORMAL    RECORD    YEAR
 MAXIMUM TEMPERATURE (F)   79        98      1984
 MINIMUM TEMPERATURE (F)   56        39      1896


SUNRISE AND SUNSET
AUGUST 27 2017........SUNRISE   632 AM CDT   SUNSET   756 PM CDT
AUGUST 28 2017........SUNRISE   633 AM CDT   SUNSET   755 PM CDT


-  INDICATES NEGATIVE NUMBERS.
R  INDICATES RECORD WAS SET OR TIED.
MM INDICATES DATA IS MISSING.
T  INDICATES TRACE AMOUNT.

$$

REV
