000
CDUS43 KDMX 270641 RRA
CLIMCW

CLIMATE REPORT
NATIONAL WEATHER SERVICE DES MOINES IA
1238 AM CST SAT JAN 27 2018

...................................

...THE MASON CITY IA CLIMATE SUMMARY FOR JANUARY 26 2018...

CLIMATE NORMAL PERIOD 1981 TO 2010
CLIMATE RECORD PERIOD 1893 TO 2018


WEATHER ITEM   OBSERVED TIME   RECORD YEAR NORMAL DEPARTURE LAST
                VALUE   (LST)  VALUE       VALUE  FROM      YEAR
                                                  NORMAL
..................................................................
TEMPERATURE (F)
 YESTERDAY
  MAXIMUM         46    212 PM  62    2002  25     21       27
  MINIMUM         31    212 AM -26    1930   7     24       20
  AVERAGE         39                        16     23       24

PRECIPITATION (IN)
  YESTERDAY        0.00          0.45 1994   0.03  -0.03     0.00
  MONTH TO DATE    1.31                      0.68   0.63     1.91
  SINCE DEC 1      1.59                      1.92  -0.33     4.07
  SINCE JAN 1      1.31                      0.68   0.63     1.91

SNOWFALL (IN)
  YESTERDAY        0.0           7.0  1996   0.4   -0.4      0.0
  MONTH TO DATE    5.2                       9.0   -3.8     15.6
  SINCE DEC 1      9.4                      18.3   -8.9     30.5
  SINCE JUL 1      9.6                      23.0  -13.4     30.5
  SNOW DEPTH       1

DEGREE DAYS
 HEATING
  YESTERDAY       26                        49    -23       41
  MONTH TO DATE 1307                      1274     33     1169
  SINCE DEC 1   2692                      2683      9     2560
  SINCE JUL 1   4195                      4363   -168     3724

 COOLING
  YESTERDAY        0                         0      0        0
  MONTH TO DATE    0                         0      0        0
  SINCE DEC 1      0                         0      0        0
  SINCE JAN 1      0                         0      0        0
..................................................................


WIND (MPH)
  HIGHEST WIND SPEED    22   HIGHEST WIND DIRECTION    SW (220)
  HIGHEST GUST SPEED    28   HIGHEST GUST DIRECTION    SW (210)
  AVERAGE WIND SPEED    14.4


SKY COVER
  POSSIBLE SUNSHINE  MM
  AVERAGE SKY COVER 0.1


WEATHER CONDITIONS
 THE FOLLOWING WEATHER WAS RECORDED YESTERDAY.
  NO SIGNIFICANT WEATHER WAS OBSERVED.


RELATIVE HUMIDITY (PERCENT)
 HIGHEST    89           900 PM
 LOWEST     64           600 AM
 AVERAGE    77

..........................................................


THE MASON CITY IA CLIMATE NORMALS FOR TODAY
                         NORMAL    RECORD    YEAR
 MAXIMUM TEMPERATURE (F)   25        57      1944
 MINIMUM TEMPERATURE (F)    7       -24      1904


SUNRISE AND SUNSET
JANUARY 27 2018.......SUNRISE   734 AM CST   SUNSET   519 PM CST
JANUARY 28 2018.......SUNRISE   733 AM CST   SUNSET   520 PM CST


-  INDICATES NEGATIVE NUMBERS.
R  INDICATES RECORD WAS SET OR TIED.
MM INDICATES DATA IS MISSING.
T  INDICATES TRACE AMOUNT.




$$
