959
CDUS43 KDMX 100632
CLIMCW

CLIMATE REPORT
NATIONAL WEATHER SERVICE DES MOINES IA
1230 AM CST FRI MAR 10 2017


...................................

...THE MASON CITY IA CLIMATE SUMMARY FOR MARCH 9 2017...

CLIMATE NORMAL PERIOD 1981 TO 2010
CLIMATE RECORD PERIOD 1893 TO 2017


WEATHER ITEM   OBSERVED TIME   RECORD YEAR NORMAL DEPARTURE LAST
                VALUE   (LST)  VALUE       VALUE  FROM      YEAR
                                                  NORMAL
..................................................................
TEMPERATURE (F)
 YESTERDAY
  MAXIMUM         36    128 PM  59    1977  39     -3       47
  MINIMUM         20   1159 PM -17    1984  21     -1       30
  AVERAGE         28                        30     -2       39

PRECIPITATION (IN)
  YESTERDAY        T             0.67 1909   0.06  -0.06      T
  MONTH TO DATE    0.44                      0.49  -0.05     0.16
  SINCE MAR 1      0.44                      0.49  -0.05     0.16
  SINCE JAN 1      4.43                      2.31   2.12     1.45

SNOWFALL (IN)
  YESTERDAY        T             9.0  1943   0.2   -0.2      0.0
  MONTH TO DATE    0.5                       2.1   -1.6      2.2
  SINCE MAR 1      0.5                       2.1   -1.6      2.2
  SINCE JUL 1     39.9                      34.6    5.3     44.9
  SNOW DEPTH       T

DEGREE DAYS
 HEATING
  YESTERDAY       37                        35      2       26
  MONTH TO DATE  281                       333    -52      272
  SINCE MAR 1    281                       333    -52      272
  SINCE JUL 1   5193                      6184   -991     5371

 COOLING
  YESTERDAY        0                         0      0        0
  MONTH TO DATE    0                         0      0        0
  SINCE MAR 1      0                         0      0        0
  SINCE JAN 1      0                         0      0        0
..................................................................


WIND (MPH)
  HIGHEST WIND SPEED    26   HIGHEST WIND DIRECTION     N (340)
  HIGHEST GUST SPEED    32   HIGHEST GUST DIRECTION     N (350)
  AVERAGE WIND SPEED    13.2


SKY COVER
  POSSIBLE SUNSHINE  MM
  AVERAGE SKY COVER 0.7


WEATHER CONDITIONS
 THE FOLLOWING WEATHER WAS RECORDED YESTERDAY.
  LIGHT SNOW
  FOG


RELATIVE HUMIDITY (PERCENT)
 HIGHEST    92           400 AM
 LOWEST     46           700 PM
 AVERAGE    69

..........................................................


THE MASON CITY IA CLIMATE NORMALS FOR TODAY
                         NORMAL    RECORD    YEAR
 MAXIMUM TEMPERATURE (F)   39        67      1967
 MINIMUM TEMPERATURE (F)   22       -12      1948


SUNRISE AND SUNSET
MARCH 10 2017.........SUNRISE   634 AM CST   SUNSET   614 PM CST
MARCH 11 2017.........SUNRISE   632 AM CST   SUNSET   615 PM CST


-  INDICATES NEGATIVE NUMBERS.
R  INDICATES RECORD WAS SET OR TIED.
MM INDICATES DATA IS MISSING.
T  INDICATES TRACE AMOUNT.




$$
