000
CDUS43 KDMX 160726
CLIMCW

CLIMATE REPORT
NATIONAL WEATHER SERVICE DES MOINES IA
219 AM CDT SAT MAY 16 2015

...................................

...THE MASON CITY IA CLIMATE SUMMARY FOR MAY 15 2015...

CLIMATE NORMAL PERIOD 1981 TO 2010
CLIMATE RECORD PERIOD 1893 TO 2015

WEATHER ITEM   OBSERVED TIME   RECORD YEAR NORMAL DEPARTURE LAST
                VALUE   (LST)  VALUE       VALUE  FROM      YEAR
                                                  NORMAL
..................................................................
TEMPERATURE (F)
 YESTERDAY
  MAXIMUM         70    336 PM  91    2001  70      0       49
                                      1894
  MINIMUM         54    534 AM  28    1983  46      8       38
  AVERAGE         62                        58      4       44

PRECIPITATION (IN)
  YESTERDAY        T             1.42 1909   0.15  -0.15     0.08
  MONTH TO DATE    2.12                      2.19  -0.07     2.04
  SINCE MAR 1      7.72                      8.17  -0.45    10.73
  SINCE JAN 1      9.79                      9.99  -0.20    13.75

SNOWFALL (IN)
  YESTERDAY        0.0          MM      MM   0.0    0.0      0.0
  MONTH TO DATE    0.0                       0.1   -0.1      0.0
  SINCE MAR 1      4.2                       8.8   -4.6     11.9
  SINCE JUL 1     40.0                      41.3   -1.3     58.0
  SNOW DEPTH       0

DEGREE DAYS
 HEATING
  YESTERDAY        3                         8     -5       21
  MONTH TO DATE  106                       147    -41      186
  SINCE MAR 1   1521                      1696   -175     2004
  SINCE JUL 1   7584                      7547     37     8550

 COOLING
  YESTERDAY        0                         1     -1        0
  MONTH TO DATE   11                         7      4        4
  SINCE MAR 1     11                        12     -1        4
  SINCE JAN 1     11                        12     -1        4
..................................................................

WIND (MPH)
  HIGHEST WIND SPEED    13   HIGHEST WIND DIRECTION    NW (320)
  HIGHEST GUST SPEED    15   HIGHEST GUST DIRECTION    NW (330)
  AVERAGE WIND SPEED     6.0

SKY COVER
  POSSIBLE SUNSHINE  MM
  AVERAGE SKY COVER 0.7

WEATHER CONDITIONS
 THE FOLLOWING WEATHER WAS RECORDED YESTERDAY.
  LIGHT RAIN
  FOG

RELATIVE HUMIDITY (PERCENT)
 HIGHEST   100           100 AM
 LOWEST     66           400 PM
 AVERAGE    83
..........................................................

THE MASON CITY IA CLIMATE NORMALS FOR TODAY
                         NORMAL    RECORD    YEAR
 MAXIMUM TEMPERATURE (F)   70        91      1936
 MINIMUM TEMPERATURE (F)   47        26      1921

SUNRISE AND SUNSET
MAY 16 2015...........SUNRISE   549 AM CDT   SUNSET   831 PM CDT
MAY 17 2015...........SUNRISE   548 AM CDT   SUNSET   832 PM CDT

-  INDICATES NEGATIVE NUMBERS.
R  INDICATES RECORD WAS SET OR TIED.
MM INDICATES DATA IS MISSING.
T  INDICATES TRACE AMOUNT.

$$

FAB
