000
CDUS43 KDMX 180714
CLIMCW

CLIMATE REPORT
NATIONAL WEATHER SERVICE DES MOINES IA
154 AM CDT SAT JUL 18 2015


...................................

...THE MASON CITY IA CLIMATE SUMMARY FOR JULY 17 2015...

CLIMATE NORMAL PERIOD 1981 TO 2010
CLIMATE RECORD PERIOD 1893 TO 2015


WEATHER ITEM   OBSERVED TIME   RECORD YEAR NORMAL DEPARTURE LAST
                VALUE   (LST)  VALUE       VALUE  FROM      YEAR
                                                  NORMAL
..................................................................
TEMPERATURE (F)
 YESTERDAY
  MAXIMUM         92    332 PM 104    1936  83      9       78
  MINIMUM         68    507 AM  42    1911  61      7       49
  AVERAGE         80                        72      8       64

PRECIPITATION (IN)
  YESTERDAY        0.09          1.77 1993   0.15  -0.06     0.00
  MONTH TO DATE    1.22                      2.59  -1.37     0.40
  SINCE JUN 1      6.26                      7.73  -1.47     9.05
  SINCE JAN 1     17.26                     20.21  -2.95    23.09

SNOWFALL (IN)
  YESTERDAY        0.0          MM      MM   0.0    0.0      0.0
  MONTH TO DATE    0.0                       0.0    0.0      0.0
  SINCE JUN 1      0.0                       0.0    0.0      0.0
  SINCE JUL 1      0.0                       0.0    0.0      0.0
  SNOW DEPTH       0

DEGREE DAYS
 HEATING
  YESTERDAY        0                         0      0        1
  MONTH TO DATE   21                         0     21       21
  SINCE JUN 1     33                        44    -11       34
  SINCE JUL 1     21                         0     21       21

 COOLING
  YESTERDAY       15                         7      8        0
  MONTH TO DATE  108                       121    -13       51
  SINCE JUN 1    244                       259    -15      187
  SINCE JAN 1    274                       294    -20      240
..................................................................


WIND (MPH)
  HIGHEST WIND SPEED    13   HIGHEST WIND DIRECTION     S (180)
  HIGHEST GUST SPEED    15   HIGHEST GUST DIRECTION     S (180)
  AVERAGE WIND SPEED     7.2


SKY COVER
  POSSIBLE SUNSHINE  MM
  AVERAGE SKY COVER 0.2


WEATHER CONDITIONS
 THE FOLLOWING WEATHER WAS RECORDED YESTERDAY.
  THUNDERSTORM
  HEAVY RAIN
  LIGHT RAIN
  FOG
  FOG W/VISIBILITY <= 1/4 MILE


RELATIVE HUMIDITY (PERCENT)
 HIGHEST   100          1200 AM
 LOWEST     44           300 PM
 AVERAGE    72

..........................................................


THE MASON CITY IA CLIMATE NORMALS FOR TODAY
                         NORMAL    RECORD    YEAR
 MAXIMUM TEMPERATURE (F)   83       100      1940
 MINIMUM TEMPERATURE (F)   61        43      1914


SUNRISE AND SUNSET
JULY 18 2015..........SUNRISE   550 AM CDT   SUNSET   849 PM CDT
JULY 19 2015..........SUNRISE   551 AM CDT   SUNSET   848 PM CDT


-  INDICATES NEGATIVE NUMBERS.
R  INDICATES RECORD WAS SET OR TIED.
MM INDICATES DATA IS MISSING.
T  INDICATES TRACE AMOUNT.




$$
