219
CDUS43 KDMX 110642 RRB
CLIMCW

CLIMATE REPORT
NATIONAL WEATHER SERVICE DES MOINES IA
141 AM CDT THU AUG 11 2016


...................................

...THE MASON CITY IA CLIMATE SUMMARY FOR AUGUST 10 2016...

CLIMATE NORMAL PERIOD 1981 TO 2010
CLIMATE RECORD PERIOD 1893 TO 2016


WEATHER ITEM   OBSERVED TIME   RECORD YEAR NORMAL DEPARTURE LAST
                VALUE   (LST)  VALUE       VALUE  FROM      YEAR
                                                  NORMAL
..................................................................
TEMPERATURE (F)
 YESTERDAY
  MAXIMUM         89    238 PM  98    1947  81      8       82
  MINIMUM         64    525 AM  45    1967  59      5       61
  AVERAGE         77                        70      7       72

PRECIPITATION (IN)
  YESTERDAY        0.00          3.33 1980   0.13  -0.13     0.00
                                      2000
  MONTH TO DATE    0.98                      1.36  -0.38     0.25
  SINCE JUN 1     14.38                     11.20   3.18    11.92
  SINCE JAN 1     25.60                     23.68   1.92    22.92

SNOWFALL (IN)
  YESTERDAY        0.0          MM      MM   0.0    0.0      0.0
  MONTH TO DATE    0.0                       0.0    0.0      0.0
  SINCE JUN 1      0.0                       0.0    0.0      0.0
  SINCE JUL 1      0.0                       0.0    0.0      0.0
  SNOW DEPTH       0

DEGREE DAYS
 HEATING
  YESTERDAY        0                         1     -1        0
  MONTH TO DATE    0                         5     -5        0
  SINCE JUN 1     18                        58    -40       33
  SINCE JUL 1     10                        14     -4       21

 COOLING
  YESTERDAY       12                         6      6        7
  MONTH TO DATE   71                        60     11       57
  SINCE JUN 1    474                       419     55      410
  SINCE JAN 1    515                       454     61      440
..................................................................


WIND (MPH)
  HIGHEST WIND SPEED    20   HIGHEST WIND DIRECTION     S (170)
  HIGHEST GUST SPEED    26   HIGHEST GUST DIRECTION     S (180)
  AVERAGE WIND SPEED     8.7


SKY COVER
  POSSIBLE SUNSHINE  MM
  AVERAGE SKY COVER 0.4


WEATHER CONDITIONS
 THE FOLLOWING WEATHER WAS RECORDED YESTERDAY.
  FOG
  FOG W/VISIBILITY <= 1/4 MILE


RELATIVE HUMIDITY (PERCENT)
 HIGHEST   100          1200 AM
 LOWEST     68          1200 PM
 AVERAGE    84

..........................................................


THE MASON CITY IA CLIMATE NORMALS FOR TODAY
                         NORMAL    RECORD    YEAR
 MAXIMUM TEMPERATURE (F)   81        96      1947
 MINIMUM TEMPERATURE (F)   59        42      2012


SUNRISE AND SUNSET
AUGUST 11 2016........SUNRISE   615 AM CDT   SUNSET   821 PM CDT
AUGUST 12 2016........SUNRISE   616 AM CDT   SUNSET   819 PM CDT


-  INDICATES NEGATIVE NUMBERS.
R  INDICATES RECORD WAS SET OR TIED.
MM INDICATES DATA IS MISSING.
T  INDICATES TRACE AMOUNT.




$$
