000
CDUS43 KDMX 060632 RRC
CLIMCW

CLIMATE REPORT
NATIONAL WEATHER SERVICE DES MOINES IA
131 AM CDT SAT SEP 6 2014


...................................

...THE MASON CITY IA CLIMATE SUMMARY FOR SEPTEMBER 5 2014...

CLIMATE NORMAL PERIOD 1981 TO 2010
CLIMATE RECORD PERIOD 1893 TO 2014


WEATHER ITEM   OBSERVED TIME   RECORD YEAR NORMAL DEPARTURE LAST
                VALUE   (LST)  VALUE       VALUE  FROM      YEAR
                                                  NORMAL
..................................................................
TEMPERATURE (F)
 YESTERDAY
  MAXIMUM         70   1209 AM 100    1913  77     -7       88
  MINIMUM         48   1159 PM  36    1935  53     -5       61
  AVERAGE         59                        65     -6       75

PRECIPITATION (IN)
  YESTERDAY        0.14          3.32 1985   0.12   0.02     0.00
  MONTH TO DATE    0.39                      0.57  -0.18     0.00
  SINCE SEP 1      0.39                      0.57  -0.18     0.00
  SINCE JAN 1     29.04                     26.93   2.11    33.38

SNOWFALL (IN)
  YESTERDAY       MM            MM      MM   0.0   MM        0.0
  MONTH TO DATE    0.0                       0.0    0.0      0.0
  SINCE SEP 1      0.0                       0.0    0.0      0.0
  SINCE JUL 1      0.0                       0.0    0.0      0.0
  SNOW DEPTH       0

DEGREE DAYS
 HEATING
  YESTERDAY        6                         3      3        0
  MONTH TO DATE    6                        12     -6       11
  SINCE SEP 1      6                        12     -6       11
  SINCE JUL 1     27                        48    -21       49

 COOLING
  YESTERDAY        0                         3     -3       10
  MONTH TO DATE   23                        16      7       21
  SINCE SEP 1     23                        16      7       21
  SINCE JAN 1    534                       572    -38      613
..................................................................


WIND (MPH)
  HIGHEST WIND SPEED    22   HIGHEST WIND DIRECTION    NW (310)
  HIGHEST GUST SPEED    27   HIGHEST GUST DIRECTION    NW (310)
  AVERAGE WIND SPEED    11.2


SKY COVER
  POSSIBLE SUNSHINE  MM
  AVERAGE SKY COVER 0.5


WEATHER CONDITIONS
 THE FOLLOWING WEATHER WAS RECORDED YESTERDAY.
  THUNDERSTORM
  RAIN
  LIGHT RAIN


RELATIVE HUMIDITY (PERCENT)
 HIGHEST    93           800 AM
 LOWEST     72          1100 AM
 AVERAGE    83

..........................................................


THE MASON CITY IA CLIMATE NORMALS FOR TODAY
                         NORMAL    RECORD    YEAR
 MAXIMUM TEMPERATURE (F)   77       103      1922
 MINIMUM TEMPERATURE (F)   53        37      2011


SUNRISE AND SUNSET
SEPTEMBER  6 2014.....SUNRISE   643 AM CDT   SUNSET   739 PM CDT
SEPTEMBER  7 2014.....SUNRISE   644 AM CDT   SUNSET   738 PM CDT


-  INDICATES NEGATIVE NUMBERS.
R  INDICATES RECORD WAS SET OR TIED.
MM INDICATES DATA IS MISSING.
T  INDICATES TRACE AMOUNT.

$$
