375
CDUS43 KDMX 160632
CLIMCW

CLIMATE REPORT
NATIONAL WEATHER SERVICE DES MOINES IA
130 AM CDT MON OCT 16 2017

...................................

...THE MASON CITY IA CLIMATE SUMMARY FOR OCTOBER 15 2017...

CLIMATE NORMAL PERIOD 1981 TO 2010
CLIMATE RECORD PERIOD 1893 TO 2017


WEATHER ITEM   OBSERVED TIME   RECORD YEAR NORMAL DEPARTURE LAST
                VALUE   (LST)  VALUE       VALUE  FROM      YEAR
                                                  NORMAL
..................................................................
TEMPERATURE (F)
 YESTERDAY
  MAXIMUM         55    234 PM  86    1963  61     -6       71
  MINIMUM         38   1159 PM  16    1937  37      1       53
  AVERAGE         47                        49     -2       62

PRECIPITATION (IN)
  YESTERDAY        T             1.20 1969   0.08  -0.08     0.00
  MONTH TO DATE    4.14                      1.31   2.83     0.59
  SINCE SEP 1      6.51                      4.58   1.93    11.62
  SINCE JAN 1     29.43                     30.94  -1.51    42.88

SNOWFALL (IN)
  YESTERDAY        0.0           0.0  2002   0.1   MM        0.0
  MONTH TO DATE    0.0                       0.1   -0.1      0.0
  SINCE SEP 1      0.0                       0.1   -0.1      0.0
  SINCE JUL 1      0.0                       0.1   -0.1      0.0
  SNOW DEPTH       0

DEGREE DAYS
 HEATING
  YESTERDAY       18                        16      2        3
  MONTH TO DATE  145                       209    -64      168
  SINCE SEP 1    233                       386   -153      239
  SINCE JUL 1    256                       422   -166      257

 COOLING
  YESTERDAY        0                         0      0        0
  MONTH TO DATE    3                         2      1        1
  SINCE SEP 1    104                        56     48       86
  SINCE JAN 1    603                       612     -9      694
..................................................................


WIND (MPH)
  HIGHEST WIND SPEED    35   HIGHEST WIND DIRECTION    NW (330)
  HIGHEST GUST SPEED    40   HIGHEST GUST DIRECTION    NW (330)
  AVERAGE WIND SPEED    14.9


SKY COVER
  POSSIBLE SUNSHINE  MM
  AVERAGE SKY COVER 0.6


WEATHER CONDITIONS
 THE FOLLOWING WEATHER WAS RECORDED YESTERDAY.
  FOG


RELATIVE HUMIDITY (PERCENT)
 HIGHEST    93          1200 AM
 LOWEST     41           400 PM
 AVERAGE    67

..........................................................


THE MASON CITY IA CLIMATE NORMALS FOR TODAY
                         NORMAL    RECORD    YEAR
 MAXIMUM TEMPERATURE (F)   60        85      1938
 MINIMUM TEMPERATURE (F)   37        22      1943


SUNRISE AND SUNSET
OCTOBER 16 2017.......SUNRISE   729 AM CDT   SUNSET   628 PM CDT
OCTOBER 17 2017.......SUNRISE   730 AM CDT   SUNSET   627 PM CDT


-  INDICATES NEGATIVE NUMBERS.
R  INDICATES RECORD WAS SET OR TIED.
MM INDICATES DATA IS MISSING.
T  INDICATES TRACE AMOUNT.

$$

ANSORGE
