000
CDUS43 KDMX 310655
CLIMCW

CLIMATE REPORT
NATIONAL WEATHER SERVICE DES MOINES IA
1255 AM CST SAT JAN 31 2015

...................................

...THE MASON CITY IA CLIMATE SUMMARY FOR JANUARY 30 2015...

CLIMATE NORMAL PERIOD 1981 TO 2010
CLIMATE RECORD PERIOD 1893 TO 2015


WEATHER ITEM   OBSERVED TIME   RECORD YEAR NORMAL DEPARTURE LAST
                VALUE   (LST)  VALUE       VALUE  FROM      YEAR
                                                  NORMAL
..................................................................
TEMPERATURE (F)
 YESTERDAY
  MAXIMUM         29    419 PM  49    1964  26      3       31
  MINIMUM          8    720 AM -26    1951   8      0        0
  AVERAGE         19                        16      3       16

PRECIPITATION (IN)
  YESTERDAY        0.00          0.29 1937   0.03  -0.03     0.12
  MONTH TO DATE    0.72                      0.79  -0.07     0.83
  SINCE DEC 1      1.82                      2.03  -0.21     2.00
  SINCE JAN 1      0.72                      0.79  -0.07     0.83

SNOWFALL (IN)
  YESTERDAY        0.0           6.0  1947   0.3   -0.3      1.5
  MONTH TO DATE    8.2                      10.4   -2.2      9.2
  SINCE DEC 1     13.9                      19.7   -5.8     24.1
  SINCE JUL 1     21.9                      24.4   -2.5     25.6
  SNOW DEPTH       T

DEGREE DAYS
 HEATING
  YESTERDAY       46                        48     -2       49
  MONTH TO DATE 1377                      1469    -92     1666
  SINCE DEC 1   2603                      2878   -275     3246
  SINCE JUL 1   4502                      4558    -56     4910

 COOLING
  YESTERDAY        0                         0      0        0
  MONTH TO DATE    0                         0      0        0
  SINCE DEC 1      0                         0      0        0
  SINCE JAN 1      0                         0      0        0
..................................................................


WIND (MPH)
  HIGHEST WIND SPEED    17   HIGHEST WIND DIRECTION    NW (330)
  HIGHEST GUST SPEED    22   HIGHEST GUST DIRECTION    NW (330)
  AVERAGE WIND SPEED     8.1


SKY COVER
  POSSIBLE SUNSHINE  MM
  AVERAGE SKY COVER 0.0


WEATHER CONDITIONS
 THE FOLLOWING WEATHER WAS RECORDED YESTERDAY.
  NO SIGNIFICANT WEATHER WAS OBSERVED.


RELATIVE HUMIDITY (PERCENT)
 HIGHEST    92           400 AM
 LOWEST     57           100 PM
 AVERAGE    75

..........................................................


THE MASON CITY IA CLIMATE NORMALS FOR TODAY
                         NORMAL    RECORD    YEAR
 MAXIMUM TEMPERATURE (F)   26        51      1989
 MINIMUM TEMPERATURE (F)    8       -34      1899


SUNRISE AND SUNSET
JANUARY 31 2015.......SUNRISE   730 AM CST   SUNSET   524 PM CST
FEBRUARY  1 2015......SUNRISE   729 AM CST   SUNSET   525 PM CST


-  INDICATES NEGATIVE NUMBERS.
R  INDICATES RECORD WAS SET OR TIED.
MM INDICATES DATA IS MISSING.
T  INDICATES TRACE AMOUNT.

$$

SMALL
