000
CDUS43 KDMX 190634 RRA
CLIMCW

CLIMATE REPORT
NATIONAL WEATHER SERVICE DES MOINES IA
1233 AM CST MON FEB 19 2018


...................................

...THE MASON CITY IA CLIMATE SUMMARY FOR FEBRUARY 18 2018...

CLIMATE NORMAL PERIOD 1981 TO 2010
CLIMATE RECORD PERIOD 1893 TO 2018


WEATHER ITEM   OBSERVED TIME   RECORD YEAR NORMAL DEPARTURE LAST
                VALUE   (LST)  VALUE       VALUE  FROM      YEAR
                                                  NORMAL
..................................................................
TEMPERATURE (F)
 YESTERDAY
  MAXIMUM         43    329 PM  64    1981  30     13       59
  MINIMUM         12    103 AM -20    2006  13     -1       30
                                      1936
  AVERAGE         28                        22      6       45

PRECIPITATION (IN)
  YESTERDAY        0.00          1.35 1971   0.04  -0.04     0.00
  MONTH TO DATE    0.45                      0.59  -0.14     0.06
  SINCE DEC 1      2.04                      2.65  -0.61     4.13
  SINCE JAN 1      1.76                      1.41   0.35     1.97

SNOWFALL (IN)
  YESTERDAY        0.0           9.0  1961   0.2   -0.2      0.0
  MONTH TO DATE    6.6                       5.3    1.3       T
  SINCE DEC 1     16.2                      25.4   -9.2     30.6
  SINCE JUL 1     16.4                      30.1  -13.7     30.6
  SNOW DEPTH      MM

DEGREE DAYS
 HEATING
  YESTERDAY       37                        43     -6       20
  MONTH TO DATE  947                       828    119      671
  SINCE DEC 1   3855                      3759     96     3440
  SINCE JUL 1   5358                      5439    -81     4604

 COOLING
  YESTERDAY        0                         0      0        0
  MONTH TO DATE    0                         0      0        0
  SINCE DEC 1      0                         0      0        0
  SINCE JAN 1      0                         0      0        0
..................................................................


WIND (MPH)
  HIGHEST WIND SPEED    32   HIGHEST WIND DIRECTION     S (160)
  HIGHEST GUST SPEED    40   HIGHEST GUST DIRECTION     S (170)
  AVERAGE WIND SPEED    13.3


SKY COVER
  POSSIBLE SUNSHINE  MM
  AVERAGE SKY COVER 0.2


WEATHER CONDITIONS
 THE FOLLOWING WEATHER WAS RECORDED YESTERDAY.
  FOG


RELATIVE HUMIDITY (PERCENT)
 HIGHEST    92           100 AM
 LOWEST     62           300 PM
 AVERAGE    77

..........................................................


THE MASON CITY IA CLIMATE NORMALS FOR TODAY
                         NORMAL    RECORD    YEAR
 MAXIMUM TEMPERATURE (F)   31        61      1930
 MINIMUM TEMPERATURE (F)   14       -21      1936


SUNRISE AND SUNSET
FEBRUARY 19 2018......SUNRISE   705 AM CST   SUNSET   550 PM CST
FEBRUARY 20 2018......SUNRISE   704 AM CST   SUNSET   551 PM CST


-  INDICATES NEGATIVE NUMBERS.
R  INDICATES RECORD WAS SET OR TIED.
MM INDICATES DATA IS MISSING.
T  INDICATES TRACE AMOUNT.




$$
