000
CDUS43 KDMX 300641
CLIMCW

CLIMATE REPORT
NATIONAL WEATHER SERVICE DES MOINES IA
141 AM CDT WED JUL 30 2014

...................................

...THE MASON CITY IA CLIMATE SUMMARY FOR JULY 29 2014...

CLIMATE NORMAL PERIOD 1981 TO 2010
CLIMATE RECORD PERIOD 1893 TO 2014


WEATHER ITEM   OBSERVED TIME   RECORD YEAR NORMAL DEPARTURE LAST
                VALUE   (LST)  VALUE       VALUE  FROM      YEAR
                                                  NORMAL
..................................................................
TEMPERATURE (F)
 YESTERDAY
  MAXIMUM         78    213 PM  99    1916  82     -4       75
  MINIMUM         52    310 AM  45    1952  60     -8       47
  AVERAGE         65                        71     -6       61

PRECIPITATION (IN)
  YESTERDAY        0.00          1.73 1946   0.15  -0.15     0.00
  MONTH TO DATE    0.90                      4.42  -3.52     3.24
  SINCE JUN 1      9.54                      9.56  -0.02     9.68
  SINCE JAN 1     23.58                     22.04   1.54    31.12

SNOWFALL (IN)
  YESTERDAY        0.0          MM      MM   0.0    0.0      0.0
  MONTH TO DATE    0.0                       0.0    0.0      0.0
  SINCE JUN 1      0.0                       0.0    0.0      0.0
  SINCE JUL 1      0.0                       0.0    0.0      0.0
  SNOW DEPTH       0

DEGREE DAYS
 HEATING
  YESTERDAY        0                         0      0        4
  MONTH TO DATE   21                         0     21       20
  SINCE JUN 1     34                        44    -10       73
  SINCE JUL 1     21                         0     21       20

 COOLING
  YESTERDAY        0                         7     -7        0
  MONTH TO DATE  117                       205    -88      218
  SINCE JUN 1    253                       343    -90      364
  SINCE JAN 1    306                       378    -72      401
..................................................................


WIND (MPH)
  HIGHEST WIND SPEED    15   HIGHEST WIND DIRECTION    NW (300)
  HIGHEST GUST SPEED    20   HIGHEST GUST DIRECTION    NW (310)
  AVERAGE WIND SPEED     7.8


SKY COVER
  POSSIBLE SUNSHINE  MM
  AVERAGE SKY COVER 0.1


WEATHER CONDITIONS
 THE FOLLOWING WEATHER WAS RECORDED YESTERDAY.
  NO SIGNIFICANT WEATHER WAS OBSERVED.


RELATIVE HUMIDITY (PERCENT)
 HIGHEST   100           200 AM
 LOWEST     43           400 PM
 AVERAGE    72

..........................................................


THE MASON CITY IA CLIMATE NORMALS FOR TODAY
                         NORMAL    RECORD    YEAR
 MAXIMUM TEMPERATURE (F)   82       102      1955
 MINIMUM TEMPERATURE (F)   60        38      1899


SUNRISE AND SUNSET
JULY 30 2014..........SUNRISE   602 AM CDT   SUNSET   837 PM CDT
JULY 31 2014..........SUNRISE   603 AM CDT   SUNSET   836 PM CDT


-  INDICATES NEGATIVE NUMBERS.
R  INDICATES RECORD WAS SET OR TIED.
MM INDICATES DATA IS MISSING.
T  INDICATES TRACE AMOUNT.

$$

SMALL
