000
CDUS43 KDMX 310629 RRA
CLIMCW

CLIMATE REPORT
NATIONAL WEATHER SERVICE DES MOINES IA
127 AM CDT FRI JUL 31 2015

...................................

...THE MASON CITY IA CLIMATE SUMMARY FOR JULY 30 2015...

CLIMATE NORMAL PERIOD 1981 TO 2010
CLIMATE RECORD PERIOD 1893 TO 2015


WEATHER ITEM   OBSERVED TIME   RECORD YEAR NORMAL DEPARTURE LAST
                VALUE   (LST)  VALUE       VALUE  FROM      YEAR
                                                  NORMAL
..................................................................
TEMPERATURE (F)
 YESTERDAY
  MAXIMUM         86    314 PM 102    1955  82      4       80
  MINIMUM         62    534 AM  38    1899  60      2       52
  AVERAGE         74                        71      3       66

PRECIPITATION (IN)
  YESTERDAY        0.00          3.40 1979   0.14  -0.14     0.00
  MONTH TO DATE    6.63                      4.56   2.07     0.90
  SINCE JUN 1     11.67                      9.70   1.97     9.55
  SINCE JAN 1     22.67                     22.18   0.49    23.59

SNOWFALL (IN)
  YESTERDAY        0.0          MM      MM   0.0    0.0      0.0
  MONTH TO DATE    0.0                       0.0    0.0      0.0
  SINCE JUN 1      0.0                       0.0    0.0      0.0
  SINCE JUL 1      0.0                       0.0    0.0      0.0
  SNOW DEPTH       0

DEGREE DAYS
 HEATING
  YESTERDAY        0                         0      0        0
  MONTH TO DATE   21                         0     21       21
  SINCE JUN 1     33                        44    -11       34
  SINCE JUL 1     21                         0     21       21

 COOLING
  YESTERDAY        9                         6      3        1
  MONTH TO DATE  210                       211     -1      118
  SINCE JUN 1    346                       349     -3      254
  SINCE JAN 1    376                       384     -8      307
..................................................................


WIND (MPH)
  HIGHEST WIND SPEED    16   HIGHEST WIND DIRECTION     W (280)
  HIGHEST GUST SPEED    20   HIGHEST GUST DIRECTION     W (290)
  AVERAGE WIND SPEED     8.7


SKY COVER
  POSSIBLE SUNSHINE  MM
  AVERAGE SKY COVER 0.0


WEATHER CONDITIONS
 THE FOLLOWING WEATHER WAS RECORDED YESTERDAY.
  NO SIGNIFICANT WEATHER WAS OBSERVED.


RELATIVE HUMIDITY (PERCENT)
 HIGHEST    90           200 AM
 LOWEST     40           400 PM
 AVERAGE    65

..........................................................


THE MASON CITY IA CLIMATE NORMALS FOR TODAY
                         NORMAL    RECORD    YEAR
 MAXIMUM TEMPERATURE (F)   82       103      1988
 MINIMUM TEMPERATURE (F)   60        33      1898


SUNRISE AND SUNSET
JULY 31 2015..........SUNRISE   602 AM CDT   SUNSET   836 PM CDT
AUGUST  1 2015........SUNRISE   604 AM CDT   SUNSET   835 PM CDT


-  INDICATES NEGATIVE NUMBERS.
R  INDICATES RECORD WAS SET OR TIED.
MM INDICATES DATA IS MISSING.
T  INDICATES TRACE AMOUNT.

$$

REV
