000
CDUS43 KDMX 190711
CLIMCW

CLIMATE REPORT
NATIONAL WEATHER SERVICE DES MOINES IA
205 AM CDT SUN OCT 19 2014

...................................

...THE MASON CITY IA CLIMATE SUMMARY FOR OCTOBER 18 2014...

CLIMATE NORMAL PERIOD 1981 TO 2010
CLIMATE RECORD PERIOD 1893 TO 2014

WEATHER ITEM   OBSERVED TIME   RECORD YEAR NORMAL DEPARTURE LAST
                VALUE   (LST)  VALUE       VALUE  FROM      YEAR
                                                  NORMAL
..................................................................
TEMPERATURE (F)
 YESTERDAY
  MAXIMUM         56    323 PM  85    1920  59     -3       52
  MINIMUM         33   1125 PM  16    1896  36     -3       36
  AVERAGE         45                        48     -3       44

PRECIPITATION (IN)
  YESTERDAY        0.00          0.60 2007   0.08  -0.08      T
  MONTH TO DATE    1.79                      1.54   0.25     1.82
  SINCE SEP 1      4.38                      4.81  -0.43     2.97
  SINCE JAN 1     33.03                     31.17   1.86    36.35

SNOWFALL (IN)
  YESTERDAY        0.0           0.4  1972   0.0    0.0      0.0
  MONTH TO DATE    0.0                       0.1   -0.1      0.0
  SINCE SEP 1      0.0                       0.1   -0.1      0.0
  SINCE JUL 1      0.0                       0.1   -0.1      0.0
  SNOW DEPTH       0

DEGREE DAYS
 HEATING
  YESTERDAY       20                        17      3       21
  MONTH TO DATE  300                       260     40      190
  SINCE SEP 1    474                       437     37      310
  SINCE JUL 1    495                       473     22      348

 COOLING
  YESTERDAY        0                         0      0        0
  MONTH TO DATE    0                         2     -2        6
  SINCE SEP 1     33                        56    -23      126
  SINCE JAN 1    544                       612    -68      718
..................................................................

WIND (MPH)
  HIGHEST WIND SPEED    16   HIGHEST WIND DIRECTION     N (360)
  HIGHEST GUST SPEED    20   HIGHEST GUST DIRECTION     N (10)
  AVERAGE WIND SPEED     7.8

SKY COVER
  POSSIBLE SUNSHINE  MM
  AVERAGE SKY COVER 0.3

WEATHER CONDITIONS
 THE FOLLOWING WEATHER WAS RECORDED YESTERDAY.
  NO SIGNIFICANT WEATHER WAS OBSERVED.

RELATIVE HUMIDITY (PERCENT)
 HIGHEST   100           300 AM
 LOWEST     55           200 PM
 AVERAGE    78
..........................................................

THE MASON CITY IA CLIMATE NORMALS FOR TODAY
                         NORMAL    RECORD    YEAR
 MAXIMUM TEMPERATURE (F)   59        84      2003
 MINIMUM TEMPERATURE (F)   36        12      1972

SUNRISE AND SUNSET
OCTOBER 19 2014.......SUNRISE   732 AM CDT   SUNSET   624 PM CDT
OCTOBER 20 2014.......SUNRISE   733 AM CDT   SUNSET   622 PM CDT

-  INDICATES NEGATIVE NUMBERS.
R  INDICATES RECORD WAS SET OR TIED.
MM INDICATES DATA IS MISSING.
T  INDICATES TRACE AMOUNT.

$$

FAB
