870
CDUS43 KDMX 300644 RRA
CLIMCW

CLIMATE REPORT
NATIONAL WEATHER SERVICE DES MOINES IA
1244 AM CST THU NOV 30 2017

...................................

...THE MASON CITY IA CLIMATE SUMMARY FOR NOVEMBER 29 2017...

CLIMATE NORMAL PERIOD 1981 TO 2010
CLIMATE RECORD PERIOD 1893 TO 2017


WEATHER ITEM   OBSERVED TIME   RECORD YEAR NORMAL DEPARTURE LAST
                VALUE   (LST)  VALUE       VALUE  FROM      YEAR
                                                  NORMAL
..................................................................
TEMPERATURE (F)
 YESTERDAY
  MAXIMUM         46    244 PM  67    1998  35     11       38
  MINIMUM         14    747 AM  -8    1929  17     -3       34
  AVERAGE         30                        26      4       36

PRECIPITATION (IN)
  YESTERDAY        0.00          0.73 1996   0.05  -0.05     0.00
  MONTH TO DATE    0.28                      1.83  -1.55     1.10
  SINCE SEP 1      7.54                      7.55  -0.01    14.29
  SINCE JAN 1     30.46                     33.91  -3.45    45.55

SNOWFALL (IN)
  YESTERDAY        0.0           6.5  1919   0.2   -0.2      0.0
  MONTH TO DATE    T                         4.0   -4.0       T
  SINCE SEP 1      0.2                       4.4   -4.2       T
  SINCE JUL 1      0.2                       4.4   -4.2       T
  SNOW DEPTH       0

DEGREE DAYS
 HEATING
  YESTERDAY       35                        39     -4       29
  MONTH TO DATE  912                       902     10      642
  SINCE SEP 1   1452                      1604   -152     1115
  SINCE JUL 1   1475                      1640   -165     1133

 COOLING
  YESTERDAY        0                         0      0        0
  MONTH TO DATE    0                         0      0        0
  SINCE SEP 1    104                        60     44       89
  SINCE JAN 1    603                       616    -13      697
..................................................................


WIND (MPH)
  HIGHEST WIND SPEED    21   HIGHEST WIND DIRECTION     S (170)
  HIGHEST GUST SPEED    27   HIGHEST GUST DIRECTION    SW (240)
  AVERAGE WIND SPEED     9.6


SKY COVER
  POSSIBLE SUNSHINE  MM
  AVERAGE SKY COVER 0.0


WEATHER CONDITIONS
 THE FOLLOWING WEATHER WAS RECORDED YESTERDAY.
  NO SIGNIFICANT WEATHER WAS OBSERVED.


RELATIVE HUMIDITY (PERCENT)
 HIGHEST    80           600 AM
 LOWEST     33           200 PM
 AVERAGE    57

..........................................................


THE MASON CITY IA CLIMATE NORMALS FOR TODAY
                         NORMAL    RECORD    YEAR
 MAXIMUM TEMPERATURE (F)   34        64      1932
 MINIMUM TEMPERATURE (F)   17        -9      1976


SUNRISE AND SUNSET
NOVEMBER 30 2017......SUNRISE   724 AM CST   SUNSET   439 PM CST
DECEMBER  1 2017......SUNRISE   726 AM CST   SUNSET   439 PM CST


-  INDICATES NEGATIVE NUMBERS.
R  INDICATES RECORD WAS SET OR TIED.
MM INDICATES DATA IS MISSING.
T  INDICATES TRACE AMOUNT.

$$

SMALL
