000
CDUS43 KDMX 050653
CLIMCW

CLIMATE REPORT
NATIONAL WEATHER SERVICE DES MOINES IA
1245 AM CST FRI DEC 5 2014


...................................

...THE MASON CITY IA CLIMATE SUMMARY FOR DECEMBER 4 2014...

CLIMATE NORMAL PERIOD 1981 TO 2010
CLIMATE RECORD PERIOD 1893 TO 2014


WEATHER ITEM   OBSERVED TIME   RECORD YEAR NORMAL DEPARTURE LAST
                VALUE   (LST)  VALUE       VALUE  FROM      YEAR
                                                  NORMAL
..................................................................
TEMPERATURE (F)
 YESTERDAY
  MAXIMUM         33    251 PM  58    2001  32      1       37
  MINIMUM         16    635 AM  -9    1991  15      1       16
  AVERAGE         25                        23      2       27

PRECIPITATION (IN)
  YESTERDAY        0.00          0.77 1947   0.04  -0.04     0.03
  MONTH TO DATE    0.00                      0.19  -0.19     0.10
  SINCE DEC 1      0.00                      0.19  -0.19     0.10
  SINCE JAN 1     34.11                     34.15  -0.04    37.93

SNOWFALL (IN)
  YESTERDAY        0.0          15.0  1927   0.3   -0.3       T
  MONTH TO DATE    0.0                       1.1   -1.1       T
  SINCE DEC 1      0.0                       1.1   -1.1       T
  SINCE JUL 1      8.0                       5.8    2.2      1.5
  SNOW DEPTH       T

DEGREE DAYS
 HEATING
  YESTERDAY       40                        42     -2       38
  MONTH TO DATE  188                       164     24      139
  SINCE DEC 1    188                       164     24      139
  SINCE JUL 1   2087                      1844    243     1803

 COOLING
  YESTERDAY        0                         0      0        0
  MONTH TO DATE    0                         0      0        0
  SINCE DEC 1      0                         0      0        0
  SINCE JAN 1    544                       616    -72      718
..................................................................


WIND (MPH)
  HIGHEST WIND SPEED    23   HIGHEST WIND DIRECTION    SE (150)
  HIGHEST GUST SPEED    29   HIGHEST GUST DIRECTION    SE (150)
  AVERAGE WIND SPEED    11.3


SKY COVER
  POSSIBLE SUNSHINE  MM
  AVERAGE SKY COVER 0.5


WEATHER CONDITIONS
 THE FOLLOWING WEATHER WAS RECORDED YESTERDAY.
  NO SIGNIFICANT WEATHER WAS OBSERVED.


RELATIVE HUMIDITY (PERCENT)
 HIGHEST    80          1200 AM
 LOWEST     43           200 PM
 AVERAGE    62

..........................................................


THE MASON CITY IA CLIMATE NORMALS FOR TODAY
                         NORMAL    RECORD    YEAR
 MAXIMUM TEMPERATURE (F)   31        62      2001
 MINIMUM TEMPERATURE (F)   14        -7      2005


SUNRISE AND SUNSET
DECEMBER  5 2014......SUNRISE   729 AM CST   SUNSET   438 PM CST
DECEMBER  6 2014......SUNRISE   730 AM CST   SUNSET   438 PM CST


-  INDICATES NEGATIVE NUMBERS.
R  INDICATES RECORD WAS SET OR TIED.
MM INDICATES DATA IS MISSING.
T  INDICATES TRACE AMOUNT.




$$
