000
CDUS43 KDMX 250746
CLIMCW

CLIMATE REPORT
NATIONAL WEATHER SERVICE DES MOINES IA
217 AM CDT WED JUN 25 2014

...................................

...THE MASON CITY IA CLIMATE SUMMARY FOR JUNE 24 2014...

CLIMATE NORMAL PERIOD 1981 TO 2010
CLIMATE RECORD PERIOD 1893 TO 2014

WEATHER ITEM   OBSERVED TIME   RECORD YEAR NORMAL DEPARTURE LAST
                VALUE   (LST)  VALUE       VALUE  FROM      YEAR
                                                  NORMAL
..................................................................
TEMPERATURE (F)
 YESTERDAY
  MAXIMUM         83    308 PM  97    1988  82      1       75
  MINIMUM         59    446 AM  40    1972  59      0       66
  AVERAGE         71                        71      0       71

PRECIPITATION (IN)
  YESTERDAY        0.00          3.43 1949   0.16  -0.16     0.53
  MONTH TO DATE    6.75                      4.15   2.60     6.26
  SINCE JUN 1      6.75                      4.15   2.60     6.26
  SINCE JAN 1     20.79                     16.63   4.16    27.70

SNOWFALL (IN)
  YESTERDAY        0.0          MM      MM   0.0    0.0      0.0
  MONTH TO DATE    0.0                       0.0    0.0      0.0
  SINCE JUN 1      0.0                       0.0    0.0      0.0
  SINCE JUL 1     58.0                      41.2   16.8     56.3
  SNOW DEPTH       0

DEGREE DAYS
 HEATING
  YESTERDAY        0                         1     -1        0
  MONTH TO DATE   13                        43    -30       53
  SINCE JUN 1     13                        43    -30       53
  SINCE JUL 1   8623                      7678    945     7837

 COOLING
  YESTERDAY        6                         6      0        6
  MONTH TO DATE   97                        99     -2      102
  SINCE JUN 1     97                        99     -2      102
  SINCE JAN 1    150                       134     16      139
..................................................................

WIND (MPH)
  HIGHEST WIND SPEED    21   HIGHEST WIND DIRECTION    NW (300)
  HIGHEST GUST SPEED    28   HIGHEST GUST DIRECTION    NW (310)
  AVERAGE WIND SPEED     7.4

SKY COVER
  POSSIBLE SUNSHINE  MM
  AVERAGE SKY COVER 0.1

WEATHER CONDITIONS
 THE FOLLOWING WEATHER WAS RECORDED YESTERDAY.
  NO SIGNIFICANT WEATHER WAS OBSERVED.

RELATIVE HUMIDITY (PERCENT)
 HIGHEST    97           100 AM
 LOWEST     46           300 PM
 AVERAGE    72
..........................................................

THE MASON CITY IA CLIMATE NORMALS FOR TODAY
                         NORMAL    RECORD    YEAR
 MAXIMUM TEMPERATURE (F)   82        99      1934
 MINIMUM TEMPERATURE (F)   59        43      2004
                                             1958

SUNRISE AND SUNSET
JUNE 25 2014..........SUNRISE   535 AM CDT   SUNSET   857 PM CDT
JUNE 26 2014..........SUNRISE   535 AM CDT   SUNSET   857 PM CDT

-  INDICATES NEGATIVE NUMBERS.
R  INDICATES RECORD WAS SET OR TIED.
MM INDICATES DATA IS MISSING.
T  INDICATES TRACE AMOUNT.

$$

FAB
