307
CDUS43 KDMX 230633 RRA
CLIMCW

CLIMATE REPORT
NATIONAL WEATHER SERVICE DES MOINES IA
1230 AM CST SAT JAN 23 2016


...................................

...THE MASON CITY IA CLIMATE SUMMARY FOR JANUARY 22 2016...

CLIMATE NORMAL PERIOD 1981 TO 2010
CLIMATE RECORD PERIOD 1893 TO 2016


WEATHER ITEM   OBSERVED TIME   RECORD YEAR NORMAL DEPARTURE LAST
                VALUE   (LST)  VALUE       VALUE  FROM      YEAR
                                                  NORMAL
..................................................................
TEMPERATURE (F)
 YESTERDAY
  MAXIMUM         22    157 AM  51    2002  25     -3       28
  MINIMUM          9    609 AM -31    1930   7      2       23
  AVERAGE         16                        16      0       26

PRECIPITATION (IN)
  YESTERDAY        0.01          1.12 1982   0.03  -0.02      T
  MONTH TO DATE    0.31                      0.57  -0.26     0.70
  SINCE DEC 1      3.94                      1.81   2.13     1.80
  SINCE JAN 1      0.31                      0.57  -0.26     0.70

SNOWFALL (IN)
  YESTERDAY        0.5          12.0  1982   0.4    0.1       T
  MONTH TO DATE    3.0                       7.5   -4.5      8.1
  SINCE DEC 1     17.0                      16.8    0.2     13.8
  SINCE JUL 1     27.0                      21.5    5.5     21.8
  SNOW DEPTH       8

DEGREE DAYS
 HEATING
  YESTERDAY       49                        49      0       39
  MONTH TO DATE 1156                      1078     78     1091
  SINCE DEC 1   2221                      2487   -266     2317
  SINCE JUL 1   3576                      4167   -591     4216

 COOLING
  YESTERDAY        0                         0      0        0
  MONTH TO DATE    0                         0      0        0
  SINCE DEC 1      0                         0      0        0
  SINCE JAN 1      0                         0      0        0
..................................................................


WIND (MPH)
  HIGHEST WIND SPEED    15   HIGHEST WIND DIRECTION     N (20)
  HIGHEST GUST SPEED    17   HIGHEST GUST DIRECTION     N (20)
  AVERAGE WIND SPEED     8.2


SKY COVER
  POSSIBLE SUNSHINE  MM
  AVERAGE SKY COVER 0.9


WEATHER CONDITIONS
 THE FOLLOWING WEATHER WAS RECORDED YESTERDAY.
  LIGHT SNOW
  FOG
  HAZE


RELATIVE HUMIDITY (PERCENT)
 HIGHEST    92           100 AM
 LOWEST     73           400 PM
 AVERAGE    83

..........................................................


THE MASON CITY IA CLIMATE NORMALS FOR TODAY
                         NORMAL    RECORD    YEAR
 MAXIMUM TEMPERATURE (F)   25        53      1981
 MINIMUM TEMPERATURE (F)    7       -29      1935


SUNRISE AND SUNSET
JANUARY 23 2016.......SUNRISE   737 AM CST   SUNSET   513 PM CST
JANUARY 24 2016.......SUNRISE   737 AM CST   SUNSET   514 PM CST


-  INDICATES NEGATIVE NUMBERS.
R  INDICATES RECORD WAS SET OR TIED.
MM INDICATES DATA IS MISSING.
T  INDICATES TRACE AMOUNT.




$$
