000
CDUS43 KDMX 030633 RRA
CLIMCW

CLIMATE REPORT
NATIONAL WEATHER SERVICE DES MOINES IA
131 AM CDT TUE OCT 3 2017

...................................

...THE MASON CITY IA CLIMATE SUMMARY FOR OCTOBER 2 2017...

CLIMATE NORMAL PERIOD 1981 TO 2010
CLIMATE RECORD PERIOD 1893 TO 2017


WEATHER ITEM   OBSERVED TIME   RECORD YEAR NORMAL DEPARTURE LAST
                VALUE   (LST)  VALUE       VALUE  FROM      YEAR
                                                  NORMAL
..................................................................
TEMPERATURE (F)
 YESTERDAY
  MAXIMUM         80    412 PM  92    1997  66     14       76
  MINIMUM         56    327 AM  16    2003  41     15       44
  AVERAGE         68                        54     14       60

PRECIPITATION (IN)
  YESTERDAY        0.32          1.46 2007   0.11   0.21     0.00
  MONTH TO DATE    0.53                      0.21   0.32     0.00
  SINCE SEP 1      2.90                      3.48  -0.58    11.03
  SINCE JAN 1     25.82                     29.84  -4.02    42.29

SNOWFALL (IN)
  YESTERDAY        0.0           0.0  2002   0.0    0.0      0.0
  MONTH TO DATE    0.0                       0.0    0.0      0.0
  SINCE SEP 1      0.0                       0.0    0.0      0.0
  SINCE JUL 1      0.0                       0.0    0.0      0.0
  SNOW DEPTH       0

DEGREE DAYS
 HEATING
  YESTERDAY        0                        12    -12        5
  MONTH TO DATE    6                        23    -17       11
  SINCE SEP 1     94                       200   -106       82
  SINCE JUL 1    117                       236   -119      100

 COOLING
  YESTERDAY        3                         1      2        0
  MONTH TO DATE    3                         2      1        0
  SINCE SEP 1    104                        56     48       85
  SINCE JAN 1    603                       612     -9      693
..................................................................


WIND (MPH)
  HIGHEST WIND SPEED    25   HIGHEST WIND DIRECTION     S (180)
  HIGHEST GUST SPEED    34   HIGHEST GUST DIRECTION     S (180)
  AVERAGE WIND SPEED    13.9


SKY COVER
  POSSIBLE SUNSHINE  MM
  AVERAGE SKY COVER 0.7


WEATHER CONDITIONS
 THE FOLLOWING WEATHER WAS RECORDED YESTERDAY.
  LIGHT RAIN


RELATIVE HUMIDITY (PERCENT)
 HIGHEST    93           700 AM
 LOWEST     51          1200 AM
 AVERAGE    72

..........................................................


THE MASON CITY IA CLIMATE NORMALS FOR TODAY
                         NORMAL    RECORD    YEAR
 MAXIMUM TEMPERATURE (F)   66        95      1997
 MINIMUM TEMPERATURE (F)   41        25      1996


SUNRISE AND SUNSET
OCTOBER  3 2017.......SUNRISE   713 AM CDT   SUNSET   650 PM CDT
OCTOBER  4 2017.......SUNRISE   714 AM CDT   SUNSET   649 PM CDT


-  INDICATES NEGATIVE NUMBERS.
R  INDICATES RECORD WAS SET OR TIED.
MM INDICATES DATA IS MISSING.
T  INDICATES TRACE AMOUNT.




$$
