000
CDUS43 KDMX 130634 RRB
CLIMCW

CLIMATE REPORT
NATIONAL WEATHER SERVICE DES MOINES IA
128 AM CDT WED MAY 13 2015


...................................

...THE MASON CITY IA CLIMATE SUMMARY FOR MAY 12 2015...

CLIMATE NORMAL PERIOD 1981 TO 2010
CLIMATE RECORD PERIOD 1893 TO 2015


WEATHER ITEM   OBSERVED TIME   RECORD YEAR NORMAL DEPARTURE LAST
                VALUE   (LST)  VALUE       VALUE  FROM      YEAR
                                                  NORMAL
..................................................................
TEMPERATURE (F)
 YESTERDAY
  MAXIMUM         61    422 PM  90    1907  69     -8       72
  MINIMUM         40    541 AM  26    1895  45     -5       46
  AVERAGE         51                        57     -6       59

PRECIPITATION (IN)
  YESTERDAY        T             1.84 1999   0.15  -0.15     0.57
  MONTH TO DATE    0.96                      1.73  -0.77     1.96
  SINCE MAR 1      6.56                      7.71  -1.15    10.65
  SINCE JAN 1      8.63                      9.53  -0.90    13.67

SNOWFALL (IN)
  YESTERDAY        0.0          MM      MM   0.0    0.0      0.0
  MONTH TO DATE    0.0                       0.1   -0.1      0.0
  SINCE MAR 1      4.2                       8.8   -4.6     11.9
  SINCE JUL 1     40.0                      41.3   -1.3     58.0
  SNOW DEPTH       0

DEGREE DAYS
 HEATING
  YESTERDAY       14                         9      5        6
  MONTH TO DATE   84                       123    -39      129
  SINCE MAR 1   1499                      1672   -173     1947
  SINCE JUL 1   7562                      7523     39     8493

 COOLING
  YESTERDAY        0                         1     -1        0
  MONTH TO DATE   11                         4      7        4
  SINCE MAR 1     11                         9      2        4
  SINCE JAN 1     11                         9      2        4
..................................................................


WIND (MPH)
  HIGHEST WIND SPEED    32   HIGHEST WIND DIRECTION    NW (320)
  HIGHEST GUST SPEED    39   HIGHEST GUST DIRECTION    NW (300)
  AVERAGE WIND SPEED    16.8


SKY COVER
  POSSIBLE SUNSHINE  MM
  AVERAGE SKY COVER 0.5


WEATHER CONDITIONS
 THE FOLLOWING WEATHER WAS RECORDED YESTERDAY.
  LIGHT RAIN


RELATIVE HUMIDITY (PERCENT)
 HIGHEST    82          1200 AM
 LOWEST     36           500 PM
 AVERAGE    59

..........................................................


THE MASON CITY IA CLIMATE NORMALS FOR TODAY
                         NORMAL    RECORD    YEAR
 MAXIMUM TEMPERATURE (F)   69        91      1940
 MINIMUM TEMPERATURE (F)   46        25      1997


SUNRISE AND SUNSET
MAY 13 2015...........SUNRISE   552 AM CDT   SUNSET   828 PM CDT
MAY 14 2015...........SUNRISE   551 AM CDT   SUNSET   829 PM CDT


-  INDICATES NEGATIVE NUMBERS.
R  INDICATES RECORD WAS SET OR TIED.
MM INDICATES DATA IS MISSING.
T  INDICATES TRACE AMOUNT.




$$
