000
CDUS43 KDMX 300639 RRA
CLIMCW

CLIMATE REPORT
NATIONAL WEATHER SERVICE DES MOINES IA
1236 AM CST MON JAN 30 2017

...................................

...THE MASON CITY IA CLIMATE SUMMARY FOR JANUARY 29 2017...

CLIMATE NORMAL PERIOD 1981 TO 2010
CLIMATE RECORD PERIOD 1893 TO 2017


WEATHER ITEM   OBSERVED TIME   RECORD YEAR NORMAL DEPARTURE LAST
                VALUE   (LST)  VALUE       VALUE  FROM      YEAR
                                                  NORMAL
..................................................................
TEMPERATURE (F)
 YESTERDAY
  MAXIMUM         30    153 PM  50    1931  25      5       33
  MINIMUM          6   1147 PM -28    1966   7     -1       17
  AVERAGE         18                        16      2       25

PRECIPITATION (IN)
  YESTERDAY        0.00          0.62 1909   0.03  -0.03     0.00
  MONTH TO DATE    1.33                      0.76   0.57     0.53
  SINCE DEC 1      3.49                      2.00   1.49     4.16
  SINCE JAN 1      1.33                      0.76   0.57     0.53

SNOWFALL (IN)
  YESTERDAY        0.0           7.0  1936   0.4   -0.4      0.0
  MONTH TO DATE   15.6                      10.1    5.5      4.7
  SINCE DEC 1     30.5                      19.4   11.1     18.7
  SINCE JUL 1     30.5                      24.1    6.4     28.7
  SNOW DEPTH      14

DEGREE DAYS
 HEATING
  YESTERDAY       47                        49     -2       40
  MONTH TO DATE 1306                      1421   -115     1440
  SINCE DEC 1   2697                      2830   -133     2505
  SINCE JUL 1   3861                      4510   -649     3860

 COOLING
  YESTERDAY        0                         0      0        0
  MONTH TO DATE    0                         0      0        0
  SINCE DEC 1      0                         0      0        0
  SINCE JAN 1      0                         0      0        0
..................................................................


WIND (MPH)
  HIGHEST WIND SPEED    31   HIGHEST WIND DIRECTION    NW (320)
  HIGHEST GUST SPEED    36   HIGHEST GUST DIRECTION    NW (320)
  AVERAGE WIND SPEED    14.0


SKY COVER
  POSSIBLE SUNSHINE  MM
  AVERAGE SKY COVER 0.6


WEATHER CONDITIONS
 THE FOLLOWING WEATHER WAS RECORDED YESTERDAY.
  FOG
  HAZE


RELATIVE HUMIDITY (PERCENT)
 HIGHEST    92           900 PM
 LOWEST     63           200 PM
 AVERAGE    78

..........................................................


THE MASON CITY IA CLIMATE NORMALS FOR TODAY
                         NORMAL    RECORD    YEAR
 MAXIMUM TEMPERATURE (F)   26        49      1964
 MINIMUM TEMPERATURE (F)    8       -26      1951


SUNRISE AND SUNSET
JANUARY 30 2017.......SUNRISE   730 AM CST   SUNSET   523 PM CST
JANUARY 31 2017.......SUNRISE   729 AM CST   SUNSET   525 PM CST


-  INDICATES NEGATIVE NUMBERS.
R  INDICATES RECORD WAS SET OR TIED.
MM INDICATES DATA IS MISSING.
T  INDICATES TRACE AMOUNT.

$$

REV
