000
CDUS43 KDMX 190650
CLIMCW

CLIMATE REPORT
NATIONAL WEATHER SERVICE DES MOINES IA
144 AM CDT FRI JUN 19 2015

...................................

...THE MASON CITY IA CLIMATE SUMMARY FOR JUNE 18 2015...

CLIMATE NORMAL PERIOD 1981 TO 2010
CLIMATE RECORD PERIOD 1893 TO 2015


WEATHER ITEM   OBSERVED TIME   RECORD YEAR NORMAL DEPARTURE LAST
                VALUE   (LST)  VALUE       VALUE  FROM      YEAR
                                                  NORMAL
..................................................................
TEMPERATURE (F)
 YESTERDAY
  MAXIMUM         78    457 PM  97    1953  81     -3       82
  MINIMUM         56    338 AM  44    1936  58     -2       65
  AVERAGE         67                        69     -2       74

PRECIPITATION (IN)
  YESTERDAY        0.00          5.36 1954   0.18  -0.18     0.22
  MONTH TO DATE    2.82                      3.14  -0.32     5.02
  SINCE JUN 1      2.82                      3.14  -0.32     5.02
  SINCE JAN 1     13.82                     15.62  -1.80    19.06

SNOWFALL (IN)
  YESTERDAY        0.0          MM      MM   0.0    0.0      0.0
  MONTH TO DATE    0.0                       0.0    0.0      0.0
  SINCE JUN 1      0.0                       0.0    0.0      0.0
  SINCE JUL 1     40.0                      41.2   -1.2     58.0
  SNOW DEPTH       0

DEGREE DAYS
 HEATING
  YESTERDAY        0                         1     -1        0
  MONTH TO DATE   12                        37    -25       13
  SINCE JUN 1     12                        37    -25       13
  SINCE JUL 1   7696                      7672     24     8624

 COOLING
  YESTERDAY        2                         5     -3        9
  MONTH TO DATE   74                        65      9       57
  SINCE JUN 1     74                        65      9       57
  SINCE JAN 1    104                       100      4      110
..................................................................


WIND (MPH)
  HIGHEST WIND SPEED    15   HIGHEST WIND DIRECTION     N (10)
  HIGHEST GUST SPEED    19   HIGHEST GUST DIRECTION     N (20)
  AVERAGE WIND SPEED     8.3


SKY COVER
  POSSIBLE SUNSHINE  MM
  AVERAGE SKY COVER 0.1


WEATHER CONDITIONS
 THE FOLLOWING WEATHER WAS RECORDED YESTERDAY.
  NO SIGNIFICANT WEATHER WAS OBSERVED.


RELATIVE HUMIDITY (PERCENT)
 HIGHEST    93           300 AM
 LOWEST     45           500 PM
 AVERAGE    69

..........................................................


THE MASON CITY IA CLIMATE NORMALS FOR TODAY
                         NORMAL    RECORD    YEAR
 MAXIMUM TEMPERATURE (F)   81        97      1956
                                             1953
 MINIMUM TEMPERATURE (F)   58        40      1926


SUNRISE AND SUNSET
JUNE 19 2015..........SUNRISE   533 AM CDT   SUNSET   856 PM CDT
JUNE 20 2015..........SUNRISE   533 AM CDT   SUNSET   856 PM CDT


-  INDICATES NEGATIVE NUMBERS.
R  INDICATES RECORD WAS SET OR TIED.
MM INDICATES DATA IS MISSING.
T  INDICATES TRACE AMOUNT.

$$

REV
