000
CDUS43 KDMX 080632 RRB
CLIMCW

CLIMATE REPORT
NATIONAL WEATHER SERVICE DES MOINES IA
129 AM CDT THU JUN 8 2017


...................................

...THE MASON CITY IA CLIMATE SUMMARY FOR JUNE 7 2017...

CLIMATE NORMAL PERIOD 1981 TO 2010
CLIMATE RECORD PERIOD 1893 TO 2017


WEATHER ITEM   OBSERVED TIME   RECORD YEAR NORMAL DEPARTURE LAST
                VALUE   (LST)  VALUE       VALUE  FROM      YEAR
                                                  NORMAL
..................................................................
TEMPERATURE (F)
 YESTERDAY
  MAXIMUM         85    337 PM  99    2011  77      8       72
  MINIMUM         50    331 AM  33    1935  54     -4       51
  AVERAGE         68                        66      2       62

PRECIPITATION (IN)
  YESTERDAY        0.00          3.94 1984   0.17  -0.17     0.00
  MONTH TO DATE    0.02                      1.21  -1.19     0.63
  SINCE JUN 1      0.02                      1.21  -1.19     0.63
  SINCE JAN 1     14.17                     13.69   0.48    11.84

SNOWFALL (IN)
  YESTERDAY        0.0          MM      MM   0.0    0.0      0.0
  MONTH TO DATE    0.0                       0.0    0.0      0.0
  SINCE JUN 1      0.0                       0.0    0.0      0.0
  SINCE JUL 1     47.9                      41.2    6.7     50.9
  SNOW DEPTH       0

DEGREE DAYS
 HEATING
  YESTERDAY        0                         2     -2        3
  MONTH TO DATE    2                        21    -19        8
  SINCE JUN 1      2                        21    -19        8
  SINCE JUL 1   6673                      7656   -983     6633

 COOLING
  YESTERDAY        3                         3      0        0
  MONTH TO DATE   38                        19     19       12
  SINCE JUN 1     38                        19     19       12
  SINCE JAN 1     63                        54      9       53
..................................................................


WIND (MPH)
  HIGHEST WIND SPEED    16   HIGHEST WIND DIRECTION     S (180)
  HIGHEST GUST SPEED    21   HIGHEST GUST DIRECTION    SW (230)
  AVERAGE WIND SPEED     7.2


SKY COVER
  POSSIBLE SUNSHINE  MM
  AVERAGE SKY COVER 0.0


WEATHER CONDITIONS
 THE FOLLOWING WEATHER WAS RECORDED YESTERDAY.
  NO SIGNIFICANT WEATHER WAS OBSERVED.


RELATIVE HUMIDITY (PERCENT)
 HIGHEST    77           500 AM
 LOWEST     22           200 PM
 AVERAGE    50

..........................................................


THE MASON CITY IA CLIMATE NORMALS FOR TODAY
                         NORMAL    RECORD    YEAR
 MAXIMUM TEMPERATURE (F)   78       103      1985
 MINIMUM TEMPERATURE (F)   55        37      1931


SUNRISE AND SUNSET
JUNE  8 2017..........SUNRISE   534 AM CDT   SUNSET   851 PM CDT
JUNE  9 2017..........SUNRISE   534 AM CDT   SUNSET   852 PM CDT


-  INDICATES NEGATIVE NUMBERS.
R  INDICATES RECORD WAS SET OR TIED.
MM INDICATES DATA IS MISSING.
T  INDICATES TRACE AMOUNT.




$$
