000
CDUS43 KDMX 140725
CLIMCW

CLIMATE REPORT
NATIONAL WEATHER SERVICE DES MOINES IA
205 AM CDT FRI APR 14 2017

...................................

...THE MASON CITY IA CLIMATE SUMMARY FOR APRIL 13 2017...

CLIMATE NORMAL PERIOD 1981 TO 2010
CLIMATE RECORD PERIOD 1893 TO 2017

WEATHER ITEM   OBSERVED TIME   RECORD YEAR NORMAL DEPARTURE LAST
                VALUE   (LST)  VALUE       VALUE  FROM      YEAR
                                                  NORMAL
..................................................................
TEMPERATURE (F)
 YESTERDAY
  MAXIMUM         58    316 PM  86    2006  57      1       71
  MINIMUM         45    744 AM  18    1950  34     11       42
  AVERAGE         52                        46      6       57

PRECIPITATION (IN)
  YESTERDAY        0.03          1.10 1912   0.13  -0.10     0.00
  MONTH TO DATE    1.49                      1.47   0.02     0.12
  SINCE MAR 1      3.40                      3.70  -0.30     3.34
  SINCE JAN 1      7.39                      5.52   1.87     4.63

SNOWFALL (IN)
  YESTERDAY        0.0           1.5  1928   0.1   -0.1      0.0
  MONTH TO DATE    0.0                       1.6   -1.6       T
  SINCE MAR 1      8.5                       7.6    0.9      8.2
  SINCE JUL 1     47.9                      40.1    7.8     50.9
  SNOW DEPTH       0

DEGREE DAYS
 HEATING
  YESTERDAY       13                        20     -7        8
  MONTH TO DATE  213                       289    -76      336
  SINCE MAR 1   1231                      1283    -52     1127
  SINCE JUL 1   6143                      7134   -991     6226

 COOLING
  YESTERDAY        0                         0      0        0
  MONTH TO DATE    0                         0      0        0
  SINCE MAR 1      0                         0      0        0
  SINCE JAN 1      0                         0      0        0
..................................................................

WIND (MPH)
  HIGHEST WIND SPEED    18   HIGHEST WIND DIRECTION     E (100)
  HIGHEST GUST SPEED    23   HIGHEST GUST DIRECTION     E (90)
  AVERAGE WIND SPEED    12.5

SKY COVER
  POSSIBLE SUNSHINE  MM
  AVERAGE SKY COVER 0.9

WEATHER CONDITIONS
 THE FOLLOWING WEATHER WAS RECORDED YESTERDAY.
  LIGHT RAIN
  FOG

RELATIVE HUMIDITY (PERCENT)
 HIGHEST    93          1200 AM
 LOWEST     72           400 PM
 AVERAGE    83
..........................................................

THE MASON CITY IA CLIMATE NORMALS FOR TODAY
                         NORMAL    RECORD    YEAR
 MAXIMUM TEMPERATURE (F)   58        89      2003
 MINIMUM TEMPERATURE (F)   34        17      1928

SUNRISE AND SUNSET
APRIL 14 2017.........SUNRISE   632 AM CDT   SUNSET   755 PM CDT
APRIL 15 2017.........SUNRISE   631 AM CDT   SUNSET   756 PM CDT

-  INDICATES NEGATIVE NUMBERS.
R  INDICATES RECORD WAS SET OR TIED.
MM INDICATES DATA IS MISSING.
T  INDICATES TRACE AMOUNT.

$$

FAB
