000
CDUS43 KDMX 080636
CLIMCW

CLIMATE REPORT
NATIONAL WEATHER SERVICE DES MOINES IA
132 AM CDT SAT APR 8 2017

...................................

...THE MASON CITY IA CLIMATE SUMMARY FOR APRIL 7 2017...

CLIMATE NORMAL PERIOD 1981 TO 2010
CLIMATE RECORD PERIOD 1893 TO 2017


WEATHER ITEM   OBSERVED TIME   RECORD YEAR NORMAL DEPARTURE LAST
                VALUE   (LST)  VALUE       VALUE  FROM      YEAR
                                                  NORMAL
..................................................................
TEMPERATURE (F)
 YESTERDAY
  MAXIMUM         59    433 PM  80    1991  54      5       45
  MINIMUM         24    546 AM  10    1936  32     -8       34
  AVERAGE         42                        43     -1       40

PRECIPITATION (IN)
  YESTERDAY        0.00          1.80 1919   0.11  -0.11      T
  MONTH TO DATE    0.82                      0.74   0.08     0.12
  SINCE MAR 1      2.73                      2.97  -0.24     3.34
  SINCE JAN 1      6.72                      4.79   1.93     4.63

SNOWFALL (IN)
  YESTERDAY        0.0          11.2  2003   0.1   -0.1      0.0
  MONTH TO DATE    0.0                       0.9   -0.9      0.0
  SINCE MAR 1      8.5                       6.9    1.6      8.2
  SINCE JUL 1     47.9                      39.4    8.5     50.9
  SNOW DEPTH       0

DEGREE DAYS
 HEATING
  YESTERDAY       23                        22      1       25
  MONTH TO DATE  136                       165    -29      181
  SINCE MAR 1   1154                      1159     -5      972
  SINCE JUL 1   6066                      7010   -944     6071

 COOLING
  YESTERDAY        0                         0      0        0
  MONTH TO DATE    0                         0      0        0
  SINCE MAR 1      0                         0      0        0
  SINCE JAN 1      0                         0      0        0
..................................................................


WIND (MPH)
  HIGHEST WIND SPEED    18   HIGHEST WIND DIRECTION     S (170)
  HIGHEST GUST SPEED    23   HIGHEST GUST DIRECTION     S (200)
  AVERAGE WIND SPEED     8.7


SKY COVER
  POSSIBLE SUNSHINE  MM
  AVERAGE SKY COVER 0.0


WEATHER CONDITIONS
 THE FOLLOWING WEATHER WAS RECORDED YESTERDAY.
  HAZE


RELATIVE HUMIDITY (PERCENT)
 HIGHEST    88           600 AM
 LOWEST     23           200 PM
 AVERAGE    56

..........................................................


THE MASON CITY IA CLIMATE NORMALS FOR TODAY
                         NORMAL    RECORD    YEAR
 MAXIMUM TEMPERATURE (F)   55        85      1931
 MINIMUM TEMPERATURE (F)   32        12      1997


SUNRISE AND SUNSET
APRIL  8 2017.........SUNRISE   643 AM CDT   SUNSET   748 PM CDT
APRIL  9 2017.........SUNRISE   641 AM CDT   SUNSET   749 PM CDT


-  INDICATES NEGATIVE NUMBERS.
R  INDICATES RECORD WAS SET OR TIED.
MM INDICATES DATA IS MISSING.
T  INDICATES TRACE AMOUNT.

$$

REV
