859
CDUS43 KDMX 140629 RRA
CLIMCW

CLIMATE REPORT
NATIONAL WEATHER SERVICE DES MOINES IA
129 AM CDT SAT MAY 14 2016


...................................

...THE MASON CITY IA CLIMATE SUMMARY FOR MAY 13 2016...

CLIMATE NORMAL PERIOD 1981 TO 2010
CLIMATE RECORD PERIOD 1893 TO 2016


WEATHER ITEM   OBSERVED TIME   RECORD YEAR NORMAL DEPARTURE LAST
                VALUE   (LST)  VALUE       VALUE  FROM      YEAR
                                                  NORMAL
..................................................................
TEMPERATURE (F)
 YESTERDAY
  MAXIMUM         54    851 AM  91    1940  69    -15       70
  MINIMUM         37    437 AM  25    1997  46     -9       43
  AVERAGE         46                        58    -12       57

PRECIPITATION (IN)
  YESTERDAY        0.23          1.71 2004   0.16   0.07     0.00
  MONTH TO DATE    1.17                      1.89  -0.72     0.96
  SINCE MAR 1      6.20                      7.87  -1.67     6.56
  SINCE JAN 1      7.44                      9.69  -2.25     8.63

SNOWFALL (IN)
  YESTERDAY        0.0          MM      MM   0.0    0.0      0.0
  MONTH TO DATE    0.0                       0.1   -0.1      0.0
  SINCE MAR 1      9.0                       8.8    0.2      4.2
  SINCE JUL 1     50.9                      41.3    9.6     40.0
  SNOW DEPTH       0

DEGREE DAYS
 HEATING
  YESTERDAY       19                         8     11        8
  MONTH TO DATE  140                       131      9       92
  SINCE MAR 1   1440                      1680   -240     1507
  SINCE JUL 1   6539                      7531   -992     7570

 COOLING
  YESTERDAY        0                         1     -1        0
  MONTH TO DATE    5                         5      0       11
  SINCE MAR 1      9                        10     -1       11
  SINCE JAN 1      9                        10     -1       11
..................................................................


WIND (MPH)
  HIGHEST WIND SPEED    29   HIGHEST WIND DIRECTION    NW (330)
  HIGHEST GUST SPEED    36   HIGHEST GUST DIRECTION    NW (320)
  AVERAGE WIND SPEED    13.6


SKY COVER
  POSSIBLE SUNSHINE  MM
  AVERAGE SKY COVER 0.5


WEATHER CONDITIONS
 THE FOLLOWING WEATHER WAS RECORDED YESTERDAY.
  LIGHT RAIN
  FOG


RELATIVE HUMIDITY (PERCENT)
 HIGHEST   100           200 AM
 LOWEST     65           800 PM
 AVERAGE    83

..........................................................


THE MASON CITY IA CLIMATE NORMALS FOR TODAY
                         NORMAL    RECORD    YEAR
 MAXIMUM TEMPERATURE (F)   70        99      2013
 MINIMUM TEMPERATURE (F)   46        30      1966


SUNRISE AND SUNSET
MAY 14 2016...........SUNRISE   550 AM CDT   SUNSET   830 PM CDT
MAY 15 2016...........SUNRISE   549 AM CDT   SUNSET   831 PM CDT


-  INDICATES NEGATIVE NUMBERS.
R  INDICATES RECORD WAS SET OR TIED.
MM INDICATES DATA IS MISSING.
T  INDICATES TRACE AMOUNT.




$$
