000
CDUS43 KDMX 160634 RRA
CLIMCW

CLIMATE REPORT
NATIONAL WEATHER SERVICE DES MOINES IA
1234 AM CST THU NOV 16 2017

...................................

...THE MASON CITY IA CLIMATE SUMMARY FOR NOVEMBER 15 2017...

CLIMATE NORMAL PERIOD 1981 TO 2010
CLIMATE RECORD PERIOD 1893 TO 2017


WEATHER ITEM   OBSERVED TIME   RECORD YEAR NORMAL DEPARTURE LAST
                VALUE   (LST)  VALUE       VALUE  FROM      YEAR
                                                  NORMAL
..................................................................
TEMPERATURE (F)
 YESTERDAY
  MAXIMUM         50    302 AM  68    1953  43      7       62
  MINIMUM         22   1159 PM  -3    1940  25     -3       29
  AVERAGE         36                        34      2       46

PRECIPITATION (IN)
  YESTERDAY        0.01          1.82 1988   0.07  -0.06     0.00
  MONTH TO DATE    0.13                      1.01  -0.88     0.00
  SINCE SEP 1      7.39                      6.73   0.66    13.19
  SINCE JAN 1     30.31                     33.09  -2.78    44.45

SNOWFALL (IN)
  YESTERDAY        0.0           8.0  1947   0.1   -0.1      0.0
  MONTH TO DATE    T                         1.2   -1.2      0.0
  SINCE SEP 1      0.2                       1.6   -1.4      0.0
  SINCE JUL 1      0.2                       1.6   -1.4      0.0
  SNOW DEPTH       0

DEGREE DAYS
 HEATING
  YESTERDAY       29                        31     -2       19
  MONTH TO DATE  488                       405     83      249
  SINCE SEP 1   1028                      1107    -79      722
  SINCE JUL 1   1051                      1143    -92      740

 COOLING
  YESTERDAY        0                         0      0        0
  MONTH TO DATE    0                         0      0        0
  SINCE SEP 1    104                        60     44       89
  SINCE JAN 1    603                       616    -13      697
..................................................................


WIND (MPH)
  HIGHEST WIND SPEED    32   HIGHEST WIND DIRECTION    NW (310)
  HIGHEST GUST SPEED    39   HIGHEST GUST DIRECTION    NW (310)
  AVERAGE WIND SPEED    19.7


SKY COVER
  POSSIBLE SUNSHINE  MM
  AVERAGE SKY COVER 0.7


WEATHER CONDITIONS
 THE FOLLOWING WEATHER WAS RECORDED YESTERDAY.
  LIGHT RAIN
  FOG


RELATIVE HUMIDITY (PERCENT)
 HIGHEST   100           100 AM
 LOWEST     69           300 PM
 AVERAGE    85

..........................................................


THE MASON CITY IA CLIMATE NORMALS FOR TODAY
                         NORMAL    RECORD    YEAR
 MAXIMUM TEMPERATURE (F)   43        74      1953
 MINIMUM TEMPERATURE (F)   24        -3      1959


SUNRISE AND SUNSET
NOVEMBER 16 2017......SUNRISE   708 AM CST   SUNSET   448 PM CST
NOVEMBER 17 2017......SUNRISE   709 AM CST   SUNSET   447 PM CST


-  INDICATES NEGATIVE NUMBERS.
R  INDICATES RECORD WAS SET OR TIED.
MM INDICATES DATA IS MISSING.
T  INDICATES TRACE AMOUNT.

$$

SMALL
