000
CDUS43 KDMX 090630 RRC
CLIMCW

CLIMATE REPORT
NATIONAL WEATHER SERVICE DES MOINES IA
129 AM CDT FRI JUN 9 2017


...................................

...THE MASON CITY IA CLIMATE SUMMARY FOR JUNE 8 2017...

CLIMATE NORMAL PERIOD 1981 TO 2010
CLIMATE RECORD PERIOD 1893 TO 2017


WEATHER ITEM   OBSERVED TIME   RECORD YEAR NORMAL DEPARTURE LAST
                VALUE   (LST)  VALUE       VALUE  FROM      YEAR
                                                  NORMAL
..................................................................
TEMPERATURE (F)
 YESTERDAY
  MAXIMUM         89    224 PM 103    1985  78     11       83
  MINIMUM         62   1158 PM  37    1931  55      7       46
  AVERAGE         76                        66     10       65

PRECIPITATION (IN)
  YESTERDAY        0.00          5.18 2008   0.17  -0.17     0.24
  MONTH TO DATE    0.02                      1.38  -1.36     0.87
  SINCE JUN 1      0.02                      1.38  -1.36     0.87
  SINCE JAN 1     14.17                     13.86   0.31    12.08

SNOWFALL (IN)
  YESTERDAY        0.0          MM      MM   0.0    0.0      0.0
  MONTH TO DATE    0.0                       0.0    0.0      0.0
  SINCE JUN 1      0.0                       0.0    0.0      0.0
  SINCE JUL 1     47.9                      41.2    6.7     50.9
  SNOW DEPTH       0

DEGREE DAYS
 HEATING
  YESTERDAY        0                         2     -2        0
  MONTH TO DATE    2                        23    -21        8
  SINCE JUN 1      2                        23    -21        8
  SINCE JUL 1   6673                      7658   -985     6633

 COOLING
  YESTERDAY       11                         3      8        0
  MONTH TO DATE   49                        22     27       12
  SINCE JUN 1     49                        22     27       12
  SINCE JAN 1     74                        57     17       53
..................................................................


WIND (MPH)
  HIGHEST WIND SPEED    20   HIGHEST WIND DIRECTION     W (270)
  HIGHEST GUST SPEED    27   HIGHEST GUST DIRECTION     W (270)
  AVERAGE WIND SPEED    10.8


SKY COVER
  POSSIBLE SUNSHINE  MM
  AVERAGE SKY COVER 0.5


WEATHER CONDITIONS
 THE FOLLOWING WEATHER WAS RECORDED YESTERDAY.
  THUNDERSTORM


RELATIVE HUMIDITY (PERCENT)
 HIGHEST    84          1100 PM
 LOWEST     31          1000 AM
 AVERAGE    58

..........................................................


THE MASON CITY IA CLIMATE NORMALS FOR TODAY
                         NORMAL    RECORD    YEAR
 MAXIMUM TEMPERATURE (F)   78        97      1973
 MINIMUM TEMPERATURE (F)   55        34      1913


SUNRISE AND SUNSET
JUNE  9 2017..........SUNRISE   534 AM CDT   SUNSET   852 PM CDT
JUNE 10 2017..........SUNRISE   533 AM CDT   SUNSET   853 PM CDT


-  INDICATES NEGATIVE NUMBERS.
R  INDICATES RECORD WAS SET OR TIED.
MM INDICATES DATA IS MISSING.
T  INDICATES TRACE AMOUNT.




$$
