000
CDUS43 KDMX 150649
CLIMCW

CLIMATE REPORT
NATIONAL WEATHER SERVICE DES MOINES IA
147 AM CDT MON SEP 15 2014

...................................

...THE MASON CITY IA CLIMATE SUMMARY FOR SEPTEMBER 14 2014...

CLIMATE NORMAL PERIOD 1981 TO 2010
CLIMATE RECORD PERIOD 1893 TO 2014


WEATHER ITEM   OBSERVED TIME   RECORD YEAR NORMAL DEPARTURE LAST
                VALUE   (LST)  VALUE       VALUE  FROM      YEAR
                                                  NORMAL
..................................................................
TEMPERATURE (F)
 YESTERDAY
  MAXIMUM         68   1256 PM  95    1939  74     -6       76
  MINIMUM         44   1216 AM  28    1923  49     -5       41
  AVERAGE         56                        62     -6       59

PRECIPITATION (IN)
  YESTERDAY        T             1.70 1909   0.10  -0.10     0.40
  MONTH TO DATE    1.52                      1.58  -0.06     0.40
  SINCE SEP 1      1.52                      1.58  -0.06     0.40
  SINCE JAN 1     30.17                     27.94   2.23    33.78

SNOWFALL (IN)
  YESTERDAY        0.0           0.0  2002   0.0    0.0      0.0
                                      2001
  MONTH TO DATE    0.0                       0.0    0.0      0.0
  SINCE SEP 1      0.0                       0.0    0.0      0.0
  SINCE JUL 1      0.0                       0.0    0.0      0.0
  SNOW DEPTH       0

DEGREE DAYS
 HEATING
  YESTERDAY        9                         5      4        6
  MONTH TO DATE   89                        48     41       29
  SINCE SEP 1     89                        48     41       29
  SINCE JUL 1    110                        84     26       67

 COOLING
  YESTERDAY        0                         2     -2        0
  MONTH TO DATE   26                        37    -11       92
  SINCE SEP 1     26                        37    -11       92
  SINCE JAN 1    537                       593    -56      684
..................................................................


WIND (MPH)
  HIGHEST WIND SPEED    18   HIGHEST WIND DIRECTION     W (250)
  HIGHEST GUST SPEED    22   HIGHEST GUST DIRECTION    SW (230)
  AVERAGE WIND SPEED     7.9


SKY COVER
  POSSIBLE SUNSHINE  MM
  AVERAGE SKY COVER 0.5


WEATHER CONDITIONS
 THE FOLLOWING WEATHER WAS RECORDED YESTERDAY.
  LIGHT RAIN


RELATIVE HUMIDITY (PERCENT)
 HIGHEST   100           800 PM
 LOWEST     52          1200 PM
 AVERAGE    76

..........................................................


THE MASON CITY IA CLIMATE NORMALS FOR TODAY
                         NORMAL    RECORD    YEAR
 MAXIMUM TEMPERATURE (F)   74        95      1939
 MINIMUM TEMPERATURE (F)   49        26      2011


SUNRISE AND SUNSET
SEPTEMBER 15 2014.....SUNRISE   653 AM CDT   SUNSET   723 PM CDT
SEPTEMBER 16 2014.....SUNRISE   654 AM CDT   SUNSET   721 PM CDT


-  INDICATES NEGATIVE NUMBERS.
R  INDICATES RECORD WAS SET OR TIED.
MM INDICATES DATA IS MISSING.
T  INDICATES TRACE AMOUNT.

$$

SMALL
