000
CDUS43 KDMX 240901
CLIMCW

CLIMATE REPORT
NATIONAL WEATHER SERVICE DES MOINES IA
316 AM CDT MON MAR 24 2014

...................................

...THE MASON CITY IA CLIMATE SUMMARY FOR MARCH 23 2014...

CLIMATE NORMAL PERIOD 1981 TO 2010
CLIMATE RECORD PERIOD 1893 TO 2014

WEATHER ITEM   OBSERVED TIME   RECORD YEAR NORMAL DEPARTURE LAST
                VALUE   (LST)  VALUE       VALUE  FROM      YEAR
                                                  NORMAL
..................................................................
TEMPERATURE (F)
 YESTERDAY
  MAXIMUM         27    447 PM  82    1910  46    -19       34
  MINIMUM         10    609 AM  -5    1899  26    -16       15
  AVERAGE         19                        36    -17       25

PRECIPITATION (IN)
  YESTERDAY        0.00          1.36 2009   0.08  -0.08     0.00
  MONTH TO DATE    0.56                      1.50  -0.94     3.32
  SINCE MAR 1      0.56                      1.50  -0.94     3.32
  SINCE JAN 1      3.58                      3.32   0.26     5.03

SNOWFALL (IN)
  YESTERDAY        0.0           7.0  1966   0.1   -0.1      0.0
  MONTH TO DATE    5.5                       4.7    0.8     23.5
  SINCE MAR 1      5.5                       4.7    0.8     23.5
  SINCE JUL 1     51.6                      37.2   14.4     45.5
  SNOW DEPTH       0

DEGREE DAYS
 HEATING
  YESTERDAY       46                        29     17       40
  MONTH TO DATE  949                       778    171      985
  SINCE MAR 1    949                       778    171      985
  SINCE JUL 1   7495                      6629    866     6546

 COOLING
  YESTERDAY        0                         0      0        0
  MONTH TO DATE    0                         0      0        0
  SINCE MAR 1      0                         0      0        0
  SINCE JAN 1      0                         0      0        0
..................................................................

WIND (MPH)
  HIGHEST WIND SPEED    18   HIGHEST WIND DIRECTION    NW (320)
  HIGHEST GUST SPEED    21   HIGHEST GUST DIRECTION     N (350)
  AVERAGE WIND SPEED     7.9

SKY COVER
  POSSIBLE SUNSHINE  MM
  AVERAGE SKY COVER 0.5

WEATHER CONDITIONS
 THE FOLLOWING WEATHER WAS RECORDED YESTERDAY.
  NO SIGNIFICANT WEATHER WAS OBSERVED.

RELATIVE HUMIDITY (PERCENT)
 HIGHEST    84           300 AM
 LOWEST     46           100 PM
 AVERAGE    65
..........................................................

THE MASON CITY IA CLIMATE NORMALS FOR TODAY
                         NORMAL    RECORD    YEAR
 MAXIMUM TEMPERATURE (F)   46        77      1963
 MINIMUM TEMPERATURE (F)   27        -6      1974

SUNRISE AND SUNSET
MARCH 24 2014.........SUNRISE   709 AM CDT   SUNSET   730 PM CDT
MARCH 25 2014.........SUNRISE   708 AM CDT   SUNSET   732 PM CDT

-  INDICATES NEGATIVE NUMBERS.
R  INDICATES RECORD WAS SET OR TIED.
MM INDICATES DATA IS MISSING.
T  INDICATES TRACE AMOUNT.

$$

FAB
