000
CDUS43 KDMX 060904
CLIMCW

CLIMATE REPORT
NATIONAL WEATHER SERVICE DES MOINES IA
105 AM CST MON FEB 6 2017

...................................

...THE MASON CITY IA CLIMATE SUMMARY FOR FEBRUARY 5 2017...

CLIMATE NORMAL PERIOD 1981 TO 2010
CLIMATE RECORD PERIOD 1893 TO 2017

WEATHER ITEM   OBSERVED TIME   RECORD YEAR NORMAL DEPARTURE LAST
                VALUE   (LST)  VALUE       VALUE  FROM      YEAR
                                                  NORMAL
..................................................................
TEMPERATURE (F)
 YESTERDAY
  MAXIMUM         30    118 AM  53    1964  27      3       25
  MINIMUM         18   1159 PM -28    1936   9      9        0
  AVERAGE         24                        18      6       13

PRECIPITATION (IN)
  YESTERDAY        0.00          0.54 1938   0.03  -0.03      T
  MONTH TO DATE    T                         0.16  -0.16     0.57
  SINCE DEC 1      4.07                      2.22   1.85     4.76
  SINCE JAN 1      1.91                      0.98   0.93     1.13

SNOWFALL (IN)
  YESTERDAY        0.0           4.0  1911   0.3   -0.3       T
                                      1980
  MONTH TO DATE    T                         1.7   -1.7     11.0
  SINCE DEC 1     30.6                      21.8    8.8     29.7
  SINCE JUL 1     30.6                      26.5    4.1     39.7
  SNOW DEPTH       9

DEGREE DAYS
 HEATING
  YESTERDAY       41                        47     -6       52
  MONTH TO DATE  230                       239     -9      223
  SINCE DEC 1   2999                      3170   -171     2793
  SINCE JUL 1   4163                      4850   -687     4148

 COOLING
  YESTERDAY        0                         0      0        0
  MONTH TO DATE    0                         0      0        0
  SINCE DEC 1      0                         0      0        0
  SINCE JAN 1      0                         0      0        0
..................................................................

WIND (MPH)
  HIGHEST WIND SPEED    32   HIGHEST WIND DIRECTION    NW (310)
  HIGHEST GUST SPEED    39   HIGHEST GUST DIRECTION    NW (310)
  AVERAGE WIND SPEED    11.5

SKY COVER
  POSSIBLE SUNSHINE  MM
  AVERAGE SKY COVER 0.5

WEATHER CONDITIONS
 THE FOLLOWING WEATHER WAS RECORDED YESTERDAY.
  NO SIGNIFICANT WEATHER WAS OBSERVED.

RELATIVE HUMIDITY (PERCENT)
 HIGHEST    92          1100 PM
 LOWEST     63           400 PM
 AVERAGE    78
..........................................................

THE MASON CITY IA CLIMATE NORMALS FOR TODAY
                         NORMAL    RECORD    YEAR
 MAXIMUM TEMPERATURE (F)   27        52      1925
 MINIMUM TEMPERATURE (F)    9       -22      1900

SUNRISE AND SUNSET
FEBRUARY  6 2017......SUNRISE   723 AM CST   SUNSET   533 PM CST
FEBRUARY  7 2017......SUNRISE   721 AM CST   SUNSET   534 PM CST

-  INDICATES NEGATIVE NUMBERS.
R  INDICATES RECORD WAS SET OR TIED.
MM INDICATES DATA IS MISSING.
T  INDICATES TRACE AMOUNT.

$$

FAB
