000
CDUS43 KDMX 070751
CLIMCW

CLIMATE REPORT
NATIONAL WEATHER SERVICE DES MOINES IA
250 AM CDT TUE OCT 7 2014

...................................

...THE MASON CITY IA CLIMATE SUMMARY FOR OCTOBER 6 2014...

CLIMATE NORMAL PERIOD 1981 TO 2010
CLIMATE RECORD PERIOD 1893 TO 2014


WEATHER ITEM   OBSERVED TIME   RECORD YEAR NORMAL DEPARTURE LAST
                VALUE   (LST)  VALUE       VALUE  FROM      YEAR
                                                  NORMAL
..................................................................
TEMPERATURE (F)
 YESTERDAY
  MAXIMUM         61    305 PM  94    1963  65     -4       51
  MINIMUM         33    646 AM  15    1935  40     -7       43
  AVERAGE         47                        52     -5       47

PRECIPITATION (IN)
  YESTERDAY        T             1.40 1903   0.09  -0.09     0.02
  MONTH TO DATE    0.92                      0.57   0.35     1.08
  SINCE SEP 1      3.51                      3.84  -0.33     2.23
  SINCE JAN 1     32.16                     30.20   1.96    35.61

SNOWFALL (IN)
  YESTERDAY        0.0           0.0  2002   0.0    0.0      0.0
  MONTH TO DATE    0.0                       0.0    0.0      0.0
  SINCE SEP 1      0.0                       0.0    0.0      0.0
  SINCE JUL 1      0.0                       0.0    0.0      0.0
  SNOW DEPTH       0

DEGREE DAYS
 HEATING
  YESTERDAY       18                        13      5       18
  MONTH TO DATE   99                        74     25       32
  SINCE SEP 1    273                       251     22      152
  SINCE JUL 1    294                       287      7      190

 COOLING
  YESTERDAY        0                         0      0        0
  MONTH TO DATE    0                         2     -2        6
  SINCE SEP 1     33                        56    -23      126
  SINCE JAN 1    544                       612    -68      718
..................................................................


WIND (MPH)
  HIGHEST WIND SPEED    23   HIGHEST WIND DIRECTION     W (280)
  HIGHEST GUST SPEED    29   HIGHEST GUST DIRECTION     W (270)
  AVERAGE WIND SPEED    11.6


SKY COVER
  POSSIBLE SUNSHINE  MM
  AVERAGE SKY COVER 0.2


WEATHER CONDITIONS
 THE FOLLOWING WEATHER WAS RECORDED YESTERDAY.
  NO SIGNIFICANT WEATHER WAS OBSERVED.


RELATIVE HUMIDITY (PERCENT)
 HIGHEST    96           600 AM
 LOWEST     46           300 PM
 AVERAGE    71

..........................................................


THE MASON CITY IA CLIMATE NORMALS FOR TODAY
                         NORMAL    RECORD    YEAR
 MAXIMUM TEMPERATURE (F)   64        86      1997
 MINIMUM TEMPERATURE (F)   39        19      2012


SUNRISE AND SUNSET
OCTOBER  7 2014.......SUNRISE   718 AM CDT   SUNSET   644 PM CDT
OCTOBER  8 2014.......SUNRISE   719 AM CDT   SUNSET   642 PM CDT


-  INDICATES NEGATIVE NUMBERS.
R  INDICATES RECORD WAS SET OR TIED.
MM INDICATES DATA IS MISSING.
T  INDICATES TRACE AMOUNT.

$$

SMALL
