000
CDUS43 KDMX 060631
CLIMCW

CLIMATE REPORT
NATIONAL WEATHER SERVICE DES MOINES IA
129 AM CDT SUN NOV 6 2016


...................................

...THE MASON CITY IA CLIMATE SUMMARY FOR NOVEMBER 5 2016...

CLIMATE NORMAL PERIOD 1981 TO 2010
CLIMATE RECORD PERIOD 1893 TO 2016


WEATHER ITEM   OBSERVED TIME   RECORD YEAR NORMAL DEPARTURE LAST
                VALUE   (LST)  VALUE       VALUE  FROM      YEAR
                                                  NORMAL
..................................................................
TEMPERATURE (F)
 YESTERDAY
  MAXIMUM         71    316 PM  74    1918  50     21       71
  MINIMUM         34    703 AM   0    1951  30      4       44
  AVERAGE         53                        40     13       58

PRECIPITATION (IN)
  YESTERDAY        0.00          1.24 1979   0.07  -0.07      T
  MONTH TO DATE    0.00                      0.35  -0.35      T
  SINCE SEP 1     13.19                      6.07   7.12     5.54
  SINCE JAN 1     44.45                     32.43  12.02    33.35

SNOWFALL (IN)
  YESTERDAY        0.0           4.0  1941   0.1   -0.1      0.0
  MONTH TO DATE    0.0                       0.3   -0.3      0.0
  SINCE SEP 1      0.0                       0.7   -0.7       T
  SINCE JUL 1      0.0                       0.7   -0.7       T
  SNOW DEPTH       0

DEGREE DAYS
 HEATING
  YESTERDAY       12                        25    -13        7
  MONTH TO DATE   60                       121    -61       57
  SINCE SEP 1    533                       823   -290      584
  SINCE JUL 1    551                       859   -308      642

 COOLING
  YESTERDAY        0                         0      0        0
  MONTH TO DATE    0                         0      0        0
  SINCE SEP 1     89                        60     29      135
  SINCE JAN 1    697                       616     81      652
..................................................................


WIND (MPH)
  HIGHEST WIND SPEED    10   HIGHEST WIND DIRECTION     S (170)
  HIGHEST GUST SPEED    13   HIGHEST GUST DIRECTION     S (180)
  AVERAGE WIND SPEED     3.1


SKY COVER
  POSSIBLE SUNSHINE  MM
  AVERAGE SKY COVER 0.0


WEATHER CONDITIONS
 THE FOLLOWING WEATHER WAS RECORDED YESTERDAY.
  FOG


RELATIVE HUMIDITY (PERCENT)
 HIGHEST   100           700 AM
 LOWEST     38           200 PM
 AVERAGE    69

..........................................................


THE MASON CITY IA CLIMATE NORMALS FOR TODAY
                         NORMAL    RECORD    YEAR
 MAXIMUM TEMPERATURE (F)   49        75      1916
 MINIMUM TEMPERATURE (F)   29         0      1991


SUNRISE AND SUNSET
NOVEMBER  6 2016......SUNRISE   655 AM CST   SUNSET   458 PM CST
NOVEMBER  7 2016......SUNRISE   656 AM CST   SUNSET   457 PM CST


-  INDICATES NEGATIVE NUMBERS.
R  INDICATES RECORD WAS SET OR TIED.
MM INDICATES DATA IS MISSING.
T  INDICATES TRACE AMOUNT.




$$
