000
CDUS43 KDMX 040635 RRA
CLIMCW

CLIMATE REPORT
NATIONAL WEATHER SERVICE DES MOINES IA
1229 AM CST TUE NOV 4 2014


...................................

...THE MASON CITY IA CLIMATE SUMMARY FOR NOVEMBER 3 2014...

CLIMATE NORMAL PERIOD 1981 TO 2010
CLIMATE RECORD PERIOD 1893 TO 2014


WEATHER ITEM   OBSERVED TIME   RECORD YEAR NORMAL DEPARTURE LAST
                VALUE   (LST)  VALUE       VALUE  FROM      YEAR
                                                  NORMAL
..................................................................
TEMPERATURE (F)
 YESTERDAY
  MAXIMUM         58    353 PM  75    2008  51      7       54
  MINIMUM         38    314 AM   5    1991  30      8       28
  AVERAGE         48                        41      7       41

PRECIPITATION (IN)
  YESTERDAY        0.05          1.38 2003   0.07  -0.02     0.00
  MONTH TO DATE    0.05                      0.21  -0.16      T
  SINCE SEP 1      4.81                      5.93  -1.12     3.01
  SINCE JAN 1     33.46                     32.29   1.17    36.39

SNOWFALL (IN)
  YESTERDAY        0.0           0.6  1951   0.1   -0.1      0.0
  MONTH TO DATE    0.0                       0.2   -0.2      0.0
  SINCE SEP 1      0.0                       0.6   -0.6       T
  SINCE JUL 1      0.0                       0.6   -0.6       T
  SNOW DEPTH       0

DEGREE DAYS
 HEATING
  YESTERDAY       17                        24     -7       24
  MONTH TO DATE   72                        71      1       67
  SINCE SEP 1    776                       773      3      687
  SINCE JUL 1    797                       809    -12      725

 COOLING
  YESTERDAY        0                         0      0        0
  MONTH TO DATE    0                         0      0        0
  SINCE SEP 1     33                        60    -27      126
  SINCE JAN 1    544                       616    -72      718
..................................................................


WIND (MPH)
  HIGHEST WIND SPEED    23   HIGHEST WIND DIRECTION    SW (210)
  HIGHEST GUST SPEED    30   HIGHEST GUST DIRECTION     S (200)
  AVERAGE WIND SPEED    11.7


SKY COVER
  POSSIBLE SUNSHINE  MM
  AVERAGE SKY COVER 0.5


WEATHER CONDITIONS
 THE FOLLOWING WEATHER WAS RECORDED YESTERDAY.
  LIGHT RAIN
  FOG


RELATIVE HUMIDITY (PERCENT)
 HIGHEST    92          1100 PM
 LOWEST     65          1200 AM
 AVERAGE    79

..........................................................


THE MASON CITY IA CLIMATE NORMALS FOR TODAY
                         NORMAL    RECORD    YEAR
 MAXIMUM TEMPERATURE (F)   50        72      2008
                                             1975
 MINIMUM TEMPERATURE (F)   30         0      1991


SUNRISE AND SUNSET
NOVEMBER  4 2014......SUNRISE   652 AM CST   SUNSET   501 PM CST
NOVEMBER  5 2014......SUNRISE   653 AM CST   SUNSET   500 PM CST


-  INDICATES NEGATIVE NUMBERS.
R  INDICATES RECORD WAS SET OR TIED.
MM INDICATES DATA IS MISSING.
T  INDICATES TRACE AMOUNT.




$$
