000
CDUS43 KDMX 080637
CLIMCW

CLIMATE REPORT
NATIONAL WEATHER SERVICE DES MOINES IA
1234 AM CST WED FEB 8 2017


...................................

...THE MASON CITY IA CLIMATE SUMMARY FOR FEBRUARY 7 2017...

CLIMATE NORMAL PERIOD 1981 TO 2010
CLIMATE RECORD PERIOD 1893 TO 2017


WEATHER ITEM   OBSERVED TIME   RECORD YEAR NORMAL DEPARTURE LAST
                VALUE   (LST)  VALUE       VALUE  FROM      YEAR
                                                  NORMAL
..................................................................
TEMPERATURE (F)
 YESTERDAY
  MAXIMUM         36    132 AM  58    1987  27      9       39
  MINIMUM         13   1159 PM -30    1899   9      4       19
  AVERAGE         25                        18      7       29

PRECIPITATION (IN)
  YESTERDAY        T             0.84 1928   0.03  -0.03     0.01
  MONTH TO DATE    T                         0.22  -0.22     0.58
  SINCE DEC 1      4.07                      2.28   1.79     4.77
  SINCE JAN 1      1.91                      1.04   0.87     1.14

SNOWFALL (IN)
  YESTERDAY        T             3.0  1986   0.3   -0.3       T
  MONTH TO DATE    T                         2.3   -2.3     11.0
  SINCE DEC 1     30.6                      22.4    8.2     29.7
  SINCE JUL 1     30.6                      27.1    3.5     39.7
  SNOW DEPTH       8

DEGREE DAYS
 HEATING
  YESTERDAY       40                        47     -7       36
  MONTH TO DATE  307                       333    -26      295
  SINCE DEC 1   3076                      3264   -188     2865
  SINCE JUL 1   4240                      4944   -704     4220

 COOLING
  YESTERDAY        0                         0      0        0
  MONTH TO DATE    0                         0      0        0
  SINCE DEC 1      0                         0      0        0
  SINCE JAN 1      0                         0      0        0
..................................................................


WIND (MPH)
  HIGHEST WIND SPEED    33   HIGHEST WIND DIRECTION    NW (310)
  HIGHEST GUST SPEED    38   HIGHEST GUST DIRECTION    NW (310)
  AVERAGE WIND SPEED    17.6


SKY COVER
  POSSIBLE SUNSHINE  MM
  AVERAGE SKY COVER 0.9


WEATHER CONDITIONS
 THE FOLLOWING WEATHER WAS RECORDED YESTERDAY.
  LIGHT SNOW
  FOG
  FOG W/VISIBILITY <= 1/4 MILE


RELATIVE HUMIDITY (PERCENT)
 HIGHEST   100           300 AM
 LOWEST     71           500 PM
 AVERAGE    86

..........................................................


THE MASON CITY IA CLIMATE NORMALS FOR TODAY
                         NORMAL    RECORD    YEAR
 MAXIMUM TEMPERATURE (F)   27        51      1999
 MINIMUM TEMPERATURE (F)   10       -33      1899


SUNRISE AND SUNSET
FEBRUARY  8 2017......SUNRISE   720 AM CST   SUNSET   535 PM CST
FEBRUARY  9 2017......SUNRISE   719 AM CST   SUNSET   537 PM CST


-  INDICATES NEGATIVE NUMBERS.
R  INDICATES RECORD WAS SET OR TIED.
MM INDICATES DATA IS MISSING.
T  INDICATES TRACE AMOUNT.




$$
