388
CDUS43 KDMX 100637 RRA
CLIMCW

CLIMATE REPORT
NATIONAL WEATHER SERVICE DES MOINES IA
129 AM CDT TUE MAY 10 2016

...................................

...THE MASON CITY IA CLIMATE SUMMARY FOR MAY 9 2016...

CLIMATE NORMAL PERIOD 1981 TO 2010
CLIMATE RECORD PERIOD 1893 TO 2016


WEATHER ITEM   OBSERVED TIME   RECORD YEAR NORMAL DEPARTURE LAST
                VALUE   (LST)  VALUE       VALUE  FROM      YEAR
                                                  NORMAL
..................................................................
TEMPERATURE (F)
 YESTERDAY
  MAXIMUM         61   1245 AM  91    1895  68     -7       71
  MINIMUM         54   1159 PM  23    1945  44     10       42
  AVERAGE         58                        56      2       57

PRECIPITATION (IN)
  YESTERDAY        0.73          2.46 1963   0.16   0.57     0.00
  MONTH TO DATE    0.79                      1.29  -0.50     0.65
  SINCE MAR 1      5.82                      7.27  -1.45     6.25
  SINCE JAN 1      7.06                      9.09  -2.03     8.32

SNOWFALL (IN)
  YESTERDAY        0.0           0.5  1945   0.0    0.0      0.0
  MONTH TO DATE    0.0                       0.1   -0.1      0.0
  SINCE MAR 1      9.0                       8.8    0.2      4.2
  SINCE JUL 1     50.9                      41.3    9.6     40.0
  SNOW DEPTH       0

DEGREE DAYS
 HEATING
  YESTERDAY        7                         9     -2        8
  MONTH TO DATE   89                        96     -7       51
  SINCE MAR 1   1389                      1645   -256     1466
  SINCE JUL 1   6488                      7496  -1008     7529

 COOLING
  YESTERDAY        0                         1     -1        0
  MONTH TO DATE    5                         1      4       11
  SINCE MAR 1      9                         6      3       11
  SINCE JAN 1      9                         6      3       11
..................................................................


WIND (MPH)
  HIGHEST WIND SPEED    32   HIGHEST WIND DIRECTION     E (100)
  HIGHEST GUST SPEED    37   HIGHEST GUST DIRECTION     E (100)
  AVERAGE WIND SPEED    16.8


SKY COVER
  POSSIBLE SUNSHINE  MM
  AVERAGE SKY COVER 0.9


WEATHER CONDITIONS
 THE FOLLOWING WEATHER WAS RECORDED YESTERDAY.
  THUNDERSTORM
  HEAVY RAIN
  RAIN
  LIGHT RAIN
  FOG


RELATIVE HUMIDITY (PERCENT)
 HIGHEST   100          1100 PM
 LOWEST     42          1200 AM
 AVERAGE    71

..........................................................


THE MASON CITY IA CLIMATE NORMALS FOR TODAY
                         NORMAL    RECORD    YEAR
 MAXIMUM TEMPERATURE (F)   68        94      2011
 MINIMUM TEMPERATURE (F)   45        25      1966


SUNRISE AND SUNSET
MAY 10 2016...........SUNRISE   555 AM CDT   SUNSET   825 PM CDT
MAY 11 2016...........SUNRISE   553 AM CDT   SUNSET   827 PM CDT


-  INDICATES NEGATIVE NUMBERS.
R  INDICATES RECORD WAS SET OR TIED.
MM INDICATES DATA IS MISSING.
T  INDICATES TRACE AMOUNT.




$$
