000
CDUS43 KDMX 220631
CLIMCW

CLIMATE REPORT
NATIONAL WEATHER SERVICE DES MOINES IA
127 AM CDT SUN JUN 22 2014

...................................

...THE MASON CITY IA CLIMATE SUMMARY FOR JUNE 21 2014...

CLIMATE NORMAL PERIOD 1981 TO 2010
CLIMATE RECORD PERIOD 1893 TO 2014


WEATHER ITEM   OBSERVED TIME   RECORD YEAR NORMAL DEPARTURE LAST
                VALUE   (LST)  VALUE       VALUE  FROM      YEAR
                                                  NORMAL
..................................................................
TEMPERATURE (F)
 YESTERDAY
  MAXIMUM         85    443 PM 101    1988  81      4       84
  MINIMUM         67   1150 PM  39    1992  59      8       63
  AVERAGE         76                        70      6       74

PRECIPITATION (IN)
  YESTERDAY        0.00          0.92 1986   0.17  -0.17     0.78
  MONTH TO DATE    6.66                      3.66   3.00     4.67
  SINCE JUN 1      6.66                      3.66   3.00     4.67
  SINCE JAN 1     20.70                     16.14   4.56    26.11

SNOWFALL (IN)
  YESTERDAY        0.0          MM      MM   0.0    0.0      0.0
  MONTH TO DATE    0.0                       0.0    0.0      0.0
  SINCE JUN 1      0.0                       0.0    0.0      0.0
  SINCE JUL 1     58.0                      41.2   16.8     56.3
  SNOW DEPTH       0

DEGREE DAYS
 HEATING
  YESTERDAY        0                         1     -1        0
  MONTH TO DATE   13                        40    -27       53
  SINCE JUN 1     13                        40    -27       53
  SINCE JUL 1   8623                      7675    948     7837

 COOLING
  YESTERDAY       11                         6      5        9
  MONTH TO DATE   82                        81      1       73
  SINCE JUN 1     82                        81      1       73
  SINCE JAN 1    135                       116     19      110
..................................................................


WIND (MPH)
  HIGHEST WIND SPEED    25   HIGHEST WIND DIRECTION     W (250)
  HIGHEST GUST SPEED    31   HIGHEST GUST DIRECTION     W (260)
  AVERAGE WIND SPEED     6.9


SKY COVER
  POSSIBLE SUNSHINE  MM
  AVERAGE SKY COVER 0.1


WEATHER CONDITIONS
 THE FOLLOWING WEATHER WAS RECORDED YESTERDAY.
  NO SIGNIFICANT WEATHER WAS OBSERVED.


RELATIVE HUMIDITY (PERCENT)
 HIGHEST    90          1200 AM
 LOWEST     51           300 PM
 AVERAGE    71

..........................................................


THE MASON CITY IA CLIMATE NORMALS FOR TODAY
                         NORMAL    RECORD    YEAR
 MAXIMUM TEMPERATURE (F)   82        95      1995
 MINIMUM TEMPERATURE (F)   59        44      1972


SUNRISE AND SUNSET
JUNE 22 2014..........SUNRISE   534 AM CDT   SUNSET   857 PM CDT
JUNE 23 2014..........SUNRISE   534 AM CDT   SUNSET   857 PM CDT


-  INDICATES NEGATIVE NUMBERS.
R  INDICATES RECORD WAS SET OR TIED.
MM INDICATES DATA IS MISSING.
T  INDICATES TRACE AMOUNT.




$$
