000
CDUS43 KDMX 100638 RRB
CLIMCW

CLIMATE REPORT
NATIONAL WEATHER SERVICE DES MOINES IA
137 AM CDT FRI JUL 10 2015


...................................

...THE MASON CITY IA CLIMATE SUMMARY FOR JULY 9 2015...

CLIMATE NORMAL PERIOD 1981 TO 2010
CLIMATE RECORD PERIOD 1893 TO 2015


WEATHER ITEM   OBSERVED TIME   RECORD YEAR NORMAL DEPARTURE LAST
                VALUE   (LST)  VALUE       VALUE  FROM      YEAR
                                                  NORMAL
..................................................................
TEMPERATURE (F)
 YESTERDAY
  MAXIMUM         79    427 PM 102    1976  84     -5       80
  MINIMUM         54    238 AM  43    1895  61     -7       52
  AVERAGE         67                        72     -5       66

PRECIPITATION (IN)
  YESTERDAY        0.00          2.75 1903   0.16  -0.16     0.00
  MONTH TO DATE    0.31                      1.39  -1.08     0.12
  SINCE JUN 1      5.35                      6.53  -1.18     8.77
  SINCE JAN 1     16.35                     19.01  -2.66    22.81

SNOWFALL (IN)
  YESTERDAY        0.0          MM      MM   0.0    0.0      0.0
  MONTH TO DATE    0.0                       0.0    0.0      0.0
  SINCE JUN 1      0.0                       0.0    0.0      0.0
  SINCE JUL 1      0.0                       0.0    0.0      0.0
  SNOW DEPTH       0

DEGREE DAYS
 HEATING
  YESTERDAY        0                         0      0        0
  MONTH TO DATE   21                         0     21        9
  SINCE JUN 1     33                        44    -11       22
  SINCE JUL 1     21                         0     21        9

 COOLING
  YESTERDAY        2                         7     -5        1
  MONTH TO DATE   19                        63    -44       29
  SINCE JUN 1    155                       201    -46      165
  SINCE JAN 1    185                       236    -51      218
..................................................................


WIND (MPH)
  HIGHEST WIND SPEED    13   HIGHEST WIND DIRECTION     S (200)
  HIGHEST GUST SPEED    17   HIGHEST GUST DIRECTION     S (170)
  AVERAGE WIND SPEED     6.6


SKY COVER
  POSSIBLE SUNSHINE  MM
  AVERAGE SKY COVER 0.1


WEATHER CONDITIONS
 THE FOLLOWING WEATHER WAS RECORDED YESTERDAY.
  FOG


RELATIVE HUMIDITY (PERCENT)
 HIGHEST   100          1200 AM
 LOWEST     50           100 PM
 AVERAGE    75

..........................................................


THE MASON CITY IA CLIMATE NORMALS FOR TODAY
                         NORMAL    RECORD    YEAR
 MAXIMUM TEMPERATURE (F)   84       104      1936
 MINIMUM TEMPERATURE (F)   61        45      1945


SUNRISE AND SUNSET
JULY 10 2015..........SUNRISE   543 AM CDT   SUNSET   854 PM CDT
JULY 11 2015..........SUNRISE   544 AM CDT   SUNSET   853 PM CDT


-  INDICATES NEGATIVE NUMBERS.
R  INDICATES RECORD WAS SET OR TIED.
MM INDICATES DATA IS MISSING.
T  INDICATES TRACE AMOUNT.




$$
