000
CDUS43 KDMX 140700 RRA
CLIMCW

CLIMATE REPORT
NATIONAL WEATHER SERVICE DES MOINES IA
1258 AM CST SAT FEB 14 2015


...................................

...THE MASON CITY IA CLIMATE SUMMARY FOR FEBRUARY 13 2015...

CLIMATE NORMAL PERIOD 1981 TO 2010
CLIMATE RECORD PERIOD 1893 TO 2015


WEATHER ITEM   OBSERVED TIME   RECORD YEAR NORMAL DEPARTURE LAST
                VALUE   (LST)  VALUE       VALUE  FROM      YEAR
                                                  NORMAL
..................................................................
TEMPERATURE (F)
 YESTERDAY
  MAXIMUM         33    509 PM  53    1954  29      4       36
  MINIMUM         11   1204 AM -27    1905  11      0        6
  AVERAGE         22                        20      2       21

PRECIPITATION (IN)
  YESTERDAY        0.00          1.30 1906   0.04  -0.04     0.00
  MONTH TO DATE    0.17                      0.42  -0.25     0.31
  SINCE DEC 1      2.20                      2.48  -0.28     2.31
  SINCE JAN 1      1.10                      1.24  -0.14     1.14

SNOWFALL (IN)
  YESTERDAY        0.0          10.0  1923   0.2   -0.2      0.0
  MONTH TO DATE    7.6                       4.0    3.6      3.8
  SINCE DEC 1     23.0                      24.1   -1.1     27.9
  SINCE JUL 1     31.0                      28.8    2.2     29.4
  SNOW DEPTH       6

DEGREE DAYS
 HEATING
  YESTERDAY       43                        45     -2       44
  MONTH TO DATE  647                       608     39      791
  SINCE DEC 1   3287                      3539   -252     4097
  SINCE JUL 1   5186                      5219    -33     5761

 COOLING
  YESTERDAY        0                         0      0        0
  MONTH TO DATE    0                         0      0        0
  SINCE DEC 1      0                         0      0        0
  SINCE JAN 1      0                         0      0        0
..................................................................


WIND (MPH)
  HIGHEST WIND SPEED    30   HIGHEST WIND DIRECTION    NW (320)
  HIGHEST GUST SPEED    35   HIGHEST GUST DIRECTION    NW (310)
  AVERAGE WIND SPEED    16.3


SKY COVER
  POSSIBLE SUNSHINE  MM
  AVERAGE SKY COVER 0.6


WEATHER CONDITIONS
 THE FOLLOWING WEATHER WAS RECORDED YESTERDAY.
  NO SIGNIFICANT WEATHER WAS OBSERVED.


RELATIVE HUMIDITY (PERCENT)
 HIGHEST    84           300 AM
 LOWEST     63           100 PM
 AVERAGE    74

..........................................................


THE MASON CITY IA CLIMATE NORMALS FOR TODAY
                         NORMAL    RECORD    YEAR
 MAXIMUM TEMPERATURE (F)   29        58      1954
 MINIMUM TEMPERATURE (F)   12       -20      1951


SUNRISE AND SUNSET
FEBRUARY 14 2015......SUNRISE   713 AM CST   SUNSET   543 PM CST
FEBRUARY 15 2015......SUNRISE   711 AM CST   SUNSET   544 PM CST


-  INDICATES NEGATIVE NUMBERS.
R  INDICATES RECORD WAS SET OR TIED.
MM INDICATES DATA IS MISSING.
T  INDICATES TRACE AMOUNT.




$$
