000
CDUS43 KDMX 250752 RRA
CLIMCW

CLIMATE REPORT
NATIONAL WEATHER SERVICE DES MOINES IA
251 AM CDT SAT JUN 25 2016

...................................

...THE MASON CITY IA CLIMATE SUMMARY FOR JUNE 24 2016...

CLIMATE NORMAL PERIOD 1981 TO 2010
CLIMATE RECORD PERIOD 1893 TO 2016


WEATHER ITEM   OBSERVED TIME   RECORD YEAR NORMAL DEPARTURE LAST
                VALUE   (LST)  VALUE       VALUE  FROM      YEAR
                                                  NORMAL
..................................................................
TEMPERATURE (F)
 YESTERDAY
  MAXIMUM         82    409 PM  97    1988  82      0       76
  MINIMUM         62    518 AM  40    1972  59      3       55
  AVERAGE         72                        71      1       66

PRECIPITATION (IN)
  YESTERDAY        0.00          3.43 1949   0.16  -0.16     0.00
  MONTH TO DATE    5.90                      4.15   1.75     4.81
  SINCE JUN 1      5.90                      4.15   1.75     4.81
  SINCE JAN 1     17.12                     16.63   0.49    15.81

SNOWFALL (IN)
  YESTERDAY        0.0          MM      MM   0.0    0.0      0.0
  MONTH TO DATE    0.0                       0.0    0.0      0.0
  SINCE JUN 1      0.0                       0.0    0.0      0.0
  SINCE JUL 1     50.9                      41.2    9.7     40.0
  SNOW DEPTH       0

DEGREE DAYS
 HEATING
  YESTERDAY        0                         1     -1        0
  MONTH TO DATE    8                        43    -35       12
  SINCE JUN 1      8                        43    -35       12
  SINCE JUL 1   6633                      7678  -1045     7696

 COOLING
  YESTERDAY        7                         6      1        1
  MONTH TO DATE  150                        99     51      103
  SINCE JUN 1    150                        99     51      103
  SINCE JAN 1    191                       134     57      133
..................................................................


WIND (MPH)
  HIGHEST WIND SPEED    17   HIGHEST WIND DIRECTION    SE (150)
  HIGHEST GUST SPEED    21   HIGHEST GUST DIRECTION    SE (140)
  AVERAGE WIND SPEED     9.9


SKY COVER
  POSSIBLE SUNSHINE  MM
  AVERAGE SKY COVER 0.5


WEATHER CONDITIONS
 THE FOLLOWING WEATHER WAS RECORDED YESTERDAY.
  NO SIGNIFICANT WEATHER WAS OBSERVED.


RELATIVE HUMIDITY (PERCENT)
 HIGHEST    90           500 AM
 LOWEST     58           300 PM
 AVERAGE    74

..........................................................


THE MASON CITY IA CLIMATE NORMALS FOR TODAY
                         NORMAL    RECORD    YEAR
 MAXIMUM TEMPERATURE (F)   82        99      1934
 MINIMUM TEMPERATURE (F)   59        43      2004
                                             1958


SUNRISE AND SUNSET
JUNE 25 2016..........SUNRISE   535 AM CDT   SUNSET   857 PM CDT
JUNE 26 2016..........SUNRISE   535 AM CDT   SUNSET   857 PM CDT


-  INDICATES NEGATIVE NUMBERS.
R  INDICATES RECORD WAS SET OR TIED.
MM INDICATES DATA IS MISSING.
T  INDICATES TRACE AMOUNT.




$$
