000
CDUS43 KDMX 080710 RRA
CLIMCW

CLIMATE REPORT
NATIONAL WEATHER SERVICE DES MOINES IA
109 AM CST THU JAN 8 2015


...................................

...THE MASON CITY IA CLIMATE SUMMARY FOR JANUARY 7 2015...

CLIMATE NORMAL PERIOD 1981 TO 2010
CLIMATE RECORD PERIOD 1893 TO 2015


WEATHER ITEM   OBSERVED TIME   RECORD YEAR NORMAL DEPARTURE LAST
                VALUE   (LST)  VALUE       VALUE  FROM      YEAR
                                                  NORMAL
..................................................................
TEMPERATURE (F)
 YESTERDAY
  MAXIMUM          0   1241 AM  57    2003  24    -24       10
  MINIMUM         -9   1126 PM -30    1912   7    -16      -12
  AVERAGE         -4                        16    -20       -1

PRECIPITATION (IN)
  YESTERDAY        0.00          0.44 2010   0.02  -0.02     0.00
  MONTH TO DATE    0.27                      0.18   0.09      T
  SINCE DEC 1      1.37                      1.42  -0.05     1.17
  SINCE JAN 1      0.27                      0.18   0.09      T

SNOWFALL (IN)
  YESTERDAY        0.0           4.8  2010   0.3   -0.3      0.0
  MONTH TO DATE    6.9                       2.1    4.8       T
  SINCE DEC 1     12.6                      11.4    1.2     14.9
  SINCE JUL 1     20.6                      16.1    4.5     16.4
  SNOW DEPTH       9

DEGREE DAYS
 HEATING
  YESTERDAY       69                        49     20       66
  MONTH TO DATE  402                       343     59      467
  SINCE DEC 1   1628                      1752   -124     2047
  SINCE JUL 1   3527                      3432     95     3711

 COOLING
  YESTERDAY        0                         0      0        0
  MONTH TO DATE    0                         0      0        0
  SINCE DEC 1      0                         0      0        0
  SINCE JAN 1      0                         0      0        0
..................................................................


WIND (MPH)
  HIGHEST WIND SPEED    35   HIGHEST WIND DIRECTION    NW (330)
  HIGHEST GUST SPEED    43   HIGHEST GUST DIRECTION    NW (320)
  AVERAGE WIND SPEED    19.6


SKY COVER
  POSSIBLE SUNSHINE  MM
  AVERAGE SKY COVER 0.6


WEATHER CONDITIONS
 THE FOLLOWING WEATHER WAS RECORDED YESTERDAY.
  HAZE
  BLOWING SNOW


RELATIVE HUMIDITY (PERCENT)
 HIGHEST    79          1200 AM
 LOWEST     64           600 AM
 AVERAGE    72

..........................................................


THE MASON CITY IA CLIMATE NORMALS FOR TODAY
                         NORMAL    RECORD    YEAR
 MAXIMUM TEMPERATURE (F)   24        57      2003
 MINIMUM TEMPERATURE (F)    7       -20      1970


SUNRISE AND SUNSET
JANUARY  8 2015.......SUNRISE   745 AM CST   SUNSET   456 PM CST
JANUARY  9 2015.......SUNRISE   744 AM CST   SUNSET   457 PM CST


-  INDICATES NEGATIVE NUMBERS.
R  INDICATES RECORD WAS SET OR TIED.
MM INDICATES DATA IS MISSING.
T  INDICATES TRACE AMOUNT.




$$
