000
CDUS43 KDMX 040635 RRA
CLIMCW

CLIMATE REPORT
NATIONAL WEATHER SERVICE DES MOINES IA
132 AM CDT SAT NOV 4 2017

...................................

...THE MASON CITY IA CLIMATE SUMMARY FOR NOVEMBER 3 2017...

CLIMATE NORMAL PERIOD 1981 TO 2010
CLIMATE RECORD PERIOD 1893 TO 2017


WEATHER ITEM   OBSERVED TIME   RECORD YEAR NORMAL DEPARTURE LAST
                VALUE   (LST)  VALUE       VALUE  FROM      YEAR
                                                  NORMAL
..................................................................
TEMPERATURE (F)
 YESTERDAY
  MAXIMUM         43    242 PM  75    2008  51     -8       68
  MINIMUM         24    537 AM   5    1991  30     -6       36
  AVERAGE         34                        41     -7       52

PRECIPITATION (IN)
  YESTERDAY        0.01          1.38 2003   0.07  -0.06     0.00
  MONTH TO DATE    0.01                      0.21  -0.20     0.00
  SINCE SEP 1      7.27                      5.93   1.34    13.19
  SINCE JAN 1     30.19                     32.29  -2.10    44.45

SNOWFALL (IN)
  YESTERDAY        0.0           0.6  1951   0.1   -0.1      0.0
  MONTH TO DATE    T                         0.2   -0.2      0.0
  SINCE SEP 1      0.2                       0.6   -0.4      0.0
  SINCE JUL 1      0.2                       0.6   -0.4      0.0
  SNOW DEPTH       0

DEGREE DAYS
 HEATING
  YESTERDAY       31                        24      7       13
  MONTH TO DATE   90                        71     19       35
  SINCE SEP 1    630                       773   -143      508
  SINCE JUL 1    653                       809   -156      526

 COOLING
  YESTERDAY        0                         0      0        0
  MONTH TO DATE    0                         0      0        0
  SINCE SEP 1    104                        60     44       89
  SINCE JAN 1    603                       616    -13      697
..................................................................


WIND (MPH)
  HIGHEST WIND SPEED    21   HIGHEST WIND DIRECTION     N (10)
  HIGHEST GUST SPEED    25   HIGHEST GUST DIRECTION     N (10)
  AVERAGE WIND SPEED    10.6


SKY COVER
  POSSIBLE SUNSHINE  MM
  AVERAGE SKY COVER 0.5


WEATHER CONDITIONS
 THE FOLLOWING WEATHER WAS RECORDED YESTERDAY.
  LIGHT RAIN


RELATIVE HUMIDITY (PERCENT)
 HIGHEST    88           400 AM
 LOWEST     51           200 PM
 AVERAGE    70

..........................................................


THE MASON CITY IA CLIMATE NORMALS FOR TODAY
                         NORMAL    RECORD    YEAR
 MAXIMUM TEMPERATURE (F)   50        72      2008
                                             1975
 MINIMUM TEMPERATURE (F)   30         0      1991


SUNRISE AND SUNSET
NOVEMBER  4 2017......SUNRISE   752 AM CDT   SUNSET   601 PM CDT
NOVEMBER  5 2017......SUNRISE   654 AM CST   SUNSET   500 PM CST


-  INDICATES NEGATIVE NUMBERS.
R  INDICATES RECORD WAS SET OR TIED.
MM INDICATES DATA IS MISSING.
T  INDICATES TRACE AMOUNT.

$$

REV
