000
CDUS43 KDMX 060636 RRA
CLIMCW

CLIMATE REPORT
NATIONAL WEATHER SERVICE DES MOINES IA
136 AM CDT SUN JUL 6 2014

...................................

...THE MASON CITY IA CLIMATE SUMMARY FOR JULY 5 2014...

CLIMATE NORMAL PERIOD 1981 TO 2010
CLIMATE RECORD PERIOD 1893 TO 2014


WEATHER ITEM   OBSERVED TIME   RECORD YEAR NORMAL DEPARTURE LAST
                VALUE   (LST)  VALUE       VALUE  FROM      YEAR
                                                  NORMAL
..................................................................
TEMPERATURE (F)
 YESTERDAY
  MAXIMUM         77    330 PM 106    1911  83     -6       89
  MINIMUM         61    556 AM  42    1967  61      0       58
  AVERAGE         69                        72     -3       74

PRECIPITATION (IN)
  YESTERDAY        0.07          3.08 2004   0.16  -0.09     0.00
  MONTH TO DATE    0.12                      0.76  -0.64     0.00
  SINCE JUN 1      8.76                      5.90   2.86     6.44
  SINCE JAN 1     22.80                     18.38   4.42    27.88

SNOWFALL (IN)
  YESTERDAY        0.0          MM      MM   0.0    0.0      0.0
  MONTH TO DATE    0.0                       0.0    0.0      0.0
  SINCE JUN 1      0.0                       0.0    0.0      0.0
  SINCE JUL 1      0.0                       0.0    0.0      0.0
  SNOW DEPTH       0

DEGREE DAYS
 HEATING
  YESTERDAY        0                         0      0        0
  MONTH TO DATE    9                         0      9        0
  SINCE JUN 1     22                        44    -22       53
  SINCE JUL 1      9                         0      9        0

 COOLING
  YESTERDAY        4                         7     -3        9
  MONTH TO DATE    4                        35    -31       28
  SINCE JUN 1    140                       173    -33      174
  SINCE JAN 1    193                       208    -15      211
..................................................................


WIND (MPH)
  HIGHEST WIND SPEED    23   HIGHEST WIND DIRECTION     S (160)
  HIGHEST GUST SPEED    27   HIGHEST GUST DIRECTION     S (160)
  AVERAGE WIND SPEED    12.3


SKY COVER
  POSSIBLE SUNSHINE  MM
  AVERAGE SKY COVER 0.8


WEATHER CONDITIONS
 THE FOLLOWING WEATHER WAS RECORDED YESTERDAY.
  LIGHT RAIN
  FOG


RELATIVE HUMIDITY (PERCENT)
 HIGHEST   100           500 AM
 LOWEST     73           100 PM
 AVERAGE    87

..........................................................


THE MASON CITY IA CLIMATE NORMALS FOR TODAY
                         NORMAL    RECORD    YEAR
 MAXIMUM TEMPERATURE (F)   84       103      1936
 MINIMUM TEMPERATURE (F)   61        46      1950


SUNRISE AND SUNSET
JULY  6 2014..........SUNRISE   540 AM CDT   SUNSET   855 PM CDT
JULY  7 2014..........SUNRISE   541 AM CDT   SUNSET   855 PM CDT


-  INDICATES NEGATIVE NUMBERS.
R  INDICATES RECORD WAS SET OR TIED.
MM INDICATES DATA IS MISSING.
T  INDICATES TRACE AMOUNT.

$$

SMALL
