000
CDUS43 KDMX 280628
CLIMCW

CLIMATE REPORT
NATIONAL WEATHER SERVICE DES MOINES IA
127 AM CDT MON MAR 28 2016


...................................

...THE MASON CITY IA CLIMATE SUMMARY FOR MARCH 27 2016...

CLIMATE NORMAL PERIOD 1981 TO 2010
CLIMATE RECORD PERIOD 1893 TO 2016


WEATHER ITEM   OBSERVED TIME   RECORD YEAR NORMAL DEPARTURE LAST
                VALUE   (LST)  VALUE       VALUE  FROM      YEAR
                                                  NORMAL
..................................................................
TEMPERATURE (F)
 YESTERDAY
  MAXIMUM         43    518 PM  76    1989  48     -5       38
  MINIMUM         26   1149 PM   0    1964  28     -2       15
  AVERAGE         35                        38     -3       27

PRECIPITATION (IN)
  YESTERDAY        0.00          1.03 1961   0.09  -0.09     0.00
  MONTH TO DATE    1.53                      1.85  -0.32     1.05
  SINCE MAR 1      1.53                      1.85  -0.32     1.05
  SINCE JAN 1      2.77                      3.67  -0.90     3.12

SNOWFALL (IN)
  YESTERDAY        0.0           4.0  1931   0.2   -0.2      0.0
  MONTH TO DATE    6.0                       5.4    0.6      3.6
  SINCE MAR 1      6.0                       5.4    0.6      3.6
  SINCE JUL 1     47.9                      37.9   10.0     39.4
  SNOW DEPTH       0

DEGREE DAYS
 HEATING
  YESTERDAY       30                        27      3       38
  MONTH TO DATE  611                       889   -278      842
  SINCE MAR 1    611                       889   -278      842
  SINCE JUL 1   5710                      6740  -1030     6905

 COOLING
  YESTERDAY        0                         0      0        0
  MONTH TO DATE    0                         0      0        0
  SINCE MAR 1      0                         0      0        0
  SINCE JAN 1      0                         0      0        0
..................................................................


WIND (MPH)
  HIGHEST WIND SPEED    21   HIGHEST WIND DIRECTION    NW (320)
  HIGHEST GUST SPEED    26   HIGHEST GUST DIRECTION     W (290)
  AVERAGE WIND SPEED    12.9


SKY COVER
  POSSIBLE SUNSHINE  MM
  AVERAGE SKY COVER 0.8


WEATHER CONDITIONS
 THE FOLLOWING WEATHER WAS RECORDED YESTERDAY.
  FOG


RELATIVE HUMIDITY (PERCENT)
 HIGHEST   100           100 AM
 LOWEST     70           500 PM
 AVERAGE    85

..........................................................


THE MASON CITY IA CLIMATE NORMALS FOR TODAY
                         NORMAL    RECORD    YEAR
 MAXIMUM TEMPERATURE (F)   49        79      1986
 MINIMUM TEMPERATURE (F)   28         2      1970


SUNRISE AND SUNSET
MARCH 28 2016.........SUNRISE   701 AM CDT   SUNSET   736 PM CDT
MARCH 29 2016.........SUNRISE   700 AM CDT   SUNSET   737 PM CDT


-  INDICATES NEGATIVE NUMBERS.
R  INDICATES RECORD WAS SET OR TIED.
MM INDICATES DATA IS MISSING.
T  INDICATES TRACE AMOUNT.




$$
