000
CDUS43 KDMX 060634
CLIMCW

CLIMATE REPORT
NATIONAL WEATHER SERVICE DES MOINES IA
129 AM CDT MON OCT 6 2014


...................................

...THE MASON CITY IA CLIMATE SUMMARY FOR OCTOBER 5 2014...

CLIMATE NORMAL PERIOD 1981 TO 2010
CLIMATE RECORD PERIOD 1893 TO 2014


WEATHER ITEM   OBSERVED TIME   RECORD YEAR NORMAL DEPARTURE LAST
                VALUE   (LST)  VALUE       VALUE  FROM      YEAR
                                                  NORMAL
..................................................................
TEMPERATURE (F)
 YESTERDAY
  MAXIMUM         55    357 PM  95    1963  65    -10       67
  MINIMUM         34    350 AM  22    1935  40     -6       46
  AVERAGE         45                        52     -7       57

PRECIPITATION (IN)
  YESTERDAY        T             0.98 1955   0.08  -0.08     0.01
  MONTH TO DATE    0.92                      0.48   0.44     1.06
  SINCE SEP 1      3.51                      3.75  -0.24     2.21
  SINCE JAN 1     32.16                     30.11   2.05    35.59

SNOWFALL (IN)
  YESTERDAY        0.0           0.0  2002   0.0    0.0      0.0
  MONTH TO DATE    0.0                       0.0    0.0      0.0
  SINCE SEP 1      0.0                       0.0    0.0      0.0
  SINCE JUL 1      0.0                       0.0    0.0      0.0
  SNOW DEPTH       0

DEGREE DAYS
 HEATING
  YESTERDAY       20                        13      7        8
  MONTH TO DATE   81                        61     20       14
  SINCE SEP 1    255                       238     17      134
  SINCE JUL 1    276                       274      2      172

 COOLING
  YESTERDAY        0                         0      0        0
  MONTH TO DATE    0                         2     -2        6
  SINCE SEP 1     33                        56    -23      126
  SINCE JAN 1    544                       612    -68      718
..................................................................


WIND (MPH)
  HIGHEST WIND SPEED    21   HIGHEST WIND DIRECTION     W (290)
  HIGHEST GUST SPEED    25   HIGHEST GUST DIRECTION     W (280)
  AVERAGE WIND SPEED     9.1


SKY COVER
  POSSIBLE SUNSHINE  MM
  AVERAGE SKY COVER 0.7


WEATHER CONDITIONS
 THE FOLLOWING WEATHER WAS RECORDED YESTERDAY.
  NO SIGNIFICANT WEATHER WAS OBSERVED.


RELATIVE HUMIDITY (PERCENT)
 HIGHEST    85           700 AM
 LOWEST     51           400 PM
 AVERAGE    68

..........................................................


THE MASON CITY IA CLIMATE NORMALS FOR TODAY
                         NORMAL    RECORD    YEAR
 MAXIMUM TEMPERATURE (F)   65        94      1963
 MINIMUM TEMPERATURE (F)   40        15      1935


SUNRISE AND SUNSET
OCTOBER  6 2014.......SUNRISE   716 AM CDT   SUNSET   646 PM CDT
OCTOBER  7 2014.......SUNRISE   718 AM CDT   SUNSET   644 PM CDT


-  INDICATES NEGATIVE NUMBERS.
R  INDICATES RECORD WAS SET OR TIED.
MM INDICATES DATA IS MISSING.
T  INDICATES TRACE AMOUNT.




$$
