000
CDUS43 KDMX 180629 RRA
CLIMCW

CLIMATE REPORT
NATIONAL WEATHER SERVICE DES MOINES IA
128 AM CDT TUE MAR 18 2014


...................................

...THE MASON CITY IA CLIMATE SUMMARY FOR MARCH 17 2014...

CLIMATE NORMAL PERIOD 1981 TO 2010
CLIMATE RECORD PERIOD 1893 TO 2014


WEATHER ITEM   OBSERVED TIME   RECORD YEAR NORMAL DEPARTURE LAST
                VALUE   (LST)  VALUE       VALUE  FROM      YEAR
                                                  NORMAL
..................................................................
TEMPERATURE (F)
 YESTERDAY
  MAXIMUM         42    417 PM  81    2012  43     -1       31
  MINIMUM         21   1246 AM  -8    1909  24     -3       13
  AVERAGE         32                        33     -1       22

PRECIPITATION (IN)
  YESTERDAY        0.00          0.79 1965   0.08  -0.08     0.00
  MONTH TO DATE    0.46                      1.02  -0.56     3.06
  SINCE MAR 1      0.46                      1.02  -0.56     3.06
  SINCE JAN 1      3.48                      2.84   0.64     4.77

SNOWFALL (IN)
  YESTERDAY        0.0           4.2  1965   0.2   -0.2      0.0
  MONTH TO DATE    5.1                       3.7    1.4     21.0
  SINCE MAR 1      5.1                       3.7    1.4     21.0
  SINCE JUL 1     51.2                      36.2   15.0     43.0
  SNOW DEPTH       8

DEGREE DAYS
 HEATING
  YESTERDAY       33                        32      1       43
  MONTH TO DATE  741                       598    143      706
  SINCE MAR 1    741                       598    143      706
  SINCE JUL 1   7287                      6449    838     6267

 COOLING
  YESTERDAY        0                         0      0        0
  MONTH TO DATE    0                         0      0        0
  SINCE MAR 1      0                         0      0        0
  SINCE JAN 1      0                         0      0        0
..................................................................


WIND (MPH)
  HIGHEST WIND SPEED    29   HIGHEST WIND DIRECTION     S (170)
  HIGHEST GUST SPEED    35   HIGHEST GUST DIRECTION     S (180)
  AVERAGE WIND SPEED    17.7


SKY COVER
  POSSIBLE SUNSHINE  MM
  AVERAGE SKY COVER 0.4


WEATHER CONDITIONS
 THE FOLLOWING WEATHER WAS RECORDED YESTERDAY.
  NO SIGNIFICANT WEATHER WAS OBSERVED.


RELATIVE HUMIDITY (PERCENT)
 HIGHEST    84           500 AM
 LOWEST     60           300 PM
 AVERAGE    72

..........................................................


THE MASON CITY IA CLIMATE NORMALS FOR TODAY
                         NORMAL    RECORD    YEAR
 MAXIMUM TEMPERATURE (F)   43        81      2012
 MINIMUM TEMPERATURE (F)   25        -6      1923


SUNRISE AND SUNSET
MARCH 18 2014.........SUNRISE   720 AM CDT   SUNSET   723 PM CDT
MARCH 19 2014.........SUNRISE   718 AM CDT   SUNSET   724 PM CDT


-  INDICATES NEGATIVE NUMBERS.
R  INDICATES RECORD WAS SET OR TIED.
MM INDICATES DATA IS MISSING.
T  INDICATES TRACE AMOUNT.




$$
