000
CDUS43 KDMX 280629 RRA
CLIMCW

CLIMATE REPORT
NATIONAL WEATHER SERVICE DES MOINES IA
1226 AM CST TUE NOV 28 2017

...................................

...THE MASON CITY IA CLIMATE SUMMARY FOR NOVEMBER 27 2017...

CLIMATE NORMAL PERIOD 1981 TO 2010
CLIMATE RECORD PERIOD 1893 TO 2017


WEATHER ITEM   OBSERVED TIME   RECORD YEAR NORMAL DEPARTURE LAST
                VALUE   (LST)  VALUE       VALUE  FROM      YEAR
                                                  NORMAL
..................................................................
TEMPERATURE (F)
 YESTERDAY
  MAXIMUM         58    221 PM  71    1998  36     22       48
  MINIMUM         24    300 AM -10    1897  18      6       23
  AVERAGE         41                        27     14       36

PRECIPITATION (IN)
  YESTERDAY        0.00          1.07 1935   0.05  -0.05     0.30
  MONTH TO DATE    0.28                      1.72  -1.44     1.10
  SINCE SEP 1      7.54                      7.44   0.10    14.29
  SINCE JAN 1     30.46                     33.80  -3.34    45.55

SNOWFALL (IN)
  YESTERDAY        0.0           4.3  1995   0.3   -0.3      0.0
  MONTH TO DATE    T                         3.6   -3.6       T
  SINCE SEP 1      0.2                       4.0   -3.8       T
  SINCE JUL 1      0.2                       4.0   -3.8       T
  SNOW DEPTH       0

DEGREE DAYS
 HEATING
  YESTERDAY       24                        38    -14       29
  MONTH TO DATE  852                       824     28      594
  SINCE SEP 1   1392                      1526   -134     1067
  SINCE JUL 1   1415                      1562   -147     1085

 COOLING
  YESTERDAY        0                         0      0        0
  MONTH TO DATE    0                         0      0        0
  SINCE SEP 1    104                        60     44       89
  SINCE JAN 1    603                       616    -13      697
..................................................................


WIND (MPH)
  HIGHEST WIND SPEED    26   HIGHEST WIND DIRECTION     S (160)
  HIGHEST GUST SPEED    31   HIGHEST GUST DIRECTION    SE (150)
  AVERAGE WIND SPEED    12.6


SKY COVER
  POSSIBLE SUNSHINE  MM
  AVERAGE SKY COVER 0.0


WEATHER CONDITIONS
 THE FOLLOWING WEATHER WAS RECORDED YESTERDAY.
  NO SIGNIFICANT WEATHER WAS OBSERVED.


RELATIVE HUMIDITY (PERCENT)
 HIGHEST    92          1200 AM
 LOWEST     43           200 PM
 AVERAGE    68

..........................................................


THE MASON CITY IA CLIMATE NORMALS FOR TODAY
                         NORMAL    RECORD    YEAR
 MAXIMUM TEMPERATURE (F)   35        63      2006
 MINIMUM TEMPERATURE (F)   18       -14      1897


SUNRISE AND SUNSET
NOVEMBER 28 2017......SUNRISE   722 AM CST   SUNSET   440 PM CST
NOVEMBER 29 2017......SUNRISE   723 AM CST   SUNSET   440 PM CST


-  INDICATES NEGATIVE NUMBERS.
R  INDICATES RECORD WAS SET OR TIED.
MM INDICATES DATA IS MISSING.
T  INDICATES TRACE AMOUNT.

$$

REV
