000
CDUS43 KDMX 100646
CLIMCW

CLIMATE REPORT
NATIONAL WEATHER SERVICE DES MOINES IA
144 AM CDT WED AUG 10 2016


...................................

...THE MASON CITY IA CLIMATE SUMMARY FOR AUGUST 9 2016...

CLIMATE NORMAL PERIOD 1981 TO 2010
CLIMATE RECORD PERIOD 1893 TO 2016


WEATHER ITEM   OBSERVED TIME   RECORD YEAR NORMAL DEPARTURE LAST
                VALUE   (LST)  VALUE       VALUE  FROM      YEAR
                                                  NORMAL
..................................................................
TEMPERATURE (F)
 YESTERDAY
  MAXIMUM         86    420 PM 100    1936  81      5       81
  MINIMUM         62    517 AM  36    1927  59      3       64
  AVERAGE         74                        70      4       73

PRECIPITATION (IN)
  YESTERDAY        0.00          3.19 1980   0.14  -0.14     0.25
                                      2000
  MONTH TO DATE    0.98                      1.23  -0.25     0.25
  SINCE JUN 1     14.38                     11.07   3.31    11.92
  SINCE JAN 1     25.60                     23.55   2.05    22.92

SNOWFALL (IN)
  YESTERDAY        0.0          MM      MM   0.0    0.0      0.0
  MONTH TO DATE    0.0                       0.0    0.0      0.0
  SINCE JUN 1      0.0                       0.0    0.0      0.0
  SINCE JUL 1      0.0                       0.0    0.0      0.0
  SNOW DEPTH       0

DEGREE DAYS
 HEATING
  YESTERDAY        0                         1     -1        0
  MONTH TO DATE    0                         4     -4        0
  SINCE JUN 1     18                        57    -39       33
  SINCE JUL 1     10                        13     -3       21

 COOLING
  YESTERDAY        9                         6      3        8
  MONTH TO DATE   59                        54      5       50
  SINCE JUN 1    462                       413     49      403
  SINCE JAN 1    503                       448     55      433
..................................................................


WIND (MPH)
  HIGHEST WIND SPEED    14   HIGHEST WIND DIRECTION    SW (210)
  HIGHEST GUST SPEED    17   HIGHEST GUST DIRECTION    SW (220)
  AVERAGE WIND SPEED     6.5


SKY COVER
  POSSIBLE SUNSHINE  MM
  AVERAGE SKY COVER 0.4


WEATHER CONDITIONS
 THE FOLLOWING WEATHER WAS RECORDED YESTERDAY.
  FOG


RELATIVE HUMIDITY (PERCENT)
 HIGHEST   100          1200 AM
 LOWEST     61           100 PM
 AVERAGE    81

..........................................................


THE MASON CITY IA CLIMATE NORMALS FOR TODAY
                         NORMAL    RECORD    YEAR
 MAXIMUM TEMPERATURE (F)   81        98      1947
 MINIMUM TEMPERATURE (F)   59        45      1967


SUNRISE AND SUNSET
AUGUST 10 2016........SUNRISE   614 AM CDT   SUNSET   822 PM CDT
AUGUST 11 2016........SUNRISE   615 AM CDT   SUNSET   821 PM CDT


-  INDICATES NEGATIVE NUMBERS.
R  INDICATES RECORD WAS SET OR TIED.
MM INDICATES DATA IS MISSING.
T  INDICATES TRACE AMOUNT.




$$
