892
CDUS43 KDMX 130645 RRA
CLIMCW

CLIMATE REPORT
NATIONAL WEATHER SERVICE DES MOINES IA
145 AM CDT TUE SEP 13 2016

...................................

...THE MASON CITY IA CLIMATE SUMMARY FOR SEPTEMBER 12 2016...

CLIMATE NORMAL PERIOD 1981 TO 2010
CLIMATE RECORD PERIOD 1893 TO 2016


WEATHER ITEM   OBSERVED TIME   RECORD YEAR NORMAL DEPARTURE LAST
                VALUE   (LST)  VALUE       VALUE  FROM      YEAR
                                                  NORMAL
..................................................................
TEMPERATURE (F)
 YESTERDAY
  MAXIMUM         84    248 PM  95    1927  75      9       68
  MINIMUM         55    546 AM  33    1940  50      5       40
  AVERAGE         70                        63      7       54

PRECIPITATION (IN)
  YESTERDAY        0.84          5.20 1978   0.11   0.73     0.00
  MONTH TO DATE    4.59                      1.37   3.22     2.90
  SINCE SEP 1      4.59                      1.37   3.22     2.90
  SINCE JAN 1     35.91                     27.73   8.18    30.71

SNOWFALL (IN)
  YESTERDAY        0.0          MM      MM   0.0    0.0      0.0
  MONTH TO DATE    0.0                       0.0    0.0      0.0
  SINCE SEP 1      0.0                       0.0    0.0      0.0
  SINCE JUL 1      0.0                       0.0    0.0      0.0
  SNOW DEPTH       0

DEGREE DAYS
 HEATING
  YESTERDAY        0                         5     -5       11
  MONTH TO DATE   11                        38    -27       25
  SINCE SEP 1     11                        38    -27       25
  SINCE JUL 1     29                        74    -45       83

 COOLING
  YESTERDAY        5                         2      3        0
  MONTH TO DATE   47                        33     14       84
  SINCE SEP 1     47                        33     14       84
  SINCE JAN 1    655                       589     66      601
..................................................................


WIND (MPH)
  HIGHEST WIND SPEED    25   HIGHEST WIND DIRECTION     N (350)
  HIGHEST GUST SPEED    29   HIGHEST GUST DIRECTION     N (350)
  AVERAGE WIND SPEED    11.1


SKY COVER
  POSSIBLE SUNSHINE  MM
  AVERAGE SKY COVER 0.3


WEATHER CONDITIONS
 THE FOLLOWING WEATHER WAS RECORDED YESTERDAY.
  THUNDERSTORM
  HEAVY RAIN
  RAIN
  LIGHT RAIN
  FOG


RELATIVE HUMIDITY (PERCENT)
 HIGHEST    93           100 AM
 LOWEST     51           200 PM
 AVERAGE    72

..........................................................


THE MASON CITY IA CLIMATE NORMALS FOR TODAY
                         NORMAL    RECORD    YEAR
 MAXIMUM TEMPERATURE (F)   75        95      1939
 MINIMUM TEMPERATURE (F)   50        31      2014


SUNRISE AND SUNSET
SEPTEMBER 13 2016.....SUNRISE   651 AM CDT   SUNSET   726 PM CDT
SEPTEMBER 14 2016.....SUNRISE   652 AM CDT   SUNSET   724 PM CDT


-  INDICATES NEGATIVE NUMBERS.
R  INDICATES RECORD WAS SET OR TIED.
MM INDICATES DATA IS MISSING.
T  INDICATES TRACE AMOUNT.

$$

SMALL
