000
CDUS43 KDMX 130628 RRA
CLIMCW

CLIMATE REPORT
NATIONAL WEATHER SERVICE DES MOINES IA
126 AM CDT MON JUL 13 2015


...................................

...THE MASON CITY IA CLIMATE SUMMARY FOR JULY 12 2015...

CLIMATE NORMAL PERIOD 1981 TO 2010
CLIMATE RECORD PERIOD 1893 TO 2015


WEATHER ITEM   OBSERVED TIME   RECORD YEAR NORMAL DEPARTURE LAST
                VALUE   (LST)  VALUE       VALUE  FROM      YEAR
                                                  NORMAL
..................................................................
TEMPERATURE (F)
 YESTERDAY
  MAXIMUM         89    324 PM 105    1936  84      5       78
  MINIMUM         69    435 AM  45    1897  61      8       59
  AVERAGE         79                        72      7       69

PRECIPITATION (IN)
  YESTERDAY        0.00          1.44 1948   0.15  -0.15     0.27
  MONTH TO DATE    0.31                      1.83  -1.52     0.40
  SINCE JUN 1      5.35                      6.97  -1.62     9.05
  SINCE JAN 1     16.35                     19.45  -3.10    23.09

SNOWFALL (IN)
  YESTERDAY        0.0          MM      MM   0.0    0.0      0.0
  MONTH TO DATE    0.0                       0.0    0.0      0.0
  SINCE JUN 1      0.0                       0.0    0.0      0.0
  SINCE JUL 1      0.0                       0.0    0.0      0.0
  SNOW DEPTH       0

DEGREE DAYS
 HEATING
  YESTERDAY        0                         0      0        0
  MONTH TO DATE   21                         0     21        9
  SINCE JUN 1     33                        44    -11       22
  SINCE JUL 1     21                         0     21        9

 COOLING
  YESTERDAY       14                         8      6        4
  MONTH TO DATE   48                        86    -38       46
  SINCE JUN 1    184                       224    -40      182
  SINCE JAN 1    214                       259    -45      235
..................................................................


WIND (MPH)
  HIGHEST WIND SPEED    17   HIGHEST WIND DIRECTION    SE (150)
  HIGHEST GUST SPEED    21   HIGHEST GUST DIRECTION    SE (140)
  AVERAGE WIND SPEED    10.7


SKY COVER
  POSSIBLE SUNSHINE  MM
  AVERAGE SKY COVER 0.7


WEATHER CONDITIONS
 THE FOLLOWING WEATHER WAS RECORDED YESTERDAY.
  FOG


RELATIVE HUMIDITY (PERCENT)
 HIGHEST   100           600 AM
 LOWEST     74           200 PM
 AVERAGE    87

..........................................................


THE MASON CITY IA CLIMATE NORMALS FOR TODAY
                         NORMAL    RECORD    YEAR
 MAXIMUM TEMPERATURE (F)   83       106      1936
 MINIMUM TEMPERATURE (F)   61        44      1926


SUNRISE AND SUNSET
JULY 13 2015..........SUNRISE   545 AM CDT   SUNSET   852 PM CDT
JULY 14 2015..........SUNRISE   546 AM CDT   SUNSET   852 PM CDT


-  INDICATES NEGATIVE NUMBERS.
R  INDICATES RECORD WAS SET OR TIED.
MM INDICATES DATA IS MISSING.
T  INDICATES TRACE AMOUNT.




$$
