000
CDUS43 KDMX 020635
CLIMCW

CLIMATE REPORT
NATIONAL WEATHER SERVICE DES MOINES IA
131 AM CDT MON OCT 2 2017


...................................

...THE MASON CITY IA CLIMATE SUMMARY FOR OCTOBER 1 2017...

CLIMATE NORMAL PERIOD 1981 TO 2010
CLIMATE RECORD PERIOD 1893 TO 2017


WEATHER ITEM   OBSERVED TIME   RECORD YEAR NORMAL DEPARTURE LAST
                VALUE   (LST)  VALUE       VALUE  FROM      YEAR
                                                  NORMAL
..................................................................
TEMPERATURE (F)
 YESTERDAY
  MAXIMUM         66   1153 AM  92    1976  67     -1       69
  MINIMUM         52    606 AM  19    2003  42     10       48
  AVERAGE         59                        54      5       59

PRECIPITATION (IN)
  YESTERDAY        0.21          1.68 2009   0.10   0.11     0.00
  MONTH TO DATE    0.21                      0.10   0.11     0.00
  SINCE SEP 1      2.58                      3.37  -0.79    11.03
  SINCE JAN 1     25.50                     29.73  -4.23    42.29

SNOWFALL (IN)
  YESTERDAY        0.0           0.3  1999   0.0    0.0      0.0
  MONTH TO DATE    0.0                       0.0    0.0      0.0
  SINCE SEP 1      0.0                       0.0    0.0      0.0
  SINCE JUL 1      0.0                       0.0    0.0      0.0
  SNOW DEPTH       0

DEGREE DAYS
 HEATING
  YESTERDAY        6                        11     -5        6
  MONTH TO DATE    6                        11     -5        6
  SINCE SEP 1     94                       188    -94       77
  SINCE JUL 1    117                       224   -107       95

 COOLING
  YESTERDAY        0                         1     -1        0
  MONTH TO DATE    0                         1     -1        0
  SINCE SEP 1    101                        55     46       85
  SINCE JAN 1    600                       611    -11      693
..................................................................


WIND (MPH)
  HIGHEST WIND SPEED    22   HIGHEST WIND DIRECTION     S (170)
  HIGHEST GUST SPEED    28   HIGHEST GUST DIRECTION    SE (150)
  AVERAGE WIND SPEED    14.1


SKY COVER
  POSSIBLE SUNSHINE  MM
  AVERAGE SKY COVER 0.8


WEATHER CONDITIONS
 THE FOLLOWING WEATHER WAS RECORDED YESTERDAY.
  LIGHT RAIN
  FOG


RELATIVE HUMIDITY (PERCENT)
 HIGHEST    86           300 PM
 LOWEST     44          1000 AM
 AVERAGE    65

..........................................................


THE MASON CITY IA CLIMATE NORMALS FOR TODAY
                         NORMAL    RECORD    YEAR
 MAXIMUM TEMPERATURE (F)   66        92      1997
 MINIMUM TEMPERATURE (F)   41        16      2003


SUNRISE AND SUNSET
OCTOBER  2 2017.......SUNRISE   712 AM CDT   SUNSET   652 PM CDT
OCTOBER  3 2017.......SUNRISE   713 AM CDT   SUNSET   650 PM CDT


-  INDICATES NEGATIVE NUMBERS.
R  INDICATES RECORD WAS SET OR TIED.
MM INDICATES DATA IS MISSING.
T  INDICATES TRACE AMOUNT.




$$
