000
CDUS43 KDMX 050636 RRB
CLIMCW

CLIMATE REPORT
NATIONAL WEATHER SERVICE DES MOINES IA
135 AM CDT FRI SEP 5 2014


...................................

...THE MASON CITY IA CLIMATE SUMMARY FOR SEPTEMBER 4 2014...

CLIMATE NORMAL PERIOD 1981 TO 2010
CLIMATE RECORD PERIOD 1893 TO 2014


WEATHER ITEM   OBSERVED TIME   RECORD YEAR NORMAL DEPARTURE LAST
                VALUE   (LST)  VALUE       VALUE  FROM      YEAR
                                                  NORMAL
..................................................................
TEMPERATURE (F)
 YESTERDAY
  MAXIMUM         89    125 PM 100    1925  78     11       88
  MINIMUM         69    307 AM  37    1930  54     15       54
  AVERAGE         79                        66     13       71

PRECIPITATION (IN)
  YESTERDAY        T             1.34 1920   0.11  -0.11     0.00
  MONTH TO DATE    0.25                      0.45  -0.20     0.00
  SINCE SEP 1      0.25                      0.45  -0.20     0.00
  SINCE JAN 1     28.90                     26.81   2.09    33.38

SNOWFALL (IN)
  YESTERDAY        0.0           0.0  2002   0.0    0.0      0.0
                                      2001
  MONTH TO DATE    0.0                       0.0    0.0      0.0
  SINCE SEP 1      0.0                       0.0    0.0      0.0
  SINCE JUL 1      0.0                       0.0    0.0      0.0
  SNOW DEPTH       0

DEGREE DAYS
 HEATING
  YESTERDAY        0                         3     -3        0
  MONTH TO DATE    0                         9     -9       11
  SINCE SEP 1      0                         9     -9       11
  SINCE JUL 1     21                        45    -24       49

 COOLING
  YESTERDAY       14                         3     11        6
  MONTH TO DATE   23                        13     10       11
  SINCE SEP 1     23                        13     10       11
  SINCE JAN 1    534                       569    -35      603
..................................................................


WIND (MPH)
  HIGHEST WIND SPEED    23   HIGHEST WIND DIRECTION    SW (210)
  HIGHEST GUST SPEED    33   HIGHEST GUST DIRECTION    SW (220)
  AVERAGE WIND SPEED    12.4


SKY COVER
  POSSIBLE SUNSHINE  MM
  AVERAGE SKY COVER 0.4


WEATHER CONDITIONS
 THE FOLLOWING WEATHER WAS RECORDED YESTERDAY.
  NO SIGNIFICANT WEATHER WAS OBSERVED.


RELATIVE HUMIDITY (PERCENT)
 HIGHEST   100           200 AM
 LOWEST     61          1100 AM
 AVERAGE    81

..........................................................


THE MASON CITY IA CLIMATE NORMALS FOR TODAY
                         NORMAL    RECORD    YEAR
 MAXIMUM TEMPERATURE (F)   77       100      1913
 MINIMUM TEMPERATURE (F)   53        36      1935


SUNRISE AND SUNSET
SEPTEMBER  5 2014.....SUNRISE   642 AM CDT   SUNSET   741 PM CDT
SEPTEMBER  6 2014.....SUNRISE   643 AM CDT   SUNSET   739 PM CDT


-  INDICATES NEGATIVE NUMBERS.
R  INDICATES RECORD WAS SET OR TIED.
MM INDICATES DATA IS MISSING.
T  INDICATES TRACE AMOUNT.

$$
