000
CDUS43 KDMX 100640 RRB
CLIMCW

CLIMATE REPORT
NATIONAL WEATHER SERVICE DES MOINES IA
1235 AM CST TUE FEB 10 2015


...................................

...THE MASON CITY IA CLIMATE SUMMARY FOR FEBRUARY 9 2015...

CLIMATE NORMAL PERIOD 1981 TO 2010
CLIMATE RECORD PERIOD 1893 TO 2015


WEATHER ITEM   OBSERVED TIME   RECORD YEAR NORMAL DEPARTURE LAST
                VALUE   (LST)  VALUE       VALUE  FROM      YEAR
                                                  NORMAL
..................................................................
TEMPERATURE (F)
 YESTERDAY
  MAXIMUM         29    324 PM  58    1976  28      1        6
  MINIMUM         19   1133 PM -35    1899  10      9       -8
  AVERAGE         24                        19      5       -1

PRECIPITATION (IN)
  YESTERDAY        0.00          0.73 1939   0.03  -0.03     0.00
  MONTH TO DATE    0.17                      0.28  -0.11     0.26
  SINCE DEC 1      2.20                      2.34  -0.14     2.26
  SINCE JAN 1      1.10                      1.10   0.00     1.09

SNOWFALL (IN)
  YESTERDAY        0.0           6.0  1909   0.3   -0.3      0.0
  MONTH TO DATE    7.6                       2.9    4.7      3.3
  SINCE DEC 1     23.0                      23.0    0.0     27.4
  SINCE JUL 1     31.0                      27.7    3.3     28.9
  SNOW DEPTH       7

DEGREE DAYS
 HEATING
  YESTERDAY       41                        46     -5       66
  MONTH TO DATE  460                       426     34      555
  SINCE DEC 1   3100                      3357   -257     3861
  SINCE JUL 1   4999                      5037    -38     5525

 COOLING
  YESTERDAY        0                         0      0        0
  MONTH TO DATE    0                         0      0        0
  SINCE DEC 1      0                         0      0        0
  SINCE JAN 1      0                         0      0        0
..................................................................


WIND (MPH)
  HIGHEST WIND SPEED    13   HIGHEST WIND DIRECTION    NE (30)
  HIGHEST GUST SPEED    14   HIGHEST GUST DIRECTION     N (20)
  AVERAGE WIND SPEED     5.9


SKY COVER
  POSSIBLE SUNSHINE  MM
  AVERAGE SKY COVER 0.9


WEATHER CONDITIONS
 THE FOLLOWING WEATHER WAS RECORDED YESTERDAY.
  NO SIGNIFICANT WEATHER WAS OBSERVED.


RELATIVE HUMIDITY (PERCENT)
 HIGHEST    92           800 PM
 LOWEST     75          1000 AM
 AVERAGE    84

..........................................................


THE MASON CITY IA CLIMATE NORMALS FOR TODAY
                         NORMAL    RECORD    YEAR
 MAXIMUM TEMPERATURE (F)   28        56      1977
 MINIMUM TEMPERATURE (F)   10       -35      1899


SUNRISE AND SUNSET
FEBRUARY 10 2015......SUNRISE   718 AM CST   SUNSET   537 PM CST
FEBRUARY 11 2015......SUNRISE   717 AM CST   SUNSET   539 PM CST


-  INDICATES NEGATIVE NUMBERS.
R  INDICATES RECORD WAS SET OR TIED.
MM INDICATES DATA IS MISSING.
T  INDICATES TRACE AMOUNT.




$$
