000
CDUS43 KDMX 240653 RRB
CLIMCW

CLIMATE REPORT
NATIONAL WEATHER SERVICE DES MOINES IA
1250 AM CST THU NOV 24 2016


...................................

...THE MASON CITY IA CLIMATE SUMMARY FOR NOVEMBER 23 2016...

CLIMATE NORMAL PERIOD 1981 TO 2010
CLIMATE RECORD PERIOD 1893 TO 2016


WEATHER ITEM   OBSERVED TIME   RECORD YEAR NORMAL DEPARTURE LAST
                VALUE   (LST)  VALUE       VALUE  FROM      YEAR
                                                  NORMAL
..................................................................
TEMPERATURE (F)
 YESTERDAY
  MAXIMUM         38    140 PM  58    1931  38      0       36
  MINIMUM         33   1159 PM  -9    1898  20     13       20
  AVERAGE         36                        29      7       28

PRECIPITATION (IN)
  YESTERDAY        0.29          2.11 1931   0.06   0.23     0.00
  MONTH TO DATE    0.80                      1.50  -0.70     2.07
  SINCE SEP 1     13.99                      7.22   6.77     7.61
  SINCE JAN 1     45.25                     33.58  11.67    35.42

SNOWFALL (IN)
  YESTERDAY        0.0           4.0  1977   0.2   -0.2      0.0
  MONTH TO DATE    0.0                       2.6   -2.6     10.0
  SINCE SEP 1      0.0                       3.0   -3.0     10.0
  SINCE JUL 1      0.0                       3.0   -3.0     10.0
  SNOW DEPTH       0

DEGREE DAYS
 HEATING
  YESTERDAY       29                        36     -7       37
  MONTH TO DATE  477                       675   -198      518
  SINCE SEP 1    950                      1377   -427     1045
  SINCE JUL 1    968                      1413   -445     1103

 COOLING
  YESTERDAY        0                         0      0        0
  MONTH TO DATE    0                         0      0        0
  SINCE SEP 1     89                        60     29      135
  SINCE JAN 1    697                       616     81      652
..................................................................


WIND (MPH)
  HIGHEST WIND SPEED    20   HIGHEST WIND DIRECTION    NW (320)
  HIGHEST GUST SPEED    24   HIGHEST GUST DIRECTION    NW (330)
  AVERAGE WIND SPEED    11.5


SKY COVER
  POSSIBLE SUNSHINE  MM
  AVERAGE SKY COVER 1.0


WEATHER CONDITIONS
 THE FOLLOWING WEATHER WAS RECORDED YESTERDAY.
  RAIN
  LIGHT RAIN
  FOG


RELATIVE HUMIDITY (PERCENT)
 HIGHEST   100           100 AM
 LOWEST     85           100 PM
 AVERAGE    93

..........................................................


THE MASON CITY IA CLIMATE NORMALS FOR TODAY
                         NORMAL    RECORD    YEAR
 MAXIMUM TEMPERATURE (F)   38        63      2011
                                             1990
 MINIMUM TEMPERATURE (F)   20       -11      1898


SUNRISE AND SUNSET
NOVEMBER 24 2016......SUNRISE   718 AM CST   SUNSET   442 PM CST
NOVEMBER 25 2016......SUNRISE   719 AM CST   SUNSET   442 PM CST


-  INDICATES NEGATIVE NUMBERS.
R  INDICATES RECORD WAS SET OR TIED.
MM INDICATES DATA IS MISSING.
T  INDICATES TRACE AMOUNT.




$$
