000
CDUS43 KDMX 080635
CLIMCW

CLIMATE REPORT
NATIONAL WEATHER SERVICE DES MOINES IA
132 AM CDT THU SEP 8 2016

...................................

...THE MASON CITY IA CLIMATE SUMMARY FOR SEPTEMBER 7 2016...

CLIMATE NORMAL PERIOD 1981 TO 2010
CLIMATE RECORD PERIOD 1893 TO 2016


WEATHER ITEM   OBSERVED TIME   RECORD YEAR NORMAL DEPARTURE LAST
                VALUE   (LST)  VALUE       VALUE  FROM      YEAR
                                                  NORMAL
..................................................................
TEMPERATURE (F)
 YESTERDAY
  MAXIMUM         76    529 PM  98    1939  77     -1       81
  MINIMUM         66   1159 PM  36    1895  53     13       67
  AVERAGE         71                        65      6       74

PRECIPITATION (IN)
  YESTERDAY        2.67          3.23 1964   0.12   2.55     0.00
  MONTH TO DATE    3.05                      0.81   2.24     1.02
  SINCE SEP 1      3.05                      0.81   2.24     1.02
  SINCE JAN 1     34.32                     27.17   7.15    28.83

SNOWFALL (IN)
  YESTERDAY        0.0          MM      MM   0.0    0.0      0.0
  MONTH TO DATE    0.0                       0.0    0.0      0.0
  SINCE SEP 1      0.0                       0.0    0.0      0.0
  SINCE JUL 1      0.0                       0.0    0.0      0.0
  SNOW DEPTH       0

DEGREE DAYS
 HEATING
  YESTERDAY        0                         3     -3        0
  MONTH TO DATE    7                        18    -11        0
  SINCE SEP 1      7                        18    -11        0
  SINCE JUL 1     25                        54    -29       58

 COOLING
  YESTERDAY        6                         3      3        9
  MONTH TO DATE   37                        22     15       82
  SINCE SEP 1     37                        22     15       82
  SINCE JAN 1    645                       578     67      599
..................................................................


WIND (MPH)
  HIGHEST WIND SPEED    18   HIGHEST WIND DIRECTION     W (270)
  HIGHEST GUST SPEED    24   HIGHEST GUST DIRECTION     S (170)
  AVERAGE WIND SPEED     4.4


SKY COVER
  POSSIBLE SUNSHINE  MM
  AVERAGE SKY COVER 0.4


WEATHER CONDITIONS
 THE FOLLOWING WEATHER WAS RECORDED YESTERDAY.
  THUNDERSTORM
  HEAVY RAIN
  RAIN
  LIGHT RAIN
  FOG


RELATIVE HUMIDITY (PERCENT)
 HIGHEST   100          1100 PM
 LOWEST     74           500 PM
 AVERAGE    87

..........................................................


THE MASON CITY IA CLIMATE NORMALS FOR TODAY
                         NORMAL    RECORD    YEAR
 MAXIMUM TEMPERATURE (F)   76        96      1931
 MINIMUM TEMPERATURE (F)   52        37      1995


SUNRISE AND SUNSET
SEPTEMBER  8 2016.....SUNRISE   646 AM CDT   SUNSET   735 PM CDT
SEPTEMBER  9 2016.....SUNRISE   647 AM CDT   SUNSET   733 PM CDT


-  INDICATES NEGATIVE NUMBERS.
R  INDICATES RECORD WAS SET OR TIED.
MM INDICATES DATA IS MISSING.
T  INDICATES TRACE AMOUNT.

$$

REV
