000
CDUS43 KDMX 010631 RRA
CLIMCW

CLIMATE REPORT
NATIONAL WEATHER SERVICE DES MOINES IA
1228 AM CST MON DEC 1 2014


...................................

...THE MASON CITY IA CLIMATE SUMMARY FOR NOVEMBER 30 2014...

CLIMATE NORMAL PERIOD 1981 TO 2010
CLIMATE RECORD PERIOD 1893 TO 2014


WEATHER ITEM   OBSERVED TIME   RECORD YEAR NORMAL DEPARTURE LAST
                VALUE   (LST)  VALUE       VALUE  FROM      YEAR
                                                  NORMAL
..................................................................
TEMPERATURE (F)
 YESTERDAY
  MAXIMUM         24   1235 AM  64    1932  34    -10       46
  MINIMUM          5   1159 PM  -9    1976  17    -12       23
  AVERAGE         15                        25    -10       35

PRECIPITATION (IN)
  YESTERDAY        0.00          1.22 1934   0.05  -0.05     0.00
  MONTH TO DATE    0.55                      1.88  -1.33     1.44
  SINCE SEP 1      5.31                      7.60  -2.29     4.45
  SINCE JAN 1     33.96                     33.96   0.00    37.83

SNOWFALL (IN)
  YESTERDAY        0.0          12.7  1934   0.3   -0.3      0.0
  MONTH TO DATE    8.0                       4.3    3.7      1.5
  SINCE SEP 1      8.0                       4.7    3.3      1.5
  SINCE JUL 1      8.0                       4.7    3.3      1.5
  SNOW DEPTH      MM

DEGREE DAYS
 HEATING
  YESTERDAY       50                        40     10       30
  MONTH TO DATE 1174                       942    232     1006
  SINCE SEP 1   1878                      1644    234     1626
  SINCE JUL 1   1899                      1680    219     1664

 COOLING
  YESTERDAY        0                         0      0        0
  MONTH TO DATE    0                         0      0        0
  SINCE SEP 1     33                        60    -27      126
  SINCE JAN 1    544                       616    -72      718
..................................................................


WIND (MPH)
  HIGHEST WIND SPEED    30   HIGHEST WIND DIRECTION    NW (330)
  HIGHEST GUST SPEED    36   HIGHEST GUST DIRECTION    NW (320)
  AVERAGE WIND SPEED    21.8


SKY COVER
  POSSIBLE SUNSHINE  MM
  AVERAGE SKY COVER 0.4


WEATHER CONDITIONS
 THE FOLLOWING WEATHER WAS RECORDED YESTERDAY.
  FOG


RELATIVE HUMIDITY (PERCENT)
 HIGHEST    96           100 AM
 LOWEST     61          1200 PM
 AVERAGE    79

..........................................................


THE MASON CITY IA CLIMATE NORMALS FOR TODAY
                         NORMAL    RECORD    YEAR
 MAXIMUM TEMPERATURE (F)   33        67      1998
 MINIMUM TEMPERATURE (F)   16        -3      1919


SUNRISE AND SUNSET
DECEMBER  1 2014......SUNRISE   725 AM CST   SUNSET   439 PM CST
DECEMBER  2 2014......SUNRISE   726 AM CST   SUNSET   439 PM CST


-  INDICATES NEGATIVE NUMBERS.
R  INDICATES RECORD WAS SET OR TIED.
MM INDICATES DATA IS MISSING.
T  INDICATES TRACE AMOUNT.




$$
