000
CDUS43 KDMX 150633 RRA
CLIMCW

CLIMATE REPORT
NATIONAL WEATHER SERVICE DES MOINES IA
133 AM CDT WED JUL 15 2015

...................................

...THE MASON CITY IA CLIMATE SUMMARY FOR JULY 14 2015...

CLIMATE NORMAL PERIOD 1981 TO 2010
CLIMATE RECORD PERIOD 1893 TO 2015


WEATHER ITEM   OBSERVED TIME   RECORD YEAR NORMAL DEPARTURE LAST
                VALUE   (LST)  VALUE       VALUE  FROM      YEAR
                                                  NORMAL
..................................................................
TEMPERATURE (F)
 YESTERDAY
  MAXIMUM         86    312 PM 107    1936  83      3       70
  MINIMUM         66   1159 PM  40    1926  61      5       52
  AVERAGE         76                        72      4       61

PRECIPITATION (IN)
  YESTERDAY        0.00          2.13 1919   0.16  -0.16     0.00
  MONTH TO DATE    0.31                      2.14  -1.83     0.40
  SINCE JUN 1      5.35                      7.28  -1.93     9.05
  SINCE JAN 1     16.35                     19.76  -3.41    23.09

SNOWFALL (IN)
  YESTERDAY        0.0          MM      MM   0.0    0.0      0.0
  MONTH TO DATE    0.0                       0.0    0.0      0.0
  SINCE JUN 1      0.0                       0.0    0.0      0.0
  SINCE JUL 1      0.0                       0.0    0.0      0.0
  SNOW DEPTH       0

DEGREE DAYS
 HEATING
  YESTERDAY        0                         0      0        4
  MONTH TO DATE   21                         0     21       13
  SINCE JUN 1     33                        44    -11       26
  SINCE JUL 1     21                         0     21       13

 COOLING
  YESTERDAY       11                         7      4        0
  MONTH TO DATE   77                       100    -23       51
  SINCE JUN 1    213                       238    -25      187
  SINCE JAN 1    243                       273    -30      240
..................................................................


WIND (MPH)
  HIGHEST WIND SPEED    18   HIGHEST WIND DIRECTION    NW (320)
  HIGHEST GUST SPEED    22   HIGHEST GUST DIRECTION     N (360)
  AVERAGE WIND SPEED     8.9


SKY COVER
  POSSIBLE SUNSHINE  MM
  AVERAGE SKY COVER 0.1


WEATHER CONDITIONS
 THE FOLLOWING WEATHER WAS RECORDED YESTERDAY.
  NO SIGNIFICANT WEATHER WAS OBSERVED.


RELATIVE HUMIDITY (PERCENT)
 HIGHEST    93           200 AM
 LOWEST     51           100 PM
 AVERAGE    72

..........................................................


THE MASON CITY IA CLIMATE NORMALS FOR TODAY
                         NORMAL    RECORD    YEAR
 MAXIMUM TEMPERATURE (F)   83       102      1936
 MINIMUM TEMPERATURE (F)   61        43      1930


SUNRISE AND SUNSET
JULY 15 2015..........SUNRISE   547 AM CDT   SUNSET   851 PM CDT
JULY 16 2015..........SUNRISE   548 AM CDT   SUNSET   850 PM CDT


-  INDICATES NEGATIVE NUMBERS.
R  INDICATES RECORD WAS SET OR TIED.
MM INDICATES DATA IS MISSING.
T  INDICATES TRACE AMOUNT.

$$

SMALL
