000
CDUS43 KDMX 100722
CLIMCW

CLIMATE REPORT
NATIONAL WEATHER SERVICE DES MOINES IA
146 AM CDT SUN AUG 10 2014

...................................

...THE MASON CITY IA CLIMATE SUMMARY FOR AUGUST 9 2014...

CLIMATE NORMAL PERIOD 1981 TO 2010
CLIMATE RECORD PERIOD 1893 TO 2014

WEATHER ITEM   OBSERVED TIME   RECORD YEAR NORMAL DEPARTURE LAST
                VALUE   (LST)  VALUE       VALUE  FROM      YEAR
                                                  NORMAL
..................................................................
TEMPERATURE (F)
 YESTERDAY
  MAXIMUM         82    417 PM 100    1936  81      1       77
  MINIMUM         62   1159 PM  36    1927  59      3       56
  AVERAGE         72                        70      2       67

PRECIPITATION (IN)
  YESTERDAY        0.00          3.19 1980   0.14  -0.14     0.00
                                      2000
  MONTH TO DATE    0.01                      1.23  -1.22     1.01
  SINCE JUN 1      9.55                     11.07  -1.52    10.69
  SINCE JAN 1     23.59                     23.55   0.04    32.13

SNOWFALL (IN)
  YESTERDAY        0.0          MM      MM   0.0    0.0      0.0
  MONTH TO DATE    0.0                       0.0    0.0      0.0
  SINCE JUN 1      0.0                       0.0    0.0      0.0
  SINCE JUL 1      0.0                       0.0    0.0      0.0
  SNOW DEPTH       0

DEGREE DAYS
 HEATING
  YESTERDAY        0                         1     -1        0
  MONTH TO DATE    0                         4     -4        4
  SINCE JUN 1     34                        57    -23       77
  SINCE JUL 1     21                        13      8       24

 COOLING
  YESTERDAY        7                         6      1        2
  MONTH TO DATE   53                        54     -1       20
  SINCE JUN 1    309                       413   -104      391
  SINCE JAN 1    362                       448    -86      428
..................................................................

WIND (MPH)
  HIGHEST WIND SPEED    13   HIGHEST WIND DIRECTION    SE (150)
  HIGHEST GUST SPEED    17   HIGHEST GUST DIRECTION    SE (140)
  AVERAGE WIND SPEED     6.7

SKY COVER
  POSSIBLE SUNSHINE  MM
  AVERAGE SKY COVER 0.3

WEATHER CONDITIONS
 THE FOLLOWING WEATHER WAS RECORDED YESTERDAY.
  NO SIGNIFICANT WEATHER WAS OBSERVED.

RELATIVE HUMIDITY (PERCENT)
 HIGHEST    93          1100 PM
 LOWEST     54          1100 AM
 AVERAGE    74
..........................................................

THE MASON CITY IA CLIMATE NORMALS FOR TODAY
                         NORMAL    RECORD    YEAR
 MAXIMUM TEMPERATURE (F)   81        98      1947
 MINIMUM TEMPERATURE (F)   59        45      1967

SUNRISE AND SUNSET
AUGUST 10 2014........SUNRISE   613 AM CDT   SUNSET   823 PM CDT
AUGUST 11 2014........SUNRISE   615 AM CDT   SUNSET   822 PM CDT

-  INDICATES NEGATIVE NUMBERS.
R  INDICATES RECORD WAS SET OR TIED.
MM INDICATES DATA IS MISSING.
T  INDICATES TRACE AMOUNT.

$$

FAB
