000
CDUS43 KDMX 090635
CLIMCW

CLIMATE REPORT
NATIONAL WEATHER SERVICE DES MOINES IA
131 AM CDT MON MAR 9 2015

...................................

...THE MASON CITY IA CLIMATE SUMMARY FOR MARCH 8 2015...

CLIMATE NORMAL PERIOD 1981 TO 2010
CLIMATE RECORD PERIOD 1893 TO 2015

WEATHER ITEM   OBSERVED TIME   RECORD YEAR NORMAL DEPARTURE LAST
                VALUE   (LST)  VALUE       VALUE  FROM      YEAR
                                                  NORMAL
..................................................................
TEMPERATURE (F)
 YESTERDAY
  MAXIMUM         49    348 PM  72    2000  38     11       26
  MINIMUM         28   1208 AM  -9    1984  21      7        6
  AVERAGE         39                        29     10       16

PRECIPITATION (IN)
  YESTERDAY        0.01          0.81 1992   0.05  -0.04     0.00
  MONTH TO DATE    0.01                      0.43  -0.42     0.42
  SINCE MAR 1      0.01                      0.43  -0.42     0.42
  SINCE JAN 1      2.08                      2.25  -0.17     3.44

SNOWFALL (IN)
  YESTERDAY       MM             9.2  1999   0.3   MM        0.0
  MONTH TO DATE    T                         1.9   -1.9      5.0
  SINCE MAR 1      T                         1.9   -1.9      5.0
  SINCE JUL 1     35.8                      34.4    1.4     51.1
  SNOW DEPTH      MM

DEGREE DAYS
 HEATING
  YESTERDAY       26                        36    -10       49
  MONTH TO DATE  373                       298     75      441
  SINCE MAR 1    373                       298     75      441
  SINCE JUL 1   6436                      6149    287     6987

 COOLING
  YESTERDAY        0                         0      0        0
  MONTH TO DATE    0                         0      0        0
  SINCE MAR 1      0                         0      0        0
  SINCE JAN 1      0                         0      0        0
..................................................................

WIND (MPH)
  HIGHEST WIND SPEED    20   HIGHEST WIND DIRECTION    SW (210)
  HIGHEST GUST SPEED    22   HIGHEST GUST DIRECTION    SW (210)
  AVERAGE WIND SPEED     8.4

SKY COVER
  POSSIBLE SUNSHINE  MM
  AVERAGE SKY COVER 0.5

WEATHER CONDITIONS
 THE FOLLOWING WEATHER WAS RECORDED YESTERDAY.
  LIGHT SNOW
  FOG

RELATIVE HUMIDITY (PERCENT)
 HIGHEST   100           800 AM
 LOWEST     56           400 PM
 AVERAGE    78
..........................................................

THE MASON CITY IA CLIMATE NORMALS FOR TODAY
                         NORMAL    RECORD    YEAR
 MAXIMUM TEMPERATURE (F)   39        59      1977
 MINIMUM TEMPERATURE (F)   21       -17      1984

SUNRISE AND SUNSET
MARCH  9 2015.........SUNRISE   736 AM CDT   SUNSET   712 PM CDT
MARCH 10 2015.........SUNRISE   735 AM CDT   SUNSET   713 PM CDT

-  INDICATES NEGATIVE NUMBERS.
R  INDICATES RECORD WAS SET OR TIED.
MM INDICATES DATA IS MISSING.
T  INDICATES TRACE AMOUNT.

$$

FAB
