000
CDUS43 KDMX 230641 RRA
CLIMCW

CLIMATE REPORT
NATIONAL WEATHER SERVICE DES MOINES IA
1239 AM CST WED NOV 23 2016


...................................

...THE MASON CITY IA CLIMATE SUMMARY FOR NOVEMBER 22 2016...

CLIMATE NORMAL PERIOD 1981 TO 2010
CLIMATE RECORD PERIOD 1893 TO 2016


WEATHER ITEM   OBSERVED TIME   RECORD YEAR NORMAL DEPARTURE LAST
                VALUE   (LST)  VALUE       VALUE  FROM      YEAR
                                                  NORMAL
..................................................................
TEMPERATURE (F)
 YESTERDAY
  MAXIMUM         36   1159 PM  65    1966  39     -3       29
  MINIMUM         33   1039 AM  -5    1935  21     12        8
  AVERAGE         35                        30      5       19

PRECIPITATION (IN)
  YESTERDAY        0.47          1.13 1963   0.06   0.41     0.00
  MONTH TO DATE    0.51                      1.44  -0.93     2.07
  SINCE SEP 1     13.70                      7.16   6.54     7.61
  SINCE JAN 1     44.96                     33.52  11.44    35.42

SNOWFALL (IN)
  YESTERDAY        0.0           6.4  1909   0.1   -0.1      0.0
  MONTH TO DATE    0.0                       2.4   -2.4     10.0
  SINCE SEP 1      0.0                       2.8   -2.8     10.0
  SINCE JUL 1      0.0                       2.8   -2.8     10.0
  SNOW DEPTH       0

DEGREE DAYS
 HEATING
  YESTERDAY       30                        35     -5       46
  MONTH TO DATE  448                       639   -191      481
  SINCE SEP 1    921                      1341   -420     1008
  SINCE JUL 1    939                      1377   -438     1066

 COOLING
  YESTERDAY        0                         0      0        0
  MONTH TO DATE    0                         0      0        0
  SINCE SEP 1     89                        60     29      135
  SINCE JAN 1    697                       616     81      652
..................................................................


WIND (MPH)
  HIGHEST WIND SPEED    24   HIGHEST WIND DIRECTION    SE (120)
  HIGHEST GUST SPEED    32   HIGHEST GUST DIRECTION     E (110)
  AVERAGE WIND SPEED    16.0


SKY COVER
  POSSIBLE SUNSHINE  MM
  AVERAGE SKY COVER 1.0


WEATHER CONDITIONS
 THE FOLLOWING WEATHER WAS RECORDED YESTERDAY.
  RAIN
  LIGHT RAIN
  LT FREEZING RAIN
  FOG


RELATIVE HUMIDITY (PERCENT)
 HIGHEST    92           500 PM
 LOWEST     52           100 AM
 AVERAGE    72

..........................................................


THE MASON CITY IA CLIMATE NORMALS FOR TODAY
                         NORMAL    RECORD    YEAR
 MAXIMUM TEMPERATURE (F)   38        58      1931
 MINIMUM TEMPERATURE (F)   20        -9      1898


SUNRISE AND SUNSET
NOVEMBER 23 2016......SUNRISE   717 AM CST   SUNSET   443 PM CST
NOVEMBER 24 2016......SUNRISE   718 AM CST   SUNSET   442 PM CST


-  INDICATES NEGATIVE NUMBERS.
R  INDICATES RECORD WAS SET OR TIED.
MM INDICATES DATA IS MISSING.
T  INDICATES TRACE AMOUNT.




$$
