000
CDUS43 KDMX 020638 RRB
CLIMCW

CLIMATE REPORT
NATIONAL WEATHER SERVICE DES MOINES IA
1238 AM CST MON JAN 2 2017


...................................

...THE MASON CITY IA CLIMATE SUMMARY FOR JANUARY 1 2017...

CLIMATE NORMAL PERIOD 1981 TO 2010
CLIMATE RECORD PERIOD 1893 TO 2017


WEATHER ITEM   OBSERVED TIME   RECORD YEAR NORMAL DEPARTURE LAST
                VALUE   (LST)  VALUE       VALUE  FROM      YEAR
                                                  NORMAL
..................................................................
TEMPERATURE (F)
 YESTERDAY
  MAXIMUM         31    102 PM  54    1897  25      6       29
  MINIMUM         19    843 AM -24    1974   8     11       15
  AVERAGE         25                        16      9       22

PRECIPITATION (IN)
  YESTERDAY        0.00          0.62 2005   0.03  -0.03      T
  MONTH TO DATE    0.00                      0.03  -0.03      T
  SINCE DEC 1      2.16                      1.27   0.89     3.63
  SINCE JAN 1      0.00                      0.03  -0.03      T

SNOWFALL (IN)
  YESTERDAY        0.0           7.5  1942   0.3   -0.3       T
  MONTH TO DATE    0.0                       0.3   -0.3       T
  SINCE DEC 1     14.9                       9.6    5.3     14.0
  SINCE JUL 1     14.9                      14.3    0.6     24.0
  SNOW DEPTH       0

DEGREE DAYS
 HEATING
  YESTERDAY       40                        49     -9       43
  MONTH TO DATE   40                        49     -9       43
  SINCE DEC 1   1431                      1458    -27     1108
  SINCE JUL 1   2595                      3138   -543     2463

 COOLING
  YESTERDAY        0                         0      0        0
  MONTH TO DATE    0                         0      0        0
  SINCE DEC 1      0                         0      0        0
  SINCE JAN 1      0                         0      0        0
..................................................................


WIND (MPH)
  HIGHEST WIND SPEED    18   HIGHEST WIND DIRECTION    SW (220)
  HIGHEST GUST SPEED    24   HIGHEST GUST DIRECTION    SW (230)
  AVERAGE WIND SPEED     7.8


SKY COVER
  POSSIBLE SUNSHINE  MM
  AVERAGE SKY COVER 0.3


WEATHER CONDITIONS
 THE FOLLOWING WEATHER WAS RECORDED YESTERDAY.
  NO SIGNIFICANT WEATHER WAS OBSERVED.


RELATIVE HUMIDITY (PERCENT)
 HIGHEST    85           700 PM
 LOWEST     63           100 PM
 AVERAGE    74

..........................................................


THE MASON CITY IA CLIMATE NORMALS FOR TODAY
                         NORMAL    RECORD    YEAR
 MAXIMUM TEMPERATURE (F)   25        47      1998
 MINIMUM TEMPERATURE (F)    8       -23      2010


SUNRISE AND SUNSET
JANUARY  2 2017.......SUNRISE   745 AM CST   SUNSET   450 PM CST
JANUARY  3 2017.......SUNRISE   745 AM CST   SUNSET   451 PM CST


-  INDICATES NEGATIVE NUMBERS.
R  INDICATES RECORD WAS SET OR TIED.
MM INDICATES DATA IS MISSING.
T  INDICATES TRACE AMOUNT.




$$
