000
CDUS43 KDMX 030812
CLIMCW

CLIMATE REPORT
NATIONAL WEATHER SERVICE DES MOINES IA
133 AM CDT WED SEP 3 2014

...................................

...THE MASON CITY IA CLIMATE SUMMARY FOR SEPTEMBER 2 2014...

CLIMATE NORMAL PERIOD 1981 TO 2010
CLIMATE RECORD PERIOD 1893 TO 2014

WEATHER ITEM   OBSERVED TIME   RECORD YEAR NORMAL DEPARTURE LAST
                VALUE   (LST)  VALUE       VALUE  FROM      YEAR
                                                  NORMAL
..................................................................
TEMPERATURE (F)
 YESTERDAY
  MAXIMUM         78    255 PM  99    1925  78      0       72
  MINIMUM         56   1159 PM  34    1928  54      2       46
  AVERAGE         67                        66      1       59

PRECIPITATION (IN)
  YESTERDAY        0.20          2.54 2006   0.11   0.09     0.00
  MONTH TO DATE    0.25                      0.23   0.02     0.00
  SINCE SEP 1      0.25                      0.23   0.02     0.00
  SINCE JAN 1     28.90                     26.59   2.31    33.38

SNOWFALL (IN)
  YESTERDAY        0.0          MM      MM   0.0    0.0      0.0
  MONTH TO DATE    0.0                       0.0    0.0      0.0
  SINCE SEP 1      0.0                       0.0    0.0      0.0
  SINCE JUL 1      0.0                       0.0    0.0      0.0
  SNOW DEPTH       0

DEGREE DAYS
 HEATING
  YESTERDAY        0                         2     -2        6
  MONTH TO DATE    0                         4     -4        6
  SINCE SEP 1      0                         4     -4        6
  SINCE JUL 1     21                        40    -19       44

 COOLING
  YESTERDAY        2                         3     -1        0
  MONTH TO DATE    5                         7     -2        5
  SINCE SEP 1      5                         7     -2        5
  SINCE JAN 1    516                       563    -47      597
..................................................................

WIND (MPH)
  HIGHEST WIND SPEED    26   HIGHEST WIND DIRECTION     W (260)
  HIGHEST GUST SPEED    31   HIGHEST GUST DIRECTION    SW (240)
  AVERAGE WIND SPEED     8.5

SKY COVER
  POSSIBLE SUNSHINE  MM
  AVERAGE SKY COVER 0.1

WEATHER CONDITIONS
 THE FOLLOWING WEATHER WAS RECORDED YESTERDAY.
  THUNDERSTORM
  HEAVY RAIN
  RAIN
  LIGHT RAIN
  FOG

RELATIVE HUMIDITY (PERCENT)
 HIGHEST    97           900 PM
 LOWEST     47           200 PM
 AVERAGE    72
..........................................................

THE MASON CITY IA CLIMATE NORMALS FOR TODAY
                         NORMAL    RECORD    YEAR
 MAXIMUM TEMPERATURE (F)   78        96      1925
 MINIMUM TEMPERATURE (F)   54        34      1974

SUNRISE AND SUNSET
SEPTEMBER  3 2014.....SUNRISE   640 AM CDT   SUNSET   745 PM CDT
SEPTEMBER  4 2014.....SUNRISE   641 AM CDT   SUNSET   743 PM CDT

-  INDICATES NEGATIVE NUMBERS.
R  INDICATES RECORD WAS SET OR TIED.
MM INDICATES DATA IS MISSING.
T  INDICATES TRACE AMOUNT.

$$

FAB
