000
CDUS43 KDMX 090630
CLIMCW

CLIMATE REPORT
NATIONAL WEATHER SERVICE DES MOINES IA
126 AM CDT SUN APR 9 2017

...................................

...THE MASON CITY IA CLIMATE SUMMARY FOR APRIL 8 2017...

CLIMATE NORMAL PERIOD 1981 TO 2010
CLIMATE RECORD PERIOD 1893 TO 2017


WEATHER ITEM   OBSERVED TIME   RECORD YEAR NORMAL DEPARTURE LAST
                VALUE   (LST)  VALUE       VALUE  FROM      YEAR
                                                  NORMAL
..................................................................
TEMPERATURE (F)
 YESTERDAY
  MAXIMUM         74    427 PM  85    1931  55     19       39
  MINIMUM         39    330 AM  12    1997  32      7       19
  AVERAGE         57                        43     14       29

PRECIPITATION (IN)
  YESTERDAY        0.00          1.50 1896   0.12  -0.12      T
  MONTH TO DATE    0.82                      0.86  -0.04     0.12
  SINCE MAR 1      2.73                      3.09  -0.36     3.34
  SINCE JAN 1      6.72                      4.91   1.81     4.63

SNOWFALL (IN)
  YESTERDAY        0.0           5.5  1896   0.2   -0.2       T
  MONTH TO DATE    0.0                       1.1   -1.1       T
  SINCE MAR 1      8.5                       7.1    1.4      8.2
  SINCE JUL 1     47.9                      39.6    8.3     50.9
  SNOW DEPTH       0

DEGREE DAYS
 HEATING
  YESTERDAY        8                        22    -14       36
  MONTH TO DATE  144                       187    -43      217
  SINCE MAR 1   1162                      1181    -19     1008
  SINCE JUL 1   6074                      7032   -958     6107

 COOLING
  YESTERDAY        0                         0      0        0
  MONTH TO DATE    0                         0      0        0
  SINCE MAR 1      0                         0      0        0
  SINCE JAN 1      0                         0      0        0
..................................................................


WIND (MPH)
  HIGHEST WIND SPEED    28   HIGHEST WIND DIRECTION     S (170)
  HIGHEST GUST SPEED    36   HIGHEST GUST DIRECTION     S (180)
  AVERAGE WIND SPEED    15.2


SKY COVER
  POSSIBLE SUNSHINE  MM
  AVERAGE SKY COVER 0.0


WEATHER CONDITIONS
 THE FOLLOWING WEATHER WAS RECORDED YESTERDAY.
  NO SIGNIFICANT WEATHER WAS OBSERVED.


RELATIVE HUMIDITY (PERCENT)
 HIGHEST    83          1100 PM
 LOWEST     35           200 PM
 AVERAGE    59

..........................................................


THE MASON CITY IA CLIMATE NORMALS FOR TODAY
                         NORMAL    RECORD    YEAR
 MAXIMUM TEMPERATURE (F)   55        84      1977
 MINIMUM TEMPERATURE (F)   32        10      1928


SUNRISE AND SUNSET
APRIL  9 2017.........SUNRISE   641 AM CDT   SUNSET   749 PM CDT
APRIL 10 2017.........SUNRISE   639 AM CDT   SUNSET   751 PM CDT


-  INDICATES NEGATIVE NUMBERS.
R  INDICATES RECORD WAS SET OR TIED.
MM INDICATES DATA IS MISSING.
T  INDICATES TRACE AMOUNT.

$$

REV
