000
CDUS43 KDMX 280746 RRA
CLIMCW

CLIMATE REPORT
NATIONAL WEATHER SERVICE DES MOINES IA
246 AM CDT FRI OCT 28 2016

...................................

...THE MASON CITY IA CLIMATE SUMMARY FOR OCTOBER 27 2016...

CLIMATE NORMAL PERIOD 1981 TO 2010
CLIMATE RECORD PERIOD 1893 TO 2016


WEATHER ITEM   OBSERVED TIME   RECORD YEAR NORMAL DEPARTURE LAST
                VALUE   (LST)  VALUE       VALUE  FROM      YEAR
                                                  NORMAL
..................................................................
TEMPERATURE (F)
 YESTERDAY
  MAXIMUM         53    303 PM  82    1966  55     -2       53
  MINIMUM         36    320 AM  13    1997  33      3       45
  AVERAGE         45                        44      1       49

PRECIPITATION (IN)
  YESTERDAY        0.00          1.95 1918   0.06  -0.06     0.36
  MONTH TO DATE    2.16                      2.17  -0.01     0.62
  SINCE SEP 1     13.19                      5.44   7.75     5.22
  SINCE JAN 1     44.45                     31.80  12.65    33.03

SNOWFALL (IN)
  YESTERDAY        0.0           3.0  1925   0.0    0.0      0.0
  MONTH TO DATE    0.0                       0.2   -0.2      0.0
  SINCE SEP 1      0.0                       0.2   -0.2      0.0
  SINCE JUL 1      0.0                       0.2   -0.2      0.0
  SNOW DEPTH       0

DEGREE DAYS
 HEATING
  YESTERDAY       20                        21     -1       16
  MONTH TO DATE  342                       435    -93      361
  SINCE SEP 1    413                       612   -199      443
  SINCE JUL 1    431                       648   -217      501

 COOLING
  YESTERDAY        0                         0      0        0
  MONTH TO DATE    4                         2      2        5
  SINCE SEP 1     89                        56     33      135
  SINCE JAN 1    697                       612     85      652
..................................................................


WIND (MPH)
  HIGHEST WIND SPEED    15   HIGHEST WIND DIRECTION    SE (140)
  HIGHEST GUST SPEED    19   HIGHEST GUST DIRECTION    SE (150)
  AVERAGE WIND SPEED     7.8


SKY COVER
  POSSIBLE SUNSHINE  MM
  AVERAGE SKY COVER 0.6


WEATHER CONDITIONS
 THE FOLLOWING WEATHER WAS RECORDED YESTERDAY.
  FOG
  FOG W/VISIBILITY <= 1/4 MILE


RELATIVE HUMIDITY (PERCENT)
 HIGHEST   100          1200 AM
 LOWEST     77           400 PM
 AVERAGE    89

..........................................................


THE MASON CITY IA CLIMATE NORMALS FOR TODAY
                         NORMAL    RECORD    YEAR
 MAXIMUM TEMPERATURE (F)   54        77      1945
 MINIMUM TEMPERATURE (F)   33         5      1925


SUNRISE AND SUNSET
OCTOBER 28 2016.......SUNRISE   744 AM CDT   SUNSET   610 PM CDT
OCTOBER 29 2016.......SUNRISE   745 AM CDT   SUNSET   608 PM CDT


-  INDICATES NEGATIVE NUMBERS.
R  INDICATES RECORD WAS SET OR TIED.
MM INDICATES DATA IS MISSING.
T  INDICATES TRACE AMOUNT.

$$

SMALL
