000
CDUS43 KDMX 110703 RRB
CLIMCW

CLIMATE REPORT
NATIONAL WEATHER SERVICE DES MOINES IA
201 AM CDT SAT JUL 11 2015


...................................

...THE MASON CITY IA CLIMATE SUMMARY FOR JULY 10 2015...

CLIMATE NORMAL PERIOD 1981 TO 2010
CLIMATE RECORD PERIOD 1893 TO 2015


WEATHER ITEM   OBSERVED TIME   RECORD YEAR NORMAL DEPARTURE LAST
                VALUE   (LST)  VALUE       VALUE  FROM      YEAR
                                                  NORMAL
..................................................................
TEMPERATURE (F)
 YESTERDAY
  MAXIMUM         83    322 PM 104    1936  84     -1       83
  MINIMUM         59    321 AM  45    1945  61     -2       56
  AVERAGE         71                        72     -1       70

PRECIPITATION (IN)
  YESTERDAY        0.00          2.24 1971   0.15  -0.15     0.00
  MONTH TO DATE    0.31                      1.54  -1.23     0.12
  SINCE JUN 1      5.35                      6.68  -1.33     8.77
  SINCE JAN 1     16.35                     19.16  -2.81    22.81

SNOWFALL (IN)
  YESTERDAY        0.0          MM      MM   0.0    0.0      0.0
  MONTH TO DATE    0.0                       0.0    0.0      0.0
  SINCE JUN 1      0.0                       0.0    0.0      0.0
  SINCE JUL 1      0.0                       0.0    0.0      0.0
  SNOW DEPTH       0

DEGREE DAYS
 HEATING
  YESTERDAY        0                         0      0        0
  MONTH TO DATE   21                         0     21        9
  SINCE JUN 1     33                        44    -11       22
  SINCE JUL 1     21                         0     21        9

 COOLING
  YESTERDAY        6                         7     -1        5
  MONTH TO DATE   25                        70    -45       34
  SINCE JUN 1    161                       208    -47      170
  SINCE JAN 1    191                       243    -52      223
..................................................................


WIND (MPH)
  HIGHEST WIND SPEED    15   HIGHEST WIND DIRECTION     S (170)
  HIGHEST GUST SPEED    24   HIGHEST GUST DIRECTION     S (160)
  AVERAGE WIND SPEED     7.9


SKY COVER
  POSSIBLE SUNSHINE  MM
  AVERAGE SKY COVER 0.2


WEATHER CONDITIONS
 THE FOLLOWING WEATHER WAS RECORDED YESTERDAY.
  FOG


RELATIVE HUMIDITY (PERCENT)
 HIGHEST    97           200 AM
 LOWEST     55          1200 PM
 AVERAGE    76

..........................................................


THE MASON CITY IA CLIMATE NORMALS FOR TODAY
                         NORMAL    RECORD    YEAR
 MAXIMUM TEMPERATURE (F)   84       106      1936
 MINIMUM TEMPERATURE (F)   61        43      1945


SUNRISE AND SUNSET
JULY 11 2015..........SUNRISE   544 AM CDT   SUNSET   853 PM CDT
JULY 12 2015..........SUNRISE   545 AM CDT   SUNSET   853 PM CDT


-  INDICATES NEGATIVE NUMBERS.
R  INDICATES RECORD WAS SET OR TIED.
MM INDICATES DATA IS MISSING.
T  INDICATES TRACE AMOUNT.




$$
