000
CDUS43 KDMX 110637 RRA
CLIMCW

CLIMATE REPORT
NATIONAL WEATHER SERVICE DES MOINES IA
135 AM CDT MON MAY 11 2015


...................................

...THE MASON CITY IA CLIMATE SUMMARY FOR MAY 10 2015...

CLIMATE NORMAL PERIOD 1981 TO 2010
CLIMATE RECORD PERIOD 1893 TO 2015


WEATHER ITEM   OBSERVED TIME   RECORD YEAR NORMAL DEPARTURE LAST
                VALUE   (LST)  VALUE       VALUE  FROM      YEAR
                                                  NORMAL
..................................................................
TEMPERATURE (F)
 YESTERDAY
  MAXIMUM         63    144 PM  94    2011  68     -5       64
  MINIMUM         56    746 AM  25    1966  45     11       36
  AVERAGE         60                        56      4       50

PRECIPITATION (IN)
  YESTERDAY        0.30          2.64 1967   0.15   0.15     0.37
  MONTH TO DATE    0.95                      1.44  -0.49     0.54
  SINCE MAR 1      6.55                      7.42  -0.87     9.23
  SINCE JAN 1      8.62                      9.24  -0.62    12.25

SNOWFALL (IN)
  YESTERDAY        0.0          MM      MM   0.0    0.0      0.0
  MONTH TO DATE    0.0                       0.1   -0.1      0.0
  SINCE MAR 1      4.2                       8.8   -4.6     11.9
  SINCE JUL 1     40.0                      41.3   -1.3     58.0
  SNOW DEPTH       0

DEGREE DAYS
 HEATING
  YESTERDAY        5                         9     -4       15
  MONTH TO DATE   56                       105    -49      115
  SINCE MAR 1   1471                      1654   -183     1933
  SINCE JUL 1   7534                      7505     29     8479

 COOLING
  YESTERDAY        0                         1     -1        0
  MONTH TO DATE   11                         2      9        4
  SINCE MAR 1     11                         7      4        4
  SINCE JAN 1     11                         7      4        4
..................................................................


WIND (MPH)
  HIGHEST WIND SPEED    25   HIGHEST WIND DIRECTION    SE (130)
  HIGHEST GUST SPEED    31   HIGHEST GUST DIRECTION    SE (130)
  AVERAGE WIND SPEED    16.4


SKY COVER
  POSSIBLE SUNSHINE  MM
  AVERAGE SKY COVER 1.0


WEATHER CONDITIONS
 THE FOLLOWING WEATHER WAS RECORDED YESTERDAY.
  THUNDERSTORM
  HEAVY RAIN
  RAIN
  LIGHT RAIN
  FOG


RELATIVE HUMIDITY (PERCENT)
 HIGHEST    93           900 PM
 LOWEST     78           100 AM
 AVERAGE    86

..........................................................


THE MASON CITY IA CLIMATE NORMALS FOR TODAY
                         NORMAL    RECORD    YEAR
 MAXIMUM TEMPERATURE (F)   69        88      1958
 MINIMUM TEMPERATURE (F)   45        25      1925


SUNRISE AND SUNSET
MAY 11 2015...........SUNRISE   554 AM CDT   SUNSET   826 PM CDT
MAY 12 2015...........SUNRISE   553 AM CDT   SUNSET   827 PM CDT


-  INDICATES NEGATIVE NUMBERS.
R  INDICATES RECORD WAS SET OR TIED.
MM INDICATES DATA IS MISSING.
T  INDICATES TRACE AMOUNT.




$$
