000
CDUS43 KDMX 100655
CLIMCW

CLIMATE REPORT
NATIONAL WEATHER SERVICE DES MOINES IA
136 AM CDT WED JUN 10 2015

...................................

...THE MASON CITY IA CLIMATE SUMMARY FOR JUNE 9 2015...

CLIMATE NORMAL PERIOD 1981 TO 2010
CLIMATE RECORD PERIOD 1893 TO 2015

WEATHER ITEM   OBSERVED TIME   RECORD YEAR NORMAL DEPARTURE LAST
                VALUE   (LST)  VALUE       VALUE  FROM      YEAR
                                                  NORMAL
..................................................................
TEMPERATURE (F)
 YESTERDAY
  MAXIMUM         95    433 PM  97    1973  78     17       74
  MINIMUM         58    213 AM  34    1913  55      3       59
  AVERAGE         77                        66     11       67

PRECIPITATION (IN)
  YESTERDAY        0.00          2.45 1907   0.17  -0.17     0.00
  MONTH TO DATE    1.32                      1.55  -0.23     1.30
  SINCE JUN 1      1.32                      1.55  -0.23     1.30
  SINCE JAN 1     12.32                     14.03  -1.71    15.34

SNOWFALL (IN)
  YESTERDAY        0.0          MM      MM   0.0    0.0      0.0
  MONTH TO DATE    0.0                       0.0    0.0      0.0
  SINCE JUN 1      0.0                       0.0    0.0      0.0
  SINCE JUL 1     40.0                      41.2   -1.2     58.0
  SNOW DEPTH       0

DEGREE DAYS
 HEATING
  YESTERDAY        0                         2     -2        0
  MONTH TO DATE   10                        25    -15        5
  SINCE JUN 1     10                        25    -15        5
  SINCE JUL 1   7694                      7660     34     8616

 COOLING
  YESTERDAY       12                         3      9        2
  MONTH TO DATE   41                        25     16       29
  SINCE JUN 1     41                        25     16       29
  SINCE JAN 1     71                        60     11       82
..................................................................

WIND (MPH)
  HIGHEST WIND SPEED    23   HIGHEST WIND DIRECTION     W (260)
  HIGHEST GUST SPEED    31   HIGHEST GUST DIRECTION     W (260)
  AVERAGE WIND SPEED    10.7

SKY COVER
  POSSIBLE SUNSHINE  MM
  AVERAGE SKY COVER 0.1

WEATHER CONDITIONS
 THE FOLLOWING WEATHER WAS RECORDED YESTERDAY.
  NO SIGNIFICANT WEATHER WAS OBSERVED.

RELATIVE HUMIDITY (PERCENT)
 HIGHEST    84          1200 AM
 LOWEST     26           500 PM
 AVERAGE    55
..........................................................

THE MASON CITY IA CLIMATE NORMALS FOR TODAY
                         NORMAL    RECORD    YEAR
 MAXIMUM TEMPERATURE (F)   78        98      1933
 MINIMUM TEMPERATURE (F)   55        33      1913

SUNRISE AND SUNSET
JUNE 10 2015..........SUNRISE   533 AM CDT   SUNSET   852 PM CDT
JUNE 11 2015..........SUNRISE   533 AM CDT   SUNSET   853 PM CDT

-  INDICATES NEGATIVE NUMBERS.
R  INDICATES RECORD WAS SET OR TIED.
MM INDICATES DATA IS MISSING.
T  INDICATES TRACE AMOUNT.

$$

FAB
