000
CDUS43 KDMX 090632 RRA
CLIMCW

CLIMATE REPORT
NATIONAL WEATHER SERVICE DES MOINES IA
1230 AM CST THU MAR 9 2017


...................................

...THE MASON CITY IA CLIMATE SUMMARY FOR MARCH 8 2017...

CLIMATE NORMAL PERIOD 1981 TO 2010
CLIMATE RECORD PERIOD 1893 TO 2017


WEATHER ITEM   OBSERVED TIME   RECORD YEAR NORMAL DEPARTURE LAST
                VALUE   (LST)  VALUE       VALUE  FROM      YEAR
                                                  NORMAL
..................................................................
TEMPERATURE (F)
 YESTERDAY
  MAXIMUM         44    326 PM  72    2016  38      6       72
                                      2000
  MINIMUM         22   1038 PM  -9    1984  21      1       42
  AVERAGE         33                        29      4       57

PRECIPITATION (IN)
  YESTERDAY        0.00          0.81 1992   0.05  -0.05      T
  MONTH TO DATE    0.44                      0.43   0.01     0.16
  SINCE MAR 1      0.44                      0.43   0.01     0.16
  SINCE JAN 1      4.43                      2.25   2.18     1.45

SNOWFALL (IN)
  YESTERDAY        0.0           9.2  1999   0.3   -0.3      0.0
  MONTH TO DATE    0.5                       1.9   -1.4      2.2
  SINCE MAR 1      0.5                       1.9   -1.4      2.2
  SINCE JUL 1     39.9                      34.4    5.5     44.9
  SNOW DEPTH       0

DEGREE DAYS
 HEATING
  YESTERDAY       32                        36     -4        8
  MONTH TO DATE  244                       298    -54      246
  SINCE MAR 1    244                       298    -54      246
  SINCE JUL 1   5156                      6149   -993     5345

 COOLING
  YESTERDAY        0                         0      0        0
  MONTH TO DATE    0                         0      0        0
  SINCE MAR 1      0                         0      0        0
  SINCE JAN 1      0                         0      0        0
..................................................................


WIND (MPH)
  HIGHEST WIND SPEED    38   HIGHEST WIND DIRECTION     W (290)
  HIGHEST GUST SPEED    46   HIGHEST GUST DIRECTION     W (280)
  AVERAGE WIND SPEED    21.7


SKY COVER
  POSSIBLE SUNSHINE  MM
  AVERAGE SKY COVER 0.1


WEATHER CONDITIONS
 THE FOLLOWING WEATHER WAS RECORDED YESTERDAY.
  NO SIGNIFICANT WEATHER WAS OBSERVED.


RELATIVE HUMIDITY (PERCENT)
 HIGHEST    75           900 PM
 LOWEST     33           300 PM
 AVERAGE    54

..........................................................


THE MASON CITY IA CLIMATE NORMALS FOR TODAY
                         NORMAL    RECORD    YEAR
 MAXIMUM TEMPERATURE (F)   39        59      1977
 MINIMUM TEMPERATURE (F)   21       -17      1984


SUNRISE AND SUNSET
MARCH  9 2017.........SUNRISE   635 AM CST   SUNSET   613 PM CST
MARCH 10 2017.........SUNRISE   634 AM CST   SUNSET   614 PM CST


-  INDICATES NEGATIVE NUMBERS.
R  INDICATES RECORD WAS SET OR TIED.
MM INDICATES DATA IS MISSING.
T  INDICATES TRACE AMOUNT.




$$
