000
CDUS43 KDMX 110629 RRA
CLIMCW

CLIMATE REPORT
NATIONAL WEATHER SERVICE DES MOINES IA
1228 AM CST SUN JAN 11 2015


...................................

...THE MASON CITY IA CLIMATE SUMMARY FOR JANUARY 10 2015...

CLIMATE NORMAL PERIOD 1981 TO 2010
CLIMATE RECORD PERIOD 1893 TO 2015


WEATHER ITEM   OBSERVED TIME   RECORD YEAR NORMAL DEPARTURE LAST
                VALUE   (LST)  VALUE       VALUE  FROM      YEAR
                                                  NORMAL
..................................................................
TEMPERATURE (F)
 YESTERDAY
  MAXIMUM         25    411 PM  55    2012  24      1       31
  MINIMUM         -8    500 AM -30    1937   7    -15       18
  AVERAGE          9                        16     -7       25

PRECIPITATION (IN)
  YESTERDAY        0.00          0.77 1975   0.03  -0.03     0.01
  MONTH TO DATE    0.33                      0.27   0.06     0.01
  SINCE DEC 1      1.43                      1.51  -0.08     1.18
  SINCE JAN 1      0.33                      0.27   0.06     0.01

SNOWFALL (IN)
  YESTERDAY        0.0           6.0  1924   0.3   -0.3      0.1
  MONTH TO DATE    7.6                       3.1    4.5      0.1
  SINCE DEC 1     13.3                      12.4    0.9     15.0
  SINCE JUL 1     21.3                      17.1    4.2     16.5
  SNOW DEPTH       9

DEGREE DAYS
 HEATING
  YESTERDAY       56                        49      7       40
  MONTH TO DATE  581                       490     91      632
  SINCE DEC 1   1807                      1899    -92     2212
  SINCE JUL 1   3706                      3579    127     3876

 COOLING
  YESTERDAY        0                         0      0        0
  MONTH TO DATE    0                         0      0        0
  SINCE DEC 1      0                         0      0        0
  SINCE JAN 1      0                         0      0        0
..................................................................


WIND (MPH)
  HIGHEST WIND SPEED    22   HIGHEST WIND DIRECTION     S (190)
  HIGHEST GUST SPEED    29   HIGHEST GUST DIRECTION     S (180)
  AVERAGE WIND SPEED     9.4


SKY COVER
  POSSIBLE SUNSHINE  MM
  AVERAGE SKY COVER 0.3


WEATHER CONDITIONS
 THE FOLLOWING WEATHER WAS RECORDED YESTERDAY.
  NO SIGNIFICANT WEATHER WAS OBSERVED.


RELATIVE HUMIDITY (PERCENT)
 HIGHEST    92           700 PM
 LOWEST     61          1200 PM
 AVERAGE    77

..........................................................


THE MASON CITY IA CLIMATE NORMALS FOR TODAY
                         NORMAL    RECORD    YEAR
 MAXIMUM TEMPERATURE (F)   24        48      2004
 MINIMUM TEMPERATURE (F)    7       -24      1977


SUNRISE AND SUNSET
JANUARY 11 2015.......SUNRISE   744 AM CST   SUNSET   459 PM CST
JANUARY 12 2015.......SUNRISE   744 AM CST   SUNSET   500 PM CST


-  INDICATES NEGATIVE NUMBERS.
R  INDICATES RECORD WAS SET OR TIED.
MM INDICATES DATA IS MISSING.
T  INDICATES TRACE AMOUNT.




$$
