000
CDUS43 KDMX 130645 RRA
CLIMCW

CLIMATE REPORT
NATIONAL WEATHER SERVICE DES MOINES IA
1241 AM CST FRI FEB 13 2015


...................................

...THE MASON CITY IA CLIMATE SUMMARY FOR FEBRUARY 12 2015...

CLIMATE NORMAL PERIOD 1981 TO 2010
CLIMATE RECORD PERIOD 1893 TO 2015


WEATHER ITEM   OBSERVED TIME   RECORD YEAR NORMAL DEPARTURE LAST
                VALUE   (LST)  VALUE       VALUE  FROM      YEAR
                                                  NORMAL
..................................................................
TEMPERATURE (F)
 YESTERDAY
  MAXIMUM         11   1159 PM  61    1976  28    -17       22
  MINIMUM         -2    734 AM -27    1899  11    -13        3
  AVERAGE          5                        20    -15       13

PRECIPITATION (IN)
  YESTERDAY        0.00          0.27 1908   0.03  -0.03     0.05
  MONTH TO DATE    0.17                      0.38  -0.21     0.31
  SINCE DEC 1      2.20                      2.44  -0.24     2.31
  SINCE JAN 1      1.10                      1.20  -0.10     1.14

SNOWFALL (IN)
  YESTERDAY        0.0           7.8  1965   0.3   -0.3      0.5
  MONTH TO DATE    7.6                       3.8    3.8      3.8
  SINCE DEC 1     23.0                      23.9   -0.9     27.9
  SINCE JUL 1     31.0                      28.6    2.4     29.4
  SNOW DEPTH       6

DEGREE DAYS
 HEATING
  YESTERDAY       60                        45     15       52
  MONTH TO DATE  604                       563     41      747
  SINCE DEC 1   3244                      3494   -250     4053
  SINCE JUL 1   5143                      5174    -31     5717

 COOLING
  YESTERDAY        0                         0      0        0
  MONTH TO DATE    0                         0      0        0
  SINCE DEC 1      0                         0      0        0
  SINCE JAN 1      0                         0      0        0
..................................................................


WIND (MPH)
  HIGHEST WIND SPEED    29   HIGHEST WIND DIRECTION     N (340)
  HIGHEST GUST SPEED    35   HIGHEST GUST DIRECTION     N (340)
  AVERAGE WIND SPEED    10.7


SKY COVER
  POSSIBLE SUNSHINE  MM
  AVERAGE SKY COVER 0.1


WEATHER CONDITIONS
 THE FOLLOWING WEATHER WAS RECORDED YESTERDAY.
  NO SIGNIFICANT WEATHER WAS OBSERVED.


RELATIVE HUMIDITY (PERCENT)
 HIGHEST    79           700 AM
 LOWEST     66           400 PM
 AVERAGE    73

..........................................................


THE MASON CITY IA CLIMATE NORMALS FOR TODAY
                         NORMAL    RECORD    YEAR
 MAXIMUM TEMPERATURE (F)   29        53      1954
 MINIMUM TEMPERATURE (F)   11       -27      1905


SUNRISE AND SUNSET
FEBRUARY 13 2015......SUNRISE   714 AM CST   SUNSET   541 PM CST
FEBRUARY 14 2015......SUNRISE   713 AM CST   SUNSET   543 PM CST


-  INDICATES NEGATIVE NUMBERS.
R  INDICATES RECORD WAS SET OR TIED.
MM INDICATES DATA IS MISSING.
T  INDICATES TRACE AMOUNT.




$$
