000
CDUS43 KDMX 200638 RRB
CLIMCW

CLIMATE REPORT
NATIONAL WEATHER SERVICE DES MOINES IA
137 AM CDT MON JUN 20 2016


...................................

...THE MASON CITY IA CLIMATE SUMMARY FOR JUNE 19 2016...

CLIMATE NORMAL PERIOD 1981 TO 2010
CLIMATE RECORD PERIOD 1893 TO 2016


WEATHER ITEM   OBSERVED TIME   RECORD YEAR NORMAL DEPARTURE LAST
                VALUE   (LST)  VALUE       VALUE  FROM      YEAR
                                                  NORMAL
..................................................................
TEMPERATURE (F)
 YESTERDAY
  MAXIMUM         90    235 PM  97    1956  81      9       81
                                      1953
  MINIMUM         63    453 AM  40    1926  58      5       55
  AVERAGE         77                        69      8       68

PRECIPITATION (IN)
  YESTERDAY        0.00          1.65 2014   0.18  -0.18     0.00
  MONTH TO DATE    3.57                      3.32   0.25     2.82
  SINCE JUN 1      3.57                      3.32   0.25     2.82
  SINCE JAN 1     14.79                     15.80  -1.01    13.82

SNOWFALL (IN)
  YESTERDAY        0.0          MM      MM   0.0    0.0      0.0
  MONTH TO DATE    0.0                       0.0    0.0      0.0
  SINCE JUN 1      0.0                       0.0    0.0      0.0
  SINCE JUL 1     50.9                      41.2    9.7     40.0
  SNOW DEPTH       0

DEGREE DAYS
 HEATING
  YESTERDAY        0                         1     -1        0
  MONTH TO DATE    8                        38    -30       12
  SINCE JUN 1      8                        38    -30       12
  SINCE JUL 1   6633                      7673  -1040     7696

 COOLING
  YESTERDAY       12                         5      7        3
  MONTH TO DATE  127                        70     57       77
  SINCE JUN 1    127                        70     57       77
  SINCE JAN 1    168                       105     63      107
..................................................................


WIND (MPH)
  HIGHEST WIND SPEED    24   HIGHEST WIND DIRECTION    SW (210)
  HIGHEST GUST SPEED    31   HIGHEST GUST DIRECTION     S (200)
  AVERAGE WIND SPEED    13.1


SKY COVER
  POSSIBLE SUNSHINE  MM
  AVERAGE SKY COVER 0.0


WEATHER CONDITIONS
 THE FOLLOWING WEATHER WAS RECORDED YESTERDAY.
  NO SIGNIFICANT WEATHER WAS OBSERVED.


RELATIVE HUMIDITY (PERCENT)
 HIGHEST    93           100 AM
 LOWEST     38           400 PM
 AVERAGE    66

..........................................................


THE MASON CITY IA CLIMATE NORMALS FOR TODAY
                         NORMAL    RECORD    YEAR
 MAXIMUM TEMPERATURE (F)   81       101      1988
 MINIMUM TEMPERATURE (F)   58        42      1969


SUNRISE AND SUNSET
JUNE 20 2016..........SUNRISE   534 AM CDT   SUNSET   856 PM CDT
JUNE 21 2016..........SUNRISE   534 AM CDT   SUNSET   857 PM CDT


-  INDICATES NEGATIVE NUMBERS.
R  INDICATES RECORD WAS SET OR TIED.
MM INDICATES DATA IS MISSING.
T  INDICATES TRACE AMOUNT.




$$
