000
CDUS43 KDMX 140630 RRA
CLIMCW

CLIMATE REPORT
NATIONAL WEATHER SERVICE DES MOINES IA
129 AM CDT SUN JUN 14 2015


...................................

...THE MASON CITY IA CLIMATE SUMMARY FOR JUNE 13 2015...

CLIMATE NORMAL PERIOD 1981 TO 2010
CLIMATE RECORD PERIOD 1893 TO 2015


WEATHER ITEM   OBSERVED TIME   RECORD YEAR NORMAL DEPARTURE LAST
                VALUE   (LST)  VALUE       VALUE  FROM      YEAR
                                                  NORMAL
..................................................................
TEMPERATURE (F)
 YESTERDAY
  MAXIMUM         75    449 PM 100    1987  79     -4       78
  MINIMUM         62    540 AM  38    1933  56      6       44
  AVERAGE         69                        68      1       61

PRECIPITATION (IN)
  YESTERDAY        0.14          2.46 2000   0.17  -0.03     0.00
  MONTH TO DATE    2.71                      2.26   0.45     1.30
  SINCE JUN 1      2.71                      2.26   0.45     1.30
  SINCE JAN 1     13.71                     14.74  -1.03    15.34

SNOWFALL (IN)
  YESTERDAY        0.0          MM      MM   0.0    0.0      0.0
  MONTH TO DATE    0.0                       0.0    0.0      0.0
  SINCE JUN 1      0.0                       0.0    0.0      0.0
  SINCE JUL 1     40.0                      41.2   -1.2     58.0
  SNOW DEPTH       0

DEGREE DAYS
 HEATING
  YESTERDAY        0                         1     -1        4
  MONTH TO DATE   12                        32    -20       13
  SINCE JUN 1     12                        32    -20       13
  SINCE JUL 1   7696                      7667     29     8624

 COOLING
  YESTERDAY        4                         4      0        0
  MONTH TO DATE   55                        41     14       33
  SINCE JUN 1     55                        41     14       33
  SINCE JAN 1     85                        76      9       86
..................................................................


WIND (MPH)
  HIGHEST WIND SPEED    14   HIGHEST WIND DIRECTION    SW (220)
  HIGHEST GUST SPEED    16   HIGHEST GUST DIRECTION     S (200)
  AVERAGE WIND SPEED     5.2


SKY COVER
  POSSIBLE SUNSHINE  MM
  AVERAGE SKY COVER 1.0


WEATHER CONDITIONS
 THE FOLLOWING WEATHER WAS RECORDED YESTERDAY.
  RAIN
  LIGHT RAIN
  FOG


RELATIVE HUMIDITY (PERCENT)
 HIGHEST   100           700 AM
 LOWEST     68           400 PM
 AVERAGE    84

..........................................................


THE MASON CITY IA CLIMATE NORMALS FOR TODAY
                         NORMAL    RECORD    YEAR
 MAXIMUM TEMPERATURE (F)   79       100      1987
 MINIMUM TEMPERATURE (F)   57        37      1933


SUNRISE AND SUNSET
JUNE 14 2015..........SUNRISE   533 AM CDT   SUNSET   854 PM CDT
JUNE 15 2015..........SUNRISE   533 AM CDT   SUNSET   855 PM CDT


-  INDICATES NEGATIVE NUMBERS.
R  INDICATES RECORD WAS SET OR TIED.
MM INDICATES DATA IS MISSING.
T  INDICATES TRACE AMOUNT.




$$
