000
CDUS43 KDMX 130642 RRA
CLIMCW

CLIMATE REPORT
NATIONAL WEATHER SERVICE DES MOINES IA
137 AM CDT WED AUG 13 2014


...................................

...THE MASON CITY IA CLIMATE SUMMARY FOR AUGUST 12 2014...

CLIMATE NORMAL PERIOD 1981 TO 2010
CLIMATE RECORD PERIOD 1893 TO 2014


WEATHER ITEM   OBSERVED TIME   RECORD YEAR NORMAL DEPARTURE LAST
                VALUE   (LST)  VALUE       VALUE  FROM      YEAR
                                                  NORMAL
..................................................................
TEMPERATURE (F)
 YESTERDAY
  MAXIMUM         79    235 PM  97    1937  81     -2       78
  MINIMUM         50    505 AM  44    1967  59     -9       57
  AVERAGE         65                        70     -5       68

PRECIPITATION (IN)
  YESTERDAY        0.00          1.69 1987   0.13  -0.13     0.00
                                      2000
  MONTH TO DATE    0.01                      1.62  -1.61     1.61
  SINCE JUN 1      9.55                     11.46  -1.91    11.29
  SINCE JAN 1     23.59                     23.94  -0.35    32.73

SNOWFALL (IN)
  YESTERDAY        0.0          MM      MM   0.0    0.0      0.0
  MONTH TO DATE    0.0                       0.0    0.0      0.0
  SINCE JUN 1      0.0                       0.0    0.0      0.0
  SINCE JUL 1      0.0                       0.0    0.0      0.0
  SNOW DEPTH       0

DEGREE DAYS
 HEATING
  YESTERDAY        0                         1     -1        0
  MONTH TO DATE    0                         7     -7        4
  SINCE JUN 1     34                        60    -26       77
  SINCE JUL 1     21                        16      5       24

 COOLING
  YESTERDAY        0                         6     -6        3
  MONTH TO DATE   60                        72    -12       25
  SINCE JUN 1    316                       431   -115      396
  SINCE JAN 1    369                       466    -97      433
..................................................................


WIND (MPH)
  HIGHEST WIND SPEED    22   HIGHEST WIND DIRECTION     N (350)
  HIGHEST GUST SPEED    27   HIGHEST GUST DIRECTION    NW (320)
  AVERAGE WIND SPEED    10.9


SKY COVER
  POSSIBLE SUNSHINE  MM
  AVERAGE SKY COVER 0.0


WEATHER CONDITIONS
 THE FOLLOWING WEATHER WAS RECORDED YESTERDAY.
  NO SIGNIFICANT WEATHER WAS OBSERVED.


RELATIVE HUMIDITY (PERCENT)
 HIGHEST   100           200 AM
 LOWEST     33           400 PM
 AVERAGE    67

..........................................................


THE MASON CITY IA CLIMATE NORMALS FOR TODAY
                         NORMAL    RECORD    YEAR
 MAXIMUM TEMPERATURE (F)   81       101      1965
 MINIMUM TEMPERATURE (F)   59        40      1897


SUNRISE AND SUNSET
AUGUST 13 2014........SUNRISE   617 AM CDT   SUNSET   819 PM CDT
AUGUST 14 2014........SUNRISE   618 AM CDT   SUNSET   817 PM CDT


-  INDICATES NEGATIVE NUMBERS.
R  INDICATES RECORD WAS SET OR TIED.
MM INDICATES DATA IS MISSING.
T  INDICATES TRACE AMOUNT.




$$
