000
CDUS43 KDMX 140723 RRA
CLIMCW

CLIMATE REPORT
NATIONAL WEATHER SERVICE DES MOINES IA
221 AM CDT FRI AUG 14 2015

...................................

...THE MASON CITY IA CLIMATE SUMMARY FOR AUGUST 13 2015...

CLIMATE NORMAL PERIOD 1981 TO 2010
CLIMATE RECORD PERIOD 1893 TO 2015


WEATHER ITEM   OBSERVED TIME   RECORD YEAR NORMAL DEPARTURE LAST
                VALUE   (LST)  VALUE       VALUE  FROM      YEAR
                                                  NORMAL
..................................................................
TEMPERATURE (F)
 YESTERDAY
  MAXIMUM         85   1104 AM 101    1965  81      4       84
  MINIMUM         63    549 AM  40    1897  59      4       53
  AVERAGE         74                        70      4       69

PRECIPITATION (IN)
  YESTERDAY        0.00          2.49 1936   0.13  -0.13     0.00
  MONTH TO DATE    0.25                      1.75  -1.50     0.01
  SINCE JUN 1     11.92                     11.59   0.33     9.56
  SINCE JAN 1     22.92                     24.07  -1.15    23.60

SNOWFALL (IN)
  YESTERDAY        0.0          MM      MM   0.0    0.0      0.0
  MONTH TO DATE    0.0                       0.0    0.0      0.0
  SINCE JUN 1      0.0                       0.0    0.0      0.0
  SINCE JUL 1      0.0                       0.0    0.0      0.0
  SNOW DEPTH       0

DEGREE DAYS
 HEATING
  YESTERDAY        0                         1     -1        0
  MONTH TO DATE    0                         8     -8        0
  SINCE JUN 1     33                        61    -28       34
  SINCE JUL 1     21                        17      4       21

 COOLING
  YESTERDAY        9                         6      3        4
  MONTH TO DATE   75                        78     -3       64
  SINCE JUN 1    428                       437     -9      320
  SINCE JAN 1    458                       472    -14      373
..................................................................


WIND (MPH)
  HIGHEST WIND SPEED    21   HIGHEST WIND DIRECTION    SW (240)
  HIGHEST GUST SPEED    27   HIGHEST GUST DIRECTION     W (250)
  AVERAGE WIND SPEED    10.5


SKY COVER
  POSSIBLE SUNSHINE  MM
  AVERAGE SKY COVER 0.0


WEATHER CONDITIONS
 THE FOLLOWING WEATHER WAS RECORDED YESTERDAY.
  NO SIGNIFICANT WEATHER WAS OBSERVED.


RELATIVE HUMIDITY (PERCENT)
 HIGHEST   100           500 AM
 LOWEST     58          1000 AM
 AVERAGE    79

..........................................................


THE MASON CITY IA CLIMATE NORMALS FOR TODAY
                         NORMAL    RECORD    YEAR
 MAXIMUM TEMPERATURE (F)   81        97      1965
 MINIMUM TEMPERATURE (F)   59        39      1964


SUNRISE AND SUNSET
AUGUST 14 2015........SUNRISE   618 AM CDT   SUNSET   818 PM CDT
AUGUST 15 2015........SUNRISE   619 AM CDT   SUNSET   816 PM CDT


-  INDICATES NEGATIVE NUMBERS.
R  INDICATES RECORD WAS SET OR TIED.
MM INDICATES DATA IS MISSING.
T  INDICATES TRACE AMOUNT.




$$
