000
CDUS43 KDMX 130629 RRB
CLIMCW

CLIMATE REPORT
NATIONAL WEATHER SERVICE DES MOINES IA
1228 AM CST TUE JAN 13 2015


...................................

...THE MASON CITY IA CLIMATE SUMMARY FOR JANUARY 12 2015...

CLIMATE NORMAL PERIOD 1981 TO 2010
CLIMATE RECORD PERIOD 1893 TO 2015


WEATHER ITEM   OBSERVED TIME   RECORD YEAR NORMAL DEPARTURE LAST
                VALUE   (LST)  VALUE       VALUE  FROM      YEAR
                                                  NORMAL
..................................................................
TEMPERATURE (F)
 YESTERDAY
  MAXIMUM         15   1210 AM  48    1987  24     -9       38
  MINIMUM        -12   1114 PM -33    1912   7    -19       20
  AVERAGE          2                        16    -14       29

PRECIPITATION (IN)
  YESTERDAY        0.00          0.56 1993   0.03  -0.03     0.00
  MONTH TO DATE    0.33                      0.32   0.01     0.01
  SINCE DEC 1      1.43                      1.56  -0.13     1.18
  SINCE JAN 1      0.33                      0.32   0.01     0.01

SNOWFALL (IN)
  YESTERDAY        0.0           6.5  1993   0.3   -0.3      0.0
  MONTH TO DATE    7.6                       3.8    3.8      0.1
  SINCE DEC 1     13.3                      13.1    0.2     15.0
  SINCE JUL 1     21.3                      17.8    3.5     16.5
  SNOW DEPTH       8

DEGREE DAYS
 HEATING
  YESTERDAY       63                        49     14       36
  MONTH TO DATE  698                       588    110      709
  SINCE DEC 1   1924                      1997    -73     2289
  SINCE JUL 1   3823                      3677    146     3953

 COOLING
  YESTERDAY        0                         0      0        0
  MONTH TO DATE    0                         0      0        0
  SINCE DEC 1      0                         0      0        0
  SINCE JAN 1      0                         0      0        0
..................................................................


WIND (MPH)
  HIGHEST WIND SPEED    22   HIGHEST WIND DIRECTION     N (340)
  HIGHEST GUST SPEED    24   HIGHEST GUST DIRECTION     N (350)
  AVERAGE WIND SPEED    11.4


SKY COVER
  POSSIBLE SUNSHINE  MM
  AVERAGE SKY COVER 0.1


WEATHER CONDITIONS
 THE FOLLOWING WEATHER WAS RECORDED YESTERDAY.
  NO SIGNIFICANT WEATHER WAS OBSERVED.


RELATIVE HUMIDITY (PERCENT)
 HIGHEST    87           500 AM
 LOWEST     67          1200 AM
 AVERAGE    77

..........................................................


THE MASON CITY IA CLIMATE NORMALS FOR TODAY
                         NORMAL    RECORD    YEAR
 MAXIMUM TEMPERATURE (F)   24        51      1996
 MINIMUM TEMPERATURE (F)    7       -26      1916


SUNRISE AND SUNSET
JANUARY 13 2015.......SUNRISE   743 AM CST   SUNSET   501 PM CST
JANUARY 14 2015.......SUNRISE   743 AM CST   SUNSET   502 PM CST


-  INDICATES NEGATIVE NUMBERS.
R  INDICATES RECORD WAS SET OR TIED.
MM INDICATES DATA IS MISSING.
T  INDICATES TRACE AMOUNT.




$$
