302
CDUS43 KDMX 020707 RRA
CLIMCW

CLIMATE REPORT
NATIONAL WEATHER SERVICE DES MOINES IA
107 AM CST THU FEB 2 2017

...................................

...THE MASON CITY IA CLIMATE SUMMARY FOR FEBRUARY 1 2017...

CLIMATE NORMAL PERIOD 1981 TO 2010
CLIMATE RECORD PERIOD 1893 TO 2017


WEATHER ITEM   OBSERVED TIME   RECORD YEAR NORMAL DEPARTURE LAST
                VALUE   (LST)  VALUE       VALUE  FROM      YEAR
                                                  NORMAL
..................................................................
TEMPERATURE (F)
 YESTERDAY
  MAXIMUM         31    236 AM  48    1987  26      5       36
  MINIMUM         12   1159 PM -26    1996   8      4       21
  AVERAGE         22                        17      5       29

PRECIPITATION (IN)
  YESTERDAY        T             1.05 1915   0.03  -0.03     0.00
  MONTH TO DATE    T                         0.03  -0.03     0.00
  SINCE DEC 1      4.07                      2.09   1.98     4.19
  SINCE JAN 1      1.91                      0.85   1.06     0.56

SNOWFALL (IN)
  YESTERDAY        T            10.5  1915   0.3   -0.3      0.0
  MONTH TO DATE    T                         0.3   -0.3      0.0
  SINCE DEC 1     30.6                      20.4   10.2     18.7
  SINCE JUL 1     30.6                      25.1    5.5     28.7
  SNOW DEPTH      10

DEGREE DAYS
 HEATING
  YESTERDAY       43                        48     -5       36
  MONTH TO DATE   43                        48     -5       36
  SINCE DEC 1   2812                      2979   -167     2606
  SINCE JUL 1   3976                      4659   -683     3961

 COOLING
  YESTERDAY        0                         0      0        0
  MONTH TO DATE    0                         0      0        0
  SINCE DEC 1      0                         0      0        0
  SINCE JAN 1      0                         0      0        0
..................................................................


WIND (MPH)
  HIGHEST WIND SPEED    28   HIGHEST WIND DIRECTION    NW (320)
  HIGHEST GUST SPEED    33   HIGHEST GUST DIRECTION    NW (300)
  AVERAGE WIND SPEED    16.9


SKY COVER
  POSSIBLE SUNSHINE  MM
  AVERAGE SKY COVER 0.4


WEATHER CONDITIONS
 THE FOLLOWING WEATHER WAS RECORDED YESTERDAY.
  LIGHT SNOW
  FOG


RELATIVE HUMIDITY (PERCENT)
 HIGHEST    85           100 AM
 LOWEST     56           400 PM
 AVERAGE    71

..........................................................


THE MASON CITY IA CLIMATE NORMALS FOR TODAY
                         NORMAL    RECORD    YEAR
 MAXIMUM TEMPERATURE (F)   26        53      1987
 MINIMUM TEMPERATURE (F)    8       -32      1996


SUNRISE AND SUNSET
FEBRUARY  2 2017......SUNRISE   727 AM CST   SUNSET   527 PM CST
FEBRUARY  3 2017......SUNRISE   726 AM CST   SUNSET   529 PM CST


-  INDICATES NEGATIVE NUMBERS.
R  INDICATES RECORD WAS SET OR TIED.
MM INDICATES DATA IS MISSING.
T  INDICATES TRACE AMOUNT.

$$

SMALL
