000
CDUS43 KDMX 040643 RRB
CLIMCW

CLIMATE REPORT
NATIONAL WEATHER SERVICE DES MOINES IA
142 AM CDT SAT OCT 4 2014


...................................

...THE MASON CITY IA CLIMATE SUMMARY FOR OCTOBER 3 2014...

CLIMATE NORMAL PERIOD 1981 TO 2010
CLIMATE RECORD PERIOD 1893 TO 2014


WEATHER ITEM   OBSERVED TIME   RECORD YEAR NORMAL DEPARTURE LAST
                VALUE   (LST)  VALUE       VALUE  FROM      YEAR
                                                  NORMAL
..................................................................
TEMPERATURE (F)
 YESTERDAY
  MAXIMUM         49   1157 AM  95    1997  66    -17       80
  MINIMUM         36   1110 PM  25    1996  41     -5       59
  AVERAGE         43                        53    -10       70

PRECIPITATION (IN)
  YESTERDAY        T             0.86 1942   0.10  -0.10     0.50
  MONTH TO DATE    0.92                      0.31   0.61     0.50
  SINCE SEP 1      3.51                      3.58  -0.07     1.65
  SINCE JAN 1     32.16                     29.94   2.22    35.03

SNOWFALL (IN)
  YESTERDAY        T   R         0.0    MM   0.0    0.0      0.0
  MONTH TO DATE    T                         0.0    0.0      0.0
  SINCE SEP 1      T                         0.0    0.0      0.0
  SINCE JUL 1      T                         0.0    0.0      0.0
  SNOW DEPTH       0

DEGREE DAYS
 HEATING
  YESTERDAY       22                        12     10        0
  MONTH TO DATE   38                        35      3        6
  SINCE SEP 1    212                       212      0      126
  SINCE JUL 1    233                       248    -15      164

 COOLING
  YESTERDAY        0                         0      0        5
  MONTH TO DATE    0                         2     -2        5
  SINCE SEP 1     33                        56    -23      125
  SINCE JAN 1    544                       612    -68      717
..................................................................


WIND (MPH)
  HIGHEST WIND SPEED    33   HIGHEST WIND DIRECTION    NW (300)
  HIGHEST GUST SPEED    44   HIGHEST GUST DIRECTION    NW (330)
  AVERAGE WIND SPEED    22.4


SKY COVER
  POSSIBLE SUNSHINE  MM
  AVERAGE SKY COVER 0.8


WEATHER CONDITIONS
 THE FOLLOWING WEATHER WAS RECORDED YESTERDAY.
  FOG


RELATIVE HUMIDITY (PERCENT)
 HIGHEST   100          1200 AM
 LOWEST     46           800 PM
 AVERAGE    73

..........................................................


THE MASON CITY IA CLIMATE NORMALS FOR TODAY
                         NORMAL    RECORD    YEAR
 MAXIMUM TEMPERATURE (F)   65        87      2005
                                             1938
 MINIMUM TEMPERATURE (F)   40        20      1935


SUNRISE AND SUNSET
OCTOBER  4 2014.......SUNRISE   714 AM CDT   SUNSET   649 PM CDT
OCTOBER  5 2014.......SUNRISE   715 AM CDT   SUNSET   647 PM CDT


-  INDICATES NEGATIVE NUMBERS.
R  INDICATES RECORD WAS SET OR TIED.
MM INDICATES DATA IS MISSING.
T  INDICATES TRACE AMOUNT.




$$
