743
CDUS43 KDMX 050633 RRA
CLIMCW

CLIMATE REPORT
NATIONAL WEATHER SERVICE DES MOINES IA
132 AM CDT THU OCT 5 2017


...................................

...THE MASON CITY IA CLIMATE SUMMARY FOR OCTOBER 4 2017...

CLIMATE NORMAL PERIOD 1981 TO 2010
CLIMATE RECORD PERIOD 1893 TO 2017


WEATHER ITEM   OBSERVED TIME   RECORD YEAR NORMAL DEPARTURE LAST
                VALUE   (LST)  VALUE       VALUE  FROM      YEAR
                                                  NORMAL
..................................................................
TEMPERATURE (F)
 YESTERDAY
  MAXIMUM         67    208 PM  87    2005  65      2       75
                                      1938
  MINIMUM         44   1011 PM  20    1935  40      4       57
  AVERAGE         56                        53      3       66

PRECIPITATION (IN)
  YESTERDAY        0.00          1.42 2002   0.09  -0.09     0.15
  MONTH TO DATE    0.57                      0.40   0.17     0.15
  SINCE SEP 1      2.94                      3.67  -0.73    11.18
  SINCE JAN 1     25.86                     30.03  -4.17    42.44

SNOWFALL (IN)
  YESTERDAY        0.0           T    2014   0.0    0.0      0.0
  MONTH TO DATE    0.0                       0.0    0.0      0.0
  SINCE SEP 1      0.0                       0.0    0.0      0.0
  SINCE JUL 1      0.0                       0.0    0.0      0.0
  SNOW DEPTH       0

DEGREE DAYS
 HEATING
  YESTERDAY        9                        13     -4        0
  MONTH TO DATE   18                        48    -30       17
  SINCE SEP 1    106                       225   -119       88
  SINCE JUL 1    129                       261   -132      106

 COOLING
  YESTERDAY        0                         0      0        1
  MONTH TO DATE    3                         2      1        1
  SINCE SEP 1    104                        56     48       86
  SINCE JAN 1    603                       612     -9      694
..................................................................


WIND (MPH)
  HIGHEST WIND SPEED    20   HIGHEST WIND DIRECTION     W (290)
  HIGHEST GUST SPEED    23   HIGHEST GUST DIRECTION     W (280)
  AVERAGE WIND SPEED     6.9


SKY COVER
  POSSIBLE SUNSHINE  MM
  AVERAGE SKY COVER 0.3


WEATHER CONDITIONS
 THE FOLLOWING WEATHER WAS RECORDED YESTERDAY.
  NO SIGNIFICANT WEATHER WAS OBSERVED.


RELATIVE HUMIDITY (PERCENT)
 HIGHEST    93          1200 AM
 LOWEST     34           200 PM
 AVERAGE    64

..........................................................


THE MASON CITY IA CLIMATE NORMALS FOR TODAY
                         NORMAL    RECORD    YEAR
 MAXIMUM TEMPERATURE (F)   65        95      1963
 MINIMUM TEMPERATURE (F)   40        22      1935


SUNRISE AND SUNSET
OCTOBER  5 2017.......SUNRISE   716 AM CDT   SUNSET   647 PM CDT
OCTOBER  6 2017.......SUNRISE   717 AM CDT   SUNSET   645 PM CDT


-  INDICATES NEGATIVE NUMBERS.
R  INDICATES RECORD WAS SET OR TIED.
MM INDICATES DATA IS MISSING.
T  INDICATES TRACE AMOUNT.




$$
