000
CDUS43 KDMX 100629 RRA
CLIMCW

CLIMATE REPORT
NATIONAL WEATHER SERVICE DES MOINES IA
127 AM CDT SAT SEP 10 2016

...................................

...THE MASON CITY IA CLIMATE SUMMARY FOR SEPTEMBER 9 2016...

CLIMATE NORMAL PERIOD 1981 TO 2010
CLIMATE RECORD PERIOD 1893 TO 2016


WEATHER ITEM   OBSERVED TIME   RECORD YEAR NORMAL DEPARTURE LAST
                VALUE   (LST)  VALUE       VALUE  FROM      YEAR
                                                  NORMAL
..................................................................
TEMPERATURE (F)
 YESTERDAY
  MAXIMUM         72    150 PM  99    2013  76     -4       78
  MINIMUM         60   1159 PM  34    1924  52      8       48
  AVERAGE         66                        64      2       63

PRECIPITATION (IN)
  YESTERDAY        0.70          2.33 1971   0.11   0.59     0.01
  MONTH TO DATE    3.75                      1.03   2.72     2.27
  SINCE SEP 1      3.75                      1.03   2.72     2.27
  SINCE JAN 1     35.02                     27.39   7.63    30.08

SNOWFALL (IN)
  YESTERDAY        0.0          MM      MM   0.0    0.0      0.0
  MONTH TO DATE    0.0                       0.0    0.0      0.0
  SINCE SEP 1      0.0                       0.0    0.0      0.0
  SINCE JUL 1      0.0                       0.0    0.0      0.0
  SNOW DEPTH       0

DEGREE DAYS
 HEATING
  YESTERDAY        0                         4     -4        2
  MONTH TO DATE    7                        25    -18        2
  SINCE SEP 1      7                        25    -18        2
  SINCE JUL 1     25                        61    -36       60

 COOLING
  YESTERDAY        1                         2     -1        0
  MONTH TO DATE   42                        27     15       84
  SINCE SEP 1     42                        27     15       84
  SINCE JAN 1    650                       583     67      601
..................................................................


WIND (MPH)
  HIGHEST WIND SPEED    25   HIGHEST WIND DIRECTION    NW (330)
  HIGHEST GUST SPEED    36   HIGHEST GUST DIRECTION     N (340)
  AVERAGE WIND SPEED     6.7


SKY COVER
  POSSIBLE SUNSHINE  MM
  AVERAGE SKY COVER 0.8


WEATHER CONDITIONS
 THE FOLLOWING WEATHER WAS RECORDED YESTERDAY.
  THUNDERSTORM
  HEAVY RAIN
  RAIN
  LIGHT RAIN
  FOG


RELATIVE HUMIDITY (PERCENT)
 HIGHEST   100           400 PM
 LOWEST     84          1200 AM
 AVERAGE    92

..........................................................


THE MASON CITY IA CLIMATE NORMALS FOR TODAY
                         NORMAL    RECORD    YEAR
 MAXIMUM TEMPERATURE (F)   76        98      1931
 MINIMUM TEMPERATURE (F)   51        35      1935


SUNRISE AND SUNSET
SEPTEMBER 10 2016.....SUNRISE   648 AM CDT   SUNSET   731 PM CDT
SEPTEMBER 11 2016.....SUNRISE   649 AM CDT   SUNSET   730 PM CDT


-  INDICATES NEGATIVE NUMBERS.
R  INDICATES RECORD WAS SET OR TIED.
MM INDICATES DATA IS MISSING.
T  INDICATES TRACE AMOUNT.

$$

REV
