000
CDUS43 KDMX 140638
CLIMCW

CLIMATE REPORT
NATIONAL WEATHER SERVICE DES MOINES IA
137 AM CDT TUE JUL 14 2015

...................................

...THE MASON CITY IA CLIMATE SUMMARY FOR JULY 13 2015...

CLIMATE NORMAL PERIOD 1981 TO 2010
CLIMATE RECORD PERIOD 1893 TO 2015


WEATHER ITEM   OBSERVED TIME   RECORD YEAR NORMAL DEPARTURE LAST
                VALUE   (LST)  VALUE       VALUE  FROM      YEAR
                                                  NORMAL
..................................................................
TEMPERATURE (F)
 YESTERDAY
  MAXIMUM         93    133 PM 106    1936  83     10       82
  MINIMUM         72   1159 PM  44    1926  61     11       58
  AVERAGE         83                        72     11       70

PRECIPITATION (IN)
  YESTERDAY        0.00          2.69 1966   0.15  -0.15     0.00
  MONTH TO DATE    0.31                      1.98  -1.67     0.40
  SINCE JUN 1      5.35                      7.12  -1.77     9.05
  SINCE JAN 1     16.35                     19.60  -3.25    23.09

SNOWFALL (IN)
  YESTERDAY        0.0          MM      MM   0.0    0.0      0.0
  MONTH TO DATE    0.0                       0.0    0.0      0.0
  SINCE JUN 1      0.0                       0.0    0.0      0.0
  SINCE JUL 1      0.0                       0.0    0.0      0.0
  SNOW DEPTH       0

DEGREE DAYS
 HEATING
  YESTERDAY        0                         0      0        0
  MONTH TO DATE   21                         0     21        9
  SINCE JUN 1     33                        44    -11       22
  SINCE JUL 1     21                         0     21        9

 COOLING
  YESTERDAY       18                         7     11        5
  MONTH TO DATE   66                        93    -27       51
  SINCE JUN 1    202                       231    -29      187
  SINCE JAN 1    232                       266    -34      240
..................................................................


WIND (MPH)
  HIGHEST WIND SPEED    22   HIGHEST WIND DIRECTION    NW (320)
  HIGHEST GUST SPEED    26   HIGHEST GUST DIRECTION    NW (320)
  AVERAGE WIND SPEED     9.5


SKY COVER
  POSSIBLE SUNSHINE  MM
  AVERAGE SKY COVER 0.1


WEATHER CONDITIONS
 THE FOLLOWING WEATHER WAS RECORDED YESTERDAY.
  FOG


RELATIVE HUMIDITY (PERCENT)
 HIGHEST   100           300 AM
 LOWEST     44          1100 AM
 AVERAGE    72

..........................................................


THE MASON CITY IA CLIMATE NORMALS FOR TODAY
                         NORMAL    RECORD    YEAR
 MAXIMUM TEMPERATURE (F)   83       107      1936
 MINIMUM TEMPERATURE (F)   61        40      1926


SUNRISE AND SUNSET
JULY 14 2015..........SUNRISE   546 AM CDT   SUNSET   852 PM CDT
JULY 15 2015..........SUNRISE   547 AM CDT   SUNSET   851 PM CDT


-  INDICATES NEGATIVE NUMBERS.
R  INDICATES RECORD WAS SET OR TIED.
MM INDICATES DATA IS MISSING.
T  INDICATES TRACE AMOUNT.

$$

SMALL
