000
CDUS43 KDMX 070635
CLIMCW

CLIMATE REPORT
NATIONAL WEATHER SERVICE DES MOINES IA
133 AM CDT WED JUN 7 2017


...................................

...THE MASON CITY IA CLIMATE SUMMARY FOR JUNE 6 2017...

CLIMATE NORMAL PERIOD 1981 TO 2010
CLIMATE RECORD PERIOD 1893 TO 2017


WEATHER ITEM   OBSERVED TIME   RECORD YEAR NORMAL DEPARTURE LAST
                VALUE   (LST)  VALUE       VALUE  FROM      YEAR
                                                  NORMAL
..................................................................
TEMPERATURE (F)
 YESTERDAY
  MAXIMUM         82        MM  98    2011  77      5       73
  MINIMUM         51        MM  34    1894  54     -3       55
  AVERAGE         67                        65      2       64

PRECIPITATION (IN)
  YESTERDAY        0.00          2.75 1982   0.18  -0.18     0.00
  MONTH TO DATE    0.02                      1.04  -1.02     0.63
  SINCE JUN 1      0.02                      1.04  -1.02     0.63
  SINCE JAN 1     14.17                     13.52   0.65    11.84

SNOWFALL (IN)
  YESTERDAY        0.0          MM      MM   0.0    0.0      0.0
  MONTH TO DATE    0.0                       0.0    0.0      0.0
  SINCE JUN 1      0.0                       0.0    0.0      0.0
  SINCE JUL 1     47.9                      41.2    6.7     50.9
  SNOW DEPTH       0

DEGREE DAYS
 HEATING
  YESTERDAY        0                         3     -3        1
  MONTH TO DATE    2                        19    -17        5
  SINCE JUN 1      2                        19    -17        5
  SINCE JUL 1   6673                      7654   -981     6630

 COOLING
  YESTERDAY        2                         3     -1        0
  MONTH TO DATE   35                        16     19       12
  SINCE JUN 1     35                        16     19       12
  SINCE JAN 1     60                        51      9       53
..................................................................


WIND (MPH)
  HIGHEST WIND SPEED    10   HIGHEST WIND DIRECTION     E (90)
  HIGHEST GUST SPEED    20   HIGHEST GUST DIRECTION     E (70)
  AVERAGE WIND SPEED     5.6


SKY COVER
  POSSIBLE SUNSHINE  MM
  AVERAGE SKY COVER 0.0


WEATHER CONDITIONS
 THE FOLLOWING WEATHER WAS RECORDED YESTERDAY.
  NO SIGNIFICANT WEATHER WAS OBSERVED.


RELATIVE HUMIDITY (PERCENT)
 HIGHEST    83           400 AM
 LOWEST     18           600 PM
 AVERAGE    51

..........................................................


THE MASON CITY IA CLIMATE NORMALS FOR TODAY
                         NORMAL    RECORD    YEAR
 MAXIMUM TEMPERATURE (F)   77        99      2011
 MINIMUM TEMPERATURE (F)   54        33      1935


SUNRISE AND SUNSET
JUNE  7 2017..........SUNRISE   534 AM CDT   SUNSET   851 PM CDT
JUNE  8 2017..........SUNRISE   534 AM CDT   SUNSET   851 PM CDT


-  INDICATES NEGATIVE NUMBERS.
R  INDICATES RECORD WAS SET OR TIED.
MM INDICATES DATA IS MISSING.
T  INDICATES TRACE AMOUNT.




$$
