000
CDUS43 KDMX 100633 RRA
CLIMCW

CLIMATE REPORT
NATIONAL WEATHER SERVICE DES MOINES IA
127 AM CDT MON APR 10 2017

...................................

...THE MASON CITY IA CLIMATE SUMMARY FOR APRIL 9 2017...

CLIMATE NORMAL PERIOD 1981 TO 2010
CLIMATE RECORD PERIOD 1893 TO 2017


WEATHER ITEM   OBSERVED TIME   RECORD YEAR NORMAL DEPARTURE LAST
                VALUE   (LST)  VALUE       VALUE  FROM      YEAR
                                                  NORMAL
..........................................DSMCLIMCY 000
TTAA00 KDMX 100627........................
TEMPERATURE (F)
 YESTERDAY
  MAXIMUM         75    535 PM  84    1977  55     20       46
  MINIMUM         46    303 AM  10    1928  32     14       14
  AVERAGE         61                        44     17       30

PRECIPITATION (IN)
  YESTERDAY        0.22          2.16 2013   0.12   0.10     0.00
  MONTH TO DATE    1.04                      0.98   0.06     0.12
  SINCE MAR 1      2.95                      3.21  -0.26     3.34
  SINCE JAN 1      6.94                      5.03   1.91     4.63

SNOWFALL (IN)
  YESTERDAY        0.0          11.0  1973   0.1   -0.1      0.0
  MONTH TO DATE    0.0                       1.2   -1.2       T
  SINCE MAR 1      8.5                       7.2    1.3      8.2
  SINCE JUL 1     47.9                      39.7    8.2     50.9
  SNOW DEPTH       0

DEGREE DAYS
 HEATING
  YESTERDAY        4                        21    -17       35
  MONTH TO DATE  148                       208    -60      252
  SINCE MAR 1   1166                      1202    -36     1043
  SINCE JUL 1   6078                      7053   -975     6142

 COOLING
  YESTERDAY        0                         0      0        0
  MONTH TO DATE    0                         0      0        0
  SINCE MAR 1      0                         0      0        0
  SINCE JAN 1      0                         0      0        0
..................................................................


WIND (MPH)
  HIGHEST WIND SPEED    21   HIGHEST WIND DIRECTION     W (260)
  HIGHEST GUST SPEED    28   HIGHEST GUST DIRECTION     W (250)
  AVERAGE WIND SPEED     7.4


SKY COVER
  POSSIBLE SUNSHINE  MM
  AVERAGE SKY COVER 0.5


WEATHER CONDITIONS
 THE FOLLOWING WEATHER WAS RECORDED YESTERDAY.
  THUNDERSTORM


RELATIVE HUMIDITY (PERCENT)
 HIGHEST   100           300 AM
 LOWEST     54           400 PM
 AVERAGE    77

..........................................................


THE MASON CITY IA CLIMATE NORMALS FOR TODAY
                         NORMAL    RECORD    YEAR
 MAXIMUM TEMPERATURE (F)   56        90      1930
 MINIMUM TEMPERATURE (F)   33        18      1960


SUNRISE AND SUNSET
APRIL 10 2017.........SUNRISE   639 AM CDT   SUNSET   751 PM CDT
APRIL 11 2017.........SUNRISE   637 AM CDT   SUNSET   752 PM CDT


-  INDICATES NEGATIVE NUMBERS.
R  INDICATES RECORD WAS SET OR TIED.
MM INDICATES DATA IS MISSING.
T  INDICATES TRACE AMOUNT.

$$

REV
