000
CDUS43 KDMX 110634 RRC
CLIMCW

CLIMATE REPORT
NATIONAL WEATHER SERVICE DES MOINES IA
133 AM CDT MON APR 11 2016


...................................

...THE MASON CITY IA CLIMATE SUMMARY FOR APRIL 10 2016...

CLIMATE NORMAL PERIOD 1981 TO 2010
CLIMATE RECORD PERIOD 1893 TO 2016


WEATHER ITEM   OBSERVED TIME   RECORD YEAR NORMAL DEPARTURE LAST
                VALUE   (LST)  VALUE       VALUE  FROM      YEAR
                                                  NORMAL
..................................................................
TEMPERATURE (F)
 YESTERDAY
  MAXIMUM         62    220 PM  90    1930  56      6       51
  MINIMUM         35    458 AM  18    1960  33      2       32
  AVERAGE         49                        44      5       42

PRECIPITATION (IN)
  YESTERDAY        T             1.40 2008   0.11  -0.11     0.00
  MONTH TO DATE    0.12                      1.09  -0.97     2.37
  SINCE MAR 1      3.40                      3.32   0.08     3.44
  SINCE JAN 1      4.64                      5.14  -0.50     5.51

SNOWFALL (IN)
  YESTERDAY        0.0           1.5  1929   0.1   -0.1      0.0
  MONTH TO DATE    T                         1.3   -1.3      0.6
  SINCE MAR 1      9.0                       7.3    1.7      4.2
  SINCE JUL 1     50.9                      39.8   11.1     40.0
  SNOW DEPTH       0

DEGREE DAYS
 HEATING
  YESTERDAY       16                        21     -5       23
  MONTH TO DATE  268                       229     39      201
  SINCE MAR 1   1059                      1223   -164     1122
  SINCE JUL 1   6158                      7074   -916     7185

 COOLING
  YESTERDAY        0                         0      0        0
  MONTH TO DATE    0                         0      0        0
  SINCE MAR 1      0                         0      0        0
  SINCE JAN 1      0                         0      0        0
..................................................................


WIND (MPH)
  HIGHEST WIND SPEED    29   HIGHEST WIND DIRECTION    NW (330)
  HIGHEST GUST SPEED    35   HIGHEST GUST DIRECTION     N (350)
  AVERAGE WIND SPEED    16.0


SKY COVER
  POSSIBLE SUNSHINE  MM
  AVERAGE SKY COVER 0.3


WEATHER CONDITIONS
 THE FOLLOWING WEATHER WAS RECORDED YESTERDAY.
  NO SIGNIFICANT WEATHER WAS OBSERVED.


RELATIVE HUMIDITY (PERCENT)
 HIGHEST    76           800 AM
 LOWEST     32           100 PM
 AVERAGE    54

..........................................................


THE MASON CITY IA CLIMATE NORMALS FOR TODAY
                         NORMAL    RECORD    YEAR
 MAXIMUM TEMPERATURE (F)   56        84      1968
 MINIMUM TEMPERATURE (F)   33        16      1940


SUNRISE AND SUNSET
APRIL 11 2016.........SUNRISE   637 AM CDT   SUNSET   752 PM CDT
APRIL 12 2016.........SUNRISE   635 AM CDT   SUNSET   753 PM CDT


-  INDICATES NEGATIVE NUMBERS.
R  INDICATES RECORD WAS SET OR TIED.
MM INDICATES DATA IS MISSING.
T  INDICATES TRACE AMOUNT.




$$
