000
CDUS43 KDMX 100634 RRA
CLIMCW

CLIMATE REPORT
NATIONAL WEATHER SERVICE DES MOINES IA
1233 AM CST SAT JAN 10 2015


...................................

...THE MASON CITY IA CLIMATE SUMMARY FOR JANUARY 9 2015...

CLIMATE NORMAL PERIOD 1981 TO 2010
CLIMATE RECORD PERIOD 1893 TO 2015


WEATHER ITEM   OBSERVED TIME   RECORD YEAR NORMAL DEPARTURE LAST
                VALUE   (LST)  VALUE       VALUE  FROM      YEAR
                                                  NORMAL
..................................................................
TEMPERATURE (F)
 YESTERDAY
  MAXIMUM          5    329 PM  49    2002  24    -19       19
  MINIMUM         -3    848 AM -26    1977   7    -10       -8
  AVERAGE          1                        16    -15        6

PRECIPITATION (IN)
  YESTERDAY        T             0.40 1900   0.03  -0.03     0.00
  MONTH TO DATE    0.33                      0.24   0.09      T
  SINCE DEC 1      1.43                      1.48  -0.05     1.17
  SINCE JAN 1      0.33                      0.24   0.09      T

SNOWFALL (IN)
  YESTERDAY        T             2.1  2009   0.3   -0.3      0.0
  MONTH TO DATE    7.6                       2.8    4.8       T
  SINCE DEC 1     13.3                      12.1    1.2     14.9
  SINCE JUL 1     21.3                      16.8    4.5     16.4
  SNOW DEPTH       9

DEGREE DAYS
 HEATING
  YESTERDAY       64                        49     15       59
  MONTH TO DATE  525                       441     84      592
  SINCE DEC 1   1751                      1850    -99     2172
  SINCE JUL 1   3650                      3530    120     3836

 COOLING
  YESTERDAY        0                         0      0        0
  MONTH TO DATE    0                         0      0        0
  SINCE DEC 1      0                         0      0        0
  SINCE JAN 1      0                         0      0        0
..................................................................


WIND (MPH)
  HIGHEST WIND SPEED    36   HIGHEST WIND DIRECTION    NW (320)
  HIGHEST GUST SPEED    43   HIGHEST GUST DIRECTION    NW (320)
  AVERAGE WIND SPEED    19.0


SKY COVER
  POSSIBLE SUNSHINE  MM
  AVERAGE SKY COVER 0.4


WEATHER CONDITIONS
 THE FOLLOWING WEATHER WAS RECORDED YESTERDAY.
  LIGHT SNOW
  HAZE
  BLOWING SNOW


RELATIVE HUMIDITY (PERCENT)
 HIGHEST    79           400 AM
 LOWEST     65           600 AM
 AVERAGE    72

..........................................................


THE MASON CITY IA CLIMATE NORMALS FOR TODAY
                         NORMAL    RECORD    YEAR
 MAXIMUM TEMPERATURE (F)   24        55      2012
 MINIMUM TEMPERATURE (F)    7       -30      1937


SUNRISE AND SUNSET
JANUARY 10 2015.......SUNRISE   744 AM CST   SUNSET   458 PM CST
JANUARY 11 2015.......SUNRISE   744 AM CST   SUNSET   459 PM CST


-  INDICATES NEGATIVE NUMBERS.
R  INDICATES RECORD WAS SET OR TIED.
MM INDICATES DATA IS MISSING.
T  INDICATES TRACE AMOUNT.




$$
