000
CDUS43 KDMX 090646
CLIMCW

CLIMATE REPORT
NATIONAL WEATHER SERVICE DES MOINES IA
1239 AM CST MON FEB 9 2015


...................................

...THE MASON CITY IA CLIMATE SUMMARY FOR FEBRUARY 8 2015...

CLIMATE NORMAL PERIOD 1981 TO 2010
CLIMATE RECORD PERIOD 1893 TO 2015


WEATHER ITEM   OBSERVED TIME   RECORD YEAR NORMAL DEPARTURE LAST
                VALUE   (LST)  VALUE       VALUE  FROM      YEAR
                                                  NORMAL
..................................................................
TEMPERATURE (F)
 YESTERDAY
  MAXIMUM         35    146 AM  51    1999  27      8       14
  MINIMUM         29   1159 PM -33    1899  10     19       -8
  AVERAGE         32                        18     14        3

PRECIPITATION (IN)
  YESTERDAY        0.03          0.61 1966   0.03   0.00     0.15
  MONTH TO DATE    0.17                      0.25  -0.08     0.26
  SINCE DEC 1      2.20                      2.31  -0.11     2.26
  SINCE JAN 1      1.10                      1.07   0.03     1.09

SNOWFALL (IN)
  YESTERDAY        0.0          14.0  1939   0.3   -0.3      2.2
  MONTH TO DATE    7.6                       2.6    5.0      3.3
  SINCE DEC 1     23.0                      22.7    0.3     27.4
  SINCE JUL 1     31.0                      27.4    3.6     28.9
  SNOW DEPTH      MM

DEGREE DAYS
 HEATING
  YESTERDAY       33                        47    -14       62
  MONTH TO DATE  419                       380     39      489
  SINCE DEC 1   3059                      3311   -252     3795
  SINCE JUL 1   4958                      4991    -33     5459

 COOLING
  YESTERDAY        0                         0      0        0
  MONTH TO DATE    0                         0      0        0
  SINCE DEC 1      0                         0      0        0
  SINCE JAN 1      0                         0      0        0
..................................................................


WIND (MPH)
  HIGHEST WIND SPEED    18   HIGHEST WIND DIRECTION     N (20)
  HIGHEST GUST SPEED    22   HIGHEST GUST DIRECTION     N (20)
  AVERAGE WIND SPEED    11.6


SKY COVER
  POSSIBLE SUNSHINE  MM
  AVERAGE SKY COVER 0.8


WEATHER CONDITIONS
 THE FOLLOWING WEATHER WAS RECORDED YESTERDAY.
  LIGHT RAIN
  FOG
  HAZE


RELATIVE HUMIDITY (PERCENT)
 HIGHEST    96          1200 AM
 LOWEST     75           200 PM
 AVERAGE    86

..........................................................


THE MASON CITY IA CLIMATE NORMALS FOR TODAY
                         NORMAL    RECORD    YEAR
 MAXIMUM TEMPERATURE (F)   28        58      1976
 MINIMUM TEMPERATURE (F)   10       -35      1899


SUNRISE AND SUNSET
FEBRUARY  9 2015......SUNRISE   719 AM CST   SUNSET   536 PM CST
FEBRUARY 10 2015......SUNRISE   718 AM CST   SUNSET   537 PM CST


-  INDICATES NEGATIVE NUMBERS.
R  INDICATES RECORD WAS SET OR TIED.
MM INDICATES DATA IS MISSING.
T  INDICATES TRACE AMOUNT.




$$
