000
CDUS43 KDMX 130651
CLIMCW

CLIMATE REPORT
NATIONAL WEATHER SERVICE DES MOINES IA
149 AM CDT THU AUG 13 2015

...................................

...THE MASON CITY IA CLIMATE SUMMARY FOR AUGUST 12 2015...

CLIMATE NORMAL PERIOD 1981 TO 2010
CLIMATE RECORD PERIOD 1893 TO 2015


WEATHER ITEM   OBSERVED TIME   RECORD YEAR NORMAL DEPARTURE LAST
                VALUE   (LST)  VALUE       VALUE  FROM      YEAR
                                                  NORMAL
..................................................................
TEMPERATURE (F)
 YESTERDAY
  MAXIMUM         83    434 PM  97    1937  81      2       79
  MINIMUM         53    519 AM  44    1967  59     -6       50
  AVERAGE         68                        70     -2       65

PRECIPITATION (IN)
  YESTERDAY        0.00          1.69 1987   0.13  -0.13     0.00
                                      2000
  MONTH TO DATE    0.25                      1.62  -1.37     0.01
  SINCE JUN 1     11.92                     11.46   0.46     9.56
  SINCE JAN 1     22.92                     23.94  -1.02    23.60

SNOWFALL (IN)
  YESTERDAY        0.0          MM      MM   0.0    0.0      0.0
  MONTH TO DATE    0.0                       0.0    0.0      0.0
  SINCE JUN 1      0.0                       0.0    0.0      0.0
  SINCE JUL 1      0.0                       0.0    0.0      0.0
  SNOW DEPTH       0

DEGREE DAYS
 HEATING
  YESTERDAY        0                         1     -1        0
  MONTH TO DATE    0                         7     -7        0
  SINCE JUN 1     33                        60    -27       34
  SINCE JUL 1     21                        16      5       21

 COOLING
  YESTERDAY        3                         6     -3        0
  MONTH TO DATE   66                        72     -6       60
  SINCE JUN 1    419                       431    -12      316
  SINCE JAN 1    449                       466    -17      369
..................................................................


WIND (MPH)
  HIGHEST WIND SPEED    13   HIGHEST WIND DIRECTION    SW (230)
  HIGHEST GUST SPEED    23   HIGHEST GUST DIRECTION    SW (220)
  AVERAGE WIND SPEED     4.8


SKY COVER
  POSSIBLE SUNSHINE  MM
  AVERAGE SKY COVER 0.0


WEATHER CONDITIONS
 THE FOLLOWING WEATHER WAS RECORDED YESTERDAY.
  FOG
  FOG W/VISIBILITY <= 1/4 MILE


RELATIVE HUMIDITY (PERCENT)
 HIGHEST   100           600 AM
 LOWEST     51          1200 PM
 AVERAGE    76

..........................................................


THE MASON CITY IA CLIMATE NORMALS FOR TODAY
                         NORMAL    RECORD    YEAR
 MAXIMUM TEMPERATURE (F)   81       101      1965
 MINIMUM TEMPERATURE (F)   59        40      1897


SUNRISE AND SUNSET
AUGUST 13 2015........SUNRISE   616 AM CDT   SUNSET   819 PM CDT
AUGUST 14 2015........SUNRISE   618 AM CDT   SUNSET   818 PM CDT


-  INDICATES NEGATIVE NUMBERS.
R  INDICATES RECORD WAS SET OR TIED.
MM INDICATES DATA IS MISSING.
T  INDICATES TRACE AMOUNT.




$$
