000
CDUS43 KDMX 140638
CLIMCW

CLIMATE REPORT
NATIONAL WEATHER SERVICE DES MOINES IA
130 AM CDT SAT OCT 14 2017

...................................

...THE MASON CITY IA CLIMATE SUMMARY FOR OCTOBER 13 2017...

CLIMATE NORMAL PERIOD 1981 TO 2010
CLIMATE RECORD PERIOD 1893 TO 2017


WEATHER ITEM   OBSERVED TIME   RECORD YEAR NORMAL DEPARTURE LAST
                VALUE   (LST)  VALUE       VALUE  FROM      YEAR
                                                  NORMAL
..................................................................
TEMPERATURE (F)
 YESTERDAY
  MAXIMUM         61   1200 PM  91    1975  62     -1       54
  MINIMUM         45    717 PM  17    1917  37      8       25
  AVERAGE         53                        49      4       40

PRECIPITATION (IN)
  YESTERDAY        0.38          1.02 1956   0.08   0.30     0.00
  MONTH TO DATE    3.95                      1.15   2.80     0.59
  SINCE SEP 1      6.32                      4.42   1.90    11.62
  SINCE JAN 1     29.24                     30.78  -1.54    42.88

SNOWFALL (IN)
  YESTERDAY        0.0           0.0  2002   0.0   MM        0.0
  MONTH TO DATE    0.0                       0.0    0.0      0.0
  SINCE SEP 1      0.0                       0.0    0.0      0.0
  SINCE JUL 1      0.0                       0.0    0.0      0.0
  SNOW DEPTH       0

DEGREE DAYS
 HEATING
  YESTERDAY       12                        16     -4       25
  MONTH TO DATE  114                       177    -63      148
  SINCE SEP 1    202                       354   -152      219
  SINCE JUL 1    225                       390   -165      237

 COOLING
  YESTERDAY        0                         0      0        0
  MONTH TO DATE    3                         2      1        1
  SINCE SEP 1    104                        56     48       86
  SINCE JAN 1    603                       612     -9      694
..................................................................


WIND (MPH)
  HIGHEST WIND SPEED    16   HIGHEST WIND DIRECTION     N (10)
  HIGHEST GUST SPEED    20   HIGHEST GUST DIRECTION     N (10)
  AVERAGE WIND SPEED     7.5


SKY COVER
  POSSIBLE SUNSHINE  MM
  AVERAGE SKY COVER 0.7


WEATHER CONDITIONS
 THE FOLLOWING WEATHER WAS RECORDED YESTERDAY.
  THUNDERSTORM
  HEAVY RAIN
  LIGHT RAIN
  FOG


RELATIVE HUMIDITY (PERCENT)
 HIGHEST   100           500 AM
 LOWEST     55          1200 PM
 AVERAGE    78

..........................................................


THE MASON CITY IA CLIMATE NORMALS FOR TODAY
                         NORMAL    RECORD    YEAR
 MAXIMUM TEMPERATURE (F)   61        90      1947
 MINIMUM TEMPERATURE (F)   37        17      1937


SUNRISE AND SUNSET
OCTOBER 14 2017.......SUNRISE   726 AM CDT   SUNSET   632 PM CDT
OCTOBER 15 2017.......SUNRISE   727 AM CDT   SUNSET   630 PM CDT


-  INDICATES NEGATIVE NUMBERS.
R  INDICATES RECORD WAS SET OR TIED.
MM INDICATES DATA IS MISSING.
T  INDICATES TRACE AMOUNT.

$$

ANSORGE
