000
CDUS43 KDMX 040641
CLIMCW

CLIMATE REPORT
NATIONAL WEATHER SERVICE DES MOINES IA
140 AM CDT FRI JUL 4 2014

...................................

...THE MASON CITY IA CLIMATE SUMMARY FOR JULY 3 2014...

CLIMATE NORMAL PERIOD 1981 TO 2010
CLIMATE RECORD PERIOD 1893 TO 2014


WEATHER ITEM   OBSERVED TIME   RECORD YEAR NORMAL DEPARTURE LAST
                VALUE   (LST)  VALUE       VALUE  FROM      YEAR
                                                  NORMAL
..................................................................
TEMPERATURE (F)
 YESTERDAY
  MAXIMUM         76    248 PM 101    1990  83     -7       82
  MINIMUM         48    508 AM  45    1967  61    -13       54
  AVERAGE         62                        72    -10       68

PRECIPITATION (IN)
  YESTERDAY        0.00          4.25 1907   0.15  -0.15     0.00
  MONTH TO DATE    0.02                      0.45  -0.43     0.00
  SINCE JUN 1      8.66                      5.59   3.07     6.44
  SINCE JAN 1     22.70                     18.07   4.63    27.88

SNOWFALL (IN)
  YESTERDAY        0.0          MM      MM   0.0    0.0      0.0
  MONTH TO DATE    0.0                       0.0    0.0      0.0
  SINCE JUN 1      0.0                       0.0    0.0      0.0
  SINCE JUL 1      0.0                       0.0    0.0      0.0
  SNOW DEPTH       0

DEGREE DAYS
 HEATING
  YESTERDAY        3                         0      3        0
  MONTH TO DATE    7                         0      7        0
  SINCE JUN 1     20                        44    -24       53
  SINCE JUL 1      7                         0      7        0

 COOLING
  YESTERDAY        0                         7     -7        3
  MONTH TO DATE    0                        21    -21       12
  SINCE JUN 1    136                       159    -23      158
  SINCE JAN 1    189                       194     -5      195
..................................................................


WIND (MPH)
  HIGHEST WIND SPEED    14   HIGHEST WIND DIRECTION     N (350)
  HIGHEST GUST SPEED    16   HIGHEST GUST DIRECTION     N (340)
  AVERAGE WIND SPEED     4.6


SKY COVER
  POSSIBLE SUNSHINE  MM
  AVERAGE SKY COVER 0.2


WEATHER CONDITIONS
 THE FOLLOWING WEATHER WAS RECORDED YESTERDAY.
  FOG
  HAZE


RELATIVE HUMIDITY (PERCENT)
 HIGHEST    93           200 AM
 LOWEST     38           300 PM
 AVERAGE    66

..........................................................


THE MASON CITY IA CLIMATE NORMALS FOR TODAY
                         NORMAL    RECORD    YEAR
 MAXIMUM TEMPERATURE (F)   83       104      1911
 MINIMUM TEMPERATURE (F)   61        42      1922


SUNRISE AND SUNSET
JULY  4 2014..........SUNRISE   539 AM CDT   SUNSET   856 PM CDT
JULY  5 2014..........SUNRISE   540 AM CDT   SUNSET   856 PM CDT


-  INDICATES NEGATIVE NUMBERS.
R  INDICATES RECORD WAS SET OR TIED.
MM INDICATES DATA IS MISSING.
T  INDICATES TRACE AMOUNT.

$$

SMALL
