000
CDUS43 KDMX 120703 RRA
CLIMCW

CLIMATE REPORT
NATIONAL WEATHER SERVICE DES MOINES IA
201 AM CDT TUE AUG 12 2014


...................................

...THE MASON CITY IA CLIMATE SUMMARY FOR AUGUST 11 2014...

CLIMATE NORMAL PERIOD 1981 TO 2010
CLIMATE RECORD PERIOD 1893 TO 2014


WEATHER ITEM   OBSERVED TIME   RECORD YEAR NORMAL DEPARTURE LAST
                VALUE   (LST)  VALUE       VALUE  FROM      YEAR
                                                  NORMAL
..................................................................
TEMPERATURE (F)
 YESTERDAY
  MAXIMUM         77    109 PM  96    1947  81     -4       72
  MINIMUM         58   1159 PM  42    2012  59     -1       61
  AVERAGE         68                        70     -2       67

PRECIPITATION (IN)
  YESTERDAY        T             0.83 2005   0.13  -0.13     0.60
  MONTH TO DATE    0.01                      1.49  -1.48     1.61
  SINCE JUN 1      9.55                     11.33  -1.78    11.29
  SINCE JAN 1     23.59                     23.81  -0.22    32.73

SNOWFALL (IN)
  YESTERDAY        0.0          MM      MM   0.0    0.0      0.0
  MONTH TO DATE    0.0                       0.0    0.0      0.0
  SINCE JUN 1      0.0                       0.0    0.0      0.0
  SINCE JUL 1      0.0                       0.0    0.0      0.0
  SNOW DEPTH       0

DEGREE DAYS
 HEATING
  YESTERDAY        0                         1     -1        0
  MONTH TO DATE    0                         6     -6        4
  SINCE JUN 1     34                        59    -25       77
  SINCE JUL 1     21                        15      6       24

 COOLING
  YESTERDAY        3                         6     -3        2
  MONTH TO DATE   60                        66     -6       22
  SINCE JUN 1    316                       425   -109      393
  SINCE JAN 1    369                       460    -91      430
..................................................................


WIND (MPH)
  HIGHEST WIND SPEED    26   HIGHEST WIND DIRECTION     N (350)
  HIGHEST GUST SPEED    32   HIGHEST GUST DIRECTION     N (350)
  AVERAGE WIND SPEED    13.8


SKY COVER
  POSSIBLE SUNSHINE  MM
  AVERAGE SKY COVER 0.7


WEATHER CONDITIONS
 THE FOLLOWING WEATHER WAS RECORDED YESTERDAY.
  LIGHT RAIN


RELATIVE HUMIDITY (PERCENT)
 HIGHEST   100          1200 AM
 LOWEST     57           400 PM
 AVERAGE    79

..........................................................


THE MASON CITY IA CLIMATE NORMALS FOR TODAY
                         NORMAL    RECORD    YEAR
 MAXIMUM TEMPERATURE (F)   81        97      1937
 MINIMUM TEMPERATURE (F)   59        44      1967


SUNRISE AND SUNSET
AUGUST 12 2014........SUNRISE   616 AM CDT   SUNSET   820 PM CDT
AUGUST 13 2014........SUNRISE   617 AM CDT   SUNSET   819 PM CDT


-  INDICATES NEGATIVE NUMBERS.
R  INDICATES RECORD WAS SET OR TIED.
MM INDICATES DATA IS MISSING.
T  INDICATES TRACE AMOUNT.




$$
