000
CDUS43 KDMX 120630
CLIMCW

CLIMATE REPORT
NATIONAL WEATHER SERVICE DES MOINES IA
1229 AM CST MON JAN 12 2015


...................................

...THE MASON CITY IA CLIMATE SUMMARY FOR JANUARY 11 2015...

CLIMATE NORMAL PERIOD 1981 TO 2010
CLIMATE RECORD PERIOD 1893 TO 2015


WEATHER ITEM   OBSERVED TIME   RECORD YEAR NORMAL DEPARTURE LAST
                VALUE   (LST)  VALUE       VALUE  FROM      YEAR
                                                  NORMAL
..................................................................
TEMPERATURE (F)
 YESTERDAY
  MAXIMUM         19    416 PM  48    2004  24     -5       30
  MINIMUM          2    527 AM -24    1977   7     -5       17
  AVERAGE         11                        16     -5       24

PRECIPITATION (IN)
  YESTERDAY        0.00          0.60 1905   0.02  -0.02     0.00
  MONTH TO DATE    0.33                      0.29   0.04     0.01
  SINCE DEC 1      1.43                      1.53  -0.10     1.18
  SINCE JAN 1      0.33                      0.29   0.04     0.01

SNOWFALL (IN)
  YESTERDAY        0.0           6.0  1905   0.4   -0.4      0.0
  MONTH TO DATE    7.6                       3.5    4.1      0.1
  SINCE DEC 1     13.3                      12.8    0.5     15.0
  SINCE JUL 1     21.3                      17.5    3.8     16.5
  SNOW DEPTH       9

DEGREE DAYS
 HEATING
  YESTERDAY       54                        49      5       41
  MONTH TO DATE  635                       539     96      673
  SINCE DEC 1   1861                      1948    -87     2253
  SINCE JUL 1   3760                      3628    132     3917

 COOLING
  YESTERDAY        0                         0      0        0
  MONTH TO DATE    0                         0      0        0
  SINCE DEC 1      0                         0      0        0
  SINCE JAN 1      0                         0      0        0
..................................................................


WIND (MPH)
  HIGHEST WIND SPEED    22   HIGHEST WIND DIRECTION     N (340)
  HIGHEST GUST SPEED    25   HIGHEST GUST DIRECTION     N (340)
  AVERAGE WIND SPEED     8.3


SKY COVER
  POSSIBLE SUNSHINE  MM
  AVERAGE SKY COVER 0.2


WEATHER CONDITIONS
 THE FOLLOWING WEATHER WAS RECORDED YESTERDAY.
  NO SIGNIFICANT WEATHER WAS OBSERVED.


RELATIVE HUMIDITY (PERCENT)
 HIGHEST    88           300 AM
 LOWEST     51           300 PM
 AVERAGE    70

..........................................................


THE MASON CITY IA CLIMATE NORMALS FOR TODAY
                         NORMAL    RECORD    YEAR
 MAXIMUM TEMPERATURE (F)   24        48      1987
 MINIMUM TEMPERATURE (F)    7       -33      1912


SUNRISE AND SUNSET
JANUARY 12 2015.......SUNRISE   744 AM CST   SUNSET   500 PM CST
JANUARY 13 2015.......SUNRISE   743 AM CST   SUNSET   501 PM CST


-  INDICATES NEGATIVE NUMBERS.
R  INDICATES RECORD WAS SET OR TIED.
MM INDICATES DATA IS MISSING.
T  INDICATES TRACE AMOUNT.




$$
