000
CDUS43 KDMX 180646 RRA
CLIMCW

CLIMATE REPORT
NATIONAL WEATHER SERVICE DES MOINES IA
136 AM CDT MON JUL 18 2016


...................................

...THE MASON CITY IA CLIMATE SUMMARY FOR JULY 17 2016...

CLIMATE NORMAL PERIOD 1981 TO 2010
CLIMATE RECORD PERIOD 1893 TO 2016


WEATHER ITEM   OBSERVED TIME   RECORD YEAR NORMAL DEPARTURE LAST
                VALUE   (LST)  VALUE       VALUE  FROM      YEAR
                                                  NORMAL
..................................................................
TEMPERATURE (F)
 YESTERDAY
  MAXIMUM         83    536 PM 104    1936  83      0       92
  MINIMUM         62    441 AM  42    1911  61      1       68
  AVERAGE         73                        72      1       80

PRECIPITATION (IN)
  YESTERDAY        2.76R         1.77 1993   0.15   2.61     0.09
  MONTH TO DATE    5.58                      2.59   2.99     1.22
  SINCE JUN 1     12.09                      7.73   4.36     6.26
  SINCE JAN 1     23.31                     20.21   3.10    17.26

SNOWFALL (IN)
  YESTERDAY        0.0          MM      MM   0.0    0.0      0.0
  MONTH TO DATE    0.0                       0.0    0.0      0.0
  SINCE JUN 1      0.0                       0.0    0.0      0.0
  SINCE JUL 1      0.0                       0.0    0.0      0.0
  SNOW DEPTH       0

DEGREE DAYS
 HEATING
  YESTERDAY        0                         0      0        0
  MONTH TO DATE   10                         0     10       21
  SINCE JUN 1     18                        44    -26       33
  SINCE JUL 1     10                         0     10       21

 COOLING
  YESTERDAY        8                         7      1       15
  MONTH TO DATE   89                       121    -32      108
  SINCE JUN 1    275                       259     16      244
  SINCE JAN 1    316                       294     22      274
..................................................................


WIND (MPH)
  HIGHEST WIND SPEED    33   HIGHEST WIND DIRECTION     N (360)
  HIGHEST GUST SPEED    39   HIGHEST GUST DIRECTION     N (360)
  AVERAGE WIND SPEED    10.2


SKY COVER
  POSSIBLE SUNSHINE  MM
  AVERAGE SKY COVER 0.5


WEATHER CONDITIONS
 THE FOLLOWING WEATHER WAS RECORDED YESTERDAY.
  HEAVY RAIN
  RAIN
  LIGHT RAIN
  FOG


RELATIVE HUMIDITY (PERCENT)
 HIGHEST   100           600 AM
 LOWEST     69           200 PM
 AVERAGE    85

..........................................................


THE MASON CITY IA CLIMATE NORMALS FOR TODAY
                         NORMAL    RECORD    YEAR
 MAXIMUM TEMPERATURE (F)   83       100      1940
 MINIMUM TEMPERATURE (F)   61        43      1914


SUNRISE AND SUNSET
JULY 18 2016..........SUNRISE   550 AM CDT   SUNSET   848 PM CDT
JULY 19 2016..........SUNRISE   551 AM CDT   SUNSET   847 PM CDT


-  INDICATES NEGATIVE NUMBERS.
R  INDICATES RECORD WAS SET OR TIED.
MM INDICATES DATA IS MISSING.
T  INDICATES TRACE AMOUNT.

$$
