000
CDUS43 KDMX 160631 RRA
CLIMCW

CLIMATE REPORT
NATIONAL WEATHER SERVICE DES MOINES IA
131 AM CDT SUN JUL 16 2017

...................................

...THE MASON CITY IA CLIMATE SUMMARY FOR JULY 15 2017...

CLIMATE NORMAL PERIOD 1981 TO 2010
CLIMATE RECORD PERIOD 1893 TO 2017


WEATHER ITEM   OBSERVED TIME   RECORD YEAR NORMAL DEPARTURE LAST
                VALUE   (LST)  VALUE       VALUE  FROM      YEAR
                                                  NORMAL
..................................................................
TEMPERATURE (F)
 YESTERDAY
  MAXIMUM         92    447 PM 102    1936  83      9       76
  MINIMUM         58   1215 AM  43    1930  61     -3       57
  AVERAGE         75                        72      3       67

PRECIPITATION (IN)
  YESTERDAY        0.00          1.20 1995   0.15  -0.15     0.00
  MONTH TO DATE    0.48                      2.29  -1.81     2.82
  SINCE JUN 1      3.84                      7.43  -3.59     9.33
  SINCE JAN 1     17.99                     19.91  -1.92    20.54

SNOWFALL (IN)
  YESTERDAY        0.0          MM      MM   0.0    0.0      0.0
  MONTH TO DATE    0.0                       0.0    0.0      0.0
  SINCE JUN 1      0.0                       0.0    0.0      0.0
  SINCE JUL 1      0.0                       0.0    0.0      0.0
  SNOW DEPTH      MM

DEGREE DAYS
 HEATING
  YESTERDAY        0                         0      0        0
  MONTH TO DATE    1                         0      1       10
  SINCE JUN 1     22                        44    -22       18
  SINCE JUL 1      1                         0      1       10

 COOLING
  YESTERDAY       10                         7      3        2
  MONTH TO DATE  114                       107      7       80
  SINCE JUN 1    295                       245     50      266
  SINCE JAN 1    320                       280     40      307
..................................................................


WIND (MPH)
  HIGHEST WIND SPEED    17   HIGHEST WIND DIRECTION    SW (220)
  HIGHEST GUST SPEED    21   HIGHEST GUST DIRECTION    SW (230)
  AVERAGE WIND SPEED     9.0


SKY COVER
  POSSIBLE SUNSHINE  MM
  AVERAGE SKY COVER 0.0


WEATHER CONDITIONS
 THE FOLLOWING WEATHER WAS RECORDED YESTERDAY.
  NO SIGNIFICANT WEATHER WAS OBSERVED.


RELATIVE HUMIDITY (PERCENT)
 HIGHEST    87          1100 PM
 LOWEST     56           500 PM
 AVERAGE    72

..........................................................


THE MASON CITY IA CLIMATE NORMALS FOR TODAY
                         NORMAL    RECORD    YEAR
 MAXIMUM TEMPERATURE (F)   83       103      1901
 MINIMUM TEMPERATURE (F)   61        44      1912


SUNRISE AND SUNSET
JULY 16 2017..........SUNRISE   548 AM CDT   SUNSET   850 PM CDT
JULY 17 2017..........SUNRISE   549 AM CDT   SUNSET   849 PM CDT


-  INDICATES NEGATIVE NUMBERS.
R  INDICATES RECORD WAS SET OR TIED.
MM INDICATES DATA IS MISSING.
T  INDICATES TRACE AMOUNT.

$$

SMALL
