000
CDUS43 KDMX 090651
CLIMCW

CLIMATE REPORT
NATIONAL WEATHER SERVICE DES MOINES IA
146 AM CDT SAT AUG 9 2014

...................................

...THE MASON CITY IA CLIMATE SUMMARY FOR AUGUST 8 2014...

CLIMATE NORMAL PERIOD 1981 TO 2010
CLIMATE RECORD PERIOD 1893 TO 2014

WEATHER ITEM   OBSERVED TIME   RECORD YEAR NORMAL DEPARTURE LAST
                VALUE   (LST)  VALUE       VALUE  FROM      YEAR
                                                  NORMAL
..................................................................
TEMPERATURE (F)
 YESTERDAY
  MAXIMUM         81    319 PM 102    1934  81      0       77
  MINIMUM         65    538 AM  42    1922  59      6       50
  AVERAGE         73                        70      3       64

PRECIPITATION (IN)
  YESTERDAY        0.00          2.05 1979   0.14  -0.14      T
  MONTH TO DATE    0.01                      1.09  -1.08     1.01
  SINCE JUN 1      9.55                     10.93  -1.38    10.69
  SINCE JAN 1     23.59                     23.41   0.18    32.13

SNOWFALL (IN)
  YESTERDAY        0.0          MM      MM   0.0    0.0      0.0
  MONTH TO DATE    0.0                       0.0    0.0      0.0
  SINCE JUN 1      0.0                       0.0    0.0      0.0
  SINCE JUL 1      0.0                       0.0    0.0      0.0
  SNOW DEPTH       0

DEGREE DAYS
 HEATING
  YESTERDAY        0                         1     -1        1
  MONTH TO DATE    0                         3     -3        4
  SINCE JUN 1     34                        56    -22       77
  SINCE JUL 1     21                        12      9       24

 COOLING
  YESTERDAY        8                         6      2        0
  MONTH TO DATE   46                        48     -2       18
  SINCE JUN 1    302                       407   -105      389
  SINCE JAN 1    355                       442    -87      426
..................................................................

WIND (MPH)
  HIGHEST WIND SPEED    14   HIGHEST WIND DIRECTION    SE (130)
  HIGHEST GUST SPEED    19   HIGHEST GUST DIRECTION     E (100)
  AVERAGE WIND SPEED     6.7

SKY COVER
  POSSIBLE SUNSHINE  MM
  AVERAGE SKY COVER 0.4

WEATHER CONDITIONS
 THE FOLLOWING WEATHER WAS RECORDED YESTERDAY.
  NO SIGNIFICANT WEATHER WAS OBSERVED.

RELATIVE HUMIDITY (PERCENT)
 HIGHEST    93           200 AM
 LOWEST     48           200 PM
 AVERAGE    71
..........................................................

THE MASON CITY IA CLIMATE NORMALS FOR TODAY
                         NORMAL    RECORD    YEAR
 MAXIMUM TEMPERATURE (F)   81       100      1936
 MINIMUM TEMPERATURE (F)   59        36      1927

SUNRISE AND SUNSET
AUGUST  9 2014........SUNRISE   612 AM CDT   SUNSET   824 PM CDT
AUGUST 10 2014........SUNRISE   613 AM CDT   SUNSET   823 PM CDT

-  INDICATES NEGATIVE NUMBERS.
R  INDICATES RECORD WAS SET OR TIED.
MM INDICATES DATA IS MISSING.
T  INDICATES TRACE AMOUNT.

$$

FAB
