000
CDUS43 KDMX 170644
CLIMCW

CLIMATE REPORT
NATIONAL WEATHER SERVICE DES MOINES IA
144 AM CDT WED AUG 17 2016

...................................

...THE MASON CITY IA CLIMATE SUMMARY FOR AUGUST 16 2016...

CLIMATE NORMAL PERIOD 1981 TO 2010
CLIMATE RECORD PERIOD 1893 TO 2016


WEATHER ITEM   OBSERVED TIME   RECORD YEAR NORMAL DEPARTURE LAST
                VALUE   (LST)  VALUE       VALUE  FROM      YEAR
                                                  NORMAL
..................................................................
TEMPERATURE (F)
 YESTERDAY
  MAXIMUM         83    432 PM 101    1937  81      2       87
  MINIMUM         59    327 AM  40    1897  58      1       64
  AVERAGE         71                        70      1       76

PRECIPITATION (IN)
  YESTERDAY        0.71          1.77 1980   0.14   0.57     0.62
  MONTH TO DATE    3.29                      2.16   1.13     0.87
  SINCE JUN 1     16.69                     12.00   4.69    12.54
  SINCE JAN 1     27.91                     24.48   3.43    23.54

SNOWFALL (IN)
  YESTERDAY        0.0          MM      MM   0.0    0.0      0.0
  MONTH TO DATE    0.0                       0.0    0.0      0.0
  SINCE JUN 1      0.0                       0.0    0.0      0.0
  SINCE JUL 1      0.0                       0.0    0.0      0.0
  SNOW DEPTH       0

DEGREE DAYS
 HEATING
  YESTERDAY        0                         1     -1        0
  MONTH TO DATE    0                        11    -11        0
  SINCE JUN 1     18                        64    -46       33
  SINCE JUL 1     10                        20    -10       21

 COOLING
  YESTERDAY        6                         5      1       11
  MONTH TO DATE  105                        94     11      109
  SINCE JUN 1    508                       453     55      462
  SINCE JAN 1    549                       488     61      492
..................................................................


WIND (MPH)
  HIGHEST WIND SPEED    35   HIGHEST WIND DIRECTION    SW (240)
  HIGHEST GUST SPEED    43   HIGHEST GUST DIRECTION     W (250)
  AVERAGE WIND SPEED     8.1


SKY COVER
  POSSIBLE SUNSHINE  MM
  AVERAGE SKY COVER 0.2


WEATHER CONDITIONS
 THE FOLLOWING WEATHER WAS RECORDED YESTERDAY.
  THUNDERSTORM
  HEAVY RAIN
  RAIN
  LIGHT RAIN
  FOG


RELATIVE HUMIDITY (PERCENT)
 HIGHEST   100           100 AM
 LOWEST     51           400 PM
 AVERAGE    76

..........................................................


THE MASON CITY IA CLIMATE NORMALS FOR TODAY
                         NORMAL    RECORD    YEAR
 MAXIMUM TEMPERATURE (F)   81       101      1988
 MINIMUM TEMPERATURE (F)   58        43      1895


SUNRISE AND SUNSET
AUGUST 17 2016........SUNRISE   622 AM CDT   SUNSET   812 PM CDT
AUGUST 18 2016........SUNRISE   623 AM CDT   SUNSET   810 PM CDT


-  INDICATES NEGATIVE NUMBERS.
R  INDICATES RECORD WAS SET OR TIED.
MM INDICATES DATA IS MISSING.
T  INDICATES TRACE AMOUNT.

$$

SMALL
