000
CDUS43 KDMX 250644 RRA
CLIMCW

CLIMATE REPORT
NATIONAL WEATHER SERVICE DES MOINES IA
1241 AM CST MON JAN 25 2016


...................................

...THE MASON CITY IA CLIMATE SUMMARY FOR JANUARY 24 2016...

CLIMATE NORMAL PERIOD 1981 TO 2010
CLIMATE RECORD PERIOD 1893 TO 2016


WEATHER ITEM   OBSERVED TIME   RECORD YEAR NORMAL DEPARTURE LAST
                VALUE   (LST)  VALUE       VALUE  FROM      YEAR
                                                  NORMAL
..................................................................
TEMPERATURE (F)
 YESTERDAY
  MAXIMUM         28    214 PM  59    1981  25      3       42
  MINIMUM         24    118 AM -29    1922   7     17       26
  AVERAGE         26                        16     10       34

PRECIPITATION (IN)
  YESTERDAY        T             0.87 1967   0.03  -0.03     0.00
  MONTH TO DATE    0.31                      0.62  -0.31     0.70
  SINCE DEC 1      3.94                      1.86   2.08     1.80
  SINCE JAN 1      0.31                      0.62  -0.31     0.70

SNOWFALL (IN)
  YESTERDAY        0.0           4.0  1929   0.3   -0.3      0.0
  MONTH TO DATE    3.0                       8.2   -5.2      8.1
  SINCE DEC 1     17.0                      17.5   -0.5     13.8
  SINCE JUL 1     27.0                      22.2    4.8     21.8
  SNOW DEPTH       8

DEGREE DAYS
 HEATING
  YESTERDAY       39                        49    -10       31
  MONTH TO DATE 1240                      1176     64     1158
  SINCE DEC 1   2305                      2585   -280     2384
  SINCE JUL 1   3660                      4265   -605     4283

 COOLING
  YESTERDAY        0                         0      0        0
  MONTH TO DATE    0                         0      0        0
  SINCE DEC 1      0                         0      0        0
  SINCE JAN 1      0                         0      0        0
..................................................................


WIND (MPH)
  HIGHEST WIND SPEED    17   HIGHEST WIND DIRECTION    SW (230)
  HIGHEST GUST SPEED    22   HIGHEST GUST DIRECTION    SW (220)
  AVERAGE WIND SPEED     8.8


SKY COVER
  POSSIBLE SUNSHINE  MM
  AVERAGE SKY COVER 1.0


WEATHER CONDITIONS
 THE FOLLOWING WEATHER WAS RECORDED YESTERDAY.
  LIGHT SNOW
  FOG


RELATIVE HUMIDITY (PERCENT)
 HIGHEST   100           300 AM
 LOWEST     88          1200 AM
 AVERAGE    94

..........................................................


THE MASON CITY IA CLIMATE NORMALS FOR TODAY
                         NORMAL    RECORD    YEAR
 MAXIMUM TEMPERATURE (F)   25        62      1944
 MINIMUM TEMPERATURE (F)    7       -25      1936


SUNRISE AND SUNSET
JANUARY 25 2016.......SUNRISE   736 AM CST   SUNSET   516 PM CST
JANUARY 26 2016.......SUNRISE   735 AM CST   SUNSET   517 PM CST


-  INDICATES NEGATIVE NUMBERS.
R  INDICATES RECORD WAS SET OR TIED.
MM INDICATES DATA IS MISSING.
T  INDICATES TRACE AMOUNT.




$$
