000
CDUS43 KDMX 110635 RRA
CLIMCW

CLIMATE REPORT
NATIONAL WEATHER SERVICE DES MOINES IA
135 AM CDT TUE MAR 11 2014

...................................

...THE MASON CITY IA CLIMATE SUMMARY FOR MARCH 10 2014...

CLIMATE NORMAL PERIOD 1981 TO 2010
CLIMATE RECORD PERIOD 1893 TO 2014


WEATHER ITEM   OBSERVED TIME   RECORD YEAR NORMAL DEPARTURE LAST
                VALUE   (LST)  VALUE       VALUE  FROM      YEAR
                                                  NORMAL
..................................................................
TEMPERATURE (F)
 YESTERDAY
  MAXIMUM         47    220 PM  67    1967  39      8       34
  MINIMUM         34   1152 PM -12    1948  22     12       30
  AVERAGE         41                        30     11       32

PRECIPITATION (IN)
  YESTERDAY        0.00          1.29 1973   0.06  -0.06     1.07
  MONTH TO DATE    0.42                      0.55  -0.13     2.31
  SINCE MAR 1      0.42                      0.55  -0.13     2.31
  SINCE JAN 1      3.44                      2.37   1.07     4.02

SNOWFALL (IN)
  YESTERDAY        0.0           6.0  2013   0.2   -0.2      6.0
  MONTH TO DATE    5.0                       2.3    2.7     12.5
  SINCE MAR 1      5.0                       2.3    2.7     12.5
  SINCE JUL 1     51.1                      34.8   16.3     34.5
  SNOW DEPTH      17

DEGREE DAYS
 HEATING
  YESTERDAY       24                        35    -11       33
  MONTH TO DATE  504                       368    136      425
  SINCE MAR 1    504                       368    136      425
  SINCE JUL 1   7050                      6219    831     5986

 COOLING
  YESTERDAY        0                         0      0        0
  MONTH TO DATE    0                         0      0        0
  SINCE MAR 1      0                         0      0        0
  SINCE JAN 1      0                         0      0        0
..................................................................


WIND (MPH)
  HIGHEST WIND SPEED    16   HIGHEST WIND DIRECTION     W (280)
  HIGHEST GUST SPEED    17   HIGHEST GUST DIRECTION     W (280)
  AVERAGE WIND SPEED     8.6


SKY COVER
  POSSIBLE SUNSHINE  MM
  AVERAGE SKY COVER 0.0


WEATHER CONDITIONS
 THE FOLLOWING WEATHER WAS RECORDED YESTERDAY.
  NO SIGNIFICANT WEATHER WAS OBSERVED.


RELATIVE HUMIDITY (PERCENT)
 HIGHEST    92           900 PM
 LOWEST     70          1000 AM
 AVERAGE    81

..........................................................


THE MASON CITY IA CLIMATE NORMALS FOR TODAY
                         NORMAL    RECORD    YEAR
 MAXIMUM TEMPERATURE (F)   40        64      1990
 MINIMUM TEMPERATURE (F)   22       -25      1948


SUNRISE AND SUNSET
MARCH 11 2014.........SUNRISE   732 AM CDT   SUNSET   715 PM CDT
MARCH 12 2014.........SUNRISE   731 AM CDT   SUNSET   716 PM CDT


-  INDICATES NEGATIVE NUMBERS.
R  INDICATES RECORD WAS SET OR TIED.
MM INDICATES DATA IS MISSING.
T  INDICATES TRACE AMOUNT.

$$

SMALL
