000
CDUS43 KDMX 110659
CLIMCW

CLIMATE REPORT
NATIONAL WEATHER SERVICE DES MOINES IA
157 AM CDT WED MAR 11 2015


...................................

...THE MASON CITY IA CLIMATE SUMMARY FOR MARCH 10 2015...

CLIMATE NORMAL PERIOD 1981 TO 2010
CLIMATE RECORD PERIOD 1893 TO 2015


WEATHER ITEM   OBSERVED TIME   RECORD YEAR NORMAL DEPARTURE LAST
                VALUE   (LST)  VALUE       VALUE  FROM      YEAR
                                                  NORMAL
..................................................................
TEMPERATURE (F)
 YESTERDAY
  MAXIMUM         63    430 PM  67    1967  39     24       47
  MINIMUM         30    602 AM -12    1948  22      8       34
  AVERAGE         47                        30     17       41

PRECIPITATION (IN)
  YESTERDAY        0.00          1.29 1973   0.06  -0.06     0.00
  MONTH TO DATE    0.01                      0.55  -0.54     0.42
  SINCE MAR 1      0.01                      0.55  -0.54     0.42
  SINCE JAN 1      2.08                      2.37  -0.29     3.44

SNOWFALL (IN)
  YESTERDAY        0.0           6.0  2013   0.2   -0.2      0.0
  MONTH TO DATE    T                         2.3   -2.3      5.0
  SINCE MAR 1      T                         2.3   -2.3      5.0
  SINCE JUL 1     35.8                      34.8    1.0     51.1
  SNOW DEPTH       T

DEGREE DAYS
 HEATING
  YESTERDAY       18                        35    -17       24
  MONTH TO DATE  413                       368     45      504
  SINCE MAR 1    413                       368     45      504
  SINCE JUL 1   6476                      6219    257     7050

 COOLING
  YESTERDAY        0                         0      0        0
  MONTH TO DATE    0                         0      0        0
  SINCE MAR 1      0                         0      0        0
  SINCE JAN 1      0                         0      0        0
..................................................................


WIND (MPH)
  HIGHEST WIND SPEED    17   HIGHEST WIND DIRECTION     W (250)
  HIGHEST GUST SPEED    21   HIGHEST GUST DIRECTION     W (250)
  AVERAGE WIND SPEED    10.2


SKY COVER
  POSSIBLE SUNSHINE  MM
  AVERAGE SKY COVER 0.0


WEATHER CONDITIONS
 THE FOLLOWING WEATHER WAS RECORDED YESTERDAY.
  FOG


RELATIVE HUMIDITY (PERCENT)
 HIGHEST    92           300 AM
 LOWEST     52           400 PM
 AVERAGE    72

..........................................................


THE MASON CITY IA CLIMATE NORMALS FOR TODAY
                         NORMAL    RECORD    YEAR
 MAXIMUM TEMPERATURE (F)   40        64      1990
 MINIMUM TEMPERATURE (F)   22       -25      1948


SUNRISE AND SUNSET
MARCH 11 2015.........SUNRISE   733 AM CDT   SUNSET   715 PM CDT
MARCH 12 2015.........SUNRISE   731 AM CDT   SUNSET   716 PM CDT


-  INDICATES NEGATIVE NUMBERS.
R  INDICATES RECORD WAS SET OR TIED.
MM INDICATES DATA IS MISSING.
T  INDICATES TRACE AMOUNT.




$$
