000
CDUS43 KDMX 190629 RRA
CLIMCW

CLIMATE REPORT
NATIONAL WEATHER SERVICE DES MOINES IA
127 AM CDT TUE APR 19 2016


...................................

...THE MASON CITY IA CLIMATE SUMMARY FOR APRIL 18 2016...

CLIMATE NORMAL PERIOD 1981 TO 2010
CLIMATE RECORD PERIOD 1893 TO 2016


WEATHER ITEM   OBSERVED TIME   RECORD YEAR NORMAL DEPARTURE LAST
                VALUE   (LST)  VALUE       VALUE  FROM      YEAR
                                                  NORMAL
..................................................................
TEMPERATURE (F)
 YESTERDAY
  MAXIMUM         80   1258 PM  93    1985  60     20       76
  MINIMUM         54    552 AM  18    1953  36     18       46
  AVERAGE         67                        48     19       61

PRECIPITATION (IN)
  YESTERDAY        T             1.24 1978   0.13  -0.13     1.19
  MONTH TO DATE    0.12                      2.11  -1.99     3.56
  SINCE MAR 1      3.40                      4.34  -0.94     4.63
  SINCE JAN 1      4.64                      6.16  -1.52     6.70

SNOWFALL (IN)
  YESTERDAY        0.0           2.0  1939   0.1   -0.1      0.0
  MONTH TO DATE    T                         2.1   -2.1      0.6
  SINCE MAR 1      9.0                       8.1    0.9      4.2
  SINCE JUL 1     50.9                      40.6   10.3     40.0
  SNOW DEPTH       0

DEGREE DAYS
 HEATING
  YESTERDAY        0                        17    -17        4
  MONTH TO DATE  348                       380    -32      277
  SINCE MAR 1   1139                      1374   -235     1198
  SINCE JUL 1   6238                      7225   -987     7261

 COOLING
  YESTERDAY        2                         0      2        0
  MONTH TO DATE    3                         0      3        0
  SINCE MAR 1      3                         0      3        0
  SINCE JAN 1      3                         0      3        0
..................................................................


WIND (MPH)
  HIGHEST WIND SPEED    25   HIGHEST WIND DIRECTION     S (180)
  HIGHEST GUST SPEED    33   HIGHEST GUST DIRECTION    SE (140)
  AVERAGE WIND SPEED    11.6


SKY COVER
  POSSIBLE SUNSHINE  MM
  AVERAGE SKY COVER 0.6


WEATHER CONDITIONS
 THE FOLLOWING WEATHER WAS RECORDED YESTERDAY.
  NO SIGNIFICANT WEATHER WAS OBSERVED.


RELATIVE HUMIDITY (PERCENT)
 HIGHEST    80          1100 PM
 LOWEST     27           500 PM
 AVERAGE    54

..........................................................


THE MASON CITY IA CLIMATE NORMALS FOR TODAY
                         NORMAL    RECORD    YEAR
 MAXIMUM TEMPERATURE (F)   60        87      1985
 MINIMUM TEMPERATURE (F)   36        18      1988


SUNRISE AND SUNSET
APRIL 19 2016.........SUNRISE   624 AM CDT   SUNSET   801 PM CDT
APRIL 20 2016.........SUNRISE   622 AM CDT   SUNSET   803 PM CDT


-  INDICATES NEGATIVE NUMBERS.
R  INDICATES RECORD WAS SET OR TIED.
MM INDICATES DATA IS MISSING.
T  INDICATES TRACE AMOUNT.




$$
