000
CDUS43 KDMX 170633 RRB
CLIMCW

CLIMATE REPORT
NATIONAL WEATHER SERVICE DES MOINES IA
129 AM CDT WED MAY 17 2017

...................................

...THE MASON CITY IA CLIMATE SUMMARY FOR MAY 16 2017...

CLIMATE NORMAL PERIOD 1981 TO 2010
CLIMATE RECORD PERIOD 1893 TO 2017


WEATHER ITEM   OBSERVED TIME   RECORD YEAR NORMAL DEPARTURE LAST
                VALUE   (LST)  VALUE       VALUE  FROM      YEAR
                                                  NORMAL
..................................................................
TEMPERATURE (F)
 YESTERDAY
  MAXIMUM         85    522 PM  91    1936  70     15       69
  MINIMUM         62   1159 PM  26    1921  47     15       47
  AVERAGE         74                        58     16       58

PRECIPITATION (IN)
  YESTERDAY        0.58          2.18 1992   0.16   0.42     0.09
  MONTH TO DATE    1.92                      2.35  -0.43     1.26
  SINCE MAR 1      8.20                      8.33  -0.13     6.23
  SINCE JAN 1     12.19                     10.15   2.04     7.52

SNOWFALL (IN)
  YESTERDAY        0.0           0.2  1992   0.0    0.0      0.0
  MONTH TO DATE    0.0                       0.1   -0.1      0.0
  SINCE MAR 1      8.5                       8.8   -0.3      8.2
  SINCE JUL 1     47.9                      41.3    6.6     50.9
  SNOW DEPTH       0

DEGREE DAYS
 HEATING
  YESTERDAY        0                         7     -7        7
  MONTH TO DATE  130                       154    -24      187
  SINCE MAR 1   1623                      1703    -80     1487
  SINCE JUL 1   6535                      7554  -1019     6586

 COOLING
  YESTERDAY        9                         1      8        0
  MONTH TO DATE   23                         8     15        5
  SINCE MAR 1     23                        13     10        9
  SINCE JAN 1     23                        13     10        9
..................................................................


WIND (MPH)
  HIGHEST WIND SPEED    45   HIGHEST WIND DIRECTION     W (270)
  HIGHEST GUST SPEED    54   HIGHEST GUST DIRECTION     W (260)
  AVERAGE WIND SPEED    13.1


SKY COVER
  POSSIBLE SUNSHINE  MM
  AVERAGE SKY COVER 0.2


WEATHER CONDITIONS
 THE FOLLOWING WEATHER WAS RECORDED YESTERDAY.
  THUNDERSTORM
  HEAVY RAIN
  RAIN
  LIGHT RAIN
  FOG


RELATIVE HUMIDITY (PERCENT)
 HIGHEST    93           500 AM
 LOWEST     51           100 PM
 AVERAGE    72

..........................................................


THE MASON CITY IA CLIMATE NORMALS FOR TODAY
                         NORMAL    RECORD    YEAR
 MAXIMUM TEMPERATURE (F)   70        94      1934
 MINIMUM TEMPERATURE (F)   47        28      1930


SUNRISE AND SUNSET
MAY 17 2017...........SUNRISE   547 AM CDT   SUNSET   833 PM CDT
MAY 18 2017...........SUNRISE   546 AM CDT   SUNSET   834 PM CDT


-  INDICATES NEGATIVE NUMBERS.
R  INDICATES RECORD WAS SET OR TIED.
MM INDICATES DATA IS MISSING.
T  INDICATES TRACE AMOUNT.




$$
