000
CDUS43 KDMX 030652 RRA
CLIMCW

CLIMATE REPORT
NATIONAL WEATHER SERVICE DES MOINES IA
139 AM CDT FRI OCT 3 2014


...................................

...THE MASON CITY IA CLIMATE SUMMARY FOR OCTOBER 2 2014...

CLIMATE NORMAL PERIOD 1981 TO 2010
CLIMATE RECORD PERIOD 1893 TO 2014


WEATHER ITEM   OBSERVED TIME   RECORD YEAR NORMAL DEPARTURE LAST
                VALUE   (LST)  VALUE       VALUE  FROM      YEAR
                                                  NORMAL
..................................................................
TEMPERATURE (F)
 YESTERDAY
  MAXIMUM         65    114 PM  92    1997  66     -1       81
  MINIMUM         49   1159 PM  16    2003  41      8       40
  AVERAGE         57                        54      3       61

PRECIPITATION (IN)
  YESTERDAY        0.21          1.46 2007   0.11   0.10     0.00
  MONTH TO DATE    0.92                      0.21   0.71     0.00
  SINCE SEP 1      3.51                      3.48   0.03     1.15
  SINCE JAN 1     32.16                     29.84   2.32    34.53

SNOWFALL (IN)
  YESTERDAY        0.0           0.0  2002   0.0    0.0      0.0
  MONTH TO DATE    0.0                       0.0    0.0      0.0
  SINCE SEP 1      0.0                       0.0    0.0      0.0
  SINCE JUL 1      0.0                       0.0    0.0      0.0
  SNOW DEPTH       0

DEGREE DAYS
 HEATING
  YESTERDAY        8                        12     -4        4
  MONTH TO DATE   16                        23     -7        6
  SINCE SEP 1    190                       200    -10      126
  SINCE JUL 1    211                       236    -25      164

 COOLING
  YESTERDAY        0                         1     -1        0
  MONTH TO DATE    0                         2     -2        0
  SINCE SEP 1     33                        56    -23      120
  SINCE JAN 1    544                       612    -68      712
..................................................................


WIND (MPH)
  HIGHEST WIND SPEED    23   HIGHEST WIND DIRECTION     N (340)
  HIGHEST GUST SPEED    31   HIGHEST GUST DIRECTION     N (350)
  AVERAGE WIND SPEED     8.8


SKY COVER
  POSSIBLE SUNSHINE  MM
  AVERAGE SKY COVER 1.0


WEATHER CONDITIONS
 THE FOLLOWING WEATHER WAS RECORDED YESTERDAY.
  THUNDERSTORM
  HEAVY RAIN
  RAIN
  LIGHT RAIN
  FOG
  FOG W/VISIBILITY <= 1/4 MILE


RELATIVE HUMIDITY (PERCENT)
 HIGHEST   100          1200 AM
 LOWEST     93           400 PM
 AVERAGE    97

..........................................................


THE MASON CITY IA CLIMATE NORMALS FOR TODAY
                         NORMAL    RECORD    YEAR
 MAXIMUM TEMPERATURE (F)   66        95      1997
 MINIMUM TEMPERATURE (F)   41        25      1996


SUNRISE AND SUNSET
OCTOBER  3 2014.......SUNRISE   713 AM CDT   SUNSET   651 PM CDT
OCTOBER  4 2014.......SUNRISE   714 AM CDT   SUNSET   649 PM CDT


-  INDICATES NEGATIVE NUMBERS.
R  INDICATES RECORD WAS SET OR TIED.
MM INDICATES DATA IS MISSING.
T  INDICATES TRACE AMOUNT.




$$
