000
CDUS43 KDMX 240646 RRB
CLIMCW

CLIMATE REPORT
NATIONAL WEATHER SERVICE DES MOINES IA
144 AM CDT SAT SEP 24 2016

...................................

...THE MASON CITY IA CLIMATE SUMMARY FOR SEPTEMBER 23 2016...

CLIMATE NORMAL PERIOD 1981 TO 2010
CLIMATE RECORD PERIOD 1893 TO 2016


WEATHER ITEM   OBSERVED TIME   RECORD YEAR NORMAL DEPARTURE LAST
                VALUE   (LST)  VALUE       VALUE  FROM      YEAR
                                                  NORMAL
..................................................................
TEMPERATURE (F)
 YESTERDAY
  MAXIMUM         69    114 PM  87    1938  70     -1       77
                                      1893
  MINIMUM         65   1009 PM  28    2012  45     20       62
  AVERAGE         67                        58      9       70

PRECIPITATION (IN)
  YESTERDAY        1.65R         1.63 2008   0.10   1.55     1.41
  MONTH TO DATE   10.83                      2.55   8.28     4.45
  SINCE SEP 1     10.83                      2.55   8.28     4.45
  SINCE JAN 1     42.15                     28.91  13.24    32.26

SNOWFALL (IN)
  YESTERDAY        0.0           0.0  2002   0.0    0.0      0.0
  MONTH TO DATE    0.0                       0.0    0.0      0.0
  SINCE SEP 1      0.0                       0.0    0.0      0.0
  SINCE JUL 1      0.0                       0.0    0.0      0.0
  SNOW DEPTH       0

DEGREE DAYS
 HEATING
  YESTERDAY        0                         8     -8        0
  MONTH TO DATE   24                       108    -84       56
  SINCE SEP 1     24                       108    -84       56
  SINCE JUL 1     42                       144   -102      114

 COOLING
  YESTERDAY        2                         1      1        5
  MONTH TO DATE   77                        48     29      119
  SINCE SEP 1     77                        48     29      119
  SINCE JAN 1    685                       604     81      636
..................................................................


WIND (MPH)
  HIGHEST WIND SPEED    17   HIGHEST WIND DIRECTION     E (100)
  HIGHEST GUST SPEED    23   HIGHEST GUST DIRECTION    SE (120)
  AVERAGE WIND SPEED    10.1


SKY COVER
  POSSIBLE SUNSHINE  MM
  AVERAGE SKY COVER  MM


WEATHER CONDITIONS
 THE FOLLOWING WEATHER WAS RECORDED YESTERDAY.
  NO SIGNIFICANT WEATHER WAS OBSERVED.


RELATIVE HUMIDITY (PERCENT)
 HIGHEST    MM
 LOWEST     MM
 AVERAGE    MM

..........................................................


THE MASON CITY IA CLIMATE NORMALS FOR TODAY
                         NORMAL    RECORD    YEAR
 MAXIMUM TEMPERATURE (F)   70        87      1935
 MINIMUM TEMPERATURE (F)   45        29      1950


SUNRISE AND SUNSET
SEPTEMBER 24 2016.....SUNRISE   703 AM CDT   SUNSET   706 PM CDT
SEPTEMBER 25 2016.....SUNRISE   704 AM CDT   SUNSET   704 PM CDT


-  INDICATES NEGATIVE NUMBERS.
R  INDICATES RECORD WAS SET OR TIED.
MM INDICATES DATA IS MISSING.
T  INDICATES TRACE AMOUNT.




$$
