488
CDUS43 KDMX 100652 RRB
CLIMCW

CLIMATE REPORT
NATIONAL WEATHER SERVICE DES MOINES IA
1251 AM CST WED FEB 10 2016


...................................

...THE MASON CITY IA CLIMATE SUMMARY FOR FEBRUARY 9 2016...

CLIMATE NORMAL PERIOD 1981 TO 2010
CLIMATE RECORD PERIOD 1893 TO 2016


WEATHER ITEM   OBSERVED TIME   RECORD YEAR NORMAL DEPARTURE LAST
                VALUE   (LST)  VALUE       VALUE  FROM      YEAR
                                                  NORMAL
..................................................................
TEMPERATURE (F)
 YESTERDAY
  MAXIMUM         14    431 PM  58    1976  28    -14       29
  MINIMUM          5   1012 PM -35    1899  10     -5       19
  AVERAGE         10                        19     -9       24

PRECIPITATION (IN)
  YESTERDAY        T             0.73 1939   0.03  -0.03     0.00
  MONTH TO DATE    0.36                      0.28   0.08     0.73
  SINCE DEC 1      4.55                      2.34   2.21     2.76
  SINCE JAN 1      0.92                      1.10  -0.18     1.66

SNOWFALL (IN)
  YESTERDAY        T             6.0  1909   0.3   -0.3      0.0
  MONTH TO DATE   11.2                       2.9    8.3      7.6
  SINCE DEC 1     29.9                      23.0    6.9     23.0
  SINCE JUL 1     39.9                      27.7   12.2     31.0
  SNOW DEPTH      10

DEGREE DAYS
 HEATING
  YESTERDAY       55                        46      9       41
  MONTH TO DATE  400                       426    -26      460
  SINCE DEC 1   2970                      3357   -387     3100
  SINCE JUL 1   4325                      5037   -712     4999

 COOLING
  YESTERDAY        0                         0      0        0
  MONTH TO DATE    0                         0      0        0
  SINCE DEC 1      0                         0      0        0
  SINCE JAN 1      0                         0      0        0
..................................................................


WIND (MPH)
  HIGHEST WIND SPEED    31   HIGHEST WIND DIRECTION     N (340)
  HIGHEST GUST SPEED    36   HIGHEST GUST DIRECTION     N (340)
  AVERAGE WIND SPEED    21.7


SKY COVER
  POSSIBLE SUNSHINE  MM
  AVERAGE SKY COVER 0.5


WEATHER CONDITIONS
 THE FOLLOWING WEATHER WAS RECORDED YESTERDAY.
  LIGHT SNOW
  FOG
  HAZE
  BLOWING SNOW


RELATIVE HUMIDITY (PERCENT)
 HIGHEST    88           600 AM
 LOWEST     66           600 PM
 AVERAGE    77

..........................................................


THE MASON CITY IA CLIMATE NORMALS FOR TODAY
                         NORMAL    RECORD    YEAR
 MAXIMUM TEMPERATURE (F)   28        56      1977
 MINIMUM TEMPERATURE (F)   10       -35      1899


SUNRISE AND SUNSET
FEBRUARY 10 2016......SUNRISE   718 AM CST   SUNSET   537 PM CST
FEBRUARY 11 2016......SUNRISE   717 AM CST   SUNSET   538 PM CST


-  INDICATES NEGATIVE NUMBERS.
R  INDICATES RECORD WAS SET OR TIED.
MM INDICATES DATA IS MISSING.
T  INDICATES TRACE AMOUNT.




$$
