000
CDUS43 KDMX 190657
CLIMCW

CLIMATE REPORT
NATIONAL WEATHER SERVICE DES MOINES IA
156 AM CDT TUE AUG 19 2014

...................................

...THE MASON CITY IA CLIMATE SUMMARY FOR AUGUST 18 2014...

CLIMATE NORMAL PERIOD 1981 TO 2010
CLIMATE RECORD PERIOD 1893 TO 2014


WEATHER ITEM   OBSERVED TIME   RECORD YEAR NORMAL DEPARTURE LAST
                VALUE   (LST)  VALUE       VALUE  FROM      YEAR
                                                  NORMAL
..................................................................
TEMPERATURE (F)
 YESTERDAY
  MAXIMUM         89    306 PM  99    1947  81      8       80
  MINIMUM         66   1159 PM  40    1895  58      8       50
  AVERAGE         78                        69      9       65

PRECIPITATION (IN)
  YESTERDAY        0.01          2.22 1942   0.13  -0.12     0.00
  MONTH TO DATE    0.02                      2.42  -2.40     1.61
  SINCE JUN 1      9.56                     12.26  -2.70    11.29
  SINCE JAN 1     23.60                     24.74  -1.14    32.73

SNOWFALL (IN)
  YESTERDAY        0.0          MM      MM   0.0    0.0      0.0
  MONTH TO DATE    0.0                       0.0    0.0      0.0
  SINCE JUN 1      0.0                       0.0    0.0      0.0
  SINCE JUL 1      0.0                       0.0    0.0      0.0
  SNOW DEPTH       0

DEGREE DAYS
 HEATING
  YESTERDAY        0                         1     -1        0
  MONTH TO DATE    0                        13    -13       18
  SINCE JUN 1     34                        66    -32       91
  SINCE JUL 1     21                        22     -1       38

 COOLING
  YESTERDAY       13                         5      8        0
  MONTH TO DATE  102                       104     -2       25
  SINCE JUN 1    358                       463   -105      396
  SINCE JAN 1    411                       498    -87      433
..................................................................


WIND (MPH)
  HIGHEST WIND SPEED    18   HIGHEST WIND DIRECTION     N (350)
  HIGHEST GUST SPEED    24   HIGHEST GUST DIRECTION    SW (230)
  AVERAGE WIND SPEED     9.1


SKY COVER
  POSSIBLE SUNSHINE  MM
  AVERAGE SKY COVER 0.3


WEATHER CONDITIONS
 THE FOLLOWING WEATHER WAS RECORDED YESTERDAY.
  THUNDERSTORM
  LIGHT RAIN
  FOG


RELATIVE HUMIDITY (PERCENT)
 HIGHEST   100           600 AM
 LOWEST     41           200 PM
 AVERAGE    71

..........................................................


THE MASON CITY IA CLIMATE NORMALS FOR TODAY
                         NORMAL    RECORD    YEAR
 MAXIMUM TEMPERATURE (F)   81        98      1983
 MINIMUM TEMPERATURE (F)   58        38      1897


SUNRISE AND SUNSET
AUGUST 19 2014........SUNRISE   623 AM CDT   SUNSET   810 PM CDT
AUGUST 20 2014........SUNRISE   624 AM CDT   SUNSET   808 PM CDT


-  INDICATES NEGATIVE NUMBERS.
R  INDICATES RECORD WAS SET OR TIED.
MM INDICATES DATA IS MISSING.
T  INDICATES TRACE AMOUNT.

$$

SMALL
