224
CDUS43 KDMX 150633
CLIMCW

CLIMATE REPORT
NATIONAL WEATHER SERVICE DES MOINES IA
130 AM CDT TUE AUG 15 2017


...................................

...THE MASON CITY IA CLIMATE SUMMARY FOR AUGUST 14 2017...

CLIMATE NORMAL PERIOD 1981 TO 2010
CLIMATE RECORD PERIOD 1893 TO 2017


WEATHER ITEM   OBSERVED TIME   RECORD YEAR NORMAL DEPARTURE LAST
                VALUE   (LST)  VALUE       VALUE  FROM      YEAR
                                                  NORMAL
..................................................................
TEMPERATURE (F)
 YESTERDAY
  MAXIMUM         79    354 PM  97    1965  81     -2       81
  MINIMUM         58   1146 PM  39    1964  59     -1       58
  AVERAGE         69                        70     -1       70

PRECIPITATION (IN)
  YESTERDAY        0.74          1.61 1896   0.13   0.61     0.00
  MONTH TO DATE    1.32                      1.88  -0.56     2.58
  SINCE JUN 1      7.52                     11.72  -4.20    15.98
  SINCE JAN 1     21.67                     24.20  -2.53    27.19

SNOWFALL (IN)
  YESTERDAY        0.0          MM      MM   0.0    0.0      0.0
  MONTH TO DATE    0.0                       0.0    0.0      0.0
  SINCE JUN 1      0.0                       0.0    0.0      0.0
  SINCE JUL 1      0.0                       0.0    0.0      0.0
  SNOW DEPTH       0

DEGREE DAYS
 HEATING
  YESTERDAY        0                         1     -1        0
  MONTH TO DATE   11                         9      2        0
  SINCE JUN 1     33                        62    -29       18
  SINCE JUL 1     12                        18     -6       10

 COOLING
  YESTERDAY        4                         6     -2        5
  MONTH TO DATE   25                        84    -59       97
  SINCE JUN 1    440                       443     -3      500
  SINCE JAN 1    465                       478    -13      541
..................................................................


WIND (MPH)
  HIGHEST WIND SPEED    15   HIGHEST WIND DIRECTION     N (360)
  HIGHEST GUST SPEED    19   HIGHEST GUST DIRECTION    SE (130)
  AVERAGE WIND SPEED     7.5


SKY COVER
  POSSIBLE SUNSHINE  MM
  AVERAGE SKY COVER 0.7


WEATHER CONDITIONS
 THE FOLLOWING WEATHER WAS RECORDED YESTERDAY.
  THUNDERSTORM
  HEAVY RAIN
  RAIN
  LIGHT RAIN
  FOG


RELATIVE HUMIDITY (PERCENT)
 HIGHEST    97           200 AM
 LOWEST     58           400 PM
 AVERAGE    78

..........................................................


THE MASON CITY IA CLIMATE NORMALS FOR TODAY
                         NORMAL    RECORD    YEAR
 MAXIMUM TEMPERATURE (F)   81       100      1988
 MINIMUM TEMPERATURE (F)   59        39      1979


SUNRISE AND SUNSET
AUGUST 15 2017........SUNRISE   619 AM CDT   SUNSET   815 PM CDT
AUGUST 16 2017........SUNRISE   620 AM CDT   SUNSET   814 PM CDT


-  INDICATES NEGATIVE NUMBERS.
R  INDICATES RECORD WAS SET OR TIED.
MM INDICATES DATA IS MISSING.
T  INDICATES TRACE AMOUNT.




$$
