000
CDUS43 KDMX 060632
CLIMCW

CLIMATE REPORT
NATIONAL WEATHER SERVICE DES MOINES IA
130 AM CDT MON JUL 6 2015


...................................

...THE MASON CITY IA CLIMATE SUMMARY FOR JULY 5 2015...

CLIMATE NORMAL PERIOD 1981 TO 2010
CLIMATE RECORD PERIOD 1893 TO 2015


WEATHER ITEM   OBSERVED TIME   RECORD YEAR NORMAL DEPARTURE LAST
                VALUE   (LST)  VALUE       VALUE  FROM      YEAR
                                                  NORMAL
..................................................................
TEMPERATURE (F)
 YESTERDAY
  MAXIMUM         86    244 PM 106    1911  83      3       77
  MINIMUM         58    526 AM  42    1967  61     -3       61
  AVERAGE         72                        72      0       69

PRECIPITATION (IN)
  YESTERDAY        0.00          3.08 2004   0.16  -0.16     0.07
  MONTH TO DATE    0.01                      0.76  -0.75     0.12
  SINCE JUN 1      5.05                      5.90  -0.85     8.77
  SINCE JAN 1     16.05                     18.38  -2.33    22.81

SNOWFALL (IN)
  YESTERDAY        0.0          MM      MM   0.0    0.0      0.0
  MONTH TO DATE    0.0                       0.0    0.0      0.0
  SINCE JUN 1      0.0                       0.0    0.0      0.0
  SINCE JUL 1      0.0                       0.0    0.0      0.0
  SNOW DEPTH       0

DEGREE DAYS
 HEATING
  YESTERDAY        0                         0      0        0
  MONTH TO DATE   12                         0     12        9
  SINCE JUN 1     24                        44    -20       22
  SINCE JUL 1     12                         0     12        9

 COOLING
  YESTERDAY        7                         7      0        4
  MONTH TO DATE   12                        35    -23        4
  SINCE JUN 1    148                       173    -25      140
  SINCE JAN 1    178                       208    -30      193
..................................................................


WIND (MPH)
  HIGHEST WIND SPEED    22   HIGHEST WIND DIRECTION     S (170)
  HIGHEST GUST SPEED    29   HIGHEST GUST DIRECTION     S (170)
  AVERAGE WIND SPEED    12.0


SKY COVER
  POSSIBLE SUNSHINE  MM
  AVERAGE SKY COVER 0.0


WEATHER CONDITIONS
 THE FOLLOWING WEATHER WAS RECORDED YESTERDAY.
  FOG


RELATIVE HUMIDITY (PERCENT)
 HIGHEST   100           500 AM
 LOWEST     61           100 PM
 AVERAGE    81

..........................................................


THE MASON CITY IA CLIMATE NORMALS FOR TODAY
                         NORMAL    RECORD    YEAR
 MAXIMUM TEMPERATURE (F)   84       103      1936
 MINIMUM TEMPERATURE (F)   61        46      1950


SUNRISE AND SUNSET
JULY  6 2015..........SUNRISE   540 AM CDT   SUNSET   856 PM CDT
JULY  7 2015..........SUNRISE   541 AM CDT   SUNSET   855 PM CDT


-  INDICATES NEGATIVE NUMBERS.
R  INDICATES RECORD WAS SET OR TIED.
MM INDICATES DATA IS MISSING.
T  INDICATES TRACE AMOUNT.




$$
