000
CDUS43 KDMX 280632 RRA
CLIMCW

CLIMATE REPORT
NATIONAL WEATHER SERVICE DES MOINES IA
131 AM CDT THU MAY 28 2015


...................................

...THE MASON CITY IA CLIMATE SUMMARY FOR MAY 27 2015...

CLIMATE NORMAL PERIOD 1981 TO 2010
CLIMATE RECORD PERIOD 1893 TO 2015


WEATHER ITEM   OBSERVED TIME   RECORD YEAR NORMAL DEPARTURE LAST
                VALUE   (LST)  VALUE       VALUE  FROM      YEAR
                                                  NORMAL
..................................................................
TEMPERATURE (F)
 YESTERDAY
  MAXIMUM         82    505 PM  93    2012  74      8       77
  MINIMUM         54    451 AM  32    1907  51      3       61
  AVERAGE         68                        62      6       69

PRECIPITATION (IN)
  YESTERDAY        0.01          2.00 1927   0.15  -0.14     0.02
  MONTH TO DATE    3.09                      4.04  -0.95     2.17
  SINCE MAR 1      8.69                     10.02  -1.33    10.86
  SINCE JAN 1     10.76                     11.84  -1.08    13.88

SNOWFALL (IN)
  YESTERDAY        0.0          MM      MM   0.0    0.0      0.0
  MONTH TO DATE    0.0                       0.1   -0.1      0.0
  SINCE MAR 1      4.2                       8.8   -4.6     11.9
  SINCE JUL 1     40.0                      41.3   -1.3     58.0
  SNOW DEPTH       0

DEGREE DAYS
 HEATING
  YESTERDAY        0                         5     -5        0
  MONTH TO DATE  182                       219    -37      247
  SINCE MAR 1   1597                      1768   -171     2065
  SINCE JUL 1   7660                      7619     41     8611

 COOLING
  YESTERDAY        3                         2      1        4
  MONTH TO DATE   25                        21      4       19
  SINCE MAR 1     25                        26     -1       19
  SINCE JAN 1     25                        26     -1       19
..................................................................


WIND (MPH)
  HIGHEST WIND SPEED    16   HIGHEST WIND DIRECTION    SW (240)
  HIGHEST GUST SPEED    22   HIGHEST GUST DIRECTION    SW (240)
  AVERAGE WIND SPEED     9.1


SKY COVER
  POSSIBLE SUNSHINE  MM
  AVERAGE SKY COVER 0.2


WEATHER CONDITIONS
 THE FOLLOWING WEATHER WAS RECORDED YESTERDAY.
  LIGHT RAIN
  FOG


RELATIVE HUMIDITY (PERCENT)
 HIGHEST    93          1200 AM
 LOWEST     34           500 PM
 AVERAGE    64

..........................................................


THE MASON CITY IA CLIMATE NORMALS FOR TODAY
                         NORMAL    RECORD    YEAR
 MAXIMUM TEMPERATURE (F)   74        93      2006
 MINIMUM TEMPERATURE (F)   51        32      1947


SUNRISE AND SUNSET
MAY 28 2015...........SUNRISE   539 AM CDT   SUNSET   843 PM CDT
MAY 29 2015...........SUNRISE   538 AM CDT   SUNSET   844 PM CDT


-  INDICATES NEGATIVE NUMBERS.
R  INDICATES RECORD WAS SET OR TIED.
MM INDICATES DATA IS MISSING.
T  INDICATES TRACE AMOUNT.




$$
