000
CDUS43 KDMX 230637
CLIMCW

CLIMATE REPORT
NATIONAL WEATHER SERVICE DES MOINES IA
1235 AM CST TUE DEC 23 2014


...................................

...THE MASON CITY IA CLIMATE SUMMARY FOR DECEMBER 22 2014...

CLIMATE NORMAL PERIOD 1981 TO 2010
CLIMATE RECORD PERIOD 1893 TO 2014


WEATHER ITEM   OBSERVED TIME   RECORD YEAR NORMAL DEPARTURE LAST
                VALUE   (LST)  VALUE       VALUE  FROM      YEAR
                                                  NORMAL
..................................................................
TEMPERATURE (F)
 YESTERDAY
  MAXIMUM         38    151 AM  55    1941  26     12       22
  MINIMUM         33   1159 PM -22    1989   9     24       -1
  AVERAGE         36                        18     18       11

PRECIPITATION (IN)
  YESTERDAY        0.16          0.35 1938   0.04   0.12     0.15
  MONTH TO DATE    0.58                      0.94  -0.36     0.66
  SINCE DEC 1      0.58                      0.94  -0.36     0.66
  SINCE JAN 1     34.69                     34.90  -0.21    38.49

SNOWFALL (IN)
  YESTERDAY        0.0           4.5  1935   0.3   -0.3      1.6
  MONTH TO DATE    T                         6.7   -6.7      7.3
  SINCE DEC 1      T                         6.7   -6.7      7.3
  SINCE JUL 1      8.0                      11.4   -3.4      8.8
  SNOW DEPTH       0

DEGREE DAYS
 HEATING
  YESTERDAY       29                        47    -18       54
  MONTH TO DATE  808                       976   -168     1086
  SINCE DEC 1    808                       976   -168     1086
  SINCE JUL 1   2707                      2656     51     2750

 COOLING
  YESTERDAY        0                         0      0        0
  MONTH TO DATE    0                         0      0        0
  SINCE DEC 1      0                         0      0        0
  SINCE JAN 1    544                       616    -72      718
..................................................................


WIND (MPH)
  HIGHEST WIND SPEED    20   HIGHEST WIND DIRECTION    SE (150)
  HIGHEST GUST SPEED    25   HIGHEST GUST DIRECTION    SE (150)
  AVERAGE WIND SPEED    13.7


SKY COVER
  POSSIBLE SUNSHINE  MM
  AVERAGE SKY COVER 1.0


WEATHER CONDITIONS
 THE FOLLOWING WEATHER WAS RECORDED YESTERDAY.
  LIGHT RAIN
  LIGHT SNOW
  FOG


RELATIVE HUMIDITY (PERCENT)
 HIGHEST   100          1200 AM
 LOWEST     92           500 AM
 AVERAGE    96

..........................................................


THE MASON CITY IA CLIMATE NORMALS FOR TODAY
                         NORMAL    RECORD    YEAR
 MAXIMUM TEMPERATURE (F)   26        50      1936
 MINIMUM TEMPERATURE (F)    9       -25      1990


SUNRISE AND SUNSET
DECEMBER 23 2014......SUNRISE   743 AM CST   SUNSET   442 PM CST
DECEMBER 24 2014......SUNRISE   743 AM CST   SUNSET   443 PM CST


-  INDICATES NEGATIVE NUMBERS.
R  INDICATES RECORD WAS SET OR TIED.
MM INDICATES DATA IS MISSING.
T  INDICATES TRACE AMOUNT.




$$
