000
CDUS43 KDMX 010629 RRA
CLIMCW

CLIMATE REPORT
NATIONAL WEATHER SERVICE DES MOINES IA
127 AM CDT SAT AUG 1 2015

...................................

...THE MASON CITY IA CLIMATE SUMMARY FOR JULY 31 2015...

CLIMATE NORMAL PERIOD 1981 TO 2010
CLIMATE RECORD PERIOD 1893 TO 2015


WEATHER ITEM   OBSERVED TIME   RECORD YEAR NORMAL DEPARTURE LAST
                VALUE   (LST)  VALUE       VALUE  FROM      YEAR
                                                  NORMAL
..................................................................
TEMPERATURE (F)
 YESTERDAY
  MAXIMUM         83    233 PM 103    1988  82      1       82
  MINIMUM         60   1156 PM  33    1898  60      0       52
  AVERAGE         72                        71      1       67

PRECIPITATION (IN)
  YESTERDAY        0.00          2.05 1956   0.14  -0.14     0.00
                                      2000
  MONTH TO DATE    6.63                      4.70   1.93     0.90
  SINCE JUN 1     11.67                      9.84   1.83     9.55
  SINCE JAN 1     22.67                     22.32   0.35    23.59

SNOWFALL (IN)
  YESTERDAY        0.0          MM      MM   0.0    0.0      0.0
  MONTH TO DATE    0.0                       0.0    0.0      0.0
  SINCE JUN 1      0.0                       0.0    0.0      0.0
  SINCE JUL 1      0.0                       0.0    0.0      0.0
  SNOW DEPTH       0

DEGREE DAYS
 HEATING
  YESTERDAY        0                         0      0        0
  MONTH TO DATE   21                         0     21       21
  SINCE JUN 1     33                        53    -20       34
  SINCE JUL 1     21                         9     12       21

 COOLING
  YESTERDAY        7                         6      1        2
  MONTH TO DATE  217                       221     -4      120
  SINCE JUN 1    353                       359     -6      256
  SINCE JAN 1    383                       394    -11      309
..................................................................


WIND (MPH)
  HIGHEST WIND SPEED    20   HIGHEST WIND DIRECTION    NW (320)
  HIGHEST GUST SPEED    23   HIGHEST GUST DIRECTION    NW (310)
  AVERAGE WIND SPEED     8.3


SKY COVER
  POSSIBLE SUNSHINE  MM
  AVERAGE SKY COVER 0.0


WEATHER CONDITIONS
 THE FOLLOWING WEATHER WAS RECORDED YESTERDAY.
  LIGHT RAIN


RELATIVE HUMIDITY (PERCENT)
 HIGHEST    93           300 AM
 LOWEST     40           100 PM
 AVERAGE    67

..........................................................


THE MASON CITY IA CLIMATE NORMALS FOR TODAY
                         NORMAL    RECORD    YEAR
 MAXIMUM TEMPERATURE (F)   82        98      1988
 MINIMUM TEMPERATURE (F)   60        44      1898


SUNRISE AND SUNSET
AUGUST  1 2015........SUNRISE   604 AM CDT   SUNSET   835 PM CDT
AUGUST  2 2015........SUNRISE   605 AM CDT   SUNSET   834 PM CDT


-  INDICATES NEGATIVE NUMBERS.
R  INDICATES RECORD WAS SET OR TIED.
MM INDICATES DATA IS MISSING.
T  INDICATES TRACE AMOUNT.

$$

REV
