000
CDUS43 KDMX 230741 RRB
CLIMCW

CLIMATE REPORT
NATIONAL WEATHER SERVICE DES MOINES IA
239 AM CDT WED MAR 23 2016

...................................

...THE MASON CITY IA CLIMATE SUMMARY FOR MARCH 22 2016...

CLIMATE NORMAL PERIOD 1981 TO 2010
CLIMATE RECORD PERIOD 1893 TO 2016


WEATHER ITEM   OBSERVED TIME   RECORD YEAR NORMAL DEPARTURE LAST
                VALUE   (LST)  VALUE       VALUE  FROM      YEAR
                                                  NORMAL
..................................................................
TEMPERATURE (F)
 YESTERDAY
  MAXIMUM         61    117 PM  75    1994  45     16       40
  MINIMUM         35    515 AM  -4    1912  26      9       25
  AVERAGE         48                        36     12       33

PRECIPITATION (IN)
  YESTERDAY        0.00          1.37 1991   0.08  -0.08     0.05
  MONTH TO DATE    0.76                      1.42  -0.66     0.06
  SINCE MAR 1      0.76                      1.42  -0.66     0.06
  SINCE JAN 1      2.00                      3.24  -1.24     2.13

SNOWFALL (IN)
  YESTERDAY        0.0           8.5  1952   0.2   -0.2      0.0
  MONTH TO DATE    1.0                       4.6   -3.6       T
  SINCE MAR 1      1.0                       4.6   -3.6       T
  SINCE JUL 1     42.9                      37.1    5.8     35.8
  SNOW DEPTH       0

DEGREE DAYS
 HEATING
  YESTERDAY       17                        29    -12       32
  MONTH TO DATE  463                       749   -286      673
  SINCE MAR 1    463                       749   -286      673
  SINCE JUL 1   5562                      6600  -1038     6736

 COOLING
  YESTERDAY        0                         0      0        0
  MONTH TO DATE    0                         0      0        0
  SINCE MAR 1      0                         0      0        0
  SINCE JAN 1      0                         0      0        0
..................................................................


WIND (MPH)
  HIGHEST WIND SPEED    20   HIGHEST WIND DIRECTION    NE (40)
  HIGHEST GUST SPEED    25   HIGHEST GUST DIRECTION    NE (40)
  AVERAGE WIND SPEED     8.9


SKY COVER
  POSSIBLE SUNSHINE  MM
  AVERAGE SKY COVER 0.1


WEATHER CONDITIONS
 THE FOLLOWING WEATHER WAS RECORDED YESTERDAY.
  NO SIGNIFICANT WEATHER WAS OBSERVED.


RELATIVE HUMIDITY (PERCENT)
 HIGHEST    82          1200 AM
 LOWEST     47           100 PM
 AVERAGE    65

..........................................................


THE MASON CITY IA CLIMATE NORMALS FOR TODAY
                         NORMAL    RECORD    YEAR
 MAXIMUM TEMPERATURE (F)   46        82      1910
 MINIMUM TEMPERATURE (F)   26        -5      1899


SUNRISE AND SUNSET
MARCH 23 2016.........SUNRISE   710 AM CDT   SUNSET   730 PM CDT
MARCH 24 2016.........SUNRISE   708 AM CDT   SUNSET   731 PM CDT


-  INDICATES NEGATIVE NUMBERS.
R  INDICATES RECORD WAS SET OR TIED.
MM INDICATES DATA IS MISSING.
T  INDICATES TRACE AMOUNT.




$$
