000
CDUS43 KDMX 080630
CLIMCW

CLIMATE REPORT
NATIONAL WEATHER SERVICE DES MOINES IA
1226 AM CST SUN FEB 8 2015


...................................

...THE MASON CITY IA CLIMATE SUMMARY FOR FEBRUARY 7 2015...

CLIMATE NORMAL PERIOD 1981 TO 2010
CLIMATE RECORD PERIOD 1893 TO 2015


WEATHER ITEM   OBSERVED TIME   RECORD YEAR NORMAL DEPARTURE LAST
                VALUE   (LST)  VALUE       VALUE  FROM      YEAR
                                                  NORMAL
..................................................................
TEMPERATURE (F)
 YESTERDAY
  MAXIMUM         38    454 PM  58    1987  27     11       14
  MINIMUM         16    710 AM -30    1899   9      7       -7
  AVERAGE         27                        18      9        4

PRECIPITATION (IN)
  YESTERDAY        0.00          0.84 1928   0.03  -0.03     0.00
  MONTH TO DATE    0.14                      0.22  -0.08     0.11
  SINCE DEC 1      2.17                      2.28  -0.11     2.11
  SINCE JAN 1      1.07                      1.04   0.03     0.94

SNOWFALL (IN)
  YESTERDAY        0.0           3.0  1986   0.3   -0.3      0.0
  MONTH TO DATE    7.6                       2.3    5.3      1.1
  SINCE DEC 1     23.0                      22.4    0.6     25.2
  SINCE JUL 1     31.0                      27.1    3.9     26.7
  SNOW DEPTH      MM

DEGREE DAYS
 HEATING
  YESTERDAY       38                        47     -9       61
  MONTH TO DATE  386                       333     53      427
  SINCE DEC 1   3026                      3264   -238     3733
  SINCE JUL 1   4925                      4944    -19     5397

 COOLING
  YESTERDAY        0                         0      0        0
  MONTH TO DATE    0                         0      0        0
  SINCE DEC 1      0                         0      0        0
  SINCE JAN 1      0                         0      0        0
..................................................................


WIND (MPH)
  HIGHEST WIND SPEED    14   HIGHEST WIND DIRECTION     S (180)
  HIGHEST GUST SPEED    17   HIGHEST GUST DIRECTION     S (180)
  AVERAGE WIND SPEED     6.9


SKY COVER
  POSSIBLE SUNSHINE  MM
  AVERAGE SKY COVER 0.0


WEATHER CONDITIONS
 THE FOLLOWING WEATHER WAS RECORDED YESTERDAY.
  FOG


RELATIVE HUMIDITY (PERCENT)
 HIGHEST    96           900 AM
 LOWEST     82          1200 PM
 AVERAGE    89

..........................................................


THE MASON CITY IA CLIMATE NORMALS FOR TODAY
                         NORMAL    RECORD    YEAR
 MAXIMUM TEMPERATURE (F)   27        51      1999
 MINIMUM TEMPERATURE (F)   10       -33      1899


SUNRISE AND SUNSET
FEBRUARY  8 2015......SUNRISE   721 AM CST   SUNSET   535 PM CST
FEBRUARY  9 2015......SUNRISE   719 AM CST   SUNSET   536 PM CST


-  INDICATES NEGATIVE NUMBERS.
R  INDICATES RECORD WAS SET OR TIED.
MM INDICATES DATA IS MISSING.
T  INDICATES TRACE AMOUNT.




$$
