000
CDUS43 KDMX 101059 RRB
CLIMCW

CLIMATE REPORT
NATIONAL WEATHER SERVICE DES MOINES IA
127 AM CDT MON MAR 10 2014


...................................

...THE MASON CITY IA CLIMATE SUMMARY FOR MARCH 9 2014...

CLIMATE NORMAL PERIOD 1981 TO 2010
CLIMATE RECORD PERIOD 1893 TO 2014


WEATHER ITEM   OBSERVED TIME   RECORD YEAR NORMAL DEPARTURE LAST
                VALUE   (LST)  VALUE       VALUE  FROM      YEAR
                                                  NORMAL
..................................................................
TEMPERATURE (F)
 YESTERDAY
  MAXIMUM         44    532 PM  59    1977  39      5       35
  MINIMUM          7   1242 AM -17    1984  21    -14       33
  AVERAGE         26                        30     -4       34

PRECIPITATION (IN)
  YESTERDAY        0.00          0.67 1909   0.06  -0.06     0.61
  MONTH TO DATE    0.42                      0.49  -0.07     1.24
  SINCE MAR 1      0.42                      0.49  -0.07     1.24
  SINCE JAN 1      3.44                      2.31   1.13     2.95

SNOWFALL (IN)
  YESTERDAY        0.0           9.0  1943   0.2   -0.2      0.0
  MONTH TO DATE    5.0                       2.1    2.9      6.5
  SINCE MAR 1      5.0                       2.1    2.9      6.5
  SINCE JUL 1     51.1                      34.6   16.5     28.5
  SNOW DEPTH      19

DEGREE DAYS
 HEATING
  YESTERDAY       39                        35      4       31
  MONTH TO DATE  480                       333    147      392
  SINCE MAR 1    480                       333    147      392
  SINCE JUL 1   7026                      6184    842     5953

 COOLING
  YESTERDAY        0                         0      0        0
  MONTH TO DATE    0                         0      0        0
  SINCE MAR 1      0                         0      0        0
  SINCE JAN 1      0                         0      0        0
..................................................................


WIND (MPH)
  HIGHEST WIND SPEED    26   HIGHEST WIND DIRECTION     S (200)
  HIGHEST GUST SPEED    33   HIGHEST GUST DIRECTION    SW (220)
  AVERAGE WIND SPEED    15.8


SKY COVER
  POSSIBLE SUNSHINE  MM
  AVERAGE SKY COVER 0.1


WEATHER CONDITIONS
 THE FOLLOWING WEATHER WAS RECORDED YESTERDAY.
  NO SIGNIFICANT WEATHER WAS OBSERVED.


RELATIVE HUMIDITY (PERCENT)
 HIGHEST    96           200 AM
 LOWEST     62           300 PM
 AVERAGE    79

..........................................................


THE MASON CITY IA CLIMATE NORMALS FOR TODAY
                         NORMAL    RECORD    YEAR
 MAXIMUM TEMPERATURE (F)   39        67      1967
 MINIMUM TEMPERATURE (F)   22       -12      1948


SUNRISE AND SUNSET
MARCH 10 2014.........SUNRISE   734 AM CDT   SUNSET   714 PM CDT
MARCH 11 2014.........SUNRISE   732 AM CDT   SUNSET   715 PM CDT


-  INDICATES NEGATIVE NUMBERS.
R  INDICATES RECORD WAS SET OR TIED.
MM INDICATES DATA IS MISSING.
T  INDICATES TRACE AMOUNT.




$$
