000
CDUS43 KDMX 290629 RRB
CLIMCW

CLIMATE REPORT
NATIONAL WEATHER SERVICE DES MOINES IA
1227 AM CST SAT NOV 29 2014


...................................

...THE MASON CITY IA CLIMATE SUMMARY FOR NOVEMBER 28 2014...

CLIMATE NORMAL PERIOD 1981 TO 2010
CLIMATE RECORD PERIOD 1893 TO 2014


WEATHER ITEM   OBSERVED TIME   RECORD YEAR NORMAL DEPARTURE LAST
                VALUE   (LST)  VALUE       VALUE  FROM      YEAR
                                                  NORMAL
..................................................................
TEMPERATURE (F)
 YESTERDAY
  MAXIMUM         26    537 PM  63    2006  35     -9       31
  MINIMUM         10   1230 AM -14    1897  18     -8        8
  AVERAGE         18                        26     -8       20

PRECIPITATION (IN)
  YESTERDAY        0.00          1.11 1987   0.06  -0.06     0.00
  MONTH TO DATE    0.55                      1.78  -1.23     1.44
  SINCE SEP 1      5.31                      7.50  -2.19     4.45
  SINCE JAN 1     33.96                     33.86   0.10    37.83

SNOWFALL (IN)
  YESTERDAY        0.0           4.2  1983   0.2   -0.2      0.0
  MONTH TO DATE    8.0                       3.8    4.2      1.5
  SINCE SEP 1      8.0                       4.2    3.8      1.5
  SINCE JUL 1      8.0                       4.2    3.8      1.5
  SNOW DEPTH       3

DEGREE DAYS
 HEATING
  YESTERDAY       47                        39      8       45
  MONTH TO DATE 1093                       863    230      930
  SINCE SEP 1   1797                      1565    232     1550
  SINCE JUL 1   1818                      1601    217     1588

 COOLING
  YESTERDAY        0                         0      0        0
  MONTH TO DATE    0                         0      0        0
  SINCE SEP 1     33                        60    -27      126
  SINCE JAN 1    544                       616    -72      718
..................................................................


WIND (MPH)
  HIGHEST WIND SPEED    22   HIGHEST WIND DIRECTION    SE (140)
  HIGHEST GUST SPEED    26   HIGHEST GUST DIRECTION    SE (140)
  AVERAGE WIND SPEED    13.3


SKY COVER
  POSSIBLE SUNSHINE  MM
  AVERAGE SKY COVER 0.2


WEATHER CONDITIONS
 THE FOLLOWING WEATHER WAS RECORDED YESTERDAY.
  FOG


RELATIVE HUMIDITY (PERCENT)
 HIGHEST    96          1100 PM
 LOWEST     67           200 AM
 AVERAGE    82

..........................................................


THE MASON CITY IA CLIMATE NORMALS FOR TODAY
                         NORMAL    RECORD    YEAR
 MAXIMUM TEMPERATURE (F)   35        67      1998
 MINIMUM TEMPERATURE (F)   17        -8      1929


SUNRISE AND SUNSET
NOVEMBER 29 2014......SUNRISE   723 AM CST   SUNSET   440 PM CST
NOVEMBER 30 2014......SUNRISE   724 AM CST   SUNSET   440 PM CST


-  INDICATES NEGATIVE NUMBERS.
R  INDICATES RECORD WAS SET OR TIED.
MM INDICATES DATA IS MISSING.
T  INDICATES TRACE AMOUNT.




$$
