000
CDUS43 KDMX 200637 RRA
CLIMCW

CLIMATE REPORT
NATIONAL WEATHER SERVICE DES MOINES IA
133 AM CDT THU APR 20 2017

...................................

...THE MASON CITY IA CLIMATE SUMMARY FOR APRIL 19 2017...

CLIMATE NORMAL PERIOD 1981 TO 2010
CLIMATE RECORD PERIOD 1893 TO 2017


WEATHER ITEM   OBSERVED TIME   RECORD YEAR NORMAL DEPARTURE LAST
                VALUE   (LST)  VALUE       VALUE  FROM      YEAR
                                                  NORMAL
..................................................................
TEMPERATURE (F)
 YESTERDAY
  MAXIMUM         58    655 PM  87    1985  60     -2       59
  MINIMUM         45    200 AM  18    1988  36      9       52
  AVERAGE         52                        48      4       56

PRECIPITATION (IN)
  YESTERDAY        1.17          2.74 2005   0.13   1.04      T
  MONTH TO DATE    3.37                      2.24   1.13     0.12
  SINCE MAR 1      5.28                      4.47   0.81     3.34
  SINCE JAN 1      9.27                      6.29   2.98     4.63

SNOWFALL (IN)
  YESTERDAY        0.0           3.2  2011   0.1   -0.1      0.0
  MONTH TO DATE    0.0                       2.2   -2.2       T
  SINCE MAR 1      8.5                       8.2    0.3      8.2
  SINCE JUL 1     47.9                      40.7    7.2     50.9
  SNOW DEPTH       0

DEGREE DAYS
 HEATING
  YESTERDAY       13                        17     -4        9
  MONTH TO DATE  265                       397   -132      357
  SINCE MAR 1   1283                      1391   -108     1148
  SINCE JUL 1   6195                      7242  -1047     6247

 COOLING
  YESTERDAY        0                         0      0        0
  MONTH TO DATE    0                         0      0        3
  SINCE MAR 1      0                         0      0        3
  SINCE JAN 1      0                         0      0        3
..................................................................


WIND (MPH)
  HIGHEST WIND SPEED    39   HIGHEST WIND DIRECTION    NW (300)
  HIGHEST GUST SPEED    49   HIGHEST GUST DIRECTION    NW (300)
  AVERAGE WIND SPEED    12.4


SKY COVER
  POSSIBLE SUNSHINE  MM
  AVERAGE SKY COVER 0.9


WEATHER CONDITIONS
 THE FOLLOWING WEATHER WAS RECORDED YESTERDAY.
  THUNDERSTORM
  HEAVY RAIN
  RAIN
  LIGHT RAIN
  FOG


RELATIVE HUMIDITY (PERCENT)
 HIGHEST   100          1100 PM
 LOWEST     80           700 PM
 AVERAGE    90

..........................................................


THE MASON CITY IA CLIMATE NORMALS FOR TODAY
                         NORMAL    RECORD    YEAR
 MAXIMUM TEMPERATURE (F)   61        85      1985
 MINIMUM TEMPERATURE (F)   37        21      1928


SUNRISE AND SUNSET
APRIL 20 2017.........SUNRISE   623 AM CDT   SUNSET   802 PM CDT
APRIL 21 2017.........SUNRISE   621 AM CDT   SUNSET   803 PM CDT


-  INDICATES NEGATIVE NUMBERS.
R  INDICATES RECORD WAS SET OR TIED.
MM INDICATES DATA IS MISSING.
T  INDICATES TRACE AMOUNT.




$$
