000
CDUS43 KDMX 090631 RRA
CLIMCW

CLIMATE REPORT
NATIONAL WEATHER SERVICE DES MOINES IA
129 AM CDT SAT MAY 9 2015


...................................

...THE MASON CITY IA CLIMATE SUMMARY FOR MAY 8 2015...

CLIMATE NORMAL PERIOD 1981 TO 2010
CLIMATE RECORD PERIOD 1893 TO 2015


WEATHER ITEM   OBSERVED TIME   RECORD YEAR NORMAL DEPARTURE LAST
                VALUE   (LST)  VALUE       VALUE  FROM      YEAR
                                                  NORMAL
..................................................................
TEMPERATURE (F)
 YESTERDAY
  MAXIMUM         64    400 PM  91    1934  68     -4       79
  MINIMUM         45   1159 PM  27    1925  44      1       54
  AVERAGE         55                        56     -1       67

PRECIPITATION (IN)
  YESTERDAY        0.00          1.46 1927   0.14  -0.14     0.01
  MONTH TO DATE    0.65                      1.13  -0.48     0.17
  SINCE MAR 1      6.25                      7.11  -0.86     8.86
  SINCE JAN 1      8.32                      8.93  -0.61    11.88

SNOWFALL (IN)
  YESTERDAY        0.0           4.0  1938   0.0    0.0      0.0
  MONTH TO DATE    0.0                       0.1   -0.1      0.0
  SINCE MAR 1      4.2                       8.8   -4.6     11.9
  SINCE JUL 1     40.0                      41.3   -1.3     58.0
  SNOW DEPTH       0

DEGREE DAYS
 HEATING
  YESTERDAY       10                        10      0        0
  MONTH TO DATE   43                        87    -44       86
  SINCE MAR 1   1458                      1636   -178     1904
  SINCE JUL 1   7521                      7487     34     8450

 COOLING
  YESTERDAY        0                         0      0        2
  MONTH TO DATE   11                         0     11        4
  SINCE MAR 1     11                         5      6        4
  SINCE JAN 1     11                         5      6        4
..................................................................


WIND (MPH)
  HIGHEST WIND SPEED    17   HIGHEST WIND DIRECTION    NW (310)
  HIGHEST GUST SPEED    21   HIGHEST GUST DIRECTION     W (290)
  AVERAGE WIND SPEED    10.7


SKY COVER
  POSSIBLE SUNSHINE  MM
  AVERAGE SKY COVER 0.9


WEATHER CONDITIONS
 THE FOLLOWING WEATHER WAS RECORDED YESTERDAY.
  FOG


RELATIVE HUMIDITY (PERCENT)
 HIGHEST    93           300 AM
 LOWEST     60           200 PM
 AVERAGE    77

..........................................................


THE MASON CITY IA CLIMATE NORMALS FOR TODAY
                         NORMAL    RECORD    YEAR
 MAXIMUM TEMPERATURE (F)   68        91      1895
 MINIMUM TEMPERATURE (F)   44        23      1945


SUNRISE AND SUNSET
MAY  9 2015...........SUNRISE   557 AM CDT   SUNSET   823 PM CDT
MAY 10 2015...........SUNRISE   555 AM CDT   SUNSET   825 PM CDT


-  INDICATES NEGATIVE NUMBERS.
R  INDICATES RECORD WAS SET OR TIED.
MM INDICATES DATA IS MISSING.
T  INDICATES TRACE AMOUNT.




$$
