000
CDUS43 KDMX 140630
CLIMCW

CLIMATE REPORT
NATIONAL WEATHER SERVICE DES MOINES IA
126 AM CDT MON AUG 14 2017


...................................

...THE MASON CITY IA CLIMATE SUMMARY FOR AUGUST 13 2017...

CLIMATE NORMAL PERIOD 1981 TO 2010
CLIMATE RECORD PERIOD 1893 TO 2017


WEATHER ITEM   OBSERVED TIME   RECORD YEAR NORMAL DEPARTURE LAST
                VALUE   (LST)  VALUE       VALUE  FROM      YEAR
                                                  NORMAL
..................................................................
TEMPERATURE (F)
 YESTERDAY
  MAXIMUM         75    239 PM 101    1965  81     -6       81
  MINIMUM         52    450 AM  40    1897  59     -7       61
  AVERAGE         64                        70     -6       71

PRECIPITATION (IN)
  YESTERDAY        T             2.49 1936   0.13  -0.13      T
  MONTH TO DATE    0.58                      1.75  -1.17     2.58
  SINCE JUN 1      6.78                     11.59  -4.81    15.98
  SINCE JAN 1     20.93                     24.07  -3.14    27.19

SNOWFALL (IN)
  YESTERDAY        0.0          MM      MM   0.0    0.0      0.0
  MONTH TO DATE    0.0                       0.0    0.0      0.0
  SINCE JUN 1      0.0                       0.0    0.0      0.0
  SINCE JUL 1      0.0                       0.0    0.0      0.0
  SNOW DEPTH       0

DEGREE DAYS
 HEATING
  YESTERDAY        1                         1      0        0
  MONTH TO DATE   11                         8      3        0
  SINCE JUN 1     33                        61    -28       18
  SINCE JUL 1     12                        17     -5       10

 COOLING
  YESTERDAY        0                         6     -6        6
  MONTH TO DATE   21                        78    -57       92
  SINCE JUN 1    436                       437     -1      495
  SINCE JAN 1    461                       472    -11      536
..................................................................


WIND (MPH)
  HIGHEST WIND SPEED    17   HIGHEST WIND DIRECTION    SE (140)
  HIGHEST GUST SPEED    21   HIGHEST GUST DIRECTION    SE (140)
  AVERAGE WIND SPEED     9.0


SKY COVER
  POSSIBLE SUNSHINE  MM
  AVERAGE SKY COVER 0.3


WEATHER CONDITIONS
 THE FOLLOWING WEATHER WAS RECORDED YESTERDAY.
  THUNDERSTORM
  FOG


RELATIVE HUMIDITY (PERCENT)
 HIGHEST    93           600 AM
 LOWEST     57           300 PM
 AVERAGE    75

..........................................................


THE MASON CITY IA CLIMATE NORMALS FOR TODAY
                         NORMAL    RECORD    YEAR
 MAXIMUM TEMPERATURE (F)   81        97      1965
 MINIMUM TEMPERATURE (F)   59        39      1964


SUNRISE AND SUNSET
AUGUST 14 2017........SUNRISE   618 AM CDT   SUNSET   817 PM CDT
AUGUST 15 2017........SUNRISE   619 AM CDT   SUNSET   815 PM CDT


-  INDICATES NEGATIVE NUMBERS.
R  INDICATES RECORD WAS SET OR TIED.
MM INDICATES DATA IS MISSING.
T  INDICATES TRACE AMOUNT.




$$
