000
CDUS43 KDMX 100649 RRB
CLIMCW

CLIMATE REPORT
NATIONAL WEATHER SERVICE DES MOINES IA
147 AM CDT TUE MAR 10 2015


...................................

...THE MASON CITY IA CLIMATE SUMMARY FOR MARCH 9 2015...

CLIMATE NORMAL PERIOD 1981 TO 2010
CLIMATE RECORD PERIOD 1893 TO 2015


WEATHER ITEM   OBSERVED TIME   RECORD YEAR NORMAL DEPARTURE LAST
                VALUE   (LST)  VALUE       VALUE  FROM      YEAR
                                                  NORMAL
..................................................................
TEMPERATURE (F)
 YESTERDAY
  MAXIMUM         53    347 PM  59    1977  39     14       44
  MINIMUM         32    304 AM -17    1984  21     11        7
  AVERAGE         43                        30     13       26

PRECIPITATION (IN)
  YESTERDAY        0.00          0.67 1909   0.06  -0.06     0.00
  MONTH TO DATE    0.01                      0.49  -0.48     0.42
  SINCE MAR 1      0.01                      0.49  -0.48     0.42
  SINCE JAN 1      2.08                      2.31  -0.23     3.44

SNOWFALL (IN)
  YESTERDAY        0.0           9.0  1943   0.2   -0.2      0.0
  MONTH TO DATE    T                         2.1   -2.1      5.0
  SINCE MAR 1      T                         2.1   -2.1      5.0
  SINCE JUL 1     35.8                      34.6    1.2     51.1
  SNOW DEPTH       T

DEGREE DAYS
 HEATING
  YESTERDAY       22                        35    -13       39
  MONTH TO DATE  395                       333     62      480
  SINCE MAR 1    395                       333     62      480
  SINCE JUL 1   6458                      6184    274     7026

 COOLING
  YESTERDAY        0                         0      0        0
  MONTH TO DATE    0                         0      0        0
  SINCE MAR 1      0                         0      0        0
  SINCE JAN 1      0                         0      0        0
..................................................................


WIND (MPH)
  HIGHEST WIND SPEED    22   HIGHEST WIND DIRECTION    SW (220)
  HIGHEST GUST SPEED    27   HIGHEST GUST DIRECTION    SW (220)
  AVERAGE WIND SPEED    11.1


SKY COVER
  POSSIBLE SUNSHINE  MM
  AVERAGE SKY COVER 0.0


WEATHER CONDITIONS
 THE FOLLOWING WEATHER WAS RECORDED YESTERDAY.
  NO SIGNIFICANT WEATHER WAS OBSERVED.


RELATIVE HUMIDITY (PERCENT)
 HIGHEST    89           800 PM
 LOWEST     54           300 PM
 AVERAGE    72

..........................................................


THE MASON CITY IA CLIMATE NORMALS FOR TODAY
                         NORMAL    RECORD    YEAR
 MAXIMUM TEMPERATURE (F)   39        67      1967
 MINIMUM TEMPERATURE (F)   22       -12      1948


SUNRISE AND SUNSET
MARCH 10 2015.........SUNRISE   735 AM CDT   SUNSET   713 PM CDT
MARCH 11 2015.........SUNRISE   733 AM CDT   SUNSET   715 PM CDT


-  INDICATES NEGATIVE NUMBERS.
R  INDICATES RECORD WAS SET OR TIED.
MM INDICATES DATA IS MISSING.
T  INDICATES TRACE AMOUNT.




$$
