000
CDUS43 KDMX 140636 RRA
CLIMCW

CLIMATE REPORT
NATIONAL WEATHER SERVICE DES MOINES IA
130 AM CDT TUE JUN 14 2016


...................................

...THE MASON CITY IA CLIMATE SUMMARY FOR JUNE 13 2016...

CLIMATE NORMAL PERIOD 1981 TO 2010
CLIMATE RECORD PERIOD 1893 TO 2016


WEATHER ITEM   OBSERVED TIME   RECORD YEAR NORMAL DEPARTURE LAST
                VALUE   (LST)  VALUE       VALUE  FROM      YEAR
                                                  NORMAL
..................................................................
TEMPERATURE (F)
 YESTERDAY
  MAXIMUM         84   1034 AM 100    1987  79      5       75
  MINIMUM         64    430 AM  38    1933  56      8       62
  AVERAGE         74                        68      6       69

PRECIPITATION (IN)
  YESTERDAY        0.40          2.46 2000   0.17   0.23     0.14
  MONTH TO DATE    1.73                      2.26  -0.53     2.71
  SINCE JUN 1      1.73                      2.26  -0.53     2.71
  SINCE JAN 1     12.95                     14.74  -1.79    13.71

SNOWFALL (IN)
  YESTERDAY        0.0          MM      MM   0.0    0.0      0.0
  MONTH TO DATE    0.0                       0.0    0.0      0.0
  SINCE JUN 1      0.0                       0.0    0.0      0.0
  SINCE JUL 1     50.9                      41.2    9.7     40.0
  SNOW DEPTH       0

DEGREE DAYS
 HEATING
  YESTERDAY        0                         1     -1        0
  MONTH TO DATE    8                        32    -24       12
  SINCE JUN 1      8                        32    -24       12
  SINCE JUL 1   6633                      7667  -1034     7696

 COOLING
  YESTERDAY        9                         4      5        4
  MONTH TO DATE   76                        41     35       55
  SINCE JUN 1     76                        41     35       55
  SINCE JAN 1    117                        76     41       85
..................................................................


WIND (MPH)
  HIGHEST WIND SPEED    22   HIGHEST WIND DIRECTION     W (290)
  HIGHEST GUST SPEED    26   HIGHEST GUST DIRECTION     W (290)
  AVERAGE WIND SPEED     7.9


SKY COVER
  POSSIBLE SUNSHINE  MM
  AVERAGE SKY COVER 0.3


WEATHER CONDITIONS
 THE FOLLOWING WEATHER WAS RECORDED YESTERDAY.
  THUNDERSTORM
  HEAVY RAIN
  LIGHT RAIN
  FOG
  HAZE


RELATIVE HUMIDITY (PERCENT)
 HIGHEST    93          1100 PM
 LOWEST     58           400 PM
 AVERAGE    76

..........................................................


THE MASON CITY IA CLIMATE NORMALS FOR TODAY
                         NORMAL    RECORD    YEAR
 MAXIMUM TEMPERATURE (F)   79       100      1987
 MINIMUM TEMPERATURE (F)   57        37      1933


SUNRISE AND SUNSET
JUNE 14 2016..........SUNRISE   533 AM CDT   SUNSET   855 PM CDT
JUNE 15 2016..........SUNRISE   533 AM CDT   SUNSET   855 PM CDT


-  INDICATES NEGATIVE NUMBERS.
R  INDICATES RECORD WAS SET OR TIED.
MM INDICATES DATA IS MISSING.
T  INDICATES TRACE AMOUNT.




$$
