000
CDUS43 KDMX 060636
CLIMCW

CLIMATE REPORT
NATIONAL WEATHER SERVICE DES MOINES IA
1235 AM CST THU MAR 6 2014


...................................

...THE MASON CITY IA CLIMATE SUMMARY FOR MARCH 5 2014...

CLIMATE NORMAL PERIOD 1981 TO 2010
CLIMATE RECORD PERIOD 1893 TO 2014


WEATHER ITEM   OBSERVED TIME   RECORD YEAR NORMAL DEPARTURE LAST
                VALUE   (LST)  VALUE       VALUE  FROM      YEAR
                                                  NORMAL
..................................................................
TEMPERATURE (F)
 YESTERDAY
  MAXIMUM         20    427 PM  71    2000  37    -17       31
  MINIMUM         10    750 AM -15    1960  20    -10       23
  AVERAGE         15                        28    -13       27

PRECIPITATION (IN)
  YESTERDAY       MM             1.09 1992   0.06  MM        0.38
  MONTH TO DATE    0.33                      0.27   0.06     0.63
  SINCE MAR 1      0.33                      0.27   0.06     0.63
  SINCE JAN 1      3.35                      2.09   1.26     2.34

SNOWFALL (IN)
  YESTERDAY        1.0           6.0  1959   0.2    0.8      4.0
  MONTH TO DATE    5.0                       1.2    3.8      6.5
  SINCE MAR 1      5.0                       1.2    3.8      6.5
  SINCE JUL 1     51.1                      33.7   17.4     28.5
  SNOW DEPTH      22

DEGREE DAYS
 HEATING
  YESTERDAY       50                        37     13       38
  MONTH TO DATE  309                       189    120      215
  SINCE MAR 1    309                       189    120      215
  SINCE JUL 1   6855                      6040    815     5776

 COOLING
  YESTERDAY        0                         0      0        0
  MONTH TO DATE    0                         0      0        0
  SINCE MAR 1      0                         0      0        0
  SINCE JAN 1      0                         0      0        0
..................................................................


WIND (MPH)
  HIGHEST WIND SPEED    18   HIGHEST WIND DIRECTION     E (110)
  HIGHEST GUST SPEED    20   HIGHEST GUST DIRECTION    SE (120)
  AVERAGE WIND SPEED    12.3


SKY COVER
  POSSIBLE SUNSHINE  MM
  AVERAGE SKY COVER 0.8


WEATHER CONDITIONS
 THE FOLLOWING WEATHER WAS RECORDED YESTERDAY.
  LIGHT SNOW
  FOG
  HAZE


RELATIVE HUMIDITY (PERCENT)
 HIGHEST    96           600 AM
 LOWEST     73           100 PM
 AVERAGE    85

..........................................................


THE MASON CITY IA CLIMATE NORMALS FOR TODAY
                         NORMAL    RECORD    YEAR
 MAXIMUM TEMPERATURE (F)   37        71      2005
                                             2000
 MINIMUM TEMPERATURE (F)   20       -12      1960


SUNRISE AND SUNSET
MARCH  6 2014.........SUNRISE   641 AM CST   SUNSET   609 PM CST
MARCH  7 2014.........SUNRISE   639 AM CST   SUNSET   610 PM CST


-  INDICATES NEGATIVE NUMBERS.
R  INDICATES RECORD WAS SET OR TIED.
MM INDICATES DATA IS MISSING.
T  INDICATES TRACE AMOUNT.




$$
