000
CDUS43 KDMX 070649
CLIMCW

CLIMATE REPORT
NATIONAL WEATHER SERVICE DES MOINES IA
130 AM CDT THU AUG 7 2014

...................................

...THE MASON CITY IA CLIMATE SUMMARY FOR AUGUST 6 2014...

CLIMATE NORMAL PERIOD 1981 TO 2010
CLIMATE RECORD PERIOD 1893 TO 2014

WEATHER ITEM   OBSERVED TIME   RECORD YEAR NORMAL DEPARTURE LAST
                VALUE   (LST)  VALUE       VALUE  FROM      YEAR
                                                  NORMAL
..................................................................
TEMPERATURE (F)
 YESTERDAY
  MAXIMUM         75    118 PM  96    1934  82     -7       85
  MINIMUM         62    523 AM  46    2012  60      2       58
                                      2004
  AVERAGE         69                        70     -1       72

PRECIPITATION (IN)
  YESTERDAY        0.00          1.85 1912   0.13  -0.13     0.00
                                      2000
  MONTH TO DATE    0.01                      0.82  -0.81     1.01
  SINCE JUN 1      9.55                     10.66  -1.11    10.69
  SINCE JAN 1     23.59                     23.14   0.45    32.13

SNOWFALL (IN)
  YESTERDAY        0.0          MM      MM   0.0    0.0      0.0
  MONTH TO DATE    0.0                       0.0    0.0      0.0
  SINCE JUN 1      0.0                       0.0    0.0      0.0
  SINCE JUL 1      0.0                       0.0    0.0      0.0
  SNOW DEPTH       0

DEGREE DAYS
 HEATING
  YESTERDAY        0                         1     -1        0
  MONTH TO DATE    0                         1     -1        3
  SINCE JUN 1     34                        54    -20       76
  SINCE JUL 1     21                        10     11       23

 COOLING
  YESTERDAY        4                         6     -2        7
  MONTH TO DATE   34                        36     -2       18
  SINCE JUN 1    290                       395   -105      389
  SINCE JAN 1    343                       430    -87      426
..................................................................

WIND (MPH)
  HIGHEST WIND SPEED    12   HIGHEST WIND DIRECTION    SE (140)
  HIGHEST GUST SPEED    15   HIGHEST GUST DIRECTION    SE (130)
  AVERAGE WIND SPEED     4.9

SKY COVER
  POSSIBLE SUNSHINE  MM
  AVERAGE SKY COVER 0.4

WEATHER CONDITIONS
 THE FOLLOWING WEATHER WAS RECORDED YESTERDAY.
  FOG

RELATIVE HUMIDITY (PERCENT)
 HIGHEST   100           100 AM
 LOWEST     73           100 PM
 AVERAGE    87
.........................................................

THE MASON CITY IA CLIMATE NORMALS FOR TODAY
                         NORMAL    RECORD    YEAR
 MAXIMUM TEMPERATURE (F)   81       102      1894
 MINIMUM TEMPERATURE (F)   59        46      1989

SUNRISE AND SUNSET
AUGUST  7 2014........SUNRISE   610 AM CDT   SUNSET   827 PM CDT
AUGUST  8 2014........SUNRISE   611 AM CDT   SUNSET   826 PM CDT

-  INDICATES NEGATIVE NUMBERS.
R  INDICATES RECORD WAS SET OR TIED.
MM INDICATES DATA IS MISSING.
T  INDICATES TRACE AMOUNT.

$$

FAB
