000
CDUS43 KDMX 150638
CLIMCW

CLIMATE REPORT
NATIONAL WEATHER SERVICE DES MOINES IA
136 AM CDT WED MAR 15 2017


...................................

...THE MASON CITY IA CLIMATE SUMMARY FOR MARCH 14 2017...

CLIMATE NORMAL PERIOD 1981 TO 2010
CLIMATE RECORD PERIOD 1893 TO 2017


WEATHER ITEM   OBSERVED TIME   RECORD YEAR NORMAL DEPARTURE LAST
                VALUE   (LST)  VALUE       VALUE  FROM      YEAR
                                                  NORMAL
..................................................................
TEMPERATURE (F)
 YESTERDAY
  MAXIMUM         21    325 PM  78    2012  41    -20       60
  MINIMUM         -5    614 AM -11    1993  23    -28       48
  AVERAGE          8                        32    -24       54

PRECIPITATION (IN)
  YESTERDAY        0.00          0.88 1953   0.07  -0.07     0.01
  MONTH TO DATE    0.85                      0.81   0.04     0.38
  SINCE MAR 1      0.85                      0.81   0.04     0.38
  SINCE JAN 1      4.84                      2.63   2.21     1.67

SNOWFALL (IN)
  YESTERDAY        0.0           3.0  1918   0.2   -0.2      0.0
                                      1959
  MONTH TO DATE   10.0                       3.1    6.9      2.2
  SINCE MAR 1     10.0                       3.1    6.9      2.2
  SINCE JUL 1     49.4                      35.6   13.8     44.9
  SNOW DEPTH       7

DEGREE DAYS
 HEATING
  YESTERDAY       57                        33     24       11
  MONTH TO DATE  535                       502     33      360
  SINCE MAR 1    535                       502     33      360
  SINCE JUL 1   5447                      6353   -906     5459

 COOLING
  YESTERDAY        0                         0      0        0
  MONTH TO DATE    0                         0      0        0
  SINCE MAR 1      0                         0      0        0
  SINCE JAN 1      0                         0      0        0
..................................................................


WIND (MPH)
  HIGHEST WIND SPEED    12   HIGHEST WIND DIRECTION     N (350)
  HIGHEST GUST SPEED    12   HIGHEST GUST DIRECTION     N (350)
  AVERAGE WIND SPEED     6.2


SKY COVER
  POSSIBLE SUNSHINE  MM
  AVERAGE SKY COVER 0.1


WEATHER CONDITIONS
 THE FOLLOWING WEATHER WAS RECORDED YESTERDAY.
  NO SIGNIFICANT WEATHER WAS OBSERVED.


RELATIVE HUMIDITY (PERCENT)
 HIGHEST    87           400 AM
 LOWEST     51           500 PM
 AVERAGE    69

..........................................................


THE MASON CITY IA CLIMATE NORMALS FOR TODAY
                         NORMAL    RECORD    YEAR
 MAXIMUM TEMPERATURE (F)   42        74      2012
 MINIMUM TEMPERATURE (F)   24        -5      1979


SUNRISE AND SUNSET
MARCH 15 2017.........SUNRISE   725 AM CDT   SUNSET   720 PM CDT
MARCH 16 2017.........SUNRISE   723 AM CDT   SUNSET   721 PM CDT


-  INDICATES NEGATIVE NUMBERS.
R  INDICATES RECORD WAS SET OR TIED.
MM INDICATES DATA IS MISSING.
T  INDICATES TRACE AMOUNT.




$$
