000
CDUS43 KDMX 020632 RRA
CLIMCW

CLIMATE REPORT
NATIONAL WEATHER SERVICE DES MOINES IA
129 AM CDT TUE MAY 2 2017

...................................

...THE MASON CITY IA CLIMATE SUMMARY FOR MAY 1 2017...

CLIMATE NORMAL PERIOD 1981 TO 2010
CLIMATE RECORD PERIOD 1893 TO 2017


WEATHER ITEM   OBSERVED TIME   RECORD YEAR NORMAL DEPARTURE LAST
                VALUE   (LST)  VALUE       VALUE  FROM      YEAR
                                                  NORMAL
..................................................................
TEMPERATURE (F)
 YESTERDAY
  MAXIMUM         44   1104 AM  92    1992  65    -21       53
  MINIMUM         37    715 AM  25    1909  41     -4       40
  AVERAGE         41                        53    -12       47

PRECIPITATION (IN)
  YESTERDAY        0.20          1.38 1906   0.14   0.06     0.06
  MONTH TO DATE    0.20                      0.14   0.06     0.06
  SINCE MAR 1      6.47                      6.12   0.35     5.03
  SINCE JAN 1     10.46                      7.94   2.52     6.32

SNOWFALL (IN)
  YESTERDAY        0.0           2.0  1911   0.0    0.0      0.0
  MONTH TO DATE    0.0                       0.0    0.0      0.0
  SINCE MAR 1      8.5                       8.7   -0.2      8.2
  SINCE JUL 1     47.9                      41.2    6.7     50.9
  SNOW DEPTH       0

DEGREE DAYS
 HEATING
  YESTERDAY       24                        12     12       18
  MONTH TO DATE   24                        12     12       18
  SINCE MAR 1   1517                      1561    -44     1318
  SINCE JUL 1   6429                      7412   -983     6417

 COOLING
  YESTERDAY        0                         0      0        0
  MONTH TO DATE    0                         0      0        0
  SINCE MAR 1      0                         5     -5        4
  SINCE JAN 1      0                         5     -5        4
..................................................................


WIND (MPH)
  HIGHEST WIND SPEED    28   HIGHEST WIND DIRECTION    NW (310)
  HIGHEST GUST SPEED    34   HIGHEST GUST DIRECTION    NW (320)
  AVERAGE WIND SPEED    16.4


SKY COVER
  POSSIBLE SUNSHINE  MM
  AVERAGE SKY COVER 1.0


WEATHER CONDITIONS
 THE FOLLOWING WEATHER WAS RECORDED YESTERDAY.
  LIGHT RAIN
  FOG


RELATIVE HUMIDITY (PERCENT)
 HIGHEST   100           300 AM
 LOWEST     79           900 PM
 AVERAGE    90

..........................................................


THE MASON CITY IA CLIMATE NORMALS FOR TODAY
                         NORMAL    RECORD    YEAR
 MAXIMUM TEMPERATURE (F)   66        89      1965
 MINIMUM TEMPERATURE (F)   42        25      1908


SUNRISE AND SUNSET
MAY  2 2017...........SUNRISE   605 AM CDT   SUNSET   816 PM CDT
MAY  3 2017...........SUNRISE   604 AM CDT   SUNSET   817 PM CDT


-  INDICATES NEGATIVE NUMBERS.
R  INDICATES RECORD WAS SET OR TIED.
MM INDICATES DATA IS MISSING.                 DSMCLIMCY 000
TTAA00 KDMX 020630
T  INDICATES TRACE AMOUNT.

$$

REV
