000
CDUS43 KDMX 120636 RRB
CLIMCW

CLIMATE REPORT
NATIONAL WEATHER SERVICE DES MOINES IA
134 AM CDT WED AUG 12 2015


...................................

...THE MASON CITY IA CLIMATE SUMMARY FOR AUGUST 11 2015...

CLIMATE NORMAL PERIOD 1981 TO 2010
CLIMATE RECORD PERIOD 1893 TO 2015


WEATHER ITEM   OBSERVED TIME   RECORD YEAR NORMAL DEPARTURE LAST
                VALUE   (LST)  VALUE       VALUE  FROM      YEAR
                                                  NORMAL
..................................................................
TEMPERATURE (F)
 YESTERDAY
  MAXIMUM         83    312 PM  96    1947  81      2       77
  MINIMUM         58   1123 PM  42    2012  59     -1       58
  AVERAGE         71                        70      1       68

PRECIPITATION (IN)
  YESTERDAY        0.00          0.83 2005   0.13  -0.13      T
  MONTH TO DATE    0.25                      1.49  -1.24     0.01
  SINCE JUN 1     11.92                     11.33   0.59     9.56
  SINCE JAN 1     22.92                     23.81  -0.89    23.60

SNOWFALL (IN)
  YESTERDAY        0.0          MM      MM   0.0    0.0      0.0
  MONTH TO DATE    0.0                       0.0    0.0      0.0
  SINCE JUN 1      0.0                       0.0    0.0      0.0
  SINCE JUL 1      0.0                       0.0    0.0      0.0
  SNOW DEPTH       0

DEGREE DAYS
 HEATING
  YESTERDAY        0                         1     -1        0
  MONTH TO DATE    0                         6     -6        0
  SINCE JUN 1     33                        59    -26       34
  SINCE JUL 1     21                        15      6       21

 COOLING
  YESTERDAY        6                         6      0        3
  MONTH TO DATE   63                        66     -3       60
  SINCE JUN 1    416                       425     -9      316
  SINCE JAN 1    446                       460    -14      369
..................................................................


WIND (MPH)
  HIGHEST WIND SPEED    16   HIGHEST WIND DIRECTION     N (350)
  HIGHEST GUST SPEED    22   HIGHEST GUST DIRECTION    NW (320)
  AVERAGE WIND SPEED     7.4


SKY COVER
  POSSIBLE SUNSHINE  MM
  AVERAGE SKY COVER 0.1


WEATHER CONDITIONS
 THE FOLLOWING WEATHER WAS RECORDED YESTERDAY.
  HAZE


RELATIVE HUMIDITY (PERCENT)
 HIGHEST    97           600 AM
 LOWEST     42           500 PM
 AVERAGE    70

..........................................................


THE MASON CITY IA CLIMATE NORMALS FOR TODAY
                         NORMAL    RECORD    YEAR
 MAXIMUM TEMPERATURE (F)   81        97      1937
 MINIMUM TEMPERATURE (F)   59        44      1967


SUNRISE AND SUNSET
AUGUST 12 2015........SUNRISE   615 AM CDT   SUNSET   821 PM CDT
AUGUST 13 2015........SUNRISE   616 AM CDT   SUNSET   819 PM CDT


-  INDICATES NEGATIVE NUMBERS.
R  INDICATES RECORD WAS SET OR TIED.
MM INDICATES DATA IS MISSING.
T  INDICATES TRACE AMOUNT.




$$
