000
CDUS43 KDMX 250639 RRA
CLIMCW

CLIMATE REPORT
NATIONAL WEATHER SERVICE DES MOINES IA
139 AM CDT TUE OCT 25 2016


...................................

...THE MASON CITY IA CLIMATE SUMMARY FOR OCTOBER 24 2016...

CLIMATE NORMAL PERIOD 1981 TO 2010
CLIMATE RECORD PERIOD 1893 TO 2016


WEATHER ITEM   OBSERVED TIME   RECORD YEAR NORMAL DEPARTURE LAST
                VALUE   (LST)  VALUE       VALUE  FROM      YEAR
                                                  NORMAL
..................................................................
TEMPERATURE (F)
 YESTERDAY
  MAXIMUM         57    324 PM  79    1963  56      1       57
  MINIMUM         32    553 AM  14    1896  34     -2       34
  AVERAGE         45                        45      0       46

PRECIPITATION (IN)
  YESTERDAY        0.00          1.33 1946   0.07  -0.07      T
  MONTH TO DATE    0.59                      1.97  -1.38     0.26
  SINCE SEP 1     11.62                      5.24   6.38     4.86
  SINCE JAN 1     42.88                     31.60  11.28    32.67

SNOWFALL (IN)
  YESTERDAY        0.0           3.0  1976   0.1   -0.1      0.0
  MONTH TO DATE    0.0                       0.2   -0.2      0.0
  SINCE SEP 1      0.0                       0.2   -0.2      0.0
  SINCE JUL 1      0.0                       0.2   -0.2      0.0
  SNOW DEPTH       0

DEGREE DAYS
 HEATING
  YESTERDAY       20                        20      0       19
  MONTH TO DATE  285                       373    -88      310
  SINCE SEP 1    356                       550   -194      392
  SINCE JUL 1    374                       586   -212      450

 COOLING
  YESTERDAY        0                         0      0        0
  MONTH TO DATE    4                         2      2        5
  SINCE SEP 1     89                        56     33      135
  SINCE JAN 1    697                       612     85      652
..................................................................


WIND (MPH)
  HIGHEST WIND SPEED    14   HIGHEST WIND DIRECTION     E (70)
  HIGHEST GUST SPEED    17   HIGHEST GUST DIRECTION    NE (50)
  AVERAGE WIND SPEED     7.1


SKY COVER
  POSSIBLE SUNSHINE  MM
  AVERAGE SKY COVER 0.0


WEATHER CONDITIONS
 THE FOLLOWING WEATHER WAS RECORDED YESTERDAY.
  HAZE


RELATIVE HUMIDITY (PERCENT)
 HIGHEST   100           200 AM
 LOWEST     38           200 PM
 AVERAGE    69

..........................................................


THE MASON CITY IA CLIMATE NORMALS FOR TODAY
                         NORMAL    RECORD    YEAR
 MAXIMUM TEMPERATURE (F)   56        83      1927
 MINIMUM TEMPERATURE (F)   34        19      1987


SUNRISE AND SUNSET
OCTOBER 25 2016.......SUNRISE   740 AM CDT   SUNSET   614 PM CDT
OCTOBER 26 2016.......SUNRISE   741 AM CDT   SUNSET   613 PM CDT


-  INDICATES NEGATIVE NUMBERS.
R  INDICATES RECORD WAS SET OR TIED.
MM INDICATES DATA IS MISSING.
T  INDICATES TRACE AMOUNT.




$$
