000
CDUS43 KDMX 060810
CLIMCW

CLIMATE REPORT
NATIONAL WEATHER SERVICE DES MOINES IA
209 AM CST TUE JAN 6 2015

...................................

...THE MASON CITY IA CLIMATE SUMMARY FOR JANUARY 5 2015...

CLIMATE NORMAL PERIOD 1981 TO 2010
CLIMATE RECORD PERIOD 1893 TO 2015


WEATHER ITEM   OBSERVED TIME   RECORD YEAR NORMAL DEPARTURE LAST
                VALUE   (LST)  VALUE       VALUE  FROM      YEAR
                                                  NORMAL
..................................................................
TEMPERATURE (F)
 YESTERDAY
  MAXIMUM          5    902 PM  57    2012  25    -20        2
  MINIMUM        -14    627 AM -31    1924   8    -22      -17
  AVERAGE         -4                        16    -20       -7

PRECIPITATION (IN)
  YESTERDAY        0.26          1.40 1897   0.02   0.24      T
  MONTH TO DATE    0.27                      0.13   0.14      T
  SINCE DEC 1      1.37                      1.37   0.00     1.17
  SINCE JAN 1      0.27                      0.13   0.14      T

SNOWFALL (IN)
  YESTERDAY        5.0           7.0  1929   0.3    4.7       T
  MONTH TO DATE    6.9                       1.5    5.4       T
  SINCE DEC 1     12.6                      10.8    1.8     14.9
  SINCE JUL 1     20.6                      15.5    5.1     16.4
  SNOW DEPTH       6

DEGREE DAYS
 HEATING
  YESTERDAY       69                        49     20       72
  MONTH TO DATE  264                       245     19      321
  SINCE DEC 1   1490                      1654   -164     1901
  SINCE JUL 1   3389                      3334     55     3565

 COOLING
  YESTERDAY        0                         0      0        0
  MONTH TO DATE    0                         0      0        0
  SINCE DEC 1      0                         0      0        0
  SINCE JAN 1      0                         0      0        0
..................................................................


WIND (MPH)
  HIGHEST WIND SPEED    18   HIGHEST WIND DIRECTION    NW (310)
  HIGHEST GUST SPEED    22   HIGHEST GUST DIRECTION    NW (310)
  AVERAGE WIND SPEED     9.2


SKY COVER
  POSSIBLE SUNSHINE  MM
  AVERAGE SKY COVER 0.5


WEATHER CONDITIONS
 THE FOLLOWING WEATHER WAS RECORDED YESTERDAY.
  SNOW
  LIGHT SNOW
  FOG
  FOG W/VISIBILITY <= 1/4 MILE
  HAZE


RELATIVE HUMIDITY (PERCENT)
 HIGHEST    87           700 PM
 LOWEST     59          1200 PM
 AVERAGE    73

..........................................................


THE MASON CITY IA CLIMATE NORMALS FOR TODAY
                         NORMAL    RECORD    YEAR
 MAXIMUM TEMPERATURE (F)   25        50      1933
 MINIMUM TEMPERATURE (F)    7       -29      1988


SUNRISE AND SUNSET
JANUARY  6 2015.......SUNRISE   745 AM CST   SUNSET   453 PM CST
JANUARY  7 2015.......SUNRISE   745 AM CST   SUNSET   454 PM CST


-  INDICATES NEGATIVE NUMBERS.
R  INDICATES RECORD WAS SET OR TIED.
MM INDICATES DATA IS MISSING.
T  INDICATES TRACE AMOUNT.

$$

SMALL
