375
CDUS43 KDMX 070635
CLIMCW

CLIMATE REPORT
NATIONAL WEATHER SERVICE DES MOINES IA
131 AM CDT TUE APR 7 2015

...................................

...THE MASON CITY IA CLIMATE SUMMARY FOR APRIL 6 2015...

CLIMATE NORMAL PERIOD 1981 TO 2010
CLIMATE RECORD PERIOD 1893 TO 2015


WEATHER ITEM   OBSERVED TIME   RECORD YEAR NORMAL DEPARTURE LAST
                VALUE   (LST)  VALUE       VALUE  FROM      YEAR
                                                  NORMAL
..................................................................
TEMPERATURE (F)
 YESTERDAY
  MAXIMUM         57    437 PM  89    1991  54      3       61
  MINIMUM         32    313 AM   6    1982  31      1       31
  AVERAGE         45                        42      3       46

PRECIPITATION (IN)
  YESTERDAY        T             1.15 1938   0.11  -0.11     0.06
  MONTH TO DATE    0.75                      0.63   0.12     0.64
  SINCE MAR 1      1.82                      2.86  -1.04     1.85
  SINCE JAN 1      3.89                      4.68  -0.79     4.87

SNOWFALL (IN)
  YESTERDAY        0.0          12.0  1938   0.1   -0.1      0.0
  MONTH TO DATE    0.0                       0.8   -0.8      4.0
  SINCE MAR 1      3.6                       6.8   -3.2     10.9
  SINCE JUL 1     39.4                      39.3    0.1     57.0
  SNOW DEPTH       0

DEGREE DAYS
 HEATING
  YESTERDAY       20                        23     -3       19
  MONTH TO DATE  107                       143    -36      172
  SINCE MAR 1   1028                      1137   -109     1367
  SINCE JUL 1   7091                      6988    103     7913

 COOLING
  YESTERDAY        0                         0      0        0
  MONTH TO DATE    0                         0      0        0
  SINCE MAR 1      0                         0      0        0
  SINCE JAN 1      0                         0      0        0
..................................................................


WIND (MPH)
  HIGHEST WIND SPEED    23   HIGHEST WIND DIRECTION     E (70)
  HIGHEST GUST SPEED    28   HIGHEST GUST DIRECTION    NE (60)
  AVERAGE WIND SPEED     9.7


SKY COVER
  POSSIBLE SUNSHINE  MM
  AVERAGE SKY COVER 0.8


WEATHER CONDITIONS
 THE FOLLOWING WEATHER WAS RECORDED YESTERDAY.
  FOG


RELATIVE HUMIDITY (PERCENT)
 HIGHEST    92           400 AM
 LOWEST     66           300 PM
 AVERAGE    79

..........................................................


THE MASON CITY IA CLIMATE NORMALS FOR TODAY
                         NORMAL    RECORD    YEAR
 MAXIMUM TEMPERATURE (F)   54        80      1991
 MINIMUM TEMPERATURE (F)   32        10      1936


SUNRISE AND SUNSET
APRIL  7 2015.........SUNRISE   645 AM CDT   SUNSET   746 PM CDT
APRIL  8 2015.........SUNRISE   643 AM CDT   SUNSET   748 PM CDT


-  INDICATES NEGATIVE NUMBERS.
R  INDICATES RECORD WAS SET OR TIED.
MM INDICATES DATA IS MISSING.
T  INDICATES TRACE AMOUNT.

$$

REV
