000
CDUS43 KDMX 010628
CLIMCW

CLIMATE REPORT
NATIONAL WEATHER SERVICE DES MOINES IA
126 AM CDT FRI MAY 1 2015


...................................

...THE MASON CITY IA CLIMATE SUMMARY FOR APRIL 30 2015...

CLIMATE NORMAL PERIOD 1981 TO 2010
CLIMATE RECORD PERIOD 1893 TO 2015


WEATHER ITEM   OBSERVED TIME   RECORD YEAR NORMAL DEPARTURE LAST
                VALUE   (LST)  VALUE       VALUE  FROM      YEAR
                                                  NORMAL
..................................................................
TEMPERATURE (F)
 YESTERDAY
  MAXIMUM         70    308 PM  89    2007  65      5       41
  MINIMUM         37    525 AM  24    1908  41     -4       33
  AVERAGE         54                        53      1       37

PRECIPITATION (IN)
  YESTERDAY        0.00          1.72 1997   0.14  -0.14     0.19
  MONTH TO DATE    4.53                      3.75   0.78     7.48
  SINCE MAR 1      5.60                      5.98  -0.38     8.69
  SINCE JAN 1      7.67                      7.80  -0.13    11.71

SNOWFALL (IN)
  YESTERDAY        0.0           1.0  1909   0.0    0.0       T
                                      1984
  MONTH TO DATE    0.6                       2.7   -2.1      5.0
  SINCE MAR 1      4.2                       8.7   -4.5     11.9
  SINCE JUL 1     40.0                      41.2   -1.2     58.0
  SNOW DEPTH       0

DEGREE DAYS
 HEATING
  YESTERDAY       11                        12     -1       28
  MONTH TO DATE  494                       555    -61      623
  SINCE MAR 1   1415                      1549   -134     1818
  SINCE JUL 1   7478                      7400     78     8364

 COOLING
  YESTERDAY        0                         0      0        0
  MONTH TO DATE    0                         5     -5        0
  SINCE MAR 1      0                         5     -5        0
  SINCE JAN 1      0                         5     -5        0
..................................................................


WIND (MPH)
  HIGHEST WIND SPEED    18   HIGHEST WIND DIRECTION     N (350)
  HIGHEST GUST SPEED    26   HIGHEST GUST DIRECTION    NE (30)
  AVERAGE WIND SPEED     8.3


SKY COVER
  POSSIBLE SUNSHINE  MM
  AVERAGE SKY COVER 0.0


WEATHER CONDITIONS
 THE FOLLOWING WEATHER WAS RECORDED YESTERDAY.
  HAZE


RELATIVE HUMIDITY (PERCENT)
 HIGHEST    82           500 AM
 LOWEST     25           400 PM
 AVERAGE    54

..........................................................


THE MASON CITY IA CLIMATE NORMALS FOR TODAY
                         NORMAL    RECORD    YEAR
 MAXIMUM TEMPERATURE (F)   65        92      1992
 MINIMUM TEMPERATURE (F)   41        25      1909


SUNRISE AND SUNSET
MAY  1 2015...........SUNRISE   607 AM CDT   SUNSET   814 PM CDT
MAY  2 2015...........SUNRISE   606 AM CDT   SUNSET   816 PM CDT


-  INDICATES NEGATIVE NUMBERS.
R  INDICATES RECORD WAS SET OR TIED.
MM INDICATES DATA IS MISSING.
T  INDICATES TRACE AMOUNT.




$$
