654
CDUS43 KDMX 050629 RRB
CLIMCW

CLIMATE REPORT
NATIONAL WEATHER SERVICE DES MOINES IA
127 AM CDT WED JUL 5 2017

...................................

...THE MASON CITY IA CLIMATE SUMMARY FOR JULY 4 2017...

CLIMATE NORMAL PERIOD 1981 TO 2010
CLIMATE RECORD PERIOD 1893 TO 2017


WEATHER ITEM   OBSERVED TIME   RECORD YEAR NORMAL DEPARTURE LAST
                VALUE   (LST)  VALUE       VALUE  FROM      YEAR
                                                  NORMAL
..................................................................
TEMPERATURE (F)
 YESTERDAY
  MAXIMUM         87    400 PM 104    1911  83      4       73
  MINIMUM         66    518 AM  42    1922  61      5       52
  AVERAGE         77                        72      5       63

PRECIPITATION (IN)
  YESTERDAY        T             2.18 1955   0.15  -0.15      T
  MONTH TO DATE    T                         0.60  -0.60      T
  SINCE JUN 1      3.36                      5.74  -2.38     6.51
  SINCE JAN 1     17.51                     18.22  -0.71    17.72

SNOWFALL (IN)
  YESTERDAY        0.0          MM      MM   0.0    0.0      0.0
  MONTH TO DATE    0.0                       0.0    0.0      0.0
  SINCE JUN 1      0.0                       0.0    0.0      0.0
  SINCE JUL 1      0.0                       0.0    0.0      0.0
  SNOW DEPTH       0

DEGREE DAYS
 HEATING
  YESTERDAY        0                         0      0        2
  MONTH TO DATE    0                         0      0       10
  SINCE JUN 1     21                        44    -23       18
  SINCE JUL 1      0                         0      0       10

 COOLING
  YESTERDAY       12                         7      5        0
  MONTH TO DATE   28                        28      0        0
  SINCE JUN 1    209                       166     43      186
  SINCE JAN 1    234                       201     33      227
..................................................................


WIND (MPH)
  HIGHEST WIND SPEED    16   HIGHEST WIND DIRECTION    SW (230)
  HIGHEST GUST SPEED    22   HIGHEST GUST DIRECTION    SW (210)
  AVERAGE WIND SPEED     9.0


SKY COVER
  POSSIBLE SUNSHINE  MM
  AVERAGE SKY COVER 0.2


WEATHER CONDITIONS
 THE FOLLOWING WEATHER WAS RECORDED YESTERDAY.
  FOG


RELATIVE HUMIDITY (PERCENT)
 HIGHEST    93           400 AM
 LOWEST     57           400 PM
 AVERAGE    75

..........................................................


THE MASON CITY IA CLIMATE NORMALS FOR TODAY
                         NORMAL    RECORD    YEAR
 MAXIMUM TEMPERATURE (F)   83       106      1911
 MINIMUM TEMPERATURE (F)   61        42      1967


SUNRISE AND SUNSET
JULY  5 2017..........SUNRISE   540 AM CDT   SUNSET   856 PM CDT
JULY  6 2017..........SUNRISE   541 AM CDT   SUNSET   855 PM CDT


-  INDICATES NEGATIVE NUMBERS.
R  INDICATES RECORD WAS SET OR TIED.
MM INDICATES DATA IS MISSING.
T  INDICATES TRACE AMOUNT.

$$

REV
