000
CDUS43 KDMX 150641 RRA
CLIMCW

CLIMATE REPORT
NATIONAL WEATHER SERVICE DES MOINES IA
1234 AM CST MON JAN 15 2018

...................................

...THE MASON CITY IA CLIMATE SUMMARY FOR JANUARY 14 2018...

CLIMATE NORMAL PERIOD 1981 TO 2010
CLIMATE RECORD PERIOD 1893 TO 2018


WEATHER ITEM   OBSERVED TIME   RECORD YEAR NORMAL DEPARTURE LAST
                VALUE   (LST)  VALUE       VALUE  FROM      YEAR
                                                  NORMAL
..................................................................
TEMPERATURE (F)
 YESTERDAY
  MAXIMUM         20    939 PM  51    1914  24     -4       22
  MINIMUM        -10    212 AM -22    1982   7    -17        4
  AVERAGE          5                        16    -11       13

PRECIPITATION (IN)
  YESTERDAY        0.04          1.00 1897   0.03   0.01     0.00
  MONTH TO DATE    0.10                      0.37  -0.27     0.34
  SINCE DEC 1      0.38                      1.61  -1.23     2.50
  SINCE JAN 1      0.10                      0.37  -0.27     0.34

SNOWFALL (IN)
  YESTERDAY        1.5           5.5  1929   0.3    1.2      0.0
  MONTH TO DATE    3.2                       4.5   -1.3      0.6
  SINCE DEC 1      7.4                      13.8   -6.4     15.5
  SINCE JUL 1      7.6                      18.5  -10.9     15.5
  SNOW DEPTH      MM

DEGREE DAYS
 HEATING
  YESTERDAY       60                        49     11       52
  MONTH TO DATE  804                       686    118      746
  SINCE DEC 1   2189                      2095     94     2137
  SINCE JUL 1   3692                      3775    -83     3301

 COOLING
  YESTERDAY        0                         0      0        0
  MONTH TO DATE    0                         0      0        0
  SINCE DEC 1      0                         0      0        0
  SINCE JAN 1      0                         0      0        0
..................................................................


WIND (MPH)
  HIGHEST WIND SPEED    28   HIGHEST WIND DIRECTION    NW (320)
  HIGHEST GUST SPEED    34   HIGHEST GUST DIRECTION    NW (320)
  AVERAGE WIND SPEED    13.5


SKY COVER
  POSSIBLE SUNSHINE  MM
  AVERAGE SKY COVER 0.9


WEATHER CONDITIONS
 THE FOLLOWING WEATHER WAS RECORDED YESTERDAY.
  LIGHT SNOW
  FOG
  HAZE


RELATIVE HUMIDITY (PERCENT)
 HIGHEST    92           600 PM
 LOWEST     74          1200 AM
 AVERAGE    83

..........................................................


THE MASON CITY IA CLIMATE NORMALS FOR TODAY
                         NORMAL    RECORD    YEAR
 MAXIMUM TEMPERATURE (F)   24        55      1990
 MINIMUM TEMPERATURE (F)    7       -28      1994


SUNRISE AND SUNSET
JANUARY 15 2018.......SUNRISE   742 AM CST   SUNSET   504 PM CST
JANUARY 16 2018.......SUNRISE   742 AM CST   SUNSET   505 PM CST


-  INDICATES NEGATIVE NUMBERS.
R  INDICATES RECORD WAS SET OR TIED.
MM INDICATES DATA IS MISSING.
T  INDICATES TRACE AMOUNT.

$$
