000
CDUS43 KDMX 090631
CLIMCW

CLIMATE REPORT
NATIONAL WEATHER SERVICE DES MOINES IA
129 AM CDT THU JUL 9 2015


...................................

...THE MASON CITY IA CLIMATE SUMMARY FOR JULY 8 2015...

CLIMATE NORMAL PERIOD 1981 TO 2010
CLIMATE RECORD PERIOD 1893 TO 2015


WEATHER ITEM   OBSERVED TIME   RECORD YEAR NORMAL DEPARTURE LAST
                VALUE   (LST)  VALUE       VALUE  FROM      YEAR
                                                  NORMAL
..................................................................
TEMPERATURE (F)
 YESTERDAY
  MAXIMUM         74    319 PM 100    1936  84    -10       80
  MINIMUM         48    511 AM  39    1895  61    -13       57
  AVERAGE         61                        72    -11       69

PRECIPITATION (IN)
  YESTERDAY        0.00          2.48 1969   0.15  -0.15     0.00
  MONTH TO DATE    0.31                      1.23  -0.92     0.12
  SINCE JUN 1      5.35                      6.37  -1.02     8.77
  SINCE JAN 1     16.35                     18.85  -2.50    22.81

SNOWFALL (IN)
  YESTERDAY        0.0          MM      MM   0.0    0.0      0.0
  MONTH TO DATE    0.0                       0.0    0.0      0.0
  SINCE JUN 1      0.0                       0.0    0.0      0.0
  SINCE JUL 1      0.0                       0.0    0.0      0.0
  SNOW DEPTH       0

DEGREE DAYS
 HEATING
  YESTERDAY        4                         0      4        0
  MONTH TO DATE   21                         0     21        9
  SINCE JUN 1     33                        44    -11       22
  SINCE JUL 1     21                         0     21        9

 COOLING
  YESTERDAY        0                         7     -7        4
  MONTH TO DATE   17                        56    -39       28
  SINCE JUN 1    153                       194    -41      164
  SINCE JAN 1    183                       229    -46      217
..................................................................


WIND (MPH)
  HIGHEST WIND SPEED    13   HIGHEST WIND DIRECTION     S (170)
  HIGHEST GUST SPEED    17   HIGHEST GUST DIRECTION     S (170)
  AVERAGE WIND SPEED     4.3


SKY COVER
  POSSIBLE SUNSHINE  MM
  AVERAGE SKY COVER 0.4


WEATHER CONDITIONS
 THE FOLLOWING WEATHER WAS RECORDED YESTERDAY.
  FOG


RELATIVE HUMIDITY (PERCENT)
 HIGHEST    93          1200 AM
 LOWEST     46           300 PM
 AVERAGE    70

..........................................................


THE MASON CITY IA CLIMATE NORMALS FOR TODAY
                         NORMAL    RECORD    YEAR
 MAXIMUM TEMPERATURE (F)   84       102      1976
 MINIMUM TEMPERATURE (F)   61        43      1895


SUNRISE AND SUNSET
JULY  9 2015..........SUNRISE   542 AM CDT   SUNSET   854 PM CDT
JULY 10 2015..........SUNRISE   543 AM CDT   SUNSET   854 PM CDT


-  INDICATES NEGATIVE NUMBERS.
R  INDICATES RECORD WAS SET OR TIED.
MM INDICATES DATA IS MISSING.
T  INDICATES TRACE AMOUNT.




$$
