000
CDUS43 KDMX 130633 RRB
CLIMCW

CLIMATE REPORT
NATIONAL WEATHER SERVICE DES MOINES IA
1231 AM CST MON FEB 13 2017

...................................

...THE MASON CITY IA CLIMATE SUMMARY FOR FEBRUARY 12 2017...

CLIMATE NORMAL PERIOD 1981 TO 2010
CLIMATE RECORD PERIOD 1893 TO 2017


WEATHER ITEM   OBSERVED TIME   RECORD YEAR NORMAL DEPARTURE LAST
                VALUE   (LST)  VALUE       VALUE  FROM      YEAR
                                                  NORMAL
..................................................................
TEMPERATURE (F)
 YESTERDAY
  MAXIMUM         39    331 PM  61    1976  28     11       15
  MINIMUM         27   1156 PM -27    1899  11     16       -4
  AVERAGE         33                        20     13        6

PRECIPITATION (IN)
  YESTERDAY        0.02          0.27 1908   0.03  -0.01      T
  MONTH TO DATE    0.06                      0.38  -0.32     0.60
  SINCE DEC 1      4.13                      2.44   1.69     4.79
  SINCE JAN 1      1.97                      1.20   0.77     1.16

SNOWFALL (IN)
  YESTERDAY        0.0           7.8  1965   0.3   -0.3       T
  MONTH TO DATE    T                         3.8   -3.8     11.2
  SINCE DEC 1     30.6                      23.9    6.7     29.9
  SINCE JUL 1     30.6                      28.6    2.0     39.9
  SNOW DEPTH       5

DEGREE DAYS
 HEATING
  YESTERDAY       32                        45    -13       59
  MONTH TO DATE  505                       563    -58      580
  SINCE DEC 1   3274                      3494   -220     3150
  SINCE JUL 1   4438                      5174   -736     4505

 COOLING
  YESTERDAY        0                         0      0        0
  MONTH TO DATE    0                         0      0        0
  SINCE DEC 1      0                         0      0        0
  SINCE JAN 1      0                         0      0        0
..................................................................


WIND (MPH)
  HIGHEST WIND SPEED    32   HIGHEST WIND DIRECTION    NW (310)
  HIGHEST GUST SPEED    41   HIGHEST GUST DIRECTION    NW (310)
  AVERAGE WIND SPEED    16.5


SKY COVER
  POSSIBLE SUNSHINE  MM
  AVERAGE SKY COVER 0.0


WEATHER CONDITIONS
 THE FOLLOWING WEATHER WAS RECORDED YESTERDAY.
  LIGHT RAIN
  FOG


RELATIVE HUMIDITY (PERCENT)
 HIGHEST    92           300 AM
 LOWEST     59           100 PM
 AVERAGE    76

..........................................................


THE MASON CITY IA CLIMATE NORMALS FOR TODAY
                         NORMAL    RECORD    YEAR
 MAXIMUM TEMPERATURE (F)   29        53      1954
 MINIMUM TEMPERATURE (F)   11       -27      1905


SUNRISE AND SUNSET
FEBRUARY 13 2017......SUNRISE   713 AM CST   SUNSET   542 PM CST
FEBRUARY 14 2017......SUNRISE   712 AM CST   SUNSET   543 PM CST


-  INDICATES NEGATIVE NUMBERS.
R  INDICATES RECORD WAS SET OR TIED.
MM INDICATES DATA IS MISSING.
T  INDICATES TRACE AMOUNT.




$$
