000
CDUS43 KDMX 070631
CLIMCW

CLIMATE REPORT
NATIONAL WEATHER SERVICE DES MOINES IA
128 AM CDT FRI APR 7 2017

...................................

...THE MASON CITY IA CLIMATE SUMMARY FOR APRIL 6 2017...

CLIMATE NORMAL PERIOD 1981 TO 2010
CLIMATE RECORD PERIOD 1893 TO 2017


WEATHER ITEM   OBSERVED TIME   RECORD YEAR NORMAL DEPARTURE LAST
                VALUE   (LST)  VALUE       VALUE  FROM      YEAR
                                                  NORMAL
..................................................................
TEMPERATURE (F)
 YESTERDAY
  MAXIMUM         53    340 PM  89    1991  54     -1       55
  MINIMUM         29   1159 PM   6    1982  31     -2       34
  AVERAGE         41                        42     -1       45

PRECIPITATION (IN)
  YESTERDAY        0.00          1.15 1938   0.11  -0.11      T
  MONTH TO DATE    0.82                      0.63   0.19     0.12
  SINCE MAR 1      2.73                      2.86  -0.13     3.34
  SINCE JAN 1      6.72                      4.68   2.04     4.63

SNOWFALL (IN)
  YESTERDAY        0.0          12.0  1938   0.1   -0.1      0.0
  MONTH TO DATE    0.0                       0.8   -0.8      0.0
  SINCE MAR 1      8.5                       6.8    1.7      8.2
  SINCE JUL 1     47.9                      39.3    8.6     50.9
  SNOW DEPTH       0

DEGREE DAYS
 HEATING
  YESTERDAY       24                        23      1       20
  MONTH TO DATE  113                       143    -30      156
  SINCE MAR 1   1131                      1137     -6      947
  SINCE JUL 1   6043                      6988   -945     6046

 COOLING
  YESTERDAY        0                         0      0        0
  MONTH TO DATE    0                         0      0        0
  SINCE MAR 1      0                         0      0        0
  SINCE JAN 1      0                         0      0        0
..................................................................


WIND (MPH)
  HIGHEST WIND SPEED    26   HIGHEST WIND DIRECTION     N (360)
  HIGHEST GUST SPEED    38   HIGHEST GUST DIRECTION     N (350)
  AVERAGE WIND SPEED    14.1


SKY COVER
  POSSIBLE SUNSHINE  MM
  AVERAGE SKY COVER 0.0


WEATHER CONDITIONS
 THE FOLLOWING WEATHER WAS RECORDED YESTERDAY.
  NO SIGNIFICANT WEATHER WAS OBSERVED.


RELATIVE HUMIDITY (PERCENT)
 HIGHEST    78           600 AM
 LOWEST     30           400 PM
 AVERAGE    54

..........................................................


THE MASON CITY IA CLIMATE NORMALS FOR TODAY
                         NORMAL    RECORD    YEAR
 MAXIMUM TEMPERATURE (F)   54        80      1991
 MINIMUM TEMPERATURE (F)   32        10      1936


SUNRISE AND SUNSET
APRIL  7 2017.........SUNRISE   644 AM CDT   SUNSET   747 PM CDT
APRIL  8 2017.........SUNRISE   643 AM CDT   SUNSET   748 PM CDT


-  INDICATES NEGATIVE NUMBERS.
R  INDICATES RECORD WAS SET OR TIED.
MM INDICATES DATA IS MISSING.
T  INDICATES TRACE AMOUNT.

$$

REV
