000
CDUS43 KDMX 150628 RRA
CLIMCW

CLIMATE REPORT
NATIONAL WEATHER SERVICE DES MOINES IA
1227 AM CST FRI JAN 15 2016


...................................

...THE MASON CITY IA CLIMATE SUMMARY FOR JANUARY 14 2016...

CLIMATE NORMAL PERIOD 1981 TO 2010
CLIMATE RECORD PERIOD 1893 TO 2016


WEATHER ITEM   OBSERVED TIME   RECORD YEAR NORMAL DEPARTURE LAST
                VALUE   (LST)  VALUE       VALUE  FROM      YEAR
                                                  NORMAL
..................................................................
TEMPERATURE (F)
 YESTERDAY
  MAXIMUM         34    337 PM  51    1914  24     10       24
  MINIMUM         16    830 PM -22    1982   7      9       16
  AVERAGE         25                        16      9       20

PRECIPITATION (IN)
  YESTERDAY        0.00          1.00 1897   0.03  -0.03      T
  MONTH TO DATE    0.30                      0.37  -0.07     0.57
  SINCE DEC 1      3.93                      1.61   2.32     1.67
  SINCE JAN 1      0.30                      0.37  -0.07     0.57

SNOWFALL (IN)
  YESTERDAY        0.0           5.5  1929   0.3   -0.3       T
  MONTH TO DATE    2.5                       4.5   -2.0      7.6
  SINCE DEC 1     16.5                      13.8    2.7     13.3
  SINCE JUL 1     26.5                      18.5    8.0     21.3
  SNOW DEPTH       8

DEGREE DAYS
 HEATING
  YESTERDAY       40                        49     -9       45
  MONTH TO DATE  681                       686     -5      808
  SINCE DEC 1   1746                      2095   -349     2034
  SINCE JUL 1   3101                      3775   -674     3933

 COOLING
  YESTERDAY        0                         0      0        0
  MONTH TO DATE    0                         0      0        0
  SINCE DEC 1      0                         0      0        0
  SINCE JAN 1      0                         0      0        0
..................................................................


WIND (MPH)
  HIGHEST WIND SPEED    14   HIGHEST WIND DIRECTION     W (270)
  HIGHEST GUST SPEED    15   HIGHEST GUST DIRECTION     W (270)
  AVERAGE WIND SPEED     5.8


SKY COVER
  POSSIBLE SUNSHINE  MM
  AVERAGE SKY COVER 0.1


WEATHER CONDITIONS
 THE FOLLOWING WEATHER WAS RECORDED YESTERDAY.
  FOG
  FOG W/VISIBILITY <= 1/4 MILE


RELATIVE HUMIDITY (PERCENT)
 HIGHEST   100           900 PM
 LOWEST     78           100 PM
 AVERAGE    89

..........................................................


THE MASON CITY IA CLIMATE NORMALS FOR TODAY
                         NORMAL    RECORD    YEAR
 MAXIMUM TEMPERATURE (F)   24        55      1990
 MINIMUM TEMPERATURE (F)    7       -28      1994


SUNRISE AND SUNSET
JANUARY 15 2016.......SUNRISE   742 AM CST   SUNSET   503 PM CST
JANUARY 16 2016.......SUNRISE   742 AM CST   SUNSET   504 PM CST


-  INDICATES NEGATIVE NUMBERS.
R  INDICATES RECORD WAS SET OR TIED.
MM INDICATES DATA IS MISSING.
T  INDICATES TRACE AMOUNT.




$$
