000
CDUS43 KDMX 160633 RRA
CLIMCW

CLIMATE REPORT
NATIONAL WEATHER SERVICE DES MOINES IA
131 AM CDT TUE MAY 16 2017

...................................

...THE MASON CITY IA CLIMATE SUMMARY FOR MAY 15 2017...

CLIMATE NORMAL PERIOD 1981 TO 2010
CLIMATE RECORD PERIOD 1893 TO 2017


WEATHER ITEM   OBSERVED TIME   RECORD YEAR NORMAL DEPARTURE LAST
                VALUE   (LST)  VALUE       VALUE  FROM      YEAR
                                                  NORMAL
..................................................................
TEMPERATURE (F)
 YESTERDAY
  MAXIMUM         84    309 PM  91    2001  70     14       65
                                      1894
  MINIMUM         60    604 AM  28    2016  46     14       28
                                      1983
  AVERAGE         72                        58     14       47

PRECIPITATION (IN)
  YESTERDAY        0.30          1.42 1909   0.15   0.15     0.00
  MONTH TO DATE    1.34                      2.19  -0.85     1.17
  SINCE MAR 1      7.62                      8.17  -0.55     6.14
  SINCE JAN 1     11.61                      9.99   1.62     7.43

SNOWFALL (IN)
  YESTERDAY        0.0          MM      MM   0.0    0.0      0.0
  MONTH TO DATE    0.0                       0.1   -0.1      0.0
  SINCE MAR 1      8.5                       8.8   -0.3      8.2
  SINCE JUL 1     47.9                      41.3    6.6     50.9
  SNOW DEPTH       0

DEGREE DAYS
 HEATING
  YESTERDAY        0                         8     -8       18
  MONTH TO DATE  130                       147    -17      180
  SINCE MAR 1   1623                      1696    -73     1480
  SINCE JUL 1   6535                      7547  -1012     6579

 COOLING
  YESTERDAY        7                         1      6        0
  MONTH TO DATE   14                         7      7        5
  SINCE MAR 1     14                        12      2        9
  SINCE JAN 1     14                        12      2        9
..................................................................


WIND (MPH)
  HIGHEST WIND SPEED    30   HIGHEST WIND DIRECTION     S (180)
  HIGHEST GUST SPEED    43   HIGHEST GUST DIRECTION    SE (150)
  AVERAGE WIND SPEED    11.7


SKY COVER
  POSSIBLE SUNSHINE  MM
  AVERAGE SKY COVER 0.2


WEATHER CONDITIONS
 THE FOLLOWING WEATHER WAS RECORDED YESTERDAY.
  THUNDERSTORM
  RAIN
  LIGHT RAIN


RELATIVE HUMIDITY (PERCENT)
 HIGHEST    93           800 PM
 LOWEST     54           100 PM
 AVERAGE    74

..........................................................


THE MASON CITY IA CLIMATE NORMALS FOR TODAY
                         NORMAL    RECORD    YEAR
 MAXIMUM TEMPERATURE (F)   70        91      1936
 MINIMUM TEMPERATURE (F)   47        26      1921


SUNRISE AND SUNSET
MAY 16 2017...........SUNRISE   548 AM CDT   SUNSET   832 PM CDT
MAY 17 2017...........SUNRISE   547 AM CDT   SUNSET   833 PM CDT


-  INDICATES NEGATIVE NUMBERS.
R  INDICATES RECORD WAS SET OR TIED.
MM INDICATES DATA IS MISSING.
T  INDICATES TRACE AMOUNT.




$$
