244
CDUS43 KDMX 040635
CLIMCW

CLIMATE REPORT
NATIONAL WEATHER SERVICE DES MOINES IA
131 AM CDT MON JUL 4 2016

...................................

...THE MASON CITY IA CLIMATE SUMMARY FOR JULY 3 2016...

CLIMATE NORMAL PERIOD 1981 TO 2010
CLIMATE RECORD PERIOD 1893 TO 2016


WEATHER ITEM   OBSERVED TIME   RECORD YEAR NORMAL DEPARTURE LAST
                VALUE   (LST)  VALUE       VALUE  FROM      YEAR
                                                  NORMAL
..................................................................
TEMPERATURE (F)
 YESTERDAY
  MAXIMUM         75    450 PM 101    1990  83     -8       78
  MINIMUM         49    412 AM  45    1967  61    -12       51
  AVERAGE         62                        72    -10       65

PRECIPITATION (IN)
  YESTERDAY        0.00          4.25 1907   0.15  -0.15     0.00
  MONTH TO DATE    0.00                      0.45  -0.45     0.01
  SINCE JUN 1      6.51                      5.59   0.92     5.05
  SINCE JAN 1     17.73                     18.07  -0.34    16.05

SNOWFALL (IN)
  YESTERDAY        0.0          MM      MM   0.0    0.0      0.0
  MONTH TO DATE    0.0                       0.0    0.0      0.0
  SINCE JUN 1      0.0                       0.0    0.0      0.0
  SINCE JUL 1      0.0                       0.0    0.0      0.0
  SNOW DEPTH       0

DEGREE DAYS
 HEATING
  YESTERDAY        3                         0      3        0
  MONTH TO DATE    8                         0      8       12
  SINCE JUN 1     16                        44    -28       24
  SINCE JUL 1      8                         0      8       12

 COOLING
  YESTERDAY        0                         7     -7        0
  MONTH TO DATE    0                        21    -21        0
  SINCE JUN 1    186                       159     27      136
  SINCE JAN 1    227                       194     33      166
..................................................................


WIND (MPH)
  HIGHEST WIND SPEED    15   HIGHEST WIND DIRECTION    SE (150)
  HIGHEST GUST SPEED    20   HIGHEST GUST DIRECTION     E (110)
  AVERAGE WIND SPEED     6.7


SKY COVER
  POSSIBLE SUNSHINE  MM
  AVERAGE SKY COVER 0.2


WEATHER CONDITIONS
 THE FOLLOWING WEATHER WAS RECORDED YESTERDAY.
  FOG
  FOG W/VISIBILITY <= 1/4 MILE


RELATIVE HUMIDITY (PERCENT)
 HIGHEST   100           400 AM
 LOWEST     41           400 PM
 AVERAGE    71

..........................................................


THE MASON CITY IA CLIMATE NORMALS FOR TODAY
                         NORMAL    RECORD    YEAR
 MAXIMUM TEMPERATURE (F)   83       104      1911
 MINIMUM TEMPERATURE (F)   61        42      1922


SUNRISE AND SUNSET
JULY  4 2016..........SUNRISE   539 AM CDT   SUNSET   856 PM CDT
JULY  5 2016..........SUNRISE   540 AM CDT   SUNSET   856 PM CDT


-  INDICATES NEGATIVE NUMBERS.
R  INDICATES RECORD WAS SET OR TIED.
MM INDICATES DATA IS MISSING.
T  INDICATES TRACE AMOUNT.

$$

REV
