000
CDUS43 KDMX 040632 RRB
CLIMCW

CLIMATE REPORT
NATIONAL WEATHER SERVICE DES MOINES IA
1228 AM CST TUE MAR 4 2014


...................................

...THE MASON CITY IA CLIMATE SUMMARY FOR MARCH 3 2014...

CLIMATE NORMAL PERIOD 1981 TO 2010
CLIMATE RECORD PERIOD 1893 TO 2014


WEATHER ITEM   OBSERVED TIME   RECORD YEAR NORMAL DEPARTURE LAST
                VALUE   (LST)  VALUE       VALUE  FROM      YEAR
                                                  NORMAL
..................................................................
TEMPERATURE (F)
 YESTERDAY
  MAXIMUM          9   1159 PM  69    1983  36    -27       28
  MINIMUM        -15R   658 AM  -6    2002  19    -34       16
  AVERAGE         -3                        27    -30       22

PRECIPITATION (IN)
  YESTERDAY        0.10          1.00 1989   0.05   0.05      T
  MONTH TO DATE    0.24                      0.16   0.08      T
  SINCE MAR 1      0.24                      0.16   0.08      T
  SINCE JAN 1      3.26                      1.98   1.28     1.71

SNOWFALL (IN)
  YESTERDAY        1.5           4.7  1989   0.2    1.3       T
  MONTH TO DATE    3.0                       0.7    2.3       T
  SINCE MAR 1      3.0                       0.7    2.3       T
  SINCE JUL 1     49.1                      33.2   15.9     22.0
  SNOW DEPTH      20

DEGREE DAYS
 HEATING
  YESTERDAY       68                        38     30       43
  MONTH TO DATE  204                       115     89      137
  SINCE MAR 1    204                       115     89      137
  SINCE JUL 1   6750                      5966    784     5698

 COOLING
  YESTERDAY        0                         0      0        0
  MONTH TO DATE    0                         0      0        0
  SINCE MAR 1      0                         0      0        0
  SINCE JAN 1      0                         0      0        0
..................................................................


WIND (MPH)
  HIGHEST WIND SPEED    18   HIGHEST WIND DIRECTION     S (160)
  HIGHEST GUST SPEED    22   HIGHEST GUST DIRECTION     S (170)
  AVERAGE WIND SPEED     9.1


SKY COVER
  POSSIBLE SUNSHINE  MM
  AVERAGE SKY COVER 0.6


WEATHER CONDITIONS
 THE FOLLOWING WEATHER WAS RECORDED YESTERDAY.
  LIGHT SNOW
  FOG
  BLOWING SNOW


RELATIVE HUMIDITY (PERCENT)
 HIGHEST    91           700 AM
 LOWEST     68           100 PM
 AVERAGE    80

..........................................................


THE MASON CITY IA CLIMATE NORMALS FOR TODAY
                         NORMAL    RECORD    YEAR
 MAXIMUM TEMPERATURE (F)   36        65      2000
 MINIMUM TEMPERATURE (F)   19        -8      1978


SUNRISE AND SUNSET
MARCH  4 2014.........SUNRISE   644 AM CST   SUNSET   606 PM CST
MARCH  5 2014.........SUNRISE   643 AM CST   SUNSET   608 PM CST


-  INDICATES NEGATIVE NUMBERS.
R  INDICATES RECORD WAS SET OR TIED.
MM INDICATES DATA IS MISSING.
T  INDICATES TRACE AMOUNT.

$$
