000
CDUS43 KDMX 060632
CLIMCW

CLIMATE REPORT
NATIONAL WEATHER SERVICE DES MOINES IA
1229 AM CST FRI FEB 6 2015


...................................

...THE MASON CITY IA CLIMATE SUMMARY FOR FEBRUARY 5 2015...

CLIMATE NORMAL PERIOD 1981 TO 2010
CLIMATE RECORD PERIOD 1893 TO 2015


WEATHER ITEM   OBSERVED TIME   RECORD YEAR NORMAL DEPARTURE LAST
                VALUE   (LST)  VALUE       VALUE  FROM      YEAR
                                                  NORMAL
..................................................................
TEMPERATURE (F)
 YESTERDAY
  MAXIMUM         13    449 PM  53    1964  27    -14        5
  MINIMUM        -15    540 AM -28    1936   9    -24       -5
  AVERAGE         -1                        18    -19        0

PRECIPITATION (IN)
  YESTERDAY        0.00          0.54 1938   0.03  -0.03      T
  MONTH TO DATE    0.14                      0.16  -0.02     0.11
  SINCE DEC 1      2.17                      2.22  -0.05     2.11
  SINCE JAN 1      1.07                      0.98   0.09     0.94

SNOWFALL (IN)
  YESTERDAY        0.0           4.0  1911   0.3   -0.3       T
                                      1980
  MONTH TO DATE    7.6                       1.7    5.9      1.1
  SINCE DEC 1     23.0                      21.8    1.2     25.2
  SINCE JUL 1     31.0                      26.5    4.5     26.7
  SNOW DEPTH       9

DEGREE DAYS
 HEATING
  YESTERDAY       66                        47     19       65
  MONTH TO DATE  301                       239     62      298
  SINCE DEC 1   2941                      3170   -229     3604
  SINCE JUL 1   4840                      4850    -10     5268

 COOLING
  YESTERDAY        0                         0      0        0
  MONTH TO DATE    0                         0      0        0
  SINCE DEC 1      0                         0      0        0
  SINCE JAN 1      0                         0      0        0
..................................................................


WIND (MPH)
  HIGHEST WIND SPEED    23   HIGHEST WIND DIRECTION     S (200)
  HIGHEST GUST SPEED    28   HIGHEST GUST DIRECTION     S (200)
  AVERAGE WIND SPEED    10.7


SKY COVER
  POSSIBLE SUNSHINE  MM
  AVERAGE SKY COVER 0.0


WEATHER CONDITIONS
 THE FOLLOWING WEATHER WAS RECORDED YESTERDAY.
  HAZE


RELATIVE HUMIDITY (PERCENT)
 HIGHEST    95           800 AM
 LOWEST     67           200 PM
 AVERAGE    81

..........................................................


THE MASON CITY IA CLIMATE NORMALS FOR TODAY
                         NORMAL    RECORD    YEAR
 MAXIMUM TEMPERATURE (F)   27        52      1925
 MINIMUM TEMPERATURE (F)    9       -22      1900


SUNRISE AND SUNSET
FEBRUARY  6 2015......SUNRISE   723 AM CST   SUNSET   532 PM CST
FEBRUARY  7 2015......SUNRISE   722 AM CST   SUNSET   533 PM CST


-  INDICATES NEGATIVE NUMBERS.
R  INDICATES RECORD WAS SET OR TIED.
MM INDICATES DATA IS MISSING.
T  INDICATES TRACE AMOUNT.




$$
