000
CDUS43 KDMX 111555
CLIMCW

CLIMATE REPORT
NATIONAL WEATHER SERVICE DES MOINES IA
127 AM CDT SAT JUN 11 2016


...................................

...THE MASON CITY IA CLIMATE SUMMARY FOR JUNE 10 2016...

CLIMATE NORMAL PERIOD 1981 TO 2010
CLIMATE RECORD PERIOD 1893 TO 2016


WEATHER ITEM   OBSERVED TIME   RECORD YEAR NORMAL DEPARTURE LAST
                VALUE   (LST)  VALUE       VALUE  FROM      YEAR
                                                  NORMAL
..................................................................
TEMPERATURE (F)
 YESTERDAY
  MAXIMUM         96    343 PM  98    1933  78     18       85
  MINIMUM         68   1153 PM  33    1913  55     13       64
  AVERAGE         82                        67     15       75

PRECIPITATION (IN)
  YESTERDAY        0.46          4.00 1900   0.18   0.28     0.00
  MONTH TO DATE    1.33                      1.73  -0.40     1.32
  SINCE JUN 1      1.33                      1.73  -0.40     1.32
  SINCE JAN 1     12.55                     14.21  -1.66    12.32

SNOWFALL (IN)
  YESTERDAY        0.0          MM      MM   0.0    0.0      0.0
  MONTH TO DATE    0.0                       0.0    0.0      0.0
  SINCE JUN 1      0.0                       0.0    0.0      0.0
  SINCE JUL 1     50.9                      41.2    9.7     40.0
  SNOW DEPTH       0

DEGREE DAYS
 HEATING
  YESTERDAY        0                         2     -2        0
  MONTH TO DATE    8                        27    -19       10
  SINCE JUN 1      8                        27    -19       10
  SINCE JUL 1   6633                      7662  -1029     7694

 COOLING
  YESTERDAY       17                         4     13       10
  MONTH TO DATE   40                        29     11       51
  SINCE JUN 1     40                        29     11       51
  SINCE JAN 1     81                        64     17       81
..................................................................


WIND (MPH)
  HIGHEST WIND SPEED    36   HIGHEST WIND DIRECTION    NW (330)
  HIGHEST GUST SPEED    43   HIGHEST GUST DIRECTION    NW (330)
  AVERAGE WIND SPEED    16.4


SKY COVER
  POSSIBLE SUNSHINE  MM
  AVERAGE SKY COVER 0.2


WEATHER CONDITIONS
 THE FOLLOWING WEATHER WAS RECORDED YESTERDAY.
  THUNDERSTORM
  HEAVY RAIN
  RAIN
  LIGHT RAIN
  FOG
  HAZE


RELATIVE HUMIDITY (PERCENT)
 HIGHEST    90           700 PM
 LOWEST     36           200 PM
 AVERAGE    63

..........................................................


THE MASON CITY IA CLIMATE NORMALS FOR TODAY
                         NORMAL    RECORD    YEAR
 MAXIMUM TEMPERATURE (F)   79        95      2001
 MINIMUM TEMPERATURE (F)   56        38      1913


SUNRISE AND SUNSET
JUNE 11 2016..........SUNRISE   533 AM CDT   SUNSET   853 PM CDT
JUNE 12 2016..........SUNRISE   533 AM CDT   SUNSET   854 PM CDT


-  INDICATES NEGATIVE NUMBERS.
R  INDICATES RECORD WAS SET OR TIED.
MM INDICATES DATA IS MISSING.
T  INDICATES TRACE AMOUNT.




$$
