000
CDUS43 KDMX 110709 RRA
CLIMCW

CLIMATE REPORT
NATIONAL WEATHER SERVICE DES MOINES IA
106 AM CST SAT FEB 11 2017

...................................

...THE MASON CITY IA CLIMATE SUMMARY FOR FEBRUARY 10 2017...

CLIMATE NORMAL PERIOD 1981 TO 2010
CLIMATE RECORD PERIOD 1893 TO 2017


WEATHER ITEM   OBSERVED TIME   RECORD YEAR NORMAL DEPARTURE LAST
                VALUE   (LST)  VALUE       VALUE  FROM      YEAR
                                                  NORMAL
..................................................................
TEMPERATURE (F)
 YESTERDAY
  MAXIMUM         43    228 PM  56    1977  28     15       12
  MINIMUM         18    259 AM -35    1899  10      8        0
  AVERAGE         31                        19     12        6

PRECIPITATION (IN)
  YESTERDAY        0.00          0.42 1959   0.04  -0.04      T
  MONTH TO DATE    T                         0.32  -0.32     0.60
  SINCE DEC 1      4.07                      2.38   1.69     4.79
  SINCE JAN 1      1.91                      1.14   0.77     1.16

SNOWFALL (IN)
  YESTERDAY        0.0           5.0  1959   0.3   -0.3       T
  MONTH TO DATE    T                         3.2   -3.2     11.2
  SINCE DEC 1     30.6                      23.3    7.3     29.9
  SINCE JUL 1     30.6                      28.0    2.6     39.9
  SNOW DEPTH       8

DEGREE DAYS
 HEATING
  YESTERDAY       34                        46    -12       59
  MONTH TO DATE  446                       472    -26      459
  SINCE DEC 1   3215                      3403   -188     3029
  SINCE JUL 1   4379                      5083   -704     4384

 COOLING
  YESTERDAY        0                         0      0        0
  MONTH TO DATE    0                         0      0        0
  SINCE DEC 1      0                         0      0        0
  SINCE JAN 1      0                         0      0        0
..................................................................


WIND (MPH)
  HIGHEST WIND SPEED    22   HIGHEST WIND DIRECTION     S (170)
  HIGHEST GUST SPEED    27   HIGHEST GUST DIRECTION     S (170)
  AVERAGE WIND SPEED    12.6


SKY COVER
  POSSIBLE SUNSHINE  MM
  AVERAGE SKY COVER 0.0


WEATHER CONDITIONS
 THE FOLLOWING WEATHER WAS RECORDED YESTERDAY.
  NO SIGNIFICANT WEATHER WAS OBSERVED.


RELATIVE HUMIDITY (PERCENT)
 HIGHEST    85          1100 PM
 LOWEST     62           200 PM
 AVERAGE    74

..........................................................


THE MASON CITY IA CLIMATE NORMALS FOR TODAY
                         NORMAL    RECORD    YEAR
 MAXIMUM TEMPERATURE (F)   28        58      1977
 MINIMUM TEMPERATURE (F)   10       -32      1899


SUNRISE AND SUNSET
FEBRUARY 11 2017......SUNRISE   716 AM CST   SUNSET   539 PM CST
FEBRUARY 12 2017......SUNRISE   715 AM CST   SUNSET   541 PM CST


-  INDICATES NEGATIVE NUMBERS.
R  INDICATES RECORD WAS SET OR TIED.
MM INDICATES DATA IS MISSING.
T  INDICATES TRACE AMOUNT.




$$
