000
CDUS43 KDMX 040631 RRB
CLIMCW

CLIMATE REPORT
NATIONAL WEATHER SERVICE DES MOINES IA
129 AM CDT MON AUG 4 2014


...................................

...THE MASON CITY IA CLIMATE SUMMARY FOR AUGUST 3 2014...

CLIMATE NORMAL PERIOD 1981 TO 2010
CLIMATE RECORD PERIOD 1893 TO 2014


WEATHER ITEM   OBSERVED TIME   RECORD YEAR NORMAL DEPARTURE LAST
                VALUE   (LST)  VALUE       VALUE  FROM      YEAR
                                                  NORMAL
..................................................................
TEMPERATURE (F)
 YESTERDAY
  MAXIMUM         85    254 PM 103    1930  82      3       77
  MINIMUM         63    205 AM  38    1894  60      3       51
  AVERAGE         74                        71      3       64

PRECIPITATION (IN)
  YESTERDAY        0.01          2.48 1910   0.13  -0.12     0.00
                                      2000
  MONTH TO DATE    0.01                      0.42  -0.41     0.21
  SINCE JUN 1      9.55                     10.26  -0.71     9.89
  SINCE JAN 1     23.59                     22.74   0.85    31.33

SNOWFALL (IN)
  YESTERDAY        0.0          MM      MM   0.0    0.0      0.0
  MONTH TO DATE    0.0                       0.0    0.0      0.0
  SINCE JUN 1      0.0                       0.0    0.0      0.0
  SINCE JUL 1      0.0                       0.0    0.0      0.0
  SNOW DEPTH       0

DEGREE DAYS
 HEATING
  YESTERDAY        0                         0      0        1
  MONTH TO DATE    0                         0      0        1
  SINCE JUN 1     34                        53    -19       74
  SINCE JUL 1     21                         9     12       21

 COOLING
  YESTERDAY        9                         6      3        0
  MONTH TO DATE   19                        18      1        6
  SINCE JUN 1    275                       377   -102      377
  SINCE JAN 1    328                       412    -84      414
..................................................................


WIND (MPH)
  HIGHEST WIND SPEED    15   HIGHEST WIND DIRECTION    SE (140)
  HIGHEST GUST SPEED    22   HIGHEST GUST DIRECTION    SE (150)
  AVERAGE WIND SPEED     5.4


SKY COVER
  POSSIBLE SUNSHINE  MM
  AVERAGE SKY COVER 0.5


WEATHER CONDITIONS
 THE FOLLOWING WEATHER WAS RECORDED YESTERDAY.
  THUNDERSTORM
  FOG


RELATIVE HUMIDITY (PERCENT)
 HIGHEST   100          1000 PM
 LOWEST     51           300 PM
 AVERAGE    76

..........................................................


THE MASON CITY IA CLIMATE NORMALS FOR TODAY
                         NORMAL    RECORD    YEAR
 MAXIMUM TEMPERATURE (F)   82       100      1947
 MINIMUM TEMPERATURE (F)   60        40      1894


SUNRISE AND SUNSET
AUGUST  4 2014........SUNRISE   607 AM CDT   SUNSET   831 PM CDT
AUGUST  5 2014........SUNRISE   608 AM CDT   SUNSET   830 PM CDT


-  INDICATES NEGATIVE NUMBERS.
R  INDICATES RECORD WAS SET OR TIED.
MM INDICATES DATA IS MISSING.
T  INDICATES TRACE AMOUNT.




$$
