000
CDUS43 KDMX 130858 RRB
CLIMCW

CLIMATE REPORT
NATIONAL WEATHER SERVICE DES MOINES IA
356 AM CDT THU MAR 13 2014


...................................

...THE MASON CITY IA CLIMATE SUMMARY FOR MARCH 12 2014...

CLIMATE NORMAL PERIOD 1981 TO 2010
CLIMATE RECORD PERIOD 1893 TO 2014


WEATHER ITEM   OBSERVED TIME   RECORD YEAR NORMAL DEPARTURE LAST
                VALUE   (LST)  VALUE       VALUE  FROM      YEAR
                                                  NORMAL
..................................................................
TEMPERATURE (F)
 YESTERDAY
  MAXIMUM         30   1210 AM  72    1990  40    -10       28
  MINIMUM         21    720 AM -10    1956  22     -1       16
  AVERAGE         26                        31     -5       22

PRECIPITATION (IN)
  YESTERDAY        0.00          1.58 1991   0.06  -0.06     0.07
  MONTH TO DATE    0.46                      0.68  -0.22     3.06
  SINCE MAR 1      0.46                      0.68  -0.22     3.06
  SINCE JAN 1      3.48                      2.50   0.98     4.77

SNOWFALL (IN)
  YESTERDAY        0.0           5.3  1991   0.2   -0.2      1.0
  MONTH TO DATE    5.0                       2.7    2.3     21.0
  SINCE MAR 1      5.0                       2.7    2.3     21.0
  SINCE JUL 1     51.1                      35.2   15.9     43.0
  SNOW DEPTH      12

DEGREE DAYS
 HEATING
  YESTERDAY       39                        34      5       43
  MONTH TO DATE  573                       436    137      509
  SINCE MAR 1    573                       436    137      509
  SINCE JUL 1   7119                      6287    832     6070

 COOLING
  YESTERDAY        0                         0      0        0
  MONTH TO DATE    0                         0      0        0
  SINCE MAR 1      0                         0      0        0
  SINCE JAN 1      0                         0      0        0
..................................................................


WIND (MPH)
  HIGHEST WIND SPEED    26   HIGHEST WIND DIRECTION    NW (330)
  HIGHEST GUST SPEED    31   HIGHEST GUST DIRECTION     N (340)
  AVERAGE WIND SPEED    14.6


SKY COVER
  POSSIBLE SUNSHINE  MM
  AVERAGE SKY COVER 0.3


WEATHER CONDITIONS
 THE FOLLOWING WEATHER WAS RECORDED YESTERDAY.
  NO SIGNIFICANT WEATHER WAS OBSERVED.


RELATIVE HUMIDITY (PERCENT)
 HIGHEST    81           200 AM
 LOWEST     63           300 PM
 AVERAGE    72

..........................................................


THE MASON CITY IA CLIMATE NORMALS FOR TODAY
                         NORMAL    RECORD    YEAR
 MAXIMUM TEMPERATURE (F)   41        69      2012
 MINIMUM TEMPERATURE (F)   23        -7      1993


SUNRISE AND SUNSET
MARCH 13 2014.........SUNRISE   729 AM CDT   SUNSET   717 PM CDT
MARCH 14 2014.........SUNRISE   727 AM CDT   SUNSET   718 PM CDT


-  INDICATES NEGATIVE NUMBERS.
R  INDICATES RECORD WAS SET OR TIED.
MM INDICATES DATA IS MISSING.
T  INDICATES TRACE AMOUNT.




$$
