000
CDUS43 KDMX 110638 RRA
CLIMCW

CLIMATE REPORT
NATIONAL WEATHER SERVICE DES MOINES IA
135 AM CDT TUE AUG 11 2015


...................................

...THE MASON CITY IA CLIMATE SUMMARY FOR AUGUST 10 2015...

CLIMATE NORMAL PERIOD 1981 TO 2010
CLIMATE RECORD PERIOD 1893 TO 2015


WEATHER ITEM   OBSERVED TIME   RECORD YEAR NORMAL DEPARTURE LAST
                VALUE   (LST)  VALUE       VALUE  FROM      YEAR
                                                  NORMAL
..................................................................
TEMPERATURE (F)
 YESTERDAY
  MAXIMUM         82    201 PM  98    1947  81      1       80
  MINIMUM         61   1159 PM  45    1967  59      2       57
  AVERAGE         72                        70      2       69

PRECIPITATION (IN)
  YESTERDAY        0.00          3.33 1980   0.13  -0.13     0.00
                                      2000
  MONTH TO DATE    0.25                      1.36  -1.11     0.01
  SINCE JUN 1     11.92                     11.20   0.72     9.56
  SINCE JAN 1     22.92                     23.68  -0.76    23.60

SNOWFALL (IN)
  YESTERDAY        0.0          MM      MM   0.0    0.0      0.0
  MONTH TO DATE    0.0                       0.0    0.0      0.0
  SINCE JUN 1      0.0                       0.0    0.0      0.0
  SINCE JUL 1      0.0                       0.0    0.0      0.0
  SNOW DEPTH       0

DEGREE DAYS
 HEATING
  YESTERDAY        0                         1     -1        0
  MONTH TO DATE    0                         5     -5        0
  SINCE JUN 1     33                        58    -25       34
  SINCE JUL 1     21                        14      7       21

 COOLING
  YESTERDAY        7                         6      1        4
  MONTH TO DATE   57                        60     -3       57
  SINCE JUN 1    410                       419     -9      313
  SINCE JAN 1    440                       454    -14      366
..................................................................


WIND (MPH)
  HIGHEST WIND SPEED    20   HIGHEST WIND DIRECTION    NW (330)
  HIGHEST GUST SPEED    24   HIGHEST GUST DIRECTION     N (340)
  AVERAGE WIND SPEED    10.5


SKY COVER
  POSSIBLE SUNSHINE  MM
  AVERAGE SKY COVER 0.3


WEATHER CONDITIONS
 THE FOLLOWING WEATHER WAS RECORDED YESTERDAY.
  FOG
  FOG W/VISIBILITY <= 1/4 MILE


RELATIVE HUMIDITY (PERCENT)
 HIGHEST   100           200 AM
 LOWEST     54          1200 PM
 AVERAGE    77

..........................................................


THE MASON CITY IA CLIMATE NORMALS FOR TODAY
                         NORMAL    RECORD    YEAR
 MAXIMUM TEMPERATURE (F)   81        96      1947
 MINIMUM TEMPERATURE (F)   59        42      2012


SUNRISE AND SUNSET
AUGUST 11 2015........SUNRISE   614 AM CDT   SUNSET   822 PM CDT
AUGUST 12 2015........SUNRISE   615 AM CDT   SUNSET   821 PM CDT


-  INDICATES NEGATIVE NUMBERS.
R  INDICATES RECORD WAS SET OR TIED.
MM INDICATES DATA IS MISSING.
T  INDICATES TRACE AMOUNT.




$$
