953
CDUS43 KDMX 010704
CLIMCW

CLIMATE REPORT
NATIONAL WEATHER SERVICE DES MOINES IA
203 AM CDT MON MAY 1 2017


...................................

...THE MASON CITY IA CLIMATE SUMMARY FOR APRIL 30 2017...

CLIMATE NORMAL PERIOD 1981 TO 2010
CLIMATE RECORD PERIOD 1893 TO 2017


WEATHER ITEM   OBSERVED TIME   RECORD YEAR NORMAL DEPARTURE LAST
                VALUE   (LST)  VALUE       VALUE  FROM      YEAR
                                                  NORMAL
..................................................................
TEMPERATURE (F)
 YESTERDAY
  MAXIMUM         43    322 PM  89    2007  65    -22       46
  MINIMUM         39   1159 PM  24    1908  41     -2       41
  AVERAGE         41                        53    -12       44

PRECIPITATION (IN)
  YESTERDAY        0.73          1.72 1997   0.14   0.59     0.59
  MONTH TO DATE    4.36                      3.75   0.61     1.75
  SINCE MAR 1      6.27                      5.98   0.29     4.97
  SINCE JAN 1     10.26                      7.80   2.46     6.26

SNOWFALL (IN)
  YESTERDAY       MM             1.0  1909   0.0   MM        0.0
                                      1984
  MONTH TO DATE    T                         2.7   -2.7       T
  SINCE MAR 1      8.5                       8.7   -0.2      8.2
  SINCE JUL 1     47.9                      41.2    6.7     50.9
  SNOW DEPTH       0

DEGREE DAYS
 HEATING
  YESTERDAY       24                        12     12       21
  MONTH TO DATE  475                       555    -80      509
  SINCE MAR 1   1493                      1549    -56     1300
  SINCE JUL 1   6405                      7400   -995     6399

 COOLING
  YESTERDAY        0                         0      0        0
  MONTH TO DATE    0                         5     -5        4
  SINCE MAR 1      0                         5     -5        4
  SINCE JAN 1      0                         5     -5        4
..................................................................


WIND (MPH)
  HIGHEST WIND SPEED    32   HIGHEST WIND DIRECTION     E (70)
  HIGHEST GUST SPEED    39   HIGHEST GUST DIRECTION     E (70)
  AVERAGE WIND SPEED    17.7


SKY COVER
  POSSIBLE SUNSHINE  MM
  AVERAGE SKY COVER 1.0


WEATHER CONDITIONS
 THE FOLLOWING WEATHER WAS RECORDED YESTERDAY.
  HEAVY RAIN
  RAIN
  LIGHT RAIN
  FOG
  HAZE


RELATIVE HUMIDITY (PERCENT)
 HIGHEST    93           700 PM
 LOWEST     76           100 AM
 AVERAGE    85

..........................................................


THE MASON CITY IA CLIMATE NORMALS FOR TODAY
                         NORMAL    RECORD    YEAR
 MAXIMUM TEMPERATURE (F)   65        92      1992
 MINIMUM TEMPERATURE (F)   41        25      1909


SUNRISE AND SUNSET
MAY  1 2017...........SUNRISE   606 AM CDT   SUNSET   815 PM CDT
MAY  2 2017...........SUNRISE   605 AM CDT   SUNSET   816 PM CDT


-  INDICATES NEGATIVE NUMBERS.
R  INDICATES RECORD WAS SET OR TIED.
MM INDICATES DATA IS MISSING.
T  INDICATES TRACE AMOUNT.




$$
