000
CDUS43 KDMX 290657
CLIMCW

CLIMATE REPORT
NATIONAL WEATHER SERVICE DES MOINES IA
154 AM CDT SUN JUN 29 2014


...................................

...THE MASON CITY IA CLIMATE SUMMARY FOR JUNE 28 2014...

CLIMATE NORMAL PERIOD 1981 TO 2010
CLIMATE RECORD PERIOD 1893 TO 2014


WEATHER ITEM   OBSERVED TIME   RECORD YEAR NORMAL DEPARTURE LAST
                VALUE   (LST)  VALUE       VALUE  FROM      YEAR
                                                  NORMAL
..................................................................
TEMPERATURE (F)
 YESTERDAY
  MAXIMUM         84    230 PM 102    1931  83      1       81
  MINIMUM         66   1024 PM  40    1911  60      6       64
  AVERAGE         75                        71      4       73

PRECIPITATION (IN)
  YESTERDAY        0.67          1.84 1924   0.16   0.51     0.02
  MONTH TO DATE    7.77                      4.81   2.96     6.28
  SINCE JUN 1      7.77                      4.81   2.96     6.28
  SINCE JAN 1     21.81                     17.29   4.52    27.72

SNOWFALL (IN)
  YESTERDAY        0.0          MM      MM   0.0    0.0      0.0
  MONTH TO DATE    0.0                       0.0    0.0      0.0
  SINCE JUN 1      0.0                       0.0    0.0      0.0
  SINCE JUL 1     58.0                      41.2   16.8     56.3
  SNOW DEPTH       0

DEGREE DAYS
 HEATING
  YESTERDAY        0                         0      0        0
  MONTH TO DATE   13                        44    -31       53
  SINCE JUN 1     13                        44    -31       53
  SINCE JUL 1   8623                      7679    944     7837

 COOLING
  YESTERDAY       10                         7      3        8
  MONTH TO DATE  128                       125      3      146
  SINCE JUN 1    128                       125      3      146
  SINCE JAN 1    181                       160     21      183
..................................................................


WIND (MPH)
  HIGHEST WIND SPEED    32   HIGHEST WIND DIRECTION    SW (220)
  HIGHEST GUST SPEED    45   HIGHEST GUST DIRECTION    SW (230)
  AVERAGE WIND SPEED    15.9


SKY COVER
  POSSIBLE SUNSHINE  MM
  AVERAGE SKY COVER 0.7


WEATHER CONDITIONS
 THE FOLLOWING WEATHER WAS RECORDED YESTERDAY.
  HEAVY RAIN
  RAIN
  LIGHT RAIN
  FOG


RELATIVE HUMIDITY (PERCENT)
 HIGHEST   100           300 AM
 LOWEST     74          1200 PM
 AVERAGE    87

..........................................................


THE MASON CITY IA CLIMATE NORMALS FOR TODAY
                         NORMAL    RECORD    YEAR
 MAXIMUM TEMPERATURE (F)   83       102      1970
 MINIMUM TEMPERATURE (F)   60        40      1895


SUNRISE AND SUNSET
JUNE 29 2014..........SUNRISE   536 AM CDT   SUNSET   857 PM CDT
JUNE 30 2014..........SUNRISE   537 AM CDT   SUNSET   857 PM CDT


-  INDICATES NEGATIVE NUMBERS.
R  INDICATES RECORD WAS SET OR TIED.
MM INDICATES DATA IS MISSING.
T  INDICATES TRACE AMOUNT.




$$
