225
CDUS43 KDMX 030633
CLIMCW

CLIMATE REPORT
NATIONAL WEATHER SERVICE DES MOINES IA
1231 AM CST FRI FEB 3 2017

...................................

...THE MASON CITY IA CLIMATE SUMMARY FOR FEBRUARY 2 2017...

CLIMATE NORMAL PERIOD 1981 TO 2010
CLIMATE RECORD PERIOD 1893 TO 2017


WEATHER ITEM   OBSERVED TIME   RECORD YEAR NORMAL DEPARTURE LAST
                VALUE   (LST)  VALUE       VALUE  FROM      YEAR
                                                  NORMAL
..................................................................
TEMPERATURE (F)
 YESTERDAY
  MAXIMUM         19    419 PM  53    1987  26     -7       31
  MINIMUM          8    932 PM -32    1996   8      0       26
  AVERAGE         14                        17     -3       29

PRECIPITATION (IN)
  YESTERDAY        T             0.49 2016   0.03  -0.03     0.49
  MONTH TO DATE    T                         0.06  -0.06     0.49
  SINCE DEC 1      4.07                      2.12   1.95     4.68
  SINCE JAN 1      1.91                      0.88   1.03     1.05

SNOWFALL (IN)
  YESTERDAY        T            10.0  2016   0.4   -0.4     10.0
  MONTH TO DATE    T                         0.7   -0.7     10.0
  SINCE DEC 1     30.6                      20.8    9.8     28.7
  SINCE JUL 1     30.6                      25.5    5.1     38.7
  SNOW DEPTH      10

DEGREE DAYS
 HEATING
  YESTERDAY       51                        48      3       36
  MONTH TO DATE   94                        96     -2       72
  SINCE DEC 1   2863                      3027   -164     2642
  SINCE JUL 1   4027                      4707   -680     3997

 COOLING
  YESTERDAY        0                         0      0        0
  MONTH TO DATE    0                         0      0        0
  SINCE DEC 1      0                         0      0        0
  SINCE JAN 1      0                         0      0        0
..................................................................


WIND (MPH)
  HIGHEST WIND SPEED    24   HIGHEST WIND DIRECTION     W (290)
  HIGHEST GUST SPEED    27   HIGHEST GUST DIRECTION    NW (300)
  AVERAGE WIND SPEED    14.4


SKY COVER
  POSSIBLE SUNSHINE  MM
  AVERAGE SKY COVER 0.4


WEATHER CONDITIONS
 THE FOLLOWING WEATHER WAS RECORDED YESTERDAY.
  NO SIGNIFICANT WEATHER WAS OBSERVED.


RELATIVE HUMIDITY (PERCENT)
 HIGHEST    73           100 AM
 LOWEST     56           300 PM
 AVERAGE    65

..........................................................


THE MASON CITY IA CLIMATE NORMALS FOR TODAY
                         NORMAL    RECORD    YEAR
 MAXIMUM TEMPERATURE (F)   26        53      1934
 MINIMUM TEMPERATURE (F)    8       -28      1996


SUNRISE AND SUNSET
FEBRUARY  3 2017......SUNRISE   726 AM CST   SUNSET   529 PM CST
FEBRUARY  4 2017......SUNRISE   725 AM CST   SUNSET   530 PM CST


-  INDICATES NEGATIVE NUMBERS.
R  INDICATES RECORD WAS SET OR TIED.
MM INDICATES DATA IS MISSING.
T  INDICATES TRACE AMOUNT.

$$
