000
CDUS43 KDMX 080721 RRA
CLIMCW

CLIMATE REPORT
NATIONAL WEATHER SERVICE DES MOINES IA
219 AM CDT FRI APR 8 2016


...................................

...THE MASON CITY IA CLIMATE SUMMARY FOR APRIL 7 2016...

CLIMATE NORMAL PERIOD 1981 TO 2010
CLIMATE RECORD PERIOD 1893 TO 2016


WEATHER ITEM   OBSERVED TIME   RECORD YEAR NORMAL DEPARTURE LAST
                VALUE   (LST)  VALUE       VALUE  FROM      YEAR
                                                  NORMAL
..................................................................
TEMPERATURE (F)
 YESTERDAY
  MAXIMUM         45    328 PM  80    1991  54     -9       43
  MINIMUM         34    237 AM  10    1936  32      2       38
  AVERAGE         40                        43     -3       41

PRECIPITATION (IN)
  YESTERDAY        T             1.80 1919   0.11  -0.11     0.50
  MONTH TO DATE    0.12                      0.74  -0.62     1.25
  SINCE MAR 1      3.40                      2.97   0.43     2.32
  SINCE JAN 1      4.64                      4.79  -0.15     4.39

SNOWFALL (IN)
  YESTERDAY        0.0          11.2  2003   0.1   -0.1      0.0
  MONTH TO DATE    T                         0.9   -0.9      0.0
  SINCE MAR 1      9.0                       6.9    2.1      3.6
  SINCE JUL 1     50.9                      39.4   11.5     39.4
  SNOW DEPTH       0

DEGREE DAYS
 HEATING
  YESTERDAY       25                        22      3       24
  MONTH TO DATE  181                       165     16      131
  SINCE MAR 1    972                      1159   -187     1052
  SINCE JUL 1   6071                      7010   -939     7115

 COOLING
  YESTERDAY        0                         0      0        0
  MONTH TO DATE    0                         0      0        0
  SINCE MAR 1      0                         0      0        0
  SINCE JAN 1      0                         0      0        0
..................................................................


WIND (MPH)
  HIGHEST WIND SPEED    26   HIGHEST WIND DIRECTION    NW (320)
  HIGHEST GUST SPEED    33   HIGHEST GUST DIRECTION    NW (320)
  AVERAGE WIND SPEED    15.0


SKY COVER
  POSSIBLE SUNSHINE  MM
  AVERAGE SKY COVER 1.0


WEATHER CONDITIONS
 THE FOLLOWING WEATHER WAS RECORDED YESTERDAY.
  LIGHT RAIN


RELATIVE HUMIDITY (PERCENT)
 HIGHEST    85          1100 AM
 LOWEST     70           200 PM
 AVERAGE    78

..........................................................


THE MASON CITY IA CLIMATE NORMALS FOR TODAY
                         NORMAL    RECORD    YEAR
 MAXIMUM TEMPERATURE (F)   55        85      1931
 MINIMUM TEMPERATURE (F)   32        12      1997


SUNRISE AND SUNSET
APRIL  8 2016.........SUNRISE   642 AM CDT   SUNSET   749 PM CDT
APRIL  9 2016.........SUNRISE   640 AM CDT   SUNSET   750 PM CDT


-  INDICATES NEGATIVE NUMBERS.
R  INDICATES RECORD WAS SET OR TIED.
MM INDICATES DATA IS MISSING.
T  INDICATES TRACE AMOUNT.




$$
