000
CDUS43 KDMX 170633 RRA
CLIMCW

CLIMATE REPORT
NATIONAL WEATHER SERVICE DES MOINES IA
129 AM CDT FRI MAR 17 2017

...................................

...THE MASON CITY IA CLIMATE SUMMARY FOR MARCH 16 2017...

CLIMATE NORMAL PERIOD 1981 TO 2010
CLIMATE RECORD PERIOD 1893 TO 2017


WEATHER ITEM   OBSERVED TIME   RECORD YEAR NORMAL DEPARTURE LAST
                VALUE   (LST)  VALUE       VALUE  FROM      YEAR
                                                  NORMAL
..................................................................
TEMPERATURE (F)
 YESTERDAY
  MAXIMUM         35   1159 PM  81    2012  42     -7       52
  MINIMUM         17    430 AM -12    1900  24     -7       37
  AVERAGE         26                        33     -7       45

PRECIPITATION (IN)
  YESTERDAY        0.00          0.66 1942   0.07  -0.07      T
  MONTH TO DATE    0.85                      0.94  -0.09     0.75
  SINCE MAR 1      0.85                      0.94  -0.09     0.75
  SINCE JAN 1      4.84                      2.76   2.08     2.04

SNOWFALL (IN)
  YESTERDAY        0.0           5.5  1917   0.2   -0.2      0.0
  MONTH TO DATE   10.0                       3.5    6.5      2.2
  SINCE MAR 1     10.0                       3.5    6.5      2.2
  SINCE JUL 1     49.4                      36.0   13.4     44.9
  SNOW DEPTH      MM

DEGREE DAYS
 HEATING
  YESTERDAY       39                        32      7       20
  MONTH TO DATE  630                       566     64      394
  SINCE MAR 1    630                       566     64      394
  SINCE JUL 1   5542                      6417   -875     5493

 COOLING
  YESTERDAY        0                         0      0        0
  MONTH TO DATE    0                         0      0        0
  SINCE MAR 1      0                         0      0        0
  SINCE JAN 1      0                         0      0        0
..................................................................


WIND (MPH)
  HIGHEST WIND SPEED    24   HIGHEST WIND DIRECTION    SE (140)
  HIGHEST GUST SPEED    31   HIGHEST GUST DIRECTION    SE (140)
  AVERAGE WIND SPEED    15.0


SKY COVER
  POSSIBLE SUNSHINE  MM
  AVERAGE SKY COVER 0.5


WEATHER CONDITIONS
 THE FOLLOWING WEATHER WAS RECORDED YESTERDAY.
  NO SIGNIFICANT WEATHER WAS OBSERVED.


RELATIVE HUMIDITY (PERCENT)
 HIGHEST    75          1100 PM
 LOWEST     59           200 PM
 AVERAGE    67

..........................................................


THE MASON CITY IA CLIMATE NORMALS FOR TODAY
                         NORMAL    RECORD    YEAR
 MAXIMUM TEMPERATURE (F)   43        81      2012
 MINIMUM TEMPERATURE (F)   24        -8      1909


SUNRISE AND SUNSET
MARCH 17 2017.........SUNRISE   721 AM CDT   SUNSET   722 PM CDT
MARCH 18 2017.........SUNRISE   720 AM CDT   SUNSET   724 PM CDT


-  INDICATES NEGATIVE NUMBERS.
R  INDICATES RECORD WAS SET OR TIED.
MM INDICATES DATA IS MISSING.
T  INDICATES TRACE AMOUNT.

$$

ANSORGE
