000
CDUS43 KDMX 140658
CLIMCW

CLIMATE REPORT
NATIONAL WEATHER SERVICE DES MOINES IA
1257 AM CST THU JAN 14 2016


...................................

...THE MASON CITY IA CLIMATE SUMMARY FOR JANUARY 13 2016...

CLIMATE NORMAL PERIOD 1981 TO 2010
CLIMATE RECORD PERIOD 1893 TO 2016


WEATHER ITEM   OBSERVED TIME   RECORD YEAR NORMAL DEPARTURE LAST
                VALUE   (LST)  VALUE       VALUE  FROM      YEAR
                                                  NORMAL
..................................................................
TEMPERATURE (F)
 YESTERDAY
  MAXIMUM         27   1042 PM  51    1996  24      3       16
  MINIMUM          3   1214 AM -26    1916   7     -4      -16
  AVERAGE         15                        16     -1        0

PRECIPITATION (IN)
  YESTERDAY        T             0.58 1950   0.02  -0.02     0.00
  MONTH TO DATE    0.30                      0.34  -0.04     0.57
  SINCE DEC 1      3.93                      1.58   2.35     1.67
  SINCE JAN 1      0.30                      0.34  -0.04     0.57

SNOWFALL (IN)
  YESTERDAY        T            10.0  1935   0.4   -0.4      0.0
  MONTH TO DATE    2.5                       4.2   -1.7      7.6
  SINCE DEC 1     16.5                      13.5    3.0     13.3
  SINCE JUL 1     26.5                      18.2    8.3     21.3
  SNOW DEPTH       8

DEGREE DAYS
 HEATING
  YESTERDAY       50                        49      1       65
  MONTH TO DATE  641                       637      4      763
  SINCE DEC 1   1706                      2046   -340     1989
  SINCE JUL 1   3061                      3726   -665     3888

 COOLING
  YESTERDAY        0                         0      0        0
  MONTH TO DATE    0                         0      0        0
  SINCE DEC 1      0                         0      0        0
  SINCE JAN 1      0                         0      0        0
..................................................................


WIND (MPH)
  HIGHEST WIND SPEED    15   HIGHEST WIND DIRECTION    SW (240)
  HIGHEST GUST SPEED    19   HIGHEST GUST DIRECTION    SW (230)
  AVERAGE WIND SPEED     9.7


SKY COVER
  POSSIBLE SUNSHINE  MM
  AVERAGE SKY COVER 0.4


WEATHER CONDITIONS
 THE FOLLOWING WEATHER WAS RECORDED YESTERDAY.
  NO SIGNIFICANT WEATHER WAS OBSERVED.


RELATIVE HUMIDITY (PERCENT)
 HIGHEST    84           900 AM
 LOWEST     74           300 PM
 AVERAGE    79

..........................................................


THE MASON CITY IA CLIMATE NORMALS FOR TODAY
                         NORMAL    RECORD    YEAR
 MAXIMUM TEMPERATURE (F)   24        51      1914
 MINIMUM TEMPERATURE (F)    7       -22      1982


SUNRISE AND SUNSET
JANUARY 14 2016.......SUNRISE   743 AM CST   SUNSET   502 PM CST
JANUARY 15 2016.......SUNRISE   742 AM CST   SUNSET   503 PM CST


-  INDICATES NEGATIVE NUMBERS.
R  INDICATES RECORD WAS SET OR TIED.
MM INDICATES DATA IS MISSING.
T  INDICATES TRACE AMOUNT.




$$
