000
CDUS43 KDMX 040637
CLIMCW

CLIMATE REPORT
NATIONAL WEATHER SERVICE DES MOINES IA
136 AM CDT SAT JUL 4 2015


...................................

...THE MASON CITY IA CLIMATE SUMMARY FOR JULY 3 2015...

CLIMATE NORMAL PERIOD 1981 TO 2010
CLIMATE RECORD PERIOD 1893 TO 2015


WEATHER ITEM   OBSERVED TIME   RECORD YEAR NORMAL DEPARTURE LAST
                VALUE   (LST)  VALUE       VALUE  FROM      YEAR
                                                  NORMAL
..................................................................
TEMPERATURE (F)
 YESTERDAY
  MAXIMUM         78    402 PM 101    1990  83     -5       76
  MINIMUM         51    526 AM  45    1967  61    -10       48
  AVERAGE         65                        72     -7       62

PRECIPITATION (IN)
  YESTERDAY        0.00          4.25 1907   0.15  -0.15     0.00
  MONTH TO DATE    0.01                      0.45  -0.44     0.02
  SINCE JUN 1      5.05                      5.59  -0.54     8.67
  SINCE JAN 1     16.05                     18.07  -2.02    22.71

SNOWFALL (IN)
  YESTERDAY        0.0          MM      MM   0.0    0.0      0.0
  MONTH TO DATE    0.0                       0.0    0.0      0.0
  SINCE JUN 1      0.0                       0.0    0.0      0.0
  SINCE JUL 1      0.0                       0.0    0.0      0.0
  SNOW DEPTH       0

DEGREE DAYS
 HEATING
  YESTERDAY        0                         0      0        3
  MONTH TO DATE   12                         0     12        7
  SINCE JUN 1     24                        44    -20       20
  SINCE JUL 1     12                         0     12        7

 COOLING
  YESTERDAY        0                         7     -7        0
  MONTH TO DATE    0                        21    -21        0
  SINCE JUN 1    136                       159    -23      136
  SINCE JAN 1    166                       194    -28      189
..................................................................


WIND (MPH)
  HIGHEST WIND SPEED    12   HIGHEST WIND DIRECTION    SW (220)
  HIGHEST GUST SPEED    14   HIGHEST GUST DIRECTION    SW (240)
  AVERAGE WIND SPEED     3.6


SKY COVER
  POSSIBLE SUNSHINE  MM
  AVERAGE SKY COVER 0.0


WEATHER CONDITIONS
 THE FOLLOWING WEATHER WAS RECORDED YESTERDAY.
  NO SIGNIFICANT WEATHER WAS OBSERVED.


RELATIVE HUMIDITY (PERCENT)
 HIGHEST    96           500 AM
 LOWEST     46           100 PM
 AVERAGE    71

..........................................................


THE MASON CITY IA CLIMATE NORMALS FOR TODAY
                         NORMAL    RECORD    YEAR
 MAXIMUM TEMPERATURE (F)   83       104      1911
 MINIMUM TEMPERATURE (F)   61        42      1922


SUNRISE AND SUNSET
JULY  4 2015..........SUNRISE   539 AM CDT   SUNSET   856 PM CDT
JULY  5 2015..........SUNRISE   540 AM CDT   SUNSET   856 PM CDT


-  INDICATES NEGATIVE NUMBERS.
R  INDICATES RECORD WAS SET OR TIED.
MM INDICATES DATA IS MISSING.
T  INDICATES TRACE AMOUNT.




$$
