000
CDUS43 KDMX 100654 RRA
CLIMCW

CLIMATE REPORT
NATIONAL WEATHER SERVICE DES MOINES IA
1252 AM CST FRI FEB 10 2017

...................................

...THE MASON CITY IA CLIMATE SUMMARY FOR FEBRUARY 9 2017...

CLIMATE NORMAL PERIOD 1981 TO 2010
CLIMATE RECORD PERIOD 1893 TO 2017


WEATHER ITEM   OBSERVED TIME   RECORD YEAR NORMAL DEPARTURE LAST
                VALUE   (LST)  VALUE       VALUE  FROM      YEAR
                                                  NORMAL
..................................................................
TEMPERATURE (F)
 YESTERDAY
  MAXIMUM         21    351 PM  58    1976  28     -7       14
  MINIMUM          4    718 AM -35    1899  10     -6        5
  AVERAGE         13                        19     -6       10

PRECIPITATION (IN)
  YESTERDAY        0.00          0.73 1939   0.03  -0.03      T
  MONTH TO DATE    T                         0.28  -0.28     0.60
  SINCE DEC 1      4.07                      2.34   1.73     4.79
  SINCE JAN 1      1.91                      1.10   0.81     1.16

SNOWFALL (IN)
  YESTERDAY        0.0           6.0  1909   0.3   -0.3       T
  MONTH TO DATE    T                         2.9   -2.9     11.2
  SINCE DEC 1     30.6                      23.0    7.6     29.9
  SINCE JUL 1     30.6                      27.7    2.9     39.9
  SNOW DEPTH       8

DEGREE DAYS
 HEATING
  YESTERDAY       52                        46      6       55
  MONTH TO DATE  412                       426    -14      400
  SINCE DEC 1   3181                      3357   -176     2970
  SINCE JUL 1   4345                      5037   -692     4325

 COOLING
  YESTERDAY        0                         0      0        0
  MONTH TO DATE    0                         0      0        0
  SINCE DEC 1      0                         0      0        0
  SINCE JAN 1      0                         0      0        0
..................................................................


WIND (MPH)
  HIGHEST WIND SPEED    23   HIGHEST WIND DIRECTION     S (170)
  HIGHEST GUST SPEED    28   HIGHEST GUST DIRECTION     S (170)
  AVERAGE WIND SPEED    12.4


SKY COVER
  POSSIBLE SUNSHINE  MM
  AVERAGE SKY COVER 0.1


WEATHER CONDITIONS
 THE FOLLOWING WEATHER WAS RECORDED YESTERDAY.
  NO SIGNIFICANT WEATHER WAS OBSERVED.


RELATIVE HUMIDITY (PERCENT)
 HIGHEST    76           600 AM
 LOWEST     51           300 PM
 AVERAGE    64

..........................................................


THE MASON CITY IA CLIMATE NORMALS FOR TODAY
                         NORMAL    RECORD    YEAR
 MAXIMUM TEMPERATURE (F)   28        56      1977
 MINIMUM TEMPERATURE (F)   10       -35      1899


SUNRISE AND SUNSET
FEBRUARY 10 2017......SUNRISE   717 AM CST   SUNSET   538 PM CST
FEBRUARY 11 2017......SUNRISE   716 AM CST   SUNSET   539 PM CST


-  INDICATES NEGATIVE NUMBERS.
R  INDICATES RECORD WAS SET OR TIED.
MM INDICATES DATA IS MISSING.
T  INDICATES TRACE AMOUNT.

$$
