911
CDUS43 KDMX 200629 RRB
CLIMCW

CLIMATE REPORT
NATIONAL WEATHER SERVICE DES MOINES IA
1228 AM CST MON NOV 20 2017

...................................

...THE MASON CITY IA CLIMATE SUMMARY FOR NOVEMBER 19 2017...

CLIMATE NORMAL PERIOD 1981 TO 2010
CLIMATE RECORD PERIOD 1893 TO 2017


WEATHER ITEM   OBSERVED TIME   RECORD YEAR NORMAL DEPARTURE LAST
                VALUE   (LST)  VALUE       VALUE  FROM      YEAR
                                                  NORMAL
..................................................................
TEMPERATURE (F)
 YESTERDAY
  MAXIMUM         43    347 PM  67    1930  41      2       33
  MINIMUM         14    706 AM  -4    1894  23     -9       15
  AVERAGE         29                        32     -3       24

PRECIPITATION (IN)
  YESTERDAY        0.00          1.39 1948   0.07  -0.07     0.00
  MONTH TO DATE    0.27                      1.26  -0.99     0.04
  SINCE SEP 1      7.53                      6.98   0.55    13.23
  SINCE JAN 1     30.45                     33.34  -2.89    44.49

SNOWFALL (IN)
  YESTERDAY        0.0           5.2  1970   0.2   -0.2      0.0
  MONTH TO DATE    T                         1.9   -1.9       T
  SINCE SEP 1      0.2                       2.3   -2.1       T
  SINCE JUL 1      0.2                       2.3   -2.1       T
  SNOW DEPTH       0

DEGREE DAYS
 HEATING
  YESTERDAY       36                        33      3       41
  MONTH TO DATE  626                       535     91      344
  SINCE SEP 1   1166                      1237    -71      817
  SINCE JUL 1   1189                      1273    -84      835

 COOLING
  YESTERDAY        0                         0      0        0
  MONTH TO DATE    0                         0      0        0
  SINCE SEP 1    104                        60     44       89
  SINCE JAN 1    603                       616    -13      697
..................................................................


WIND (MPH)
  HIGHEST WIND SPEED    20   HIGHEST WIND DIRECTION    NW (310)
  HIGHEST GUST SPEED    24   HIGHEST GUST DIRECTION    NW (310)
  AVERAGE WIND SPEED    11.4


SKY COVER
  POSSIBLE SUNSHINE  MM
  AVERAGE SKY COVER 0.0


WEATHER CONDITIONS
 THE FOLLOWING WEATHER WAS RECORDED YESTERDAY.
  NO SIGNIFICANT WEATHER WAS OBSERVED.


RELATIVE HUMIDITY (PERCENT)
 HIGHEST    88           700 AM
 LOWEST     45           200 PM
 AVERAGE    67

..........................................................


THE MASON CITY IA CLIMATE NORMALS FOR TODAY
                         NORMAL    RECORD    YEAR
 MAXIMUM TEMPERATURE (F)   40        72      1897
 MINIMUM TEMPERATURE (F)   22        -2      2014


SUNRISE AND SUNSET
NOVEMBER 20 2017......SUNRISE   713 AM CST   SUNSET   445 PM CST
NOVEMBER 21 2017......SUNRISE   714 AM CST   SUNSET   444 PM CST


-  INDICATES NEGATIVE NUMBERS.
R  INDICATES RECORD WAS SET OR TIED.
MM INDICATES DATA IS MISSING.
T  INDICATES TRACE AMOUNT.




$$
