000
CDUS43 KDMX 250636 RRA
CLIMCW

CLIMATE REPORT
NATIONAL WEATHER SERVICE DES MOINES IA
1235 AM CST TUE NOV 25 2014


...................................

...THE MASON CITY IA CLIMATE SUMMARY FOR NOVEMBER 24 2014...

CLIMATE NORMAL PERIOD 1981 TO 2010
CLIMATE RECORD PERIOD 1893 TO 2014


WEATHER ITEM   OBSERVED TIME   RECORD YEAR NORMAL DEPARTURE LAST
                VALUE   (LST)  VALUE       VALUE  FROM      YEAR
                                                  NORMAL
..................................................................
TEMPERATURE (F)
 YESTERDAY
  MAXIMUM         31   1203 AM  63    2011  38     -7       25
                                      1990
  MINIMUM         14   1159 PM -11    1898  20     -6        0
  AVERAGE         23                        29     -6       13

PRECIPITATION (IN)
  YESTERDAY        0.15          0.80 1927   0.06   0.09     0.00
  MONTH TO DATE    0.29                      1.56  -1.27     1.44
  SINCE SEP 1      5.05                      7.28  -2.23     4.45
  SINCE JAN 1     33.70                     33.64   0.06    37.83

SNOWFALL (IN)
  YESTERDAY        1.7           3.0  1977   0.3    1.4      0.0
  MONTH TO DATE    5.4                       2.9    2.5      1.5
  SINCE SEP 1      5.4                       3.3    2.1      1.5
  SINCE JUL 1      5.4                       3.3    2.1      1.5
  SNOW DEPTH       1

DEGREE DAYS
 HEATING
  YESTERDAY       42                        36      6       52
  MONTH TO DATE  892                       711    181      758
  SINCE SEP 1   1596                      1413    183     1378
  SINCE JUL 1   1617                      1449    168     1416

 COOLING
  YESTERDAY        0                         0      0        0
  MONTH TO DATE    0                         0      0        0
  SINCE SEP 1     33                        60    -27      126
  SINCE JAN 1    544                       616    -72      718
..................................................................


WIND (MPH)
  HIGHEST WIND SPEED    36   HIGHEST WIND DIRECTION    NW (300)
  HIGHEST GUST SPEED    44   HIGHEST GUST DIRECTION    NW (300)
  AVERAGE WIND SPEED    26.0


SKY COVER
  POSSIBLE SUNSHINE  MM
  AVERAGE SKY COVER 1.0


WEATHER CONDITIONS
 THE FOLLOWING WEATHER WAS RECORDED YESTERDAY.
  LIGHT SNOW
  FOG


RELATIVE HUMIDITY (PERCENT)
 HIGHEST    92          1200 AM
 LOWEST     74           500 PM
 AVERAGE    83

..........................................................


THE MASON CITY IA CLIMATE NORMALS FOR TODAY
                         NORMAL    RECORD    YEAR
 MAXIMUM TEMPERATURE (F)   37        68      1960
 MINIMUM TEMPERATURE (F)   19       -13      1977


SUNRISE AND SUNSET
NOVEMBER 25 2014......SUNRISE   718 AM CST   SUNSET   442 PM CST
NOVEMBER 26 2014......SUNRISE   720 AM CST   SUNSET   441 PM CST


-  INDICATES NEGATIVE NUMBERS.
R  INDICATES RECORD WAS SET OR TIED.
MM INDICATES DATA IS MISSING.
T  INDICATES TRACE AMOUNT.




$$
