000
CDUS43 KDMX 020658 RRA
CLIMCW

CLIMATE REPORT
NATIONAL WEATHER SERVICE DES MOINES IA
1258 AM CST MON FEB 2 2015

...................................

...THE MASON CITY IA CLIMATE SUMMARY FOR FEBRUARY 1 2015...

CLIMATE NORMAL PERIOD 1981 TO 2010
CLIMATE RECORD PERIOD 1893 TO 2015


WEATHER ITEM   OBSERVED TIME   RECORD YEAR NORMAL DEPARTURE LAST
                VALUE   (LST)  VALUE       VALUE  FROM      YEAR
                                                  NORMAL
..................................................................
TEMPERATURE (F)
 YESTERDAY
  MAXIMUM         26    103 AM  48    1987  26      0       20
  MINIMUM          1   1159 PM -26    1996   8     -7        1
  AVERAGE         14                        17     -3       11

PRECIPITATION (IN)
  YESTERDAY       MM             1.05 1915   0.03  MM        0.11
  MONTH TO DATE   MM                         0.03  MM        0.11
  SINCE DEC 1      2.03                      2.09  -0.06     2.11
  SINCE JAN 1      0.93                      0.85   0.08     0.94

SNOWFALL (IN)
  YESTERDAY        6.2          10.5  1915   0.3    5.9      1.1
  MONTH TO DATE    6.2                       0.3    5.9      1.1
  SINCE DEC 1     21.6                      20.4    1.2     25.2
  SINCE JUL 1     29.6                      25.1    4.5     26.7
  SNOW DEPTH      MM

DEGREE DAYS
 HEATING
  YESTERDAY       51                        48      3       54
  MONTH TO DATE   51                        48      3       54
  SINCE DEC 1   2691                      2979   -288     3360
  SINCE JUL 1   4590                      4659    -69     5024

 COOLING
  YESTERDAY        0                         0      0        0
  MONTH TO DATE    0                         0      0        0
  SINCE DEC 1      0                         0      0        0
  SINCE JAN 1      0                         0      0        0
..................................................................


WIND (MPH)
  HIGHEST WIND SPEED    33   HIGHEST WIND DIRECTION    NE (50)
  HIGHEST GUST SPEED    39   HIGHEST GUST DIRECTION    NE (30)
  AVERAGE WIND SPEED    20.2


SKY COVER
  POSSIBLE SUNSHINE  MM
  AVERAGE SKY COVER 0.8


WEATHER CONDITIONS
 THE FOLLOWING WEATHER WAS RECORDED YESTERDAY.
  SNOW
  LIGHT SNOW
  FOG
  FOG W/VISIBILITY <= 1/4 MILE
  HAZE


RELATIVE HUMIDITY (PERCENT)
 HIGHEST    96           500 AM
 LOWEST     67           600 PM
 AVERAGE    82

..........................................................


THE MASON CITY IA CLIMATE NORMALS FOR TODAY
                         NORMAL    RECORD    YEAR
 MAXIMUM TEMPERATURE (F)   26        53      1987
 MINIMUM TEMPERATURE (F)    8       -32      1996


SUNRISE AND SUNSET
FEBRUARY  2 2015......SUNRISE   728 AM CST   SUNSET   527 PM CST
FEBRUARY  3 2015......SUNRISE   727 AM CST   SUNSET   528 PM CST


-  INDICATES NEGATIVE NUMBERS.
R  INDICATES RECORD WAS SET OR TIED.
MM INDICATES DATA IS MISSING.
T  INDICATES TRACE AMOUNT.

$$

SMALL
