000
CDUS43 KDMX 080719
CLIMCW

CLIMATE REPORT
NATIONAL WEATHER SERVICE DES MOINES IA
100 AM CST SUN JAN 8 2017

...................................

...THE MASON CITY IA CLIMATE SUMMARY FOR JANUARY 7 2017...

CLIMATE NORMAL PERIOD 1981 TO 2010
CLIMATE RECORD PERIOD 1893 TO 2017

WEATHER ITEM   OBSERVED TIME   RECORD YEAR NORMAL DEPARTURE LAST
                VALUE   (LST)  VALUE       VALUE  FROM      YEAR
                                                  NORMAL
..................................................................
TEMPERATURE (F)
 YESTERDAY
  MAXIMUM          9    244 PM  57    2003  24    -15       33
  MINIMUM         -4   1159 PM -30    1912   7    -11       30
  AVERAGE          3                        16    -13       32

PRECIPITATION (IN)
  YESTERDAY        0.00          0.44 2010   0.02  -0.02     0.16
  MONTH TO DATE    0.15                      0.18  -0.03     0.19
  SINCE DEC 1      2.31                      1.42   0.89     3.82
  SINCE JAN 1      0.15                      0.18  -0.03     0.19

SNOWFALL (IN)
  YESTERDAY        0.0           4.8  2010   0.3   -0.3      0.8
  MONTH TO DATE    T                         2.1   -2.1      1.3
  SINCE DEC 1     14.9                      11.4    3.5     15.3
  SINCE JUL 1     14.9                      16.1   -1.2     25.3
  SNOW DEPTH       0

DEGREE DAYS
 HEATING
  YESTERDAY       62                        49     13       33
  MONTH TO DATE  381                       343     38      293
  SINCE DEC 1   1772                      1752     20     1358
  SINCE JUL 1   2936                      3432   -496     2713

 COOLING
  YESTERDAY        0                         0      0        0
  MONTH TO DATE    0                         0      0        0
  SINCE DEC 1      0                         0      0        0
  SINCE JAN 1      0                         0      0        0
..................................................................

WIND (MPH)
  HIGHEST WIND SPEED    20   HIGHEST WIND DIRECTION    NW (330)
  HIGHEST GUST SPEED    21   HIGHEST GUST DIRECTION    NW (310)
  AVERAGE WIND SPEED     9.6

SKY COVER
  POSSIBLE SUNSHINE  MM
  AVERAGE SKY COVER 0.2

WEATHER CONDITIONS
 THE FOLLOWING WEATHER WAS RECORDED YESTERDAY.
  NO SIGNIFICANT WEATHER WAS OBSERVED.

RELATIVE HUMIDITY (PERCENT)
 HIGHEST    91           500 AM
 LOWEST     69           200 PM
 AVERAGE    80
..........................................................

THE MASON CITY IA CLIMATE NORMALS FOR TODAY
                         NORMAL    RECORD    YEAR
 MAXIMUM TEMPERATURE (F)   24        57      2003
 MINIMUM TEMPERATURE (F)    7       -20      1970

SUNRISE AND SUNSET
JANUARY  8 2017.......SUNRISE   745 AM CST   SUNSET   456 PM CST
JANUARY  9 2017.......SUNRISE   744 AM CST   SUNSET   457 PM CST

-  INDICATES NEGATIVE NUMBERS.
R  INDICATES RECORD WAS SET OR TIED.
MM INDICATES DATA IS MISSING.
T  INDICATES TRACE AMOUNT.

$$

FAB
