000
CDUS43 KDMX 110629
CLIMCW

CLIMATE REPORT
NATIONAL WEATHER SERVICE DES MOINES IA
1226 AM CST THU JAN 11 2018

...................................

...THE MASON CITY IA CLIMATE SUMMARY FOR JANUARY 10 2018...

CLIMATE NORMAL PERIOD 1981 TO 2010
CLIMATE RECORD PERIOD 1893 TO 2018


WEATHER ITEM   OBSERVED TIME   RECORD YEAR NORMAL DEPARTURE LAST
                VALUE   (LST)  VALUE       VALUE  FROM      YEAR
                                                  NORMAL
..................................................................
TEMPERATURE (F)
 YESTERDAY
  MAXIMUM         36    945 PM  55    2012  24     12       33
  MINIMUM         31   1258 AM -30    1937   7     24       12
  AVERAGE         34                        16     18       23

PRECIPITATION (IN)
  YESTERDAY        0.00          0.77 1975   0.03  -0.03     0.17
  MONTH TO DATE    T                         0.27  -0.27     0.32
  SINCE DEC 1      0.28                      1.51  -1.23     2.48
  SINCE JAN 1      T                         0.27  -0.27     0.32

SNOWFALL (IN)
  YESTERDAY        0.0           6.0  1924   0.3   -0.3      0.1
  MONTH TO DATE    0.2                       3.1   -2.9      0.1
  SINCE DEC 1      4.4                      12.4   -8.0     15.0
  SINCE JUL 1      4.6                      17.1  -12.5     15.0
  SNOW DEPTH       0

DEGREE DAYS
 HEATING
  YESTERDAY       31                        49    -18       42
  MONTH TO DATE  559                       490     69      527
  SINCE DEC 1   1944                      1899     45     1918
  SINCE JUL 1   3447                      3579   -132     3082

 COOLING
  YESTERDAY        0                         0      0        0
  MONTH TO DATE    0                         0      0        0
  SINCE DEC 1      0                         0      0        0
  SINCE JAN 1      0                         0      0        0
..................................................................


WIND (MPH)
  HIGHEST WIND SPEED    23   HIGHEST WIND DIRECTION     S (170)
  HIGHEST GUST SPEED    30   HIGHEST GUST DIRECTION     S (160)
  AVERAGE WIND SPEED    14.0


SKY COVER
  POSSIBLE SUNSHINE  MM
  AVERAGE SKY COVER 1.0


WEATHER CONDITIONS
 THE FOLLOWING WEATHER WAS RECORDED YESTERDAY.
  FOG
  FOG W/VISIBILITY <= 1/4 MILE


RELATIVE HUMIDITY (PERCENT)
 HIGHEST   100           100 AM
 LOWEST     89           300 AM
 AVERAGE    95

..........................................................


THE MASON CITY IA CLIMATE NORMALS FOR TODAY
                         NORMAL    RECORD    YEAR
 MAXIMUM TEMPERATURE (F)   24        48      2004
 MINIMUM TEMPERATURE (F)    7       -24      1977


SUNRISE AND SUNSET
JANUARY 11 2018.......SUNRISE   744 AM CST   SUNSET   459 PM CST
JANUARY 12 2018.......SUNRISE   743 AM CST   SUNSET   500 PM CST


-  INDICATES NEGATIVE NUMBERS.
R  INDICATES RECORD WAS SET OR TIED.
MM INDICATES DATA IS MISSING.
T  INDICATES TRACE AMOUNT.

$$

REV
