449
CDUS43 KDMX 020646 RRA
CLIMCW

CLIMATE REPORT
NATIONAL WEATHER SERVICE DES MOINES IA
145 AM CDT WED AUG 2 2017


...................................

...THE MASON CITY IA CLIMATE SUMMARY FOR AUGUST 1 2017...

CLIMATE NORMAL PERIOD 1981 TO 2010
CLIMATE RECORD PERIOD 1893 TO 2017


WEATHER ITEM   OBSERVED TIME   RECORD YEAR NORMAL DEPARTURE LAST
                VALUE   (LST)  VALUE       VALUE  FROM      YEAR
                                                  NORMAL
..................................................................
TEMPERATURE (F)
 YESTERDAY
  MAXIMUM         85    339 PM  98    1988  82      3       80
  MINIMUM         57    425 AM  44    1898  60     -3       67
  AVERAGE         71                        71      0       74

PRECIPITATION (IN)
  YESTERDAY        0.07          2.60 1940   0.14  -0.07     0.03
  MONTH TO DATE    0.07                      0.14  -0.07     0.03
  SINCE JUN 1      6.27                      9.98  -3.71    13.43
  SINCE JAN 1     20.42                     22.46  -2.04    24.64

SNOWFALL (IN)
  YESTERDAY        0.0          MM      MM   0.0    0.0      0.0
  MONTH TO DATE    0.0                       0.0    0.0      0.0
  SINCE JUN 1      0.0                       0.0    0.0      0.0
  SINCE JUL 1      0.0                       0.0    0.0      0.0
  SNOW DEPTH       0

DEGREE DAYS
 HEATING
  YESTERDAY        0                         0      0        0
  MONTH TO DATE    0                         0      0        0
  SINCE JUN 1     22                        53    -31       18
  SINCE JUL 1      1                         9     -8       10

 COOLING
  YESTERDAY        6                         6      0        9
  MONTH TO DATE    6                         6      0        9
  SINCE JUN 1    421                       365     56      412
  SINCE JAN 1    446                       400     46      453
..................................................................


WIND (MPH)
  HIGHEST WIND SPEED    41   HIGHEST WIND DIRECTION     N (360)
  HIGHEST GUST SPEED    49   HIGHEST GUST DIRECTION     N (360)
  AVERAGE WIND SPEED     5.3


SKY COVER
  POSSIBLE SUNSHINE  MM
  AVERAGE SKY COVER 0.1


WEATHER CONDITIONS
 THE FOLLOWING WEATHER WAS RECORDED YESTERDAY.
  THUNDERSTORM
  LIGHT RAIN
  FOG
  HAZE


RELATIVE HUMIDITY (PERCENT)
 HIGHEST    93           100 AM
 LOWEST     40           100 PM
 AVERAGE    67

..........................................................


THE MASON CITY IA CLIMATE NORMALS FOR TODAY
                         NORMAL    RECORD    YEAR
 MAXIMUM TEMPERATURE (F)   82        98      1988
 MINIMUM TEMPERATURE (F)   60        40      1927


SUNRISE AND SUNSET
AUGUST  2 2017........SUNRISE   605 AM CDT   SUNSET   833 PM CDT
AUGUST  3 2017........SUNRISE   606 AM CDT   SUNSET   832 PM CDT


-  INDICATES NEGATIVE NUMBERS.
R  INDICATES RECORD WAS SET OR TIED.
MM INDICATES DATA IS MISSING.
T  INDICATES TRACE AMOUNT.




$$
