955
CDUS43 KDMX 060924 RRA
CLIMCW

CLIMATE REPORT
NATIONAL WEATHER SERVICE DES MOINES IA
145 AM CDT TUE JUN 6 2017


...................................

...THE MASON CITY IA CLIMATE SUMMARY FOR JUNE 5 2017...

CLIMATE NORMAL PERIOD 1981 TO 2010
CLIMATE RECORD PERIOD 1893 TO 2017


WEATHER ITEM   OBSERVED TIME   RECORD YEAR NORMAL DEPARTURE LAST
                VALUE   (LST)  VALUE       VALUE  FROM      YEAR
                                                  NORMAL
..................................................................
TEMPERATURE (F)
 YESTERDAY
  MAXIMUM         85    330 PM  95    1977  77      8       85
  MINIMUM         53    455 AM  37    1927  54     -1       54
  AVERAGE         69                        65      4       70

PRECIPITATION (IN)
  YESTERDAY        0.00          1.15 1898   0.17  -0.17     0.00
  MONTH TO DATE    0.02                      0.86  -0.84     0.63
  SINCE JUN 1      0.02                      0.86  -0.84     0.63
  SINCE JAN 1     14.17                     13.34   0.83    11.84

SNOWFALL (IN)
  YESTERDAY        0.0          MM      MM   0.0    0.0      0.0
  MONTH TO DATE    0.0                       0.0    0.0      0.0
  SINCE JUN 1      0.0                       0.0    0.0      0.0
  SINCE JUL 1     47.9                      41.2    6.7     50.9
  SNOW DEPTH       0

DEGREE DAYS
 HEATING
  YESTERDAY        0                         3     -3        0
  MONTH TO DATE    2                        16    -14        4
  SINCE JUN 1      2                        16    -14        4
  SINCE JUL 1   6673                      7651   -978     6629

 COOLING
  YESTERDAY        4                         3      1        5
  MONTH TO DATE   33                        13     20       12
  SINCE JUN 1     33                        13     20       12
  SINCE JAN 1     58                        48     10       53
..................................................................


WIND (MPH)
  HIGHEST WIND SPEED    20   HIGHEST WIND DIRECTION     N (20)
  HIGHEST GUST SPEED    32   HIGHEST GUST DIRECTION    NE (30)
  AVERAGE WIND SPEED    10.6


SKY COVER
  POSSIBLE SUNSHINE  MM
  AVERAGE SKY COVER 0.0


WEATHER CONDITIONS
 THE FOLLOWING WEATHER WAS RECORDED YESTERDAY.
  NO SIGNIFICANT WEATHER WAS OBSERVED.


RELATIVE HUMIDITY (PERCENT)
 HIGHEST    77           500 AM
 LOWEST     27           300 PM
 AVERAGE    52

..........................................................


THE MASON CITY IA CLIMATE NORMALS FOR TODAY
                         NORMAL    RECORD    YEAR
 MAXIMUM TEMPERATURE (F)   77        98      2011
 MINIMUM TEMPERATURE (F)   54        34      1894


SUNRISE AND SUNSET
JUNE  6 2017..........SUNRISE   534 AM CDT   SUNSET   850 PM CDT
JUNE  7 2017..........SUNRISE   534 AM CDT   SUNSET   851 PM CDT


-  INDICATES NEGATIVE NUMBERS.
R  INDICATES RECORD WAS SET OR TIED.
MM INDICATES DATA IS MISSING.
T  INDICATES TRACE AMOUNT.




$$
