000
CDUS43 KDMX 080800 RRA
CLIMCW

CLIMATE REPORT
NATIONAL WEATHER SERVICE DES MOINES IA
207 AM CDT FRI JUL 8 2016

...................................

...THE MASON CITY IA CLIMATE SUMMARY FOR JULY 7 2016...

CLIMATE NORMAL PERIOD 1981 TO 2010
CLIMATE RECORD PERIOD 1893 TO 2016

WEATHER ITEM   OBSERVED TIME   RECORD YEAR NORMAL DEPARTURE LAST
                VALUE   (LST)  VALUE       VALUE  FROM      YEAR
                                                  NORMAL
..................................................................
TEMPERATURE (F)
 YESTERDAY
  MAXIMUM         83    341 PM 104    1936  84     -1       69
  MINIMUM         65    648 AM  42    1896  61      4       51
  AVERAGE         74                        72      2       60

PRECIPITATION (IN)
  YESTERDAY        0.48          2.44 1952   0.16   0.32     0.00
  MONTH TO DATE    0.74                      1.08  -0.34     0.31
  SINCE JUN 1      7.25                      6.22   1.03     5.35
  SINCE JAN 1     18.47                     18.70  -0.23    16.35

SNOWFALL (IN)
  YESTERDAY        0.0          MM      MM   0.0    0.0      0.0
  MONTH TO DATE    0.0                       0.0    0.0      0.0
  SINCE JUN 1      0.0                       0.0    0.0      0.0
  SINCE JUL 1      0.0                       0.0    0.0      0.0
  SNOW DEPTH       0

DEGREE DAYS
 HEATING
  YESTERDAY        0                         0      0        5
  MONTH TO DATE   10                         0     10       17
  SINCE JUN 1     18                        44    -26       29
  SINCE JUL 1     10                         0     10       17

 COOLING
  YESTERDAY        9                         7      2        0
  MONTH TO DATE   26                        49    -23       17
  SINCE JUN 1    212                       187     25      153
  SINCE JAN 1    253                       222     31      183
..................................................................

WIND (MPH)
  HIGHEST WIND SPEED    41   HIGHEST WIND DIRECTION    SW (220)
  HIGHEST GUST SPEED    53   HIGHEST GUST DIRECTION     W (250)
  AVERAGE WIND SPEED     8.7

SKY COVER
  POSSIBLE SUNSHINE  MM
  AVERAGE SKY COVER 0.4

WEATHER CONDITIONS
 THE FOLLOWING WEATHER WAS RECORDED YESTERDAY.
  THUNDERSTORM
  HEAVY RAIN
  RAIN
  LIGHT RAIN
  FOG

RELATIVE HUMIDITY (PERCENT)
 HIGHEST    93           100 AM
 LOWEST     58           300 PM
 AVERAGE    76
..........................................................

THE MASON CITY IA CLIMATE NORMALS FOR TODAY
                         NORMAL    RECORD    YEAR
 MAXIMUM TEMPERATURE (F)   84       100      1936
 MINIMUM TEMPERATURE (F)   61        39      1895

SUNRISE AND SUNSET
JULY  8 2016..........SUNRISE   542 AM CDT   SUNSET   854 PM CDT
JULY  9 2016..........SUNRISE   543 AM CDT   SUNSET   854 PM CDT

-  INDICATES NEGATIVE NUMBERS.
R  INDICATES RECORD WAS SET OR TIED.
MM INDICATES DATA IS MISSING.
T  INDICATES TRACE AMOUNT.

$$

FAB
