000
CDUS43 KDMX 040710 RRA
CLIMCW

CLIMATE REPORT
NATIONAL WEATHER SERVICE DES MOINES IA
131 AM CDT THU JUN 4 2015

...................................

...THE MASON CITY IA CLIMATE SUMMARY FOR JUNE 3 2015...

CLIMATE NORMAL PERIOD 1981 TO 2010
CLIMATE RECORD PERIOD 1893 TO 2015


WEATHER ITEM   OBSERVED TIME   RECORD YEAR NORMAL DEPARTURE LAST
                VALUE   (LST)  VALUE       VALUE  FROM      YEAR
                                                  NORMAL
..................................................................
TEMPERATURE (F)
 YESTERDAY
  MAXIMUM         79    505 PM  97    2011  76      3       75
  MINIMUM         58   1143 PM  34    1928  53      5       53
  AVERAGE         69                        64      5       64

PRECIPITATION (IN)
  YESTERDAY        0.02          2.88 1958   0.17  -0.15     0.03
  MONTH TO DATE    0.02                      0.51  -0.49     1.30
  SINCE JUN 1      0.02                      0.51  -0.49     1.30
  SINCE JAN 1     11.02                     12.99  -1.97    15.34

SNOWFALL (IN)
  YESTERDAY        0.0          MM      MM   0.0    0.0      0.0
  MONTH TO DATE    0.0                       0.0    0.0      0.0
  SINCE JUN 1      0.0                       0.0    0.0      0.0
  SINCE JUL 1     40.0                      41.2   -1.2     58.0
  SNOW DEPTH       0

DEGREE DAYS
 HEATING
  YESTERDAY        0                         3     -3        1
  MONTH TO DATE   10                        10      0        1
  SINCE JUN 1     10                        10      0        1
  SINCE JUL 1   7694                      7645     49     8612

 COOLING
  YESTERDAY        4                         3      1        0
  MONTH TO DATE    4                         7     -3       17
  SINCE JUN 1      4                         7     -3       17
  SINCE JAN 1     34                        42     -8       70
..................................................................


WIND (MPH)
  HIGHEST WIND SPEED    26   HIGHEST WIND DIRECTION    SE (130)
  HIGHEST GUST SPEED    31   HIGHEST GUST DIRECTION    SE (130)
  AVERAGE WIND SPEED    11.5


SKY COVER
  POSSIBLE SUNSHINE  MM
  AVERAGE SKY COVER 0.6


WEATHER CONDITIONS
 THE FOLLOWING WEATHER WAS RECORDED YESTERDAY.
  LIGHT RAIN
  FOG


RELATIVE HUMIDITY (PERCENT)
 HIGHEST    97          1100 PM
 LOWEST     64           100 PM
 AVERAGE    81

..........................................................


THE MASON CITY IA CLIMATE NORMALS FOR TODAY
                         NORMAL    RECORD    YEAR
 MAXIMUM TEMPERATURE (F)   76        96      1968
 MINIMUM TEMPERATURE (F)   53        33      1945


SUNRISE AND SUNSET
JUNE  4 2015..........SUNRISE   535 AM CDT   SUNSET   848 PM CDT
JUNE  5 2015..........SUNRISE   535 AM CDT   SUNSET   849 PM CDT


-  INDICATES NEGATIVE NUMBERS.
R  INDICATES RECORD WAS SET OR TIED.
MM INDICATES DATA IS MISSING.
T  INDICATES TRACE AMOUNT.




$$
