000
CDUS43 KDMX 010645 RRA
CLIMCW

CLIMATE REPORT
NATIONAL WEATHER SERVICE DES MOINES IA
1243 AM CST SAT MAR 1 2014


...................................

...THE MASON CITY IA CLIMATE SUMMARY FOR FEBRUARY 28 2014...

CLIMATE NORMAL PERIOD 1981 TO 2010
CLIMATE RECORD PERIOD 1893 TO 2014


WEATHER ITEM   OBSERVED TIME   RECORD YEAR NORMAL DEPARTURE LAST
                VALUE   (LST)  VALUE       VALUE  FROM      YEAR
                                                  NORMAL
..................................................................
TEMPERATURE (F)
 YESTERDAY
  MAXIMUM         19    407 PM  60    2000  34    -15       30
  MINIMUM        -11   1217 AM -22    1962  17    -28       20
  AVERAGE          4                        26    -22       25

PRECIPITATION (IN)
  YESTERDAY        0.07          0.61 1939   0.05   0.02      T
  MONTH TO DATE    0.52                      1.00  -0.48     1.24
  SINCE DEC 1      2.59                      3.06  -0.47     3.20
  SINCE JAN 1      1.35                      1.82  -0.47     1.71

SNOWFALL (IN)
  YESTERDAY        1.1           9.0  1939   0.2    0.9       T
  MONTH TO DATE   20.5                       7.7   12.8      8.8
  SINCE DEC 1     44.6                      27.8   16.8     22.0
  SINCE JUL 1     46.1                      32.5   13.6     22.0
  SNOW DEPTH      18

DEGREE DAYS
 HEATING
  YESTERDAY       61                        39     22       40
  MONTH TO DATE 1576                      1240    336     1239
  SINCE DEC 1   4882                      4171    711     3959
  SINCE JUL 1   6546                      5851    695     5561

 COOLING
  YESTERDAY        0                         0      0        0
  MONTH TO DATE    0                         0      0        0
  SINCE DEC 1      0                         0      0        0
  SINCE JAN 1      0                         0      0        0
..................................................................


WIND (MPH)
  HIGHEST WIND SPEED    24   HIGHEST WIND DIRECTION    SE (150)
  HIGHEST GUST SPEED    28   HIGHEST GUST DIRECTION    SE (140)
  AVERAGE WIND SPEED    13.8


SKY COVER
  POSSIBLE SUNSHINE  MM
  AVERAGE SKY COVER 0.7


WEATHER CONDITIONS
 THE FOLLOWING WEATHER WAS RECORDED YESTERDAY.
  LIGHT SNOW
  FOG


RELATIVE HUMIDITY (PERCENT)
 HIGHEST    92           500 PM
 LOWEST     64          1200 AM
 AVERAGE    78

..........................................................


THE MASON CITY IA CLIMATE NORMALS FOR TODAY
                         NORMAL    RECORD    YEAR
 MAXIMUM TEMPERATURE (F)   35        63      1923
 MINIMUM TEMPERATURE (F)   18       -28      1962


SUNRISE AND SUNSET
MARCH  1 2014.........SUNRISE   649 AM CST   SUNSET   603 PM CST
MARCH  2 2014.........SUNRISE   648 AM CST   SUNSET   604 PM CST


-  INDICATES NEGATIVE NUMBERS.
R  INDICATES RECORD WAS SET OR TIED.
MM INDICATES DATA IS MISSING.
T  INDICATES TRACE AMOUNT.




$$
