000
CDUS43 KDMX 010630
CLIMCW

CLIMATE REPORT
NATIONAL WEATHER SERVICE DES MOINES IA
1227 AM CST THU JAN 1 2015

...................................

...THE MASON CITY IA CLIMATE SUMMARY FOR DECEMBER 31 2014...

CLIMATE NORMAL PERIOD 1981 TO 2010
CLIMATE RECORD PERIOD 1893 TO 2014


WEATHER ITEM   OBSERVED TIME   RECORD YEAR NORMAL DEPARTURE LAST
                VALUE   (LST)  VALUE       VALUE  FROM      YEAR
                                                  NORMAL
..................................................................
TEMPERATURE (F)
 YESTERDAY
  MAXIMUM         16    339 PM  52    1965  25     -9        3
  MINIMUM         -7    317 AM -25    1898   8    -15       -8
  AVERAGE          5                        16    -11       -2

PRECIPITATION (IN)
  YESTERDAY        0.00          1.33 2006   0.03  -0.03     0.23
  MONTH TO DATE    0.96                      1.24  -0.28     1.17
  SINCE DEC 1      0.96                      1.24  -0.28     1.17
  SINCE JAN 1     35.07                     35.20  -0.13    39.00

SNOWFALL (IN)
  YESTERDAY        0.0           5.0  1977   0.3   -0.3      3.2
  MONTH TO DATE    2.8                       9.3   -6.5     14.9
  SINCE DEC 1      2.8                       9.3   -6.5     14.9
  SINCE JUL 1     10.8                      14.0   -3.2     16.4
  SNOW DEPTH       4

DEGREE DAYS
 HEATING
  YESTERDAY       60                        49     11       67
  MONTH TO DATE 1226                      1409   -183     1580
  SINCE DEC 1   1226                      1409   -183     1580
  SINCE JUL 1   3125                      3089     36     3244

 COOLING
  YESTERDAY        0                         0      0        0
  MONTH TO DATE    0                         0      0        0
  SINCE DEC 1      0                         0      0        0
  SINCE JAN 1    544                       616    -72      718
..................................................................


WIND (MPH)
  HIGHEST WIND SPEED    29   HIGHEST WIND DIRECTION    SW (240)
  HIGHEST GUST SPEED    37   HIGHEST GUST DIRECTION    SW (220)
  AVERAGE WIND SPEED    16.8


SKY COVER
  POSSIBLE SUNSHINE  MM
  AVERAGE SKY COVER 0.0


WEATHER CONDITIONS
 THE FOLLOWING WEATHER WAS RECORDED YESTERDAY.
  NO SIGNIFICANT WEATHER WAS OBSERVED.


RELATIVE HUMIDITY (PERCENT)
 HIGHEST    83           300 AM
 LOWEST     61           300 PM
 AVERAGE    72

..........................................................


THE MASON CITY IA CLIMATE NORMALS FOR TODAY
                         NORMAL    RECORD    YEAR
 MAXIMUM TEMPERATURE (F)   25        54      1897
 MINIMUM TEMPERATURE (F)    8       -24      1974


SUNRISE AND SUNSET
JANUARY  1 2015.......SUNRISE   745 AM CST   SUNSET   449 PM CST
JANUARY  2 2015.......SUNRISE   745 AM CST   SUNSET   450 PM CST


-  INDICATES NEGATIVE NUMBERS.
R  INDICATES RECORD WAS SET OR TIED.
MM INDICATES DATA IS MISSING.
T  INDICATES TRACE AMOUNT.

$$

REV
