000
CDUS43 KDMX 170709 RRC
CLIMCW

CLIMATE REPORT
NATIONAL WEATHER SERVICE DES MOINES IA
107 AM CST SUN JAN 17 2016


...................................

...THE MASON CITY IA CLIMATE SUMMARY FOR JANUARY 16 2016...

CLIMATE NORMAL PERIOD 1981 TO 2010
CLIMATE RECORD PERIOD 1893 TO 2016


WEATHER ITEM   OBSERVED TIME   RECORD YEAR NORMAL DEPARTURE LAST
                VALUE   (LST)  VALUE       VALUE  FROM      YEAR
                                                  NORMAL
..................................................................
TEMPERATURE (F)
 YESTERDAY
  MAXIMUM          8    247 AM  44    1990  24    -16       38
  MINIMUM        -10   1159 PM -31    2009   7    -17       15
  AVERAGE         -1                        16    -17       27

PRECIPITATION (IN)
  YESTERDAY        T             1.10 1897   0.03  -0.03     0.00
  MONTH TO DATE    0.30                      0.42  -0.12     0.57
  SINCE DEC 1      3.93                      1.66   2.27     1.67
  SINCE JAN 1      0.30                      0.42  -0.12     0.57

SNOWFALL (IN)
  YESTERDAY        T             5.0  1930   0.4   -0.4      0.0
  MONTH TO DATE    2.5                       5.3   -2.8      7.6
  SINCE DEC 1     16.5                      14.6    1.9     13.3
  SINCE JUL 1     26.5                      19.3    7.2     21.3
  SNOW DEPTH      MM

DEGREE DAYS
 HEATING
  YESTERDAY       66                        49     17       38
  MONTH TO DATE  798                       784     14      884
  SINCE DEC 1   1863                      2193   -330     2110
  SINCE JUL 1   3218                      3873   -655     4009

 COOLING
  YESTERDAY        0                         0      0        0
  MONTH TO DATE    0                         0      0        0
  SINCE DEC 1      0                         0      0        0
  SINCE JAN 1      0                         0      0        0
..................................................................


WIND (MPH)
  HIGHEST WIND SPEED    24   HIGHEST WIND DIRECTION    NW (310)
  HIGHEST GUST SPEED    29   HIGHEST GUST DIRECTION    NW (310)
  AVERAGE WIND SPEED    16.6


SKY COVER
  POSSIBLE SUNSHINE  MM
  AVERAGE SKY COVER 0.5


WEATHER CONDITIONS
 THE FOLLOWING WEATHER WAS RECORDED YESTERDAY.
  LIGHT SNOW
  HAZE


RELATIVE HUMIDITY (PERCENT)
 HIGHEST    87           100 AM
 LOWEST     65           800 PM
 AVERAGE    76

..........................................................


THE MASON CITY IA CLIMATE NORMALS FOR TODAY
                         NORMAL    RECORD    YEAR
 MAXIMUM TEMPERATURE (F)   25        49      1996
 MINIMUM TEMPERATURE (F)    7       -24      1930


SUNRISE AND SUNSET
JANUARY 17 2016.......SUNRISE   741 AM CST   SUNSET   506 PM CST
JANUARY 18 2016.......SUNRISE   741 AM CST   SUNSET   507 PM CST


-  INDICATES NEGATIVE NUMBERS.
R  INDICATES RECORD WAS SET OR TIED.
MM INDICATES DATA IS MISSING.
T  INDICATES TRACE AMOUNT.




$$
