000
CDUS43 KDMX 050651 RRA
CLIMCW

CLIMATE REPORT
NATIONAL WEATHER SERVICE DES MOINES IA
149 AM CDT SAT AUG 5 2017

...................................

...THE MASON CITY IA CLIMATE SUMMARY FOR AUGUST 4 2017...

CLIMATE NORMAL PERIOD 1981 TO 2010
CLIMATE RECORD PERIOD 1893 TO 2017


WEATHER ITEM   OBSERVED TIME   RECORD YEAR NORMAL DEPARTURE LAST
                VALUE   (LST)  VALUE       VALUE  FROM      YEAR
                                                  NORMAL
..................................................................
TEMPERATURE (F)
 YESTERDAY
  MAXIMUM         76    321 PM 100    1947  82     -6       88
  MINIMUM         50   1219 AM  40    1894  60    -10       64
  AVERAGE         63                        71     -8       76

PRECIPITATION (IN)
  YESTERDAY        T             2.80 1903   0.14  -0.14     0.95
                                      2000
  MONTH TO DATE    0.50                      0.56  -0.06     0.98
  SINCE JUN 1      6.70                     10.40  -3.70    14.38
  SINCE JAN 1     20.85                     22.88  -2.03    25.59

SNOWFALL (IN)
  YESTERDAY        0.0          MM      MM   0.0    0.0      0.0
  MONTH TO DATE    0.0                       0.0    0.0      0.0
  SINCE JUN 1      0.0                       0.0    0.0      0.0
  SINCE JUL 1      0.0                       0.0    0.0      0.0
  SNOW DEPTH       0

DEGREE DAYS
 HEATING
  YESTERDAY        2                         0      2        0
  MONTH TO DATE    6                         0      6        0
  SINCE JUN 1     28                        53    -25       18
  SINCE JUL 1      7                         9     -2       10

 COOLING
  YESTERDAY        0                         6     -6       11
  MONTH TO DATE   12                        24    -12       41
  SINCE JUN 1    427                       383     44      444
  SINCE JAN 1    452                       418     34      485
..................................................................


WIND (MPH)
  HIGHEST WIND SPEED    20   HIGHEST WIND DIRECTION     N (340)
  HIGHEST GUST SPEED    26   HIGHEST GUST DIRECTION    NW (300)
  AVERAGE WIND SPEED     9.9


SKY COVER
  POSSIBLE SUNSHINE  MM
  AVERAGE SKY COVER 0.2


WEATHER CONDITIONS
 THE FOLLOWING WEATHER WAS RECORDED YESTERDAY.
  NO SIGNIFICANT WEATHER WAS OBSERVED.


RELATIVE HUMIDITY (PERCENT)
 HIGHEST    93          1000 PM
 LOWEST     44           500 PM
 AVERAGE    69

..........................................................


THE MASON CITY IA CLIMATE NORMALS FOR TODAY
                         NORMAL    RECORD    YEAR
 MAXIMUM TEMPERATURE (F)   82       100      1947
 MINIMUM TEMPERATURE (F)   60        42      1894


SUNRISE AND SUNSET
AUGUST  5 2017........SUNRISE   608 AM CDT   SUNSET   829 PM CDT
AUGUST  6 2017........SUNRISE   609 AM CDT   SUNSET   828 PM CDT


-  INDICATES NEGATIVE NUMBERS.
R  INDICATES RECORD WAS SET OR TIED.
MM INDICATES DATA IS MISSING.
T  INDICATES TRACE AMOUNT.

$$

ANSORGE
