000
CDUS43 KDMX 080638 RRA
CLIMCW

CLIMATE REPORT
NATIONAL WEATHER SERVICE DES MOINES IA
130 AM CDT SAT AUG 8 2015


...................................

...THE MASON CITY IA CLIMATE SUMMARY FOR AUGUST 7 2015...

CLIMATE NORMAL PERIOD 1981 TO 2010
CLIMATE RECORD PERIOD 1893 TO 2015


WEATHER ITEM   OBSERVED TIME   RECORD YEAR NORMAL DEPARTURE LAST
                VALUE   (LST)  VALUE       VALUE  FROM      YEAR
                                                  NORMAL
..................................................................
TEMPERATURE (F)
 YESTERDAY
  MAXIMUM         84    401 PM 102    1894  81      3       79
  MINIMUM         64   1142 PM  46    1989  59      5       59
  AVERAGE         74                        70      4       69

PRECIPITATION (IN)
  YESTERDAY        0.00          1.75 1991   0.13  -0.13     0.00
  MONTH TO DATE    0.00                      0.95  -0.95     0.01
  SINCE JUN 1     11.67                     10.79   0.88     9.56
  SINCE JAN 1     22.67                     23.27  -0.60    23.60

SNOWFALL (IN)
  YESTERDAY        0.0          MM      MM   0.0    0.0      0.0
  MONTH TO DATE    0.0                       0.0    0.0      0.0
  SINCE JUN 1      0.0                       0.0    0.0      0.0
  SINCE JUL 1      0.0                       0.0    0.0      0.0
  SNOW DEPTH       0

DEGREE DAYS
 HEATING
  YESTERDAY        0                         1     -1        0
  MONTH TO DATE    0                         2     -2        0
  SINCE JUN 1     33                        55    -22       34
  SINCE JUL 1     21                        11     10       21

 COOLING
  YESTERDAY        9                         6      3        4
  MONTH TO DATE   35                        42     -7       38
  SINCE JUN 1    388                       401    -13      294
  SINCE JAN 1    418                       436    -18      347
..................................................................


WIND (MPH)
  HIGHEST WIND SPEED    16   HIGHEST WIND DIRECTION    NW (300)
  HIGHEST GUST SPEED    20   HIGHEST GUST DIRECTION    NW (310)
  AVERAGE WIND SPEED     7.8


SKY COVER
  POSSIBLE SUNSHINE  MM
  AVERAGE SKY COVER 0.5


WEATHER CONDITIONS
 THE FOLLOWING WEATHER WAS RECORDED YESTERDAY.
  NO SIGNIFICANT WEATHER WAS OBSERVED.


RELATIVE HUMIDITY (PERCENT)
 HIGHEST    97           500 AM
 LOWEST     58           100 PM
 AVERAGE    78

..........................................................


THE MASON CITY IA CLIMATE NORMALS FOR TODAY
                         NORMAL    RECORD    YEAR
 MAXIMUM TEMPERATURE (F)   81       102      1934
 MINIMUM TEMPERATURE (F)   59        42      1922


SUNRISE AND SUNSET
AUGUST  8 2015........SUNRISE   611 AM CDT   SUNSET   826 PM CDT
AUGUST  9 2015........SUNRISE   612 AM CDT   SUNSET   825 PM CDT


-  INDICATES NEGATIVE NUMBERS.
R  INDICATES RECORD WAS SET OR TIED.
MM INDICATES DATA IS MISSING.
T  INDICATES TRACE AMOUNT.




$$
