000
CDUS43 KDMX 130634
CLIMCW

CLIMATE REPORT
NATIONAL WEATHER SERVICE DES MOINES IA
132 AM CDT WED APR 13 2016


...................................

...THE MASON CITY IA CLIMATE SUMMARY FOR APRIL 12 2016...

CLIMATE NORMAL PERIOD 1981 TO 2010
CLIMATE RECORD PERIOD 1893 TO 2016


WEATHER ITEM   OBSERVED TIME   RECORD YEAR NORMAL DEPARTURE LAST
                VALUE   (LST)  VALUE       VALUE  FROM      YEAR
                                                  NORMAL
..................................................................
TEMPERATURE (F)
 YESTERDAY
  MAXIMUM         57    429 PM  84    1985  57      0       72
  MINIMUM         17    417 AM  16    1939  34    -17       46
  AVERAGE         37                        45     -8       59

PRECIPITATION (IN)
  YESTERDAY        0.00          1.38 2010   0.13  -0.13      T
  MONTH TO DATE    0.12                      1.34  -1.22     2.37
  SINCE MAR 1      3.40                      3.57  -0.17     3.44
  SINCE JAN 1      4.64                      5.39  -0.75     5.51

SNOWFALL (IN)
  YESTERDAY        0.0           2.0  1952   0.1   -0.1      0.0
  MONTH TO DATE    T                         1.5   -1.5      0.6
  SINCE MAR 1      9.0                       7.5    1.5      4.2
  SINCE JUL 1     50.9                      40.0   10.9     40.0
  SNOW DEPTH       0

DEGREE DAYS
 HEATING
  YESTERDAY       28                        20      8        6
  MONTH TO DATE  328                       269     59      222
  SINCE MAR 1   1119                      1263   -144     1143
  SINCE JUL 1   6218                      7114   -896     7206

 COOLING
  YESTERDAY        0                         0      0        0
  MONTH TO DATE    0                         0      0        0
  SINCE MAR 1      0                         0      0        0
  SINCE JAN 1      0                         0      0        0
..................................................................


WIND (MPH)
  HIGHEST WIND SPEED    25   HIGHEST WIND DIRECTION     S (170)
  HIGHEST GUST SPEED    30   HIGHEST GUST DIRECTION     S (170)
  AVERAGE WIND SPEED    10.9


SKY COVER
  POSSIBLE SUNSHINE  MM
  AVERAGE SKY COVER 0.3


WEATHER CONDITIONS
 THE FOLLOWING WEATHER WAS RECORDED YESTERDAY.
  NO SIGNIFICANT WEATHER WAS OBSERVED.


RELATIVE HUMIDITY (PERCENT)
 HIGHEST    80           400 AM
 LOWEST     19           400 PM
 AVERAGE    50

..........................................................


THE MASON CITY IA CLIMATE NORMALS FOR TODAY
                         NORMAL    RECORD    YEAR
 MAXIMUM TEMPERATURE (F)   57        86      2006
 MINIMUM TEMPERATURE (F)   34        18      1950


SUNRISE AND SUNSET
APRIL 13 2016.........SUNRISE   634 AM CDT   SUNSET   754 PM CDT
APRIL 14 2016.........SUNRISE   632 AM CDT   SUNSET   756 PM CDT


-  INDICATES NEGATIVE NUMBERS.
R  INDICATES RECORD WAS SET OR TIED.
MM INDICATES DATA IS MISSING.
T  INDICATES TRACE AMOUNT.




$$
