000
CDUS43 KDMX 060637
CLIMCW

CLIMATE REPORT
NATIONAL WEATHER SERVICE DES MOINES IA
132 AM CDT WED SEP 6 2017


...................................

...THE MASON CITY IA CLIMATE SUMMARY FOR SEPTEMBER 5 2017...

CLIMATE NORMAL PERIOD 1981 TO 2010
CLIMATE RECORD PERIOD 1893 TO 2017


WEATHER ITEM   OBSERVED TIME   RECORD YEAR NORMAL DEPARTURE LAST
                VALUE   (LST)  VALUE       VALUE  FROM      YEAR
                                                  NORMAL
..................................................................
TEMPERATURE (F)
 YESTERDAY
  MAXIMUM         68    247 PM 100    1913  77     -9       87
  MINIMUM         48    520 AM  36    1935  53     -5       66
  AVERAGE         58                        65     -7       77

PRECIPITATION (IN)
  YESTERDAY        0.00          3.32 1985   0.12  -0.12     0.16
  MONTH TO DATE    0.03                      0.57  -0.54     0.16
  SINCE SEP 1      0.03                      0.57  -0.54     0.16
  SINCE JAN 1     22.95                     26.93  -3.98    31.42

SNOWFALL (IN)
  YESTERDAY        0.0          MM      MM   0.0    0.0      0.0
  MONTH TO DATE    0.0                       0.0    0.0      0.0
  SINCE SEP 1      0.0                       0.0    0.0      0.0
  SINCE JUL 1      0.0                       0.0    0.0      0.0
  SNOW DEPTH       0

DEGREE DAYS
 HEATING
  YESTERDAY        7                         3      4        0
  MONTH TO DATE   15                        12      3        7
  SINCE SEP 1     15                        12      3        7
  SINCE JUL 1     38                        48    -10       25

 COOLING
  YESTERDAY        0                         3     -3       12
  MONTH TO DATE    4                        16    -12       16
  SINCE SEP 1      4                        16    -12       16
  SINCE JAN 1    503                       572    -69      624
..................................................................


WIND (MPH)
  HIGHEST WIND SPEED    29   HIGHEST WIND DIRECTION    NW (310)
  HIGHEST GUST SPEED    35   HIGHEST GUST DIRECTION    NW (310)
  AVERAGE WIND SPEED    12.8


SKY COVER
  POSSIBLE SUNSHINE  MM
  AVERAGE SKY COVER 0.4


WEATHER CONDITIONS
 THE FOLLOWING WEATHER WAS RECORDED YESTERDAY.
  NO SIGNIFICANT WEATHER WAS OBSERVED.


RELATIVE HUMIDITY (PERCENT)
 HIGHEST    93          1200 AM
 LOWEST     40           300 PM
 AVERAGE    67

..........................................................


THE MASON CITY IA CLIMATE NORMALS FOR TODAY
                         NORMAL    RECORD    YEAR
 MAXIMUM TEMPERATURE (F)   77       103      1922
 MINIMUM TEMPERATURE (F)   53        37      2011


SUNRISE AND SUNSET
SEPTEMBER  6 2017.....SUNRISE   643 AM CDT   SUNSET   739 PM CDT
SEPTEMBER  7 2017.....SUNRISE   644 AM CDT   SUNSET   737 PM CDT


-  INDICATES NEGATIVE NUMBERS.
R  INDICATES RECORD WAS SET OR TIED.
MM INDICATES DATA IS MISSING.
T  INDICATES TRACE AMOUNT.




$$
