330
CDUS43 KDMX 290632 RRB
CLIMCW

CLIMATE REPORT
NATIONAL WEATHER SERVICE DES MOINES IA
131 AM CDT SAT JUL 29 2017


...................................

...THE MASON CITY IA CLIMATE SUMMARY FOR JULY 28 2017...

CLIMATE NORMAL PERIOD 1981 TO 2010
CLIMATE RECORD PERIOD 1893 TO 2017


WEATHER ITEM   OBSERVED TIME   RECORD YEAR NORMAL DEPARTURE LAST
                VALUE   (LST)  VALUE       VALUE  FROM      YEAR
                                                  NORMAL
..................................................................
TEMPERATURE (F)
 YESTERDAY
  MAXIMUM         83    248 PM 100    1916  82      1       76
  MINIMUM         58   1159 PM  43    1928  60     -2       62
  AVERAGE         71                        71      0       69

PRECIPITATION (IN)
  YESTERDAY        0.00          1.59 2002   0.14  -0.14      T
  MONTH TO DATE    2.84                      4.27  -1.43     6.79
  SINCE JUN 1      6.20                      9.41  -3.21    13.30
  SINCE JAN 1     20.35                     21.89  -1.54    24.51

SNOWFALL (IN)
  YESTERDAY        0.0          MM      MM   0.0    0.0      0.0
  MONTH TO DATE    0.0                       0.0    0.0      0.0
  SINCE JUN 1      0.0                       0.0    0.0      0.0
  SINCE JUL 1      0.0                       0.0    0.0      0.0
  SNOW DEPTH       0

DEGREE DAYS
 HEATING
  YESTERDAY        0                         0      0        0
  MONTH TO DATE    1                         0      1       10
  SINCE JUN 1     22                        44    -22       18
  SINCE JUL 1      1                         0      1       10

 COOLING
  YESTERDAY        6                         7     -1        4
  MONTH TO DATE  223                       198     25      201
  SINCE JUN 1    404                       336     68      387
  SINCE JAN 1    429                       371     58      428
..................................................................


WIND (MPH)
  HIGHEST WIND SPEED    10   HIGHEST WIND DIRECTION    NE (60)
  HIGHEST GUST SPEED    13   HIGHEST GUST DIRECTION    NE (60)
  AVERAGE WIND SPEED     4.9


SKY COVER
  POSSIBLE SUNSHINE  MM
  AVERAGE SKY COVER 0.1


WEATHER CONDITIONS
 THE FOLLOWING WEATHER WAS RECORDED YESTERDAY.
  FOG


RELATIVE HUMIDITY (PERCENT)
 HIGHEST    97           300 AM
 LOWEST     54          1200 PM
 AVERAGE    76

..........................................................


THE MASON CITY IA CLIMATE NORMALS FOR TODAY
                         NORMAL    RECORD    YEAR
 MAXIMUM TEMPERATURE (F)   82        99      1916
 MINIMUM TEMPERATURE (F)   60        45      1952


SUNRISE AND SUNSET
JULY 29 2017..........SUNRISE   601 AM CDT   SUNSET   838 PM CDT
JULY 30 2017..........SUNRISE   602 AM CDT   SUNSET   837 PM CDT


-  INDICATES NEGATIVE NUMBERS.
R  INDICATES RECORD WAS SET OR TIED.
MM INDICATES DATA IS MISSING.
T  INDICATES TRACE AMOUNT.




$$
