000
CDUS43 KDMX 300630 RRA
CLIMCW

CLIMATE REPORT
NATIONAL WEATHER SERVICE DES MOINES IA
1229 AM CST SUN NOV 30 2014


...................................

...THE MASON CITY IA CLIMATE SUMMARY FOR NOVEMBER 29 2014...

CLIMATE NORMAL PERIOD 1981 TO 2010
CLIMATE RECORD PERIOD 1893 TO 2014


WEATHER ITEM   OBSERVED TIME   RECORD YEAR NORMAL DEPARTURE LAST
                VALUE   (LST)  VALUE       VALUE  FROM      YEAR
                                                  NORMAL
..................................................................
TEMPERATURE (F)
 YESTERDAY
  MAXIMUM         47    322 PM  67    1998  35     12       32
  MINIMUM         20    758 AM  -8    1929  17      3        5
  AVERAGE         34                        26      8       19

PRECIPITATION (IN)
  YESTERDAY        0.00          0.73 1996   0.05  -0.05     0.00
  MONTH TO DATE    0.55                      1.83  -1.28     1.44
  SINCE SEP 1      5.31                      7.55  -2.24     4.45
  SINCE JAN 1     33.96                     33.91   0.05    37.83

SNOWFALL (IN)
  YESTERDAY        0.0           6.5  1919   0.2   -0.2      0.0
  MONTH TO DATE    8.0                       4.0    4.0      1.5
  SINCE SEP 1      8.0                       4.4    3.6      1.5
  SINCE JUL 1      8.0                       4.4    3.6      1.5
  SNOW DEPTH      MM

DEGREE DAYS
 HEATING
  YESTERDAY       31                        39     -8       46
  MONTH TO DATE 1124                       902    222      976
  SINCE SEP 1   1828                      1604    224     1596
  SINCE JUL 1   1849                      1640    209     1634

 COOLING
  YESTERDAY        0                         0      0        0
  MONTH TO DATE    0                         0      0        0
  SINCE SEP 1     33                        60    -27      126
  SINCE JAN 1    544                       616    -72      718
..................................................................


WIND (MPH)
  HIGHEST WIND SPEED    25   HIGHEST WIND DIRECTION    NW (330)
  HIGHEST GUST SPEED    29   HIGHEST GUST DIRECTION    NW (320)
  AVERAGE WIND SPEED     9.1


SKY COVER
  POSSIBLE SUNSHINE  MM
  AVERAGE SKY COVER 0.3


WEATHER CONDITIONS
 THE FOLLOWING WEATHER WAS RECORDED YESTERDAY.
  FOG


RELATIVE HUMIDITY (PERCENT)
 HIGHEST   100           900 AM
 LOWEST     57          1200 PM
 AVERAGE    79

..........................................................


THE MASON CITY IA CLIMATE NORMALS FOR TODAY
                         NORMAL    RECORD    YEAR
 MAXIMUM TEMPERATURE (F)   34        64      1932
 MINIMUM TEMPERATURE (F)   17        -9      1976


SUNRISE AND SUNSET
NOVEMBER 30 2014......SUNRISE   724 AM CST   SUNSET   440 PM CST
DECEMBER  1 2014......SUNRISE   725 AM CST   SUNSET   439 PM CST


-  INDICATES NEGATIVE NUMBERS.
R  INDICATES RECORD WAS SET OR TIED.
MM INDICATES DATA IS MISSING.
T  INDICATES TRACE AMOUNT.




$$
