101
CDUS43 KDMX 040634 RRA
CLIMCW

CLIMATE REPORT
NATIONAL WEATHER SERVICE DES MOINES IA
130 AM CDT SUN JUN 4 2017


...................................

...THE MASON CITY IA CLIMATE SUMMARY FOR JUNE 3 2017...

CLIMATE NORMAL PERIOD 1981 TO 2010
CLIMATE RECORD PERIOD 1893 TO 2017


WEATHER ITEM   OBSERVED TIME   RECORD YEAR NORMAL DEPARTURE LAST
                VALUE   (LST)  VALUE       VALUE  FROM      YEAR
                                                  NORMAL
..................................................................
TEMPERATURE (F)
 YESTERDAY
  MAXIMUM         92    348 PM  97    2011  76     16       86
  MINIMUM         66   1141 PM  34    1928  53     13       57
  AVERAGE         79                        64     15       72

PRECIPITATION (IN)
  YESTERDAY        T             2.88 1958   0.17  -0.17     0.63
  MONTH TO DATE    0.02                      0.51  -0.49     0.63
  SINCE JUN 1      0.02                      0.51  -0.49     0.63
  SINCE JAN 1     14.17                     12.99   1.18    11.84

SNOWFALL (IN)
  YESTERDAY        0.0          MM      MM   0.0    0.0      0.0
  MONTH TO DATE    0.0                       0.0    0.0      0.0
  SINCE JUN 1      0.0                       0.0    0.0      0.0
  SINCE JUL 1     47.9                      41.2    6.7     50.9
  SNOW DEPTH       0

DEGREE DAYS
 HEATING
  YESTERDAY        0                         3     -3        0
  MONTH TO DATE    2                        10     -8        4
  SINCE JUN 1      2                        10     -8        4
  SINCE JUL 1   6673                      7645   -972     6629

 COOLING
  YESTERDAY       14                         3     11        7
  MONTH TO DATE   20                         7     13        7
  SINCE JUN 1     20                         7     13        7
  SINCE JAN 1     45                        42      3       48
..................................................................


WIND (MPH)
  HIGHEST WIND SPEED    23   HIGHEST WIND DIRECTION    SW (240)
  HIGHEST GUST SPEED    32   HIGHEST GUST DIRECTION    SW (240)
  AVERAGE WIND SPEED    13.3


SKY COVER
  POSSIBLE SUNSHINE  MM
  AVERAGE SKY COVER 0.1


WEATHER CONDITIONS
 THE FOLLOWING WEATHER WAS RECORDED YESTERDAY.
  LIGHT RAIN


RELATIVE HUMIDITY (PERCENT)
 HIGHEST    70           500 AM
 LOWEST     26           300 PM
 AVERAGE    48

..........................................................


THE MASON CITY IA CLIMATE NORMALS FOR TODAY
                         NORMAL    RECORD    YEAR
 MAXIMUM TEMPERATURE (F)   76        96      1968
 MINIMUM TEMPERATURE (F)   53        33      1945


SUNRISE AND SUNSET
JUNE  4 2017..........SUNRISE   535 AM CDT   SUNSET   849 PM CDT
JUNE  5 2017..........SUNRISE   535 AM CDT   SUNSET   849 PM CDT


-  INDICATES NEGATIVE NUMBERS.
R  INDICATES RECORD WAS SET OR TIED.
MM INDICATES DATA IS MISSING.
T  INDICATES TRACE AMOUNT.




$$
