000
CDUS43 KDMX 010628
CLIMCW

CLIMATE REPORT
NATIONAL WEATHER SERVICE DES MOINES IA
126 AM CDT WED NOV 1 2017


...................................

...THE MASON CITY IA CLIMATE SUMMARY FOR OCTOBER 31 2017...

CLIMATE NORMAL PERIOD 1981 TO 2010
CLIMATE RECORD PERIOD 1893 TO 2017


WEATHER ITEM   OBSERVED TIME   RECORD YEAR NORMAL DEPARTURE LAST
                VALUE   (LST)  VALUE       VALUE  FROM      YEAR
                                                  NORMAL
..................................................................
TEMPERATURE (F)
 YESTERDAY
  MAXIMUM         33    226 PM  80    1950  53    -20       56
  MINIMUM         19    702 AM   8    1925  32    -13       40
  AVERAGE         26                        42    -16       48

PRECIPITATION (IN)
  YESTERDAY        0.00          2.15 1935   0.07  -0.07     0.00
  MONTH TO DATE    4.89                      2.45   2.44     2.16
  SINCE SEP 1      7.26                      5.72   1.54    13.19
  SINCE JAN 1     30.18                     32.08  -1.90    44.45

SNOWFALL (IN)
  YESTERDAY        0.0           1.3  1995   0.0    0.0      0.0
  MONTH TO DATE    0.2                       0.4   -0.2      0.0
  SINCE SEP 1      0.2                       0.4   -0.2      0.0
  SINCE JUL 1      0.2                       0.4   -0.2      0.0
  SNOW DEPTH       0

DEGREE DAYS
 HEATING
  YESTERDAY       39                        23     16       17
  MONTH TO DATE  452                       523    -71      402
  SINCE SEP 1    540                       702   -162      473
  SINCE JUL 1    563                       738   -175      491

 COOLING
  YESTERDAY        0                         0      0        0
  MONTH TO DATE    3                         6     -3        4
  SINCE SEP 1    104                        60     44       89
  SINCE JAN 1    603                       616    -13      697
..................................................................


WIND (MPH)
  HIGHEST WIND SPEED    24   HIGHEST WIND DIRECTION    NW (300)
  HIGHEST GUST SPEED    31   HIGHEST GUST DIRECTION    NW (310)
  AVERAGE WIND SPEED    10.1


SKY COVER
  POSSIBLE SUNSHINE  MM
  AVERAGE SKY COVER 0.4


WEATHER CONDITIONS
 THE FOLLOWING WEATHER WAS RECORDED YESTERDAY.
  NO SIGNIFICANT WEATHER WAS OBSERVED.


RELATIVE HUMIDITY (PERCENT)
 HIGHEST    84           700 AM
 LOWEST     49           100 PM
 AVERAGE    67

..........................................................


THE MASON CITY IA CLIMATE NORMALS FOR TODAY
                         NORMAL    RECORD    YEAR
 MAXIMUM TEMPERATURE (F)   52        78      1933
 MINIMUM TEMPERATURE (F)   31        11      1951


SUNRISE AND SUNSET
NOVEMBER  1 2017......SUNRISE   748 AM CDT   SUNSET   605 PM CDT
NOVEMBER  2 2017......SUNRISE   750 AM CDT   SUNSET   603 PM CDT


-  INDICATES NEGATIVE NUMBERS.
R  INDICATES RECORD WAS SET OR TIED.
MM INDICATES DATA IS MISSING.
T  INDICATES TRACE AMOUNT.




$$
