000
CDUS43 KDMX 250634 RRA
CLIMCW

CLIMATE REPORT
NATIONAL WEATHER SERVICE DES MOINES IA
133 AM CDT MON AUG 25 2014


...................................

...THE MASON CITY IA CLIMATE SUMMARY FOR AUGUST 24 2014...

CLIMATE NORMAL PERIOD 1981 TO 2010
CLIMATE RECORD PERIOD 1893 TO 2014


WEATHER ITEM   OBSERVED TIME   RECORD YEAR NORMAL DEPARTURE LAST
                VALUE   (LST)  VALUE       VALUE  FROM      YEAR
                                                  NORMAL
..................................................................
TEMPERATURE (F)
 YESTERDAY
  MAXIMUM         91    250 PM  99    1948  80     11       84
  MINIMUM         69   1159 PM  37    1934  57     12       67
  AVERAGE         80                        68     12       76

PRECIPITATION (IN)
  YESTERDAY        0.58          2.55 1905   0.13   0.45      T
  MONTH TO DATE    2.77                      3.17  -0.40     2.26
  SINCE JUN 1     12.31                     13.01  -0.70    11.94
  SINCE JAN 1     26.35                     25.49   0.86    33.38

SNOWFALL (IN)
  YESTERDAY        0.0          MM      MM   0.0    0.0      0.0
  MONTH TO DATE    0.0                       0.0    0.0      0.0
  SINCE JUN 1      0.0                       0.0    0.0      0.0
  SINCE JUL 1      0.0                       0.0    0.0      0.0
  SNOW DEPTH       0

DEGREE DAYS
 HEATING
  YESTERDAY        0                         1     -1        0
  MONTH TO DATE    0                        19    -19       18
  SINCE JUN 1     34                        72    -38       91
  SINCE JUL 1     21                        28     -7       38

 COOLING
  YESTERDAY       15                         5     10       11
  MONTH TO DATE  166                       134     32       77
  SINCE JUN 1    422                       493    -71      448
  SINCE JAN 1    475                       528    -53      485
..................................................................


WIND (MPH)
  HIGHEST WIND SPEED    28   HIGHEST WIND DIRECTION     W (270)
  HIGHEST GUST SPEED    38   HIGHEST GUST DIRECTION     W (270)
  AVERAGE WIND SPEED    10.5


SKY COVER
  POSSIBLE SUNSHINE  MM
  AVERAGE SKY COVER 0.5


WEATHER CONDITIONS
 THE FOLLOWING WEATHER WAS RECORDED YESTERDAY.
  THUNDERSTORM
  HEAVY RAIN
  RAIN
  LIGHT RAIN
  FOG


RELATIVE HUMIDITY (PERCENT)
 HIGHEST   100           100 AM
 LOWEST     59           100 PM
 AVERAGE    80

..........................................................


THE MASON CITY IA CLIMATE NORMALS FOR TODAY
                         NORMAL    RECORD    YEAR
 MAXIMUM TEMPERATURE (F)   80        96      1948
 MINIMUM TEMPERATURE (F)   57        35      1915


SUNRISE AND SUNSET
AUGUST 25 2014........SUNRISE   630 AM CDT   SUNSET   800 PM CDT
AUGUST 26 2014........SUNRISE   631 AM CDT   SUNSET   758 PM CDT


-  INDICATES NEGATIVE NUMBERS.
R  INDICATES RECORD WAS SET OR TIED.
MM INDICATES DATA IS MISSING.
T  INDICATES TRACE AMOUNT.




$$
