000
CDUS43 KDMX 180631
CLIMCW

CLIMATE REPORT
NATIONAL WEATHER SERVICE DES MOINES IA
1228 AM CST MON JAN 18 2016

...................................

...THE MASON CITY IA CLIMATE SUMMARY FOR JANUARY 17 2016...

CLIMATE NORMAL PERIOD 1981 TO 2010
CLIMATE RECORD PERIOD 1893 TO 2016


WEATHER ITEM   OBSERVED TIME   RECORD YEAR NORMAL DEPARTURE LAST
                VALUE   (LST)  VALUE       VALUE  FROM      YEAR
                                                  NORMAL
..................................................................
TEMPERATURE (F)
 YESTERDAY
  MAXIMUM         -6    304 PM  49    1996  25    -31       39
  MINIMUM        -16    815 AM -24    1930   7    -23       26
  AVERAGE        -11                        16    -27       33

PRECIPITATION (IN)
  YESTERDAY        0.00          0.50 1932   0.02  -0.02     0.00
  MONTH TO DATE    0.30                      0.44  -0.14     0.57
  SINCE DEC 1      3.93                      1.68   2.25     1.67
  SINCE JAN 1      0.30                      0.44  -0.14     0.57

SNOWFALL (IN)
  YESTERDAY        0.0          10.0  1932   0.3   -0.3      0.0
  MONTH TO DATE    2.5                       5.6   -3.1      7.6
  SINCE DEC 1     16.5                      14.9    1.6     13.3
  SINCE JUL 1     26.5                      19.6    6.9     21.3
  SNOW DEPTH       0

DEGREE DAYS
 HEATING
  YESTERDAY       76                        49     27       32
  MONTH TO DATE  874                       833     41      916
  SINCE DEC 1   1939                      2242   -303     2142
  SINCE JUL 1   3294                      3922   -628     4041

 COOLING
  YESTERDAY        0                         0      0        0
  MONTH TO DATE    0                         0      0        0
  SINCE DEC 1      0                         0      0        0
  SINCE JAN 1      0                         0      0        0
..................................................................


WIND (MPH)
  HIGHEST WIND SPEED    21   HIGHEST WIND DIRECTION    NW (300)
  HIGHEST GUST SPEED    24   HIGHEST GUST DIRECTION    NW (310)
  AVERAGE WIND SPEED    13.8


SKY COVER
  POSSIBLE SUNSHINE  MM
  AVERAGE SKY COVER 0.0


WEATHER CONDITIONS
 THE FOLLOWING WEATHER WAS RECORDED YESTERDAY.
  NO SIGNIFICANT WEATHER WAS OBSERVED.


RELATIVE HUMIDITY (PERCENT)
 HIGHEST    81           500 AM
 LOWEST     64          1100 AM
 AVERAGE    73

..........................................................


THE MASON CITY IA CLIMATE NORMALS FOR TODAY
                         NORMAL    RECORD    YEAR
 MAXIMUM TEMPERATURE (F)   25        50      1944
 MINIMUM TEMPERATURE (F)    7       -30      1967


SUNRISE AND SUNSET
JANUARY 18 2016.......SUNRISE   741 AM CST   SUNSET   507 PM CST
JANUARY 19 2016.......SUNRISE   740 AM CST   SUNSET   508 PM CST


-  INDICATES NEGATIVE NUMBERS.
R  INDICATES RECORD WAS SET OR TIED.
MM INDICATES DATA IS MISSING.
T  INDICATES TRACE AMOUNT.

$$

REV
