000
CDUS43 KDMX 060637
CLIMCW

CLIMATE REPORT
NATIONAL WEATHER SERVICE DES MOINES IA
1236 AM CST FRI JAN 6 2017

...................................

...THE MASON CITY IA CLIMATE SUMMARY FOR JANUARY 5 2017...

CLIMATE NORMAL PERIOD 1981 TO 2010
CLIMATE RECORD PERIOD 1893 TO 2017


WEATHER ITEM   OBSERVED TIME   RECORD YEAR NORMAL DEPARTURE LAST
                VALUE   (LST)  VALUE       VALUE  FROM      YEAR
                                                  NORMAL
..................................................................
TEMPERATURE (F)
 YESTERDAY
  MAXIMUM          3    437 AM  57    2012  25    -22       26
  MINIMUM         -7   1159 PM -31    1924   8    -15       15
  AVERAGE         -2                        16    -18       21

PRECIPITATION (IN)
  YESTERDAY        T             1.40 1897   0.02  -0.02     0.00
  MONTH TO DATE    0.15                      0.13   0.02      T
  SINCE DEC 1      2.31                      1.37   0.94     3.63
  SINCE JAN 1      0.15                      0.13   0.02      T

SNOWFALL (IN)
  YESTERDAY        T             7.0  1929   0.3   -0.3      0.0
  MONTH TO DATE    T                         1.5   -1.5       T
  SINCE DEC 1     14.9                      10.8    4.1     14.0
  SINCE JUL 1     14.9                      15.5   -0.6     24.0
  SNOW DEPTH       6

DEGREE DAYS
 HEATING
  YESTERDAY       67                        49     18       44
  MONTH TO DATE  253                       245      8      221
  SINCE DEC 1   1644                      1654    -10     1286
  SINCE JUL 1   2808                      3334   -526     2641

 COOLING
  YESTERDAY        0                         0      0        0
  MONTH TO DATE    0                         0      0        0
  SINCE DEC 1      0                         0      0        0
  SINCE JAN 1      0                         0      0        0
..................................................................


WIND (MPH)
  HIGHEST WIND SPEED    18   HIGHEST WIND DIRECTION    NW (310)
  HIGHEST GUST SPEED    21   HIGHEST GUST DIRECTION    NW (320)
  AVERAGE WIND SPEED    11.5


SKY COVER
  POSSIBLE SUNSHINE  MM
  AVERAGE SKY COVER 0.4


WEATHER CONDITIONS
 THE FOLLOWING WEATHER WAS RECORDED YESTERDAY.
  HAZE


RELATIVE HUMIDITY (PERCENT)
 HIGHEST    87           400 AM
 LOWEST     65          1100 AM
 AVERAGE    76

..........................................................


THE MASON CITY IA CLIMATE NORMALS FOR TODAY
                         NORMAL    RECORD    YEAR
 MAXIMUM TEMPERATURE (F)   25        50      1933
 MINIMUM TEMPERATURE (F)    7       -29      1988


SUNRISE AND SUNSET
JANUARY  6 2017.......SUNRISE   745 AM CST   SUNSET   454 PM CST
JANUARY  7 2017.......SUNRISE   745 AM CST   SUNSET   455 PM CST


-  INDICATES NEGATIVE NUMBERS.
R  INDICATES RECORD WAS SET OR TIED.
MM INDICATES DATA IS MISSING.
T  INDICATES TRACE AMOUNT.

$$

SMALL
