435
CDUS43 KDMX 010739
CLIMCW

CLIMATE REPORT
NATIONAL WEATHER SERVICE DES MOINES IA
133 AM CDT FRI SEP 1 2017

...................................

...THE MASON CITY IA CLIMATE SUMMARY FOR AUGUST 31 2017...

CLIMATE NORMAL PERIOD 1981 TO 2010
CLIMATE RECORD PERIOD 1893 TO 2017

WEATHER ITEM   OBSERVED TIME   RECORD YEAR NORMAL DEPARTURE LAST
                VALUE   (LST)  VALUE       VALUE  FROM      YEAR
                                                  NORMAL
..................................................................
TEMPERATURE (F)
 YESTERDAY
  MAXIMUM         73    325 PM  93    1898  79     -6       78
  MINIMUM         56    312 AM  38    2009  55      1       53
  AVERAGE         65                        67     -2       66

PRECIPITATION (IN)
  YESTERDAY        0.00          1.53 1969   0.13  -0.13     0.00
  MONTH TO DATE    2.44                      4.04  -1.60     6.65
  SINCE JUN 1      8.64                     13.88  -5.24    20.05
  SINCE JAN 1     22.79                     26.36  -3.57    31.26

SNOWFALL (IN)
  YESTERDAY        0.0          MM      MM   0.0    0.0      0.0
  MONTH TO DATE    0.0                       0.0    0.0      0.0
  SINCE JUN 1      0.0                       0.0    0.0      0.0
  SINCE JUL 1      0.0                       0.0    0.0      0.0
  SNOW DEPTH       0

DEGREE DAYS
 HEATING
  YESTERDAY        0                         2     -2        0
  MONTH TO DATE   22                        29     -7        8
  SINCE JUN 1     44                        80    -36       26
  SINCE JUL 1     23                        36    -13       18

 COOLING
  YESTERDAY        0                         4     -4        1
  MONTH TO DATE   56                       162   -106      164
  SINCE JUN 1    471                       521    -50      567
  SINCE JAN 1    496                       556    -60      608
..................................................................

WIND (MPH)
  HIGHEST WIND SPEED    15   HIGHEST WIND DIRECTION     E (110)
  HIGHEST GUST SPEED    19   HIGHEST GUST DIRECTION    SE (130)
  AVERAGE WIND SPEED     7.7

SKY COVER
  POSSIBLE SUNSHINE  MM
  AVERAGE SKY COVER 0.8

WEATHER CONDITIONS
 THE FOLLOWING WEATHER WAS RECORDED YESTERDAY.
  FOG
  FOG W/VISIBILITY <= 1/4 MILE
  HAZE

RELATIVE HUMIDITY (PERCENT)
 HIGHEST   100           300 AM
 LOWEST     66           300 PM
 AVERAGE    83
..........................................................

THE MASON CITY IA CLIMATE NORMALS FOR TODAY
                         NORMAL    RECORD    YEAR
 MAXIMUM TEMPERATURE (F)   78        97      1913
 MINIMUM TEMPERATURE (F)   55        35      1949

SUNRISE AND SUNSET
SEPTEMBER  1 2017.....SUNRISE   638 AM CDT   SUNSET   748 PM CDT
SEPTEMBER  2 2017.....SUNRISE   639 AM CDT   SUNSET   746 PM CDT

-  INDICATES NEGATIVE NUMBERS.
R  INDICATES RECORD WAS SET OR TIED.
MM INDICATES DATA IS MISSING.
T  INDICATES TRACE AMOUNT.

$$

FAB
