000
CDUS43 KDMX 100633 RRA
CLIMCW

CLIMATE REPORT
NATIONAL WEATHER SERVICE DES MOINES IA
130 AM CDT MON AUG 10 2015


...................................

...THE MASON CITY IA CLIMATE SUMMARY FOR AUGUST 9 2015...

CLIMATE NORMAL PERIOD 1981 TO 2010
CLIMATE RECORD PERIOD 1893 TO 2015


WEATHER ITEM   OBSERVED TIME   RECORD YEAR NORMAL DEPARTURE LAST
                VALUE   (LST)  VALUE       VALUE  FROM      YEAR
                                                  NORMAL
..................................................................
TEMPERATURE (F)
 YESTERDAY
  MAXIMUM         81    436 PM 100    1936  81      0       82
  MINIMUM         64    437 AM  36    1927  59      5       62
  AVERAGE         73                        70      3       72

PRECIPITATION (IN)
  YESTERDAY        0.25          3.19 1980   0.14   0.11     0.00
                                      2000
  MONTH TO DATE    0.25                      1.23  -0.98     0.01
  SINCE JUN 1     11.92                     11.07   0.85     9.56
  SINCE JAN 1     22.92                     23.55  -0.63    23.60

SNOWFALL (IN)
  YESTERDAY        0.0          MM      MM   0.0    0.0      0.0
  MONTH TO DATE    0.0                       0.0    0.0      0.0
  SINCE JUN 1      0.0                       0.0    0.0      0.0
  SINCE JUL 1      0.0                       0.0    0.0      0.0
  SNOW DEPTH       0

DEGREE DAYS
 HEATING
  YESTERDAY        0                         1     -1        0
  MONTH TO DATE    0                         4     -4        0
  SINCE JUN 1     33                        57    -24       34
  SINCE JUL 1     21                        13      8       21

 COOLING
  YESTERDAY        8                         6      2        7
  MONTH TO DATE   50                        54     -4       53
  SINCE JUN 1    403                       413    -10      309
  SINCE JAN 1    433                       448    -15      362
..................................................................


WIND (MPH)
  HIGHEST WIND SPEED    17   HIGHEST WIND DIRECTION     S (180)
  HIGHEST GUST SPEED    19   HIGHEST GUST DIRECTION     S (180)
  AVERAGE WIND SPEED     5.0


SKY COVER
  POSSIBLE SUNSHINE  MM
  AVERAGE SKY COVER 0.6


WEATHER CONDITIONS
 THE FOLLOWING WEATHER WAS RECORDED YESTERDAY.
  RAIN
  LIGHT RAIN
  FOG


RELATIVE HUMIDITY (PERCENT)
 HIGHEST   100           500 AM
 LOWEST     69           300 PM
 AVERAGE    85

..........................................................


THE MASON CITY IA CLIMATE NORMALS FOR TODAY
                         NORMAL    RECORD    YEAR
 MAXIMUM TEMPERATURE (F)   81        98      1947
 MINIMUM TEMPERATURE (F)   59        45      1967


SUNRISE AND SUNSET
AUGUST 10 2015........SUNRISE   613 AM CDT   SUNSET   823 PM CDT
AUGUST 11 2015........SUNRISE   614 AM CDT   SUNSET   822 PM CDT


-  INDICATES NEGATIVE NUMBERS.
R  INDICATES RECORD WAS SET OR TIED.
MM INDICATES DATA IS MISSING.
T  INDICATES TRACE AMOUNT.




$$
