000
CDUS43 KDMX 280722
CLIMCW

CLIMATE REPORT
NATIONAL WEATHER SERVICE DES MOINES IA
214 AM CDT SUN SEP 28 2014


...................................

...THE MASON CITY IA CLIMATE SUMMARY FOR SEPTEMBER 27 2014...

CLIMATE NORMAL PERIOD 1981 TO 2010
CLIMATE RECORD PERIOD 1893 TO 2014


WEATHER ITEM   OBSERVED TIME   RECORD YEAR NORMAL DEPARTURE LAST
                VALUE   (LST)  VALUE       VALUE  FROM      YEAR
                                                  NORMAL
..................................................................
TEMPERATURE (F)
 YESTERDAY
  MAXIMUM         81    325 PM  86    2013  69     12       86
                                      1963
  MINIMUM         53    624 AM  22    1896  43     10       62
  AVERAGE         67                        56     11       74

PRECIPITATION (IN)
  YESTERDAY        T             1.52 1965   0.10  -0.10     0.00
  MONTH TO DATE    2.57                      2.97  -0.40     1.10
  SINCE SEP 1      2.57                      2.97  -0.40     1.10
  SINCE JAN 1     31.22                     29.33   1.89    34.48

SNOWFALL (IN)
  YESTERDAY        0.0           0.0  2002   0.0    0.0      0.0
  MONTH TO DATE    0.0                       0.0    0.0      0.0
  SINCE SEP 1      0.0                       0.0    0.0      0.0
  SINCE JUL 1      0.0                       0.0    0.0      0.0
  SNOW DEPTH       0

DEGREE DAYS
 HEATING
  YESTERDAY        0                        10    -10        0
  MONTH TO DATE  159                       145     14      100
  SINCE SEP 1    159                       145     14      100
  SINCE JUL 1    180                       181     -1      138

 COOLING
  YESTERDAY        2                         1      1        9
  MONTH TO DATE   33                        52    -19      120
  SINCE SEP 1     33                        52    -19      120
  SINCE JAN 1    544                       608    -64      712
..................................................................


WIND (MPH)
  HIGHEST WIND SPEED    17   HIGHEST WIND DIRECTION     S (170)
  HIGHEST GUST SPEED    23   HIGHEST GUST DIRECTION    SE (150)
  AVERAGE WIND SPEED     7.0


SKY COVER
  POSSIBLE SUNSHINE  MM
  AVERAGE SKY COVER 0.2


WEATHER CONDITIONS
 THE FOLLOWING WEATHER WAS RECORDED YESTERDAY.
  LIGHT RAIN
  FOG


RELATIVE HUMIDITY (PERCENT)
 HIGHEST   100           500 AM
 LOWEST     45           200 PM
 AVERAGE    73

..........................................................


THE MASON CITY IA CLIMATE NORMALS FOR TODAY
                         NORMAL    RECORD    YEAR
 MAXIMUM TEMPERATURE (F)   68        89      1898
 MINIMUM TEMPERATURE (F)   43        20      1942


SUNRISE AND SUNSET
SEPTEMBER 28 2014.....SUNRISE   707 AM CDT   SUNSET   700 PM CDT
SEPTEMBER 29 2014.....SUNRISE   708 AM CDT   SUNSET   658 PM CDT


-  INDICATES NEGATIVE NUMBERS.
R  INDICATES RECORD WAS SET OR TIED.
MM INDICATES DATA IS MISSING.
T  INDICATES TRACE AMOUNT.




$$
