000
CDUS43 KDMX 040636 RRA
CLIMCW

CLIMATE REPORT
NATIONAL WEATHER SERVICE DES MOINES IA
1231 AM CST SUN JAN 4 2015

...................................

...THE MASON CITY IA CLIMATE SUMMARY FOR JANUARY 3 2015...

CLIMATE NORMAL PERIOD 1981 TO 2010
CLIMATE RECORD PERIOD 1893 TO 2015


WEATHER ITEM   OBSERVED TIME   RECORD YEAR NORMAL DEPARTURE LAST
                VALUE   (LST)  VALUE       VALUE  FROM      YEAR
                                                  NORMAL
..................................................................
TEMPERATURE (F)
 YESTERDAY
  MAXIMUM         32    306 PM  45    1933  25      7       26
  MINIMUM         14   1159 PM -31    1919   8      6      -21
  AVERAGE         23                        16      7        3

PRECIPITATION (IN)
  YESTERDAY        T             1.02 1971   0.03  -0.03     0.00
  MONTH TO DATE    T                         0.08  -0.08     0.00
  SINCE DEC 1      1.10                      1.32  -0.22     1.17
  SINCE JAN 1      T                         0.08  -0.08     0.00

SNOWFALL (IN)
  YESTERDAY       MM            11.0  1971   0.3   MM        0.0
  MONTH TO DATE    0.0                       0.9   -0.9      0.0
  SINCE DEC 1      5.7                      10.2   -4.5     14.9
  SINCE JUL 1     13.7                      14.9   -1.2     16.4
  SNOW DEPTH       0

DEGREE DAYS
 HEATING
  YESTERDAY       42                        49     -7       62
  MONTH TO DATE  135                       147    -12      201
  SINCE DEC 1   1361                      1556   -195     1781
  SINCE JUL 1   3260                      3236     24     3445

 COOLING
  YESTERDAY        0                         0      0        0
  MONTH TO DATE    0                         0      0        0
  SINCE DEC 1      0                         0      0        0
  SINCE JAN 1      0                         0      0        0
..................................................................


WIND (MPH)
  HIGHEST WIND SPEED    30   HIGHEST WIND DIRECTION     N (340)
  HIGHEST GUST SPEED    37   HIGHEST GUST DIRECTION    NW (330)
  AVERAGE WIND SPEED    11.1


SKY COVER
  POSSIBLE SUNSHINE  MM
  AVERAGE SKY COVER 0.5


WEATHER CONDITIONS
 THE FOLLOWING WEATHER WAS RECORDED YESTERDAY.
  LIGHT SNOW
  FOG
  HAZE


RELATIVE HUMIDITY (PERCENT)
 HIGHEST    96           500 AM
 LOWEST     78           300 PM
 AVERAGE    87

..........................................................


THE MASON CITY IA CLIMATE NORMALS FOR TODAY
                         NORMAL    RECORD    YEAR
 MAXIMUM TEMPERATURE (F)   25        45      2007
                                             1964
 MINIMUM TEMPERATURE (F)    8       -26      1942


SUNRISE AND SUNSET
JANUARY  4 2015.......SUNRISE   745 AM CST   SUNSET   451 PM CST
JANUARY  5 2015.......SUNRISE   745 AM CST   SUNSET   452 PM CST


-  INDICATES NEGATIVE NUMBERS.
R  INDICATES RECORD WAS SET OR TIED.
MM INDICATES DATA IS MISSING.
T  INDICATES TRACE AMOUNT.

$$

REV
