000
CDUS43 KDMX 280740
CLIMCW

CLIMATE REPORT
NATIONAL WEATHER SERVICE DES MOINES IA
157 AM CDT THU APR 28 2016

...................................

...THE MASON CITY IA CLIMATE SUMMARY FOR APRIL 27 2016...

CLIMATE NORMAL PERIOD 1981 TO 2010
CLIMATE RECORD PERIOD 1893 TO 2016

WEATHER ITEM   OBSERVED TIME   RECORD YEAR NORMAL DEPARTURE LAST
                VALUE   (LST)  VALUE       VALUE  FROM      YEAR
                                                  NORMAL
..................................................................
TEMPERATURE (F)
 YESTERDAY
  MAXIMUM         46    814 AM  87    1981  64    -18       68
  MINIMUM         41   1041 PM  23    1934  40      1       31
  AVERAGE         44                        52     -8       50

PRECIPITATION (IN)
  YESTERDAY        0.54          2.00 1975   0.14   0.40     0.00
  MONTH TO DATE    1.09                      3.33  -2.24     4.53
  SINCE MAR 1      4.37                      5.56  -1.19     5.60
  SINCE JAN 1      5.61                      7.38  -1.77     7.67

SNOWFALL (IN)
  YESTERDAY       MM            MM      MM   0.0   MM        0.0
  MONTH TO DATE    T                         2.6   -2.6      0.6
  SINCE MAR 1      9.0                       8.6    0.4      4.2
  SINCE JUL 1     50.9                      41.1    9.8     40.0
  SNOW DEPTH       0

DEGREE DAYS
 HEATING
  YESTERDAY       21                        14      7       15
  MONTH TO DATE  444                       517    -73      462
  SINCE MAR 1   1235                      1511   -276     1383
  SINCE JUL 1   6334                      7362  -1028     7446

 COOLING
  YESTERDAY        0                         0      0        0
  MONTH TO DATE    4                         0      4        0
  SINCE MAR 1      4                         0      4        0
  SINCE JAN 1      4                         0      4        0
..................................................................

WIND (MPH)
  HIGHEST WIND SPEED    32   HIGHEST WIND DIRECTION     E (80)
  HIGHEST GUST SPEED    38   HIGHEST GUST DIRECTION     E (80)
  AVERAGE WIND SPEED    20.1

SKY COVER
  POSSIBLE SUNSHINE  MM
  AVERAGE SKY COVER 1.0

WEATHER CONDITIONS
 THE FOLLOWING WEATHER WAS RECORDED YESTERDAY.
  HEAVY RAIN
  RAIN
  LIGHT RAIN
  FOG

RELATIVE HUMIDITY (PERCENT)
 HIGHEST    96           300 PM
 LOWEST     57           300 AM
 AVERAGE    77
..........................................................

THE MASON CITY IA CLIMATE NORMALS FOR TODAY
                         NORMAL    RECORD    YEAR
 MAXIMUM TEMPERATURE (F)   64        92      1970
 MINIMUM TEMPERATURE (F)   40        25      1928

SUNRISE AND SUNSET
APRIL 28 2016.........SUNRISE   610 AM CDT   SUNSET   812 PM CDT
APRIL 29 2016.........SUNRISE   609 AM CDT   SUNSET   813 PM CDT

-  INDICATES NEGATIVE NUMBERS.
R  INDICATES RECORD WAS SET OR TIED.
MM INDICATES DATA IS MISSING.
T  INDICATES TRACE AMOUNT.

$$

FAB
