000
CDUS43 KDMX 280632
CLIMCW

CLIMATE REPORT
NATIONAL WEATHER SERVICE DES MOINES IA
130 AM CDT SUN JUN 28 2015


...................................

...THE MASON CITY IA CLIMATE SUMMARY FOR JUNE 27 2015...

CLIMATE NORMAL PERIOD 1981 TO 2010
CLIMATE RECORD PERIOD 1893 TO 2015


WEATHER ITEM   OBSERVED TIME   RECORD YEAR NORMAL DEPARTURE LAST
                VALUE   (LST)  VALUE       VALUE  FROM      YEAR
                                                  NORMAL
..................................................................
TEMPERATURE (F)
 YESTERDAY
  MAXIMUM         82    432 PM 104    1934  83     -1       78
  MINIMUM         56    509 AM  43    1926  60     -4       67
  AVERAGE         69                        71     -2       73

PRECIPITATION (IN)
  YESTERDAY        0.00          1.33 1951   0.17  -0.17     0.35
  MONTH TO DATE    4.81                      4.65   0.16     7.11
  SINCE JUN 1      4.81                      4.65   0.16     7.11
  SINCE JAN 1     15.81                     17.13  -1.32    21.15

SNOWFALL (IN)
  YESTERDAY        0.0          MM      MM   0.0    0.0      0.0
  MONTH TO DATE    0.0                       0.0    0.0      0.0
  SINCE JUN 1      0.0                       0.0    0.0      0.0
  SINCE JUL 1     40.0                      41.2   -1.2     58.0
  SNOW DEPTH       0

DEGREE DAYS
 HEATING
  YESTERDAY        0                         0      0        0
  MONTH TO DATE   12                        44    -32       13
  SINCE JUN 1     12                        44    -32       13
  SINCE JUL 1   7696                      7679     17     8624

 COOLING
  YESTERDAY        4                         7     -3        8
  MONTH TO DATE  120                       118      2      118
  SINCE JUN 1    120                       118      2      118
  SINCE JAN 1    150                       153     -3      171
..................................................................


WIND (MPH)
  HIGHEST WIND SPEED    10   HIGHEST WIND DIRECTION     N (360)
  HIGHEST GUST SPEED    12   HIGHEST GUST DIRECTION     N (10)
  AVERAGE WIND SPEED     4.3


SKY COVER
  POSSIBLE SUNSHINE  MM
  AVERAGE SKY COVER 0.1


WEATHER CONDITIONS
 THE FOLLOWING WEATHER WAS RECORDED YESTERDAY.
  NO SIGNIFICANT WEATHER WAS OBSERVED.


RELATIVE HUMIDITY (PERCENT)
 HIGHEST    97          1200 AM
 LOWEST     36           100 PM
 AVERAGE    67

..........................................................


THE MASON CITY IA CLIMATE NORMALS FOR TODAY
                         NORMAL    RECORD    YEAR
 MAXIMUM TEMPERATURE (F)   83       102      1931
 MINIMUM TEMPERATURE (F)   60        40      1911


SUNRISE AND SUNSET
JUNE 28 2015..........SUNRISE   536 AM CDT   SUNSET   857 PM CDT
JUNE 29 2015..........SUNRISE   536 AM CDT   SUNSET   857 PM CDT


-  INDICATES NEGATIVE NUMBERS.
R  INDICATES RECORD WAS SET OR TIED.
MM INDICATES DATA IS MISSING.
T  INDICATES TRACE AMOUNT.




$$
