000
CDUS43 KDMX 010638
CLIMCW

CLIMATE REPORT
NATIONAL WEATHER SERVICE DES MOINES IA
1234 AM CST THU DEC 1 2016

...................................

...THE MASON CITY IA CLIMATE SUMMARY FOR NOVEMBER 30 2016...

CLIMATE NORMAL PERIOD 1981 TO 2010
CLIMATE RECORD PERIOD 1893 TO 2016


WEATHER ITEM   OBSERVED TIME   RECORD YEAR NORMAL DEPARTURE LAST
                VALUE   (LST)  VALUE       VALUE  FROM      YEAR
                                                  NORMAL
..................................................................
TEMPERATURE (F)
 YESTERDAY
  MAXIMUM         35    352 PM  64    1932  34      1       34
  MINIMUM         32    852 AM  -9    1976  17     15       29
  AVERAGE         34                        25      9       32

PRECIPITATION (IN)
  YESTERDAY        0.03          1.22 1934   0.05  -0.02     0.36
  MONTH TO DATE    1.13                      1.88  -0.75     2.99
  SINCE SEP 1     14.32                      7.60   6.72     8.53
  SINCE JAN 1     45.58                     33.96  11.62    36.34

SNOWFALL (IN)
  YESTERDAY        T            12.7  1934   0.3   -0.3       T
  MONTH TO DATE    T                         4.3   -4.3     10.0
  SINCE SEP 1      T                         4.7   -4.7     10.0
  SINCE JUL 1      T                         4.7   -4.7     10.0
  SNOW DEPTH       0

DEGREE DAYS
 HEATING
  YESTERDAY       31                        40     -9       33
  MONTH TO DATE  673                       942   -269      770
  SINCE SEP 1   1146                      1644   -498     1297
  SINCE JUL 1   1164                      1680   -516     1355

 COOLING
  YESTERDAY        0                         0      0        0
  MONTH TO DATE    0                         0      0        0
  SINCE SEP 1     89                        60     29      135
  SINCE JAN 1    697                       616     81      652
..................................................................


WIND (MPH)
  HIGHEST WIND SPEED    22   HIGHEST WIND DIRECTION     W (270)
  HIGHEST GUST SPEED    25   HIGHEST GUST DIRECTION     W (270)
  AVERAGE WIND SPEED    15.1


SKY COVER
  POSSIBLE SUNSHINE  MM
  AVERAGE SKY COVER 1.0


WEATHER CONDITIONS
 THE FOLLOWING WEATHER WAS RECORDED YESTERDAY.
  LIGHT SNOW
  FOG


RELATIVE HUMIDITY (PERCENT)
 HIGHEST   100           400 PM
 LOWEST     82           200 AM
 AVERAGE    91

..........................................................


THE MASON CITY IA CLIMATE NORMALS FOR TODAY
                         NORMAL    RECORD    YEAR
 MAXIMUM TEMPERATURE (F)   33        67      1998
 MINIMUM TEMPERATURE (F)   16        -3      1919


SUNRISE AND SUNSET
DECEMBER  1 2016......SUNRISE   726 AM CST   SUNSET   439 PM CST
DECEMBER  2 2016......SUNRISE   727 AM CST   SUNSET   439 PM CST


-  INDICATES NEGATIVE NUMBERS.
R  INDICATES RECORD WAS SET OR TIED.
MM INDICATES DATA IS MISSING.
T  INDICATES TRACE AMOUNT.


$$
