000
CDUS43 KDMX 260639
CLIMCW

CLIMATE REPORT
NATIONAL WEATHER SERVICE DES MOINES IA
1228 AM CST WED FEB 26 2014

...................................

...THE MASON CITY IA CLIMATE SUMMARY FOR FEBRUARY 25 2014...

CLIMATE NORMAL PERIOD 1981 TO 2010
CLIMATE RECORD PERIOD 1893 TO 2014


WEATHER ITEM   OBSERVED TIME   RECORD YEAR NORMAL DEPARTURE LAST
                VALUE   (LST)  VALUE       VALUE  FROM      YEAR
                                                  NORMAL
..................................................................
TEMPERATURE (F)
 YESTERDAY
  MAXIMUM          7    410 PM  62    2000  33    -26       34
  MINIMUM         -6    739 AM -23    1940  16    -22       18
  AVERAGE          1                        24    -23       26

PRECIPITATION (IN)
  YESTERDAY        T             0.88 1951   0.04  -0.04      T
  MONTH TO DATE    0.45                      0.86  -0.41     1.21
  SINCE DEC 1      2.52                      2.92  -0.40     3.17
  SINCE JAN 1      1.28                      1.68  -0.40     1.68

SNOWFALL (IN)
  YESTERDAY        T             6.1  2007   0.2   -0.2       T
  MONTH TO DATE   19.4                       7.0   12.4      8.3
  SINCE DEC 1     43.5                      27.1   16.4     21.5
  SINCE JUL 1     45.0                      31.8   13.2     21.5
  SNOW DEPTH      18

DEGREE DAYS
 HEATING
  YESTERDAY       64                        41     23       39
  MONTH TO DATE 1384                      1121    263     1123
  SINCE DEC 1   4690                      4052    638     3843
  SINCE JUL 1   6354                      5732    622     5445

 COOLING
  YESTERDAY        0                         0      0        0
  MONTH TO DATE    0                         0      0        0
  SINCE DEC 1      0                         0      0        0
  SINCE JAN 1      0                         0      0        0
..................................................................


WIND (MPH)
  HIGHEST WIND SPEED    26   HIGHEST WIND DIRECTION    NW (320)
  HIGHEST GUST SPEED    33   HIGHEST GUST DIRECTION    NW (320)
  AVERAGE WIND SPEED    17.2


SKY COVER
  POSSIBLE SUNSHINE  MM
  AVERAGE SKY COVER 0.2


WEATHER CONDITIONS
 THE FOLLOWING WEATHER WAS RECORDED YESTERDAY.
  FOG
  HAZE
  BLOWING SNOW


RELATIVE HUMIDITY (PERCENT)
 HIGHEST    91           200 AM
 LOWEST     68          1200 PM
 AVERAGE    80

..........................................................


THE MASON CITY IA CLIMATE NORMALS FOR TODAY
                         NORMAL    RECORD    YEAR
 MAXIMUM TEMPERATURE (F)   33        57      1976
 MINIMUM TEMPERATURE (F)   17       -20      1963


SUNRISE AND SUNSET
FEBRUARY 26 2014......SUNRISE   654 AM CST   SUNSET   559 PM CST
FEBRUARY 27 2014......SUNRISE   653 AM CST   SUNSET   600 PM CST


-  INDICATES NEGATIVE NUMBERS.
R  INDICATES RECORD WAS SET OR TIED.
MM INDICATES DATA IS MISSING.
T  INDICATES TRACE AMOUNT.




$$
