000
CDUS43 KDMX 280632 RRA
CLIMCW

CLIMATE REPORT
NATIONAL WEATHER SERVICE DES MOINES IA
1229 AM CST SAT JAN 28 2017


...................................

...THE MASON CITY IA CLIMATE SUMMARY FOR JANUARY 27 2017...

CLIMATE NORMAL PERIOD 1981 TO 2010
CLIMATE RECORD PERIOD 1893 TO 2017


WEATHER ITEM   OBSERVED TIME   RECORD YEAR NORMAL DEPARTURE LAST
                VALUE   (LST)  VALUE       VALUE  FROM      YEAR
                                                  NORMAL
..................................................................
TEMPERATURE (F)
 YESTERDAY
  MAXIMUM         26    822 PM  57    1944  25      1       34
  MINIMUM         11    918 AM -24    1904   7      4       13
  AVERAGE         19                        16      3       24

PRECIPITATION (IN)
  YESTERDAY        T             0.78 1944   0.02  -0.02     0.00
  MONTH TO DATE    1.33                      0.70   0.63     0.53
  SINCE DEC 1      3.49                      1.94   1.55     4.16
  SINCE JAN 1      1.33                      0.70   0.63     0.53

SNOWFALL (IN)
  YESTERDAY        T             5.0  1923   0.4   -0.4      0.0
  MONTH TO DATE   15.6                       9.4    6.2      4.7
  SINCE DEC 1     30.5                      18.7   11.8     18.7
  SINCE JUL 1     30.5                      23.4    7.1     28.7
  SNOW DEPTH      15

DEGREE DAYS
 HEATING
  YESTERDAY       46                        49     -3       41
  MONTH TO DATE 1215                      1323   -108     1363
  SINCE DEC 1   2606                      2732   -126     2428
  SINCE JUL 1   3770                      4412   -642     3783

 COOLING
  YESTERDAY        0                         0      0        0
  MONTH TO DATE    0                         0      0        0
  SINCE DEC 1      0                         0      0        0
  SINCE JAN 1      0                         0      0        0
..................................................................


WIND (MPH)
  HIGHEST WIND SPEED    28   HIGHEST WIND DIRECTION    NW (300)
  HIGHEST GUST SPEED    31   HIGHEST GUST DIRECTION    NW (300)
  AVERAGE WIND SPEED    13.8


SKY COVER
  POSSIBLE SUNSHINE  MM
  AVERAGE SKY COVER 0.4


WEATHER CONDITIONS
 THE FOLLOWING WEATHER WAS RECORDED YESTERDAY.
  LIGHT SNOW
  FOG
  HAZE


RELATIVE HUMIDITY (PERCENT)
 HIGHEST    88           700 PM
 LOWEST     71           300 PM
 AVERAGE    80

..........................................................


THE MASON CITY IA CLIMATE NORMALS FOR TODAY
                         NORMAL    RECORD    YEAR
 MAXIMUM TEMPERATURE (F)   25        51      1931
 MINIMUM TEMPERATURE (F)    7       -28      1915


SUNRISE AND SUNSET
JANUARY 28 2017.......SUNRISE   732 AM CST   SUNSET   521 PM CST
JANUARY 29 2017.......SUNRISE   731 AM CST   SUNSET   522 PM CST


-  INDICATES NEGATIVE NUMBERS.
R  INDICATES RECORD WAS SET OR TIED.
MM INDICATES DATA IS MISSING.
T  INDICATES TRACE AMOUNT.

$$

REV
