499
CDUS43 KDMX 040636 RRB
CLIMCW

CLIMATE REPORT
NATIONAL WEATHER SERVICE DES MOINES IA
134 AM CDT MON APR 4 2016


...................................

...THE MASON CITY IA CLIMATE SUMMARY FOR APRIL 3 2016...

CLIMATE NORMAL PERIOD 1981 TO 2010
CLIMATE RECORD PERIOD 1893 TO 2016


WEATHER ITEM   OBSERVED TIME   RECORD YEAR NORMAL DEPARTURE LAST
                VALUE   (LST)  VALUE       VALUE  FROM      YEAR
                                                  NORMAL
..................................................................
TEMPERATURE (F)
 YESTERDAY
  MAXIMUM         78    314 PM  79    1921  52     26       44
  MINIMUM         26   1211 AM   9    1954  30     -4       25
  AVERAGE         52                        41     11       35

PRECIPITATION (IN)
  YESTERDAY        0.00          1.38 1974   0.10  -0.10     0.00
  MONTH TO DATE    0.06                      0.30  -0.24     0.75
  SINCE MAR 1      2.71                      2.53   0.18     1.82
  SINCE JAN 1      3.95                      4.35  -0.40     3.89

SNOWFALL (IN)
  YESTERDAY        0.0           7.0  1945   0.1   -0.1      0.0
  MONTH TO DATE    0.0                       0.4   -0.4      0.0
  SINCE MAR 1      6.0                       6.4   -0.4      3.6
  SINCE JUL 1     47.9                      38.9    9.0     39.4
  SNOW DEPTH       0

DEGREE DAYS
 HEATING
  YESTERDAY       13                        24    -11       30
  MONTH TO DATE   74                        73      1       50
  SINCE MAR 1    766                      1067   -301      971
  SINCE JUL 1   5865                      6918  -1053     7034

 COOLING
  YESTERDAY        0                         0      0        0
  MONTH TO DATE    0                         0      0        0
  SINCE MAR 1      0                         0      0        0
  SINCE JAN 1      0                         0      0        0
..................................................................


WIND (MPH)
  HIGHEST WIND SPEED    33   HIGHEST WIND DIRECTION    NW (310)
  HIGHEST GUST SPEED    43   HIGHEST GUST DIRECTION    NW (300)
  AVERAGE WIND SPEED    19.8


SKY COVER
  POSSIBLE SUNSHINE  MM
  AVERAGE SKY COVER 0.0


WEATHER CONDITIONS
 THE FOLLOWING WEATHER WAS RECORDED YESTERDAY.
  NO SIGNIFICANT WEATHER WAS OBSERVED.


RELATIVE HUMIDITY (PERCENT)
 HIGHEST    82           500 AM
 LOWEST     25           400 PM
 AVERAGE    54

..........................................................


THE MASON CITY IA CLIMATE NORMALS FOR TODAY
                         NORMAL    RECORD    YEAR
 MAXIMUM TEMPERATURE (F)   53        82      2005
 MINIMUM TEMPERATURE (F)   31         9      1995


SUNRISE AND SUNSET
APRIL  4 2016.........SUNRISE   649 AM CDT   SUNSET   744 PM CDT
APRIL  5 2016.........SUNRISE   647 AM CDT   SUNSET   745 PM CDT


-  INDICATES NEGATIVE NUMBERS.
R  INDICATES RECORD WAS SET OR TIED.
MM INDICATES DATA IS MISSING.
T  INDICATES TRACE AMOUNT.




$$
