000
CDUS43 KDMX 030701
CLIMCW

CLIMATE REPORT
NATIONAL WEATHER SERVICE DES MOINES IA
142 AM CDT SUN SEP 3 2017

...................................

...THE MASON CITY IA CLIMATE SUMMARY FOR SEPTEMBER 2 2017...

CLIMATE NORMAL PERIOD 1981 TO 2010
CLIMATE RECORD PERIOD 1893 TO 2017

WEATHER ITEM   OBSERVED TIME   RECORD YEAR NORMAL DEPARTURE LAST
                VALUE   (LST)  VALUE       VALUE  FROM      YEAR
                                                  NORMAL
..................................................................
TEMPERATURE (F)
 YESTERDAY
  MAXIMUM         78    345 PM  99    1925  78      0       74
  MINIMUM         54   1159 PM  34    1928  54      0       47
  AVERAGE         66                        66      0       61

PRECIPITATION (IN)
  YESTERDAY        T             2.54 2006   0.11  -0.11     0.00
  MONTH TO DATE    0.01                      0.23  -0.22     0.00
  SINCE SEP 1      0.01                      0.23  -0.22     0.00
  SINCE JAN 1     22.80                     26.59  -3.79    31.26

SNOWFALL (IN)
  YESTERDAY        0.0          MM      MM   0.0    0.0      0.0
  MONTH TO DATE    0.0                       0.0    0.0      0.0
  SINCE SEP 1      0.0                       0.0    0.0      0.0
  SINCE JUL 1      0.0                       0.0    0.0      0.0
  SNOW DEPTH       0

DEGREE DAYS
 HEATING
  YESTERDAY        0                         2     -2        4
  MONTH TO DATE    4                         4      0        6
  SINCE SEP 1      4                         4      0        6
  SINCE JUL 1     27                        40    -13       24

 COOLING
  YESTERDAY        1                         3     -2        0
  MONTH TO DATE    1                         7     -6        0
  SINCE SEP 1      1                         7     -6        0
  SINCE JAN 1    497                       563    -66      608
..................................................................

WIND (MPH)
  HIGHEST WIND SPEED    16   HIGHEST WIND DIRECTION    NW (310)
  HIGHEST GUST SPEED    20   HIGHEST GUST DIRECTION    SW (210)
  AVERAGE WIND SPEED     8.9

SKY COVER
  POSSIBLE SUNSHINE  MM
  AVERAGE SKY COVER 0.6

WEATHER CONDITIONS
 THE FOLLOWING WEATHER WAS RECORDED YESTERDAY.
  NO SIGNIFICANT WEATHER WAS OBSERVED.

RELATIVE HUMIDITY (PERCENT)
 HIGHEST    86           100 AM
 LOWEST     60           400 PM
 AVERAGE    73
..........................................................

THE MASON CITY IA CLIMATE NORMALS FOR TODAY
                         NORMAL    RECORD    YEAR
 MAXIMUM TEMPERATURE (F)   78        96      1925
 MINIMUM TEMPERATURE (F)   54        34      1974

SUNRISE AND SUNSET
SEPTEMBER  3 2017.....SUNRISE   640 AM CDT   SUNSET   744 PM CDT
SEPTEMBER  4 2017.....SUNRISE   641 AM CDT   SUNSET   742 PM CDT

-  INDICATES NEGATIVE NUMBERS.
R  INDICATES RECORD WAS SET OR TIED.
MM INDICATES DATA IS MISSING.
T  INDICATES TRACE AMOUNT.

$$

FAB
