000
CDUS43 KDMX 020628 RRA
CLIMCW

CLIMATE REPORT
NATIONAL WEATHER SERVICE DES MOINES IA
126 AM CDT SAT JUL 2 2016


...................................

...THE MASON CITY IA CLIMATE SUMMARY FOR JULY 1 2016...

CLIMATE NORMAL PERIOD 1981 TO 2010
CLIMATE RECORD PERIOD 1893 TO 2016


WEATHER ITEM   OBSERVED TIME   RECORD YEAR NORMAL DEPARTURE LAST
                VALUE   (LST)  VALUE       VALUE  FROM      YEAR
                                                  NORMAL
..................................................................
TEMPERATURE (F)
 YESTERDAY
  MAXIMUM         73    430 PM  98    1931  83    -10       66
  MINIMUM         51    441 AM  44    1976  60     -9       50
  AVERAGE         62                        72    -10       58

PRECIPITATION (IN)
  YESTERDAY        0.00          1.19 1933   0.15  -0.15     0.01
  MONTH TO DATE    0.00                      0.15  -0.15     0.01
  SINCE JUN 1      6.51                      5.29   1.22     5.05
  SINCE JAN 1     17.73                     17.77  -0.04    16.05

SNOWFALL (IN)
  YESTERDAY        0.0          MM      MM   0.0    0.0      0.0
  MONTH TO DATE    0.0                       0.0    0.0      0.0
  SINCE JUN 1      0.0                       0.0    0.0      0.0
  SINCE JUL 1      0.0                       0.0    0.0      0.0
  SNOW DEPTH       0

DEGREE DAYS
 HEATING
  YESTERDAY        3                         0      3        7
  MONTH TO DATE    3                         0      3        7
  SINCE JUN 1     11                        44    -33       19
  SINCE JUL 1      3                         0      3        7

 COOLING
  YESTERDAY        0                         7     -7        0
  MONTH TO DATE    0                         7     -7        0
  SINCE JUN 1    186                       145     41      136
  SINCE JAN 1    227                       180     47      166
..................................................................


WIND (MPH)
  HIGHEST WIND SPEED    13   HIGHEST WIND DIRECTION     N (20)
  HIGHEST GUST SPEED    16   HIGHEST GUST DIRECTION     N (20)
  AVERAGE WIND SPEED     5.6


SKY COVER
  POSSIBLE SUNSHINE  MM
  AVERAGE SKY COVER 0.2


WEATHER CONDITIONS
 THE FOLLOWING WEATHER WAS RECORDED YESTERDAY.
  NO SIGNIFICANT WEATHER WAS OBSERVED.


RELATIVE HUMIDITY (PERCENT)
 HIGHEST    96           400 AM
 LOWEST     49           200 PM
 AVERAGE    73

..........................................................


THE MASON CITY IA CLIMATE NORMALS FOR TODAY
                         NORMAL    RECORD    YEAR
 MAXIMUM TEMPERATURE (F)   83       101      1934
 MINIMUM TEMPERATURE (F)   61        43      1924


SUNRISE AND SUNSET
JULY  2 2016..........SUNRISE   538 AM CDT   SUNSET   856 PM CDT
JULY  3 2016..........SUNRISE   539 AM CDT   SUNSET   856 PM CDT


-  INDICATES NEGATIVE NUMBERS.
R  INDICATES RECORD WAS SET OR TIED.
MM INDICATES DATA IS MISSING.
T  INDICATES TRACE AMOUNT.




$$
