000
CDUS43 KDMX 010702
CLIMCW

CLIMATE REPORT
NATIONAL WEATHER SERVICE DES MOINES IA
152 AM CDT SUN MAY 1 2016

...................................

...THE MASON CITY IA CLIMATE SUMMARY FOR APRIL 30 2016...

CLIMATE NORMAL PERIOD 1981 TO 2010
CLIMATE RECORD PERIOD 1893 TO 2016

WEATHER ITEM   OBSERVED TIME   RECORD YEAR NORMAL DEPARTURE LAST
                VALUE   (LST)  VALUE       VALUE  FROM      YEAR
                                                  NORMAL
..................................................................
TEMPERATURE (F)
 YESTERDAY
  MAXIMUM         46   1208 AM  89    2007  65    -19       70
  MINIMUM         41   1159 PM  24    1908  41      0       37
  AVERAGE         44                        53     -9       54

PRECIPITATION (IN)
  YESTERDAY        0.59          1.72 1997   0.14   0.45     0.00
  MONTH TO DATE    1.75                      3.75  -2.00     4.53
  SINCE MAR 1      5.03                      5.98  -0.95     5.60
  SINCE JAN 1      6.27                      7.80  -1.53     7.67

SNOWFALL (IN)
  YESTERDAY       MM             1.0  1909   0.0   MM        0.0
                                      1984
  MONTH TO DATE    T                         2.7   -2.7      0.6
  SINCE MAR 1      9.0                       8.7    0.3      4.2
  SINCE JUL 1     50.9                      41.2    9.7     40.0
  SNOW DEPTH       0

DEGREE DAYS
 HEATING
  YESTERDAY       21                        12      9       11
  MONTH TO DATE  509                       555    -46      494
  SINCE MAR 1   1300                      1549   -249     1415
  SINCE JUL 1   6399                      7400  -1001     7478

 COOLING
  YESTERDAY        0                         0      0        0
  MONTH TO DATE    4                         5     -1        0
  SINCE MAR 1      4                         5     -1        0
  SINCE JAN 1      4                         5     -1        0
..................................................................

WIND (MPH)
  HIGHEST WIND SPEED    30   HIGHEST WIND DIRECTION     E (70)
  HIGHEST GUST SPEED    38   HIGHEST GUST DIRECTION    NE (60)
  AVERAGE WIND SPEED    19.5

SKY COVER
  POSSIBLE SUNSHINE  MM
  AVERAGE SKY COVER 0.9

WEATHER CONDITIONS
 THE FOLLOWING WEATHER WAS RECORDED YESTERDAY.
  HEAVY RAIN
  RAIN
  LIGHT RAIN
  FOG

RELATIVE HUMIDITY (PERCENT)
 HIGHEST    96           800 AM
 LOWEST     82          1200 AM
 AVERAGE    89
..........................................................

THE MASON CITY IA CLIMATE NORMALS FOR TODAY
                         NORMAL    RECORD    YEAR
 MAXIMUM TEMPERATURE (F)   65        92      1992
 MINIMUM TEMPERATURE (F)   41        25      1909

SUNRISE AND SUNSET
MAY  1 2016...........SUNRISE   606 AM CDT   SUNSET   815 PM CDT
MAY  2 2016...........SUNRISE   605 AM CDT   SUNSET   816 PM CDT

-  INDICATES NEGATIVE NUMBERS.
R  INDICATES RECORD WAS SET OR TIED.
MM INDICATES DATA IS MISSING.
T  INDICATES TRACE AMOUNT.

$$

FAB
