000
CDUS43 KDMX 050636 RRB
CLIMCW

CLIMATE REPORT
NATIONAL WEATHER SERVICE DES MOINES IA
1235 AM CST WED MAR 5 2014


...................................

...THE MASON CITY IA CLIMATE SUMMARY FOR MARCH 4 2014...

CLIMATE NORMAL PERIOD 1981 TO 2010
CLIMATE RECORD PERIOD 1893 TO 2014


WEATHER ITEM   OBSERVED TIME   RECORD YEAR NORMAL DEPARTURE LAST
                VALUE   (LST)  VALUE       VALUE  FROM      YEAR
                                                  NORMAL
..................................................................
TEMPERATURE (F)
 YESTERDAY
  MAXIMUM         18    635 PM  65    2000  36    -18       28
  MINIMUM          1    351 AM  -8    1978  19    -18       22
  AVERAGE         10                        28    -18       25

PRECIPITATION (IN)
  YESTERDAY        0.09          1.00 1923   0.05   0.04     0.25
  MONTH TO DATE    0.33                      0.21   0.12     0.25
  SINCE MAR 1      0.33                      0.21   0.12     0.25
  SINCE JAN 1      3.35                      2.03   1.32     1.96

SNOWFALL (IN)
  YESTERDAY        1.0           5.0  1962   0.3    0.7      2.5
  MONTH TO DATE    4.0                       1.0    3.0      2.5
  SINCE MAR 1      4.0                       1.0    3.0      2.5
  SINCE JUL 1     50.1                      33.5   16.6     24.5
  SNOW DEPTH      21

DEGREE DAYS
 HEATING
  YESTERDAY       55                        37     18       40
  MONTH TO DATE  259                       152    107      177
  SINCE MAR 1    259                       152    107      177
  SINCE JUL 1   6805                      6003    802     5738

 COOLING
  YESTERDAY        0                         0      0        0
  MONTH TO DATE    0                         0      0        0
  SINCE MAR 1      0                         0      0        0
  SINCE JAN 1      0                         0      0        0
..................................................................


WIND (MPH)
  HIGHEST WIND SPEED    17   HIGHEST WIND DIRECTION     E (80)
  HIGHEST GUST SPEED    20   HIGHEST GUST DIRECTION     E (80)
  AVERAGE WIND SPEED     8.3


SKY COVER
  POSSIBLE SUNSHINE  MM
  AVERAGE SKY COVER 0.6


WEATHER CONDITIONS
 THE FOLLOWING WEATHER WAS RECORDED YESTERDAY.
  LIGHT SNOW
  FOG


RELATIVE HUMIDITY (PERCENT)
 HIGHEST    95           400 AM
 LOWEST     67           300 PM
 AVERAGE    81

..........................................................


THE MASON CITY IA CLIMATE NORMALS FOR TODAY
                         NORMAL    RECORD    YEAR
 MAXIMUM TEMPERATURE (F)   37        71      2000
 MINIMUM TEMPERATURE (F)   20       -15      1960


SUNRISE AND SUNSET
MARCH  5 2014.........SUNRISE   643 AM CST   SUNSET   608 PM CST
MARCH  6 2014.........SUNRISE   641 AM CST   SUNSET   609 PM CST


-  INDICATES NEGATIVE NUMBERS.
R  INDICATES RECORD WAS SET OR TIED.
MM INDICATES DATA IS MISSING.
T  INDICATES TRACE AMOUNT.

$$
