711
CDUS43 KDMX 050633 RRA
CLIMCW

CLIMATE REPORT
NATIONAL WEATHER SERVICE DES MOINES IA
132 AM CDT MON SEP 5 2016


...................................

...THE MASON CITY IA CLIMATE SUMMARY FOR SEPTEMBER 4 2016...

CLIMATE NORMAL PERIOD 1981 TO 2010
CLIMATE RECORD PERIOD 1893 TO 2016


WEATHER ITEM   OBSERVED TIME   RECORD YEAR NORMAL DEPARTURE LAST
                VALUE   (LST)  VALUE       VALUE  FROM      YEAR
                                                  NORMAL
..................................................................
TEMPERATURE (F)
 YESTERDAY
  MAXIMUM         79    234 PM 100    1925  78      1       89
  MINIMUM         58    611 AM  37    1930  54      4       65
  AVERAGE         69                        66      3       77

PRECIPITATION (IN)
  YESTERDAY        0.00          1.34 1920   0.11  -0.11     0.01
  MONTH TO DATE    0.00                      0.45  -0.45     0.06
  SINCE SEP 1      0.00                      0.45  -0.45     0.06
  SINCE JAN 1     31.27                     26.81   4.46    27.87

SNOWFALL (IN)
  YESTERDAY        0.0           0.0  2002   0.0    0.0      0.0
                                      2001
  MONTH TO DATE    0.0                       0.0    0.0      0.0
  SINCE SEP 1      0.0                       0.0    0.0      0.0
  SINCE JUL 1      0.0                       0.0    0.0      0.0
  SNOW DEPTH       0

DEGREE DAYS
 HEATING
  YESTERDAY        0                         3     -3        0
  MONTH TO DATE    7                         9     -2        0
  SINCE SEP 1      7                         9     -2        0
  SINCE JUL 1     25                        45    -20       58

 COOLING
  YESTERDAY        4                         3      1       12
  MONTH TO DATE    4                        13     -9       45
  SINCE SEP 1      4                        13     -9       45
  SINCE JAN 1    612                       569     43      562
..................................................................


WIND (MPH)
  HIGHEST WIND SPEED    23   HIGHEST WIND DIRECTION     S (160)
  HIGHEST GUST SPEED    30   HIGHEST GUST DIRECTION     S (170)
  AVERAGE WIND SPEED    13.2


SKY COVER
  POSSIBLE SUNSHINE  MM
  AVERAGE SKY COVER 0.2


WEATHER CONDITIONS
 THE FOLLOWING WEATHER WAS RECORDED YESTERDAY.
  NO SIGNIFICANT WEATHER WAS OBSERVED.


RELATIVE HUMIDITY (PERCENT)
 HIGHEST   100           600 AM
 LOWEST     54           200 PM
 AVERAGE    77

..........................................................


THE MASON CITY IA CLIMATE NORMALS FOR TODAY
                         NORMAL    RECORD    YEAR
 MAXIMUM TEMPERATURE (F)   77       100      1913
 MINIMUM TEMPERATURE (F)   53        36      1935


SUNRISE AND SUNSET
SEPTEMBER  5 2016.....SUNRISE   642 AM CDT   SUNSET   740 PM CDT
SEPTEMBER  6 2016.....SUNRISE   644 AM CDT   SUNSET   738 PM CDT


-  INDICATES NEGATIVE NUMBERS.
R  INDICATES RECORD WAS SET OR TIED.
MM INDICATES DATA IS MISSING.
T  INDICATES TRACE AMOUNT.




$$
