107
CDUS43 KDMX 050640
CLIMCW

CLIMATE REPORT
NATIONAL WEATHER SERVICE DES MOINES IA
139 AM CDT WED APR 5 2017


...................................

...THE MASON CITY IA CLIMATE SUMMARY FOR APRIL 4 2017...

CLIMATE NORMAL PERIOD 1981 TO 2010
CLIMATE RECORD PERIOD 1893 TO 2017


WEATHER ITEM   OBSERVED TIME   RECORD YEAR NORMAL DEPARTURE LAST
                VALUE   (LST)  VALUE       VALUE  FROM      YEAR
                                                  NORMAL
..................................................................
TEMPERATURE (F)
 YESTERDAY
  MAXIMUM         59    308 PM  82    2005  53      6       44
  MINIMUM         41   1158 PM   9    1995  31     10       24
  AVERAGE         50                        42      8       34

PRECIPITATION (IN)
  YESTERDAY        0.35          1.10 1928   0.11   0.24     0.00
  MONTH TO DATE    0.82                      0.41   0.41     0.06
  SINCE MAR 1      2.73                      2.64   0.09     3.28
  SINCE JAN 1      6.72                      4.46   2.26     4.57

SNOWFALL (IN)
  YESTERDAY        0.0           7.5  1945   0.2   -0.2      0.0
  MONTH TO DATE    0.0                       0.6   -0.6      0.0
  SINCE MAR 1      8.5                       6.6    1.9      8.2
  SINCE JUL 1     47.9                      39.1    8.8     50.9
  SNOW DEPTH       0

DEGREE DAYS
 HEATING
  YESTERDAY       15                        24     -9       31
  MONTH TO DATE   70                        97    -27      105
  SINCE MAR 1   1088                      1091     -3      896
  SINCE JUL 1   6000                      6942   -942     5995

 COOLING
  YESTERDAY        0                         0      0        0
  MONTH TO DATE    0                         0      0        0
  SINCE MAR 1      0                         0      0        0
  SINCE JAN 1      0                         0      0        0
..................................................................


WIND (MPH)
  HIGHEST WIND SPEED    22   HIGHEST WIND DIRECTION     N (20)
  HIGHEST GUST SPEED    26   HIGHEST GUST DIRECTION     N (10)
  AVERAGE WIND SPEED    11.2


SKY COVER
  POSSIBLE SUNSHINE  MM
  AVERAGE SKY COVER 0.9


WEATHER CONDITIONS
 THE FOLLOWING WEATHER WAS RECORDED YESTERDAY.
  RAIN
  LIGHT RAIN
  FOG


RELATIVE HUMIDITY (PERCENT)
 HIGHEST   100           100 AM
 LOWEST     40           300 PM
 AVERAGE    70

..........................................................


THE MASON CITY IA CLIMATE NORMALS FOR TODAY
                         NORMAL    RECORD    YEAR
 MAXIMUM TEMPERATURE (F)   53        84      1991
 MINIMUM TEMPERATURE (F)   31        10      1926


SUNRISE AND SUNSET
APRIL  5 2017.........SUNRISE   648 AM CDT   SUNSET   745 PM CDT
APRIL  6 2017.........SUNRISE   646 AM CDT   SUNSET   746 PM CDT


-  INDICATES NEGATIVE NUMBERS.
R  INDICATES RECORD WAS SET OR TIED.
MM INDICATES DATA IS MISSING.
T  INDICATES TRACE AMOUNT.




$$
