000
CDUS43 KDMX 210706
CLIMCW

CLIMATE REPORT
NATIONAL WEATHER SERVICE DES MOINES IA
204 AM CDT FRI OCT 21 2016


...................................

...THE MASON CITY IA CLIMATE SUMMARY FOR OCTOBER 20 2016...

CLIMATE NORMAL PERIOD 1981 TO 2010
CLIMATE RECORD PERIOD 1893 TO 2016


WEATHER ITEM   OBSERVED TIME   RECORD YEAR NORMAL DEPARTURE LAST
                VALUE   (LST)  VALUE       VALUE  FROM      YEAR
                                                  NORMAL
..................................................................
TEMPERATURE (F)
 YESTERDAY
  MAXIMUM         53    302 PM  88    1947  58     -5       75
  MINIMUM         30   1136 PM  15    1960  35     -5       49
  AVERAGE         42                        47     -5       62

PRECIPITATION (IN)
  YESTERDAY        0.00          1.30 1916   0.08  -0.08     0.00
  MONTH TO DATE    0.59                      1.69  -1.10      T
  SINCE SEP 1     11.62                      4.96   6.66     4.60
  SINCE JAN 1     42.88                     31.32  11.56    32.41

SNOWFALL (IN)
  YESTERDAY        0.0          13.0  1916   0.0    0.0      0.0
  MONTH TO DATE    0.0                       0.1   -0.1      0.0
  SINCE SEP 1      0.0                       0.1   -0.1      0.0
  SINCE JUL 1      0.0                       0.1   -0.1      0.0
  SNOW DEPTH       0

DEGREE DAYS
 HEATING
  YESTERDAY       23                        18      5        3
  MONTH TO DATE  216                       296    -80      249
  SINCE SEP 1    287                       473   -186      331
  SINCE JUL 1    305                       509   -204      389

 COOLING
  YESTERDAY        0                         0      0        0
  MONTH TO DATE    4                         2      2        5
  SINCE SEP 1     89                        56     33      135
  SINCE JAN 1    697                       612     85      652
..................................................................


WIND (MPH)
  HIGHEST WIND SPEED    18   HIGHEST WIND DIRECTION    NW (320)
  HIGHEST GUST SPEED    24   HIGHEST GUST DIRECTION     N (10)
  AVERAGE WIND SPEED     9.8


SKY COVER
  POSSIBLE SUNSHINE  MM
  AVERAGE SKY COVER 0.4


WEATHER CONDITIONS
 THE FOLLOWING WEATHER WAS RECORDED YESTERDAY.
  NO SIGNIFICANT WEATHER WAS OBSERVED.


RELATIVE HUMIDITY (PERCENT)
 HIGHEST    89          1100 PM
 LOWEST     48           200 PM
 AVERAGE    69

..........................................................


THE MASON CITY IA CLIMATE NORMALS FOR TODAY
                         NORMAL    RECORD    YEAR
 MAXIMUM TEMPERATURE (F)   58        90      1947
 MINIMUM TEMPERATURE (F)   35        13      1930


SUNRISE AND SUNSET
OCTOBER 21 2016.......SUNRISE   735 AM CDT   SUNSET   620 PM CDT
OCTOBER 22 2016.......SUNRISE   736 AM CDT   SUNSET   619 PM CDT


-  INDICATES NEGATIVE NUMBERS.
R  INDICATES RECORD WAS SET OR TIED.
MM INDICATES DATA IS MISSING.
T  INDICATES TRACE AMOUNT.




$$
