493
CDUS43 KDMX 220632 RRA
CLIMCW

CLIMATE REPORT
NATIONAL WEATHER SERVICE DES MOINES IA
130 AM CDT WED MAR 22 2017


...................................

...THE MASON CITY IA CLIMATE SUMMARY FOR MARCH 21 2017...

CLIMATE NORMAL PERIOD 1981 TO 2010
CLIMATE RECORD PERIOD 1893 TO 2017


WEATHER ITEM   OBSERVED TIME   RECORD YEAR NORMAL DEPARTURE LAST
                VALUE   (LST)  VALUE       VALUE  FROM      YEAR
                                                  NORMAL
..................................................................
TEMPERATURE (F)
 YESTERDAY
  MAXIMUM         43    231 PM  81    1938  45     -2       56
  MINIMUM         24   1159 PM  -8    1965  26     -2       22
  AVERAGE         34                        35     -1       39

PRECIPITATION (IN)
  YESTERDAY        0.00          0.54 1949   0.08  -0.08     0.00
  MONTH TO DATE    0.85                      1.34  -0.49     0.93
  SINCE MAR 1      0.85                      1.34  -0.49     0.93
  SINCE JAN 1      4.84                      3.16   1.68     2.22

SNOWFALL (IN)
  YESTERDAY        0.0           4.0  1932   0.2   -0.2      0.0
  MONTH TO DATE   10.0                       4.4    5.6      3.2
  SINCE MAR 1     10.0                       4.4    5.6      3.2
  SINCE JUL 1     49.4                      36.9   12.5     45.9
  SNOW DEPTH       0

DEGREE DAYS
 HEATING
  YESTERDAY       31                        30      1       26
  MONTH TO DATE  762                       720     42      545
  SINCE MAR 1    762                       720     42      545
  SINCE JUL 1   5674                      6571   -897     5644

 COOLING
  YESTERDAY        0                         0      0        0
  MONTH TO DATE    0                         0      0        0
  SINCE MAR 1      0                         0      0        0
  SINCE JAN 1      0                         0      0        0
..................................................................


WIND (MPH)
  HIGHEST WIND SPEED    23   HIGHEST WIND DIRECTION     N (350)
  HIGHEST GUST SPEED    27   HIGHEST GUST DIRECTION     N (340)
  AVERAGE WIND SPEED    13.8


SKY COVER
  POSSIBLE SUNSHINE  MM
  AVERAGE SKY COVER 0.1


WEATHER CONDITIONS
 THE FOLLOWING WEATHER WAS RECORDED YESTERDAY.
  NO SIGNIFICANT WEATHER WAS OBSERVED.


RELATIVE HUMIDITY (PERCENT)
 HIGHEST    75           100 AM
 LOWEST     38           100 PM
 AVERAGE    57

..........................................................


THE MASON CITY IA CLIMATE NORMALS FOR TODAY
                         NORMAL    RECORD    YEAR
 MAXIMUM TEMPERATURE (F)   45        75      1994
 MINIMUM TEMPERATURE (F)   26        -4      1912


SUNRISE AND SUNSET
MARCH 22 2017.........SUNRISE   712 AM CDT   SUNSET   728 PM CDT
MARCH 23 2017.........SUNRISE   711 AM CDT   SUNSET   730 PM CDT


-  INDICATES NEGATIVE NUMBERS.
R  INDICATES RECORD WAS SET OR TIED.
MM INDICATES DATA IS MISSING.
T  INDICATES TRACE AMOUNT.




$$
