157
CDUS43 KDMX 230654 RRA
CLIMCW

DSMCLIMCY 000
TTAA00 KDMX 230649


CLIMATE REPORT
NATIONAL WEATHER SERVICE DES MOINES IA
148 AM CDT MON MAY 23 2016


...................................

...THE MASON CITY IA CLIMATE SUMMARY FOR MAY 22 2016...

CLIMATE NORMAL PERIOD 1981 TO 2010
CLIMATE RECORD PERIOD 1893 TO 2016


WEATHER ITEM   OBSERVED TIME   RECORD YEAR NORMAL DEPARTURE LAST
                VALUE   (LST)  VALUE       VALUE  FROM      YEAR
                                                  NORMAL
..................................................................
TEMPERATURE (F)
 YESTERDAY
  MAXIMUM         84    245 PM 100    1925  72     12       75
  MINIMUM         47    509 AM  29    1931  49     -2       40
  AVERAGE         66                        60      6       58

PRECIPITATION (IN)
  YESTERDAY        0.00          2.50 1898   0.15  -0.15     0.00
  MONTH TO DATE    1.26                      3.26  -2.00     2.45
  SINCE MAR 1      6.29                      9.24  -2.95     8.05
  SINCE JAN 1      7.53                     11.06  -3.53    10.12

SNOWFALL (IN)
  YESTERDAY        0.0          MM      MM   0.0    0.0      0.0
  MONTH TO DATE    0.0                       0.1   -0.1      0.0
  SINCE MAR 1      9.0                       8.8    0.2      4.2
  SINCE JUL 1     50.9                      41.3    9.6     40.0
  SNOW DEPTH       0

DEGREE DAYS
 HEATING
  YESTERDAY        0                         6     -6        7
  MONTH TO DATE  226                       193     33      176
  SINCE MAR 1   1526                      1742   -216     1591
  SINCE JUL 1   6625                      7593   -968     7654

 COOLING
  YESTERDAY        1                         1      0        0
  MONTH TO DATE    6                        14     -8       16
  SINCE MAR 1     10                        19     -9       16
  SINCE JAN 1     10                        19     -9       16
..................................................................


WIND (MPH)
  HIGHEST WIND SPEED    26   HIGHEST WIND DIRECTION     S (170)
  HIGHEST GUST SPEED    36   HIGHEST GUST DIRECTION     S (170)
  AVERAGE WIND SPEED    12.1


SKY COVER
  POSSIBLE SUNSHINE  MM
  AVERAGE SKY COVER 0.0


WEATHER CONDITIONS
 THE FOLLOWING WEATHER WAS RECORDED YESTERDAY.
  HAZE


RELATIVE HUMIDITY (PERCENT)
 HIGHEST    80           500 AM
 LOWEST     21           500 PM
 AVERAGE    51

..........................................................


THE MASON CITY IA CLIMATE NORMALS FOR TODAY
                         NORMAL    RECORD    YEAR
 MAXIMUM TEMPERATURE (F)   72        89      2012
                                             1975
                                             1972
 MINIMUM TEMPERATURE (F)   49        30      1931


SUNRISE AND SUNSET
MAY 23 2016...........SUNRISE   542 AM CDT   SUNSET   839 PM CDT
MAY 24 2016...........SUNRISE   541 AM CDT   SUNSET   840 PM CDT


-  INDICATES NEGATIVE NUMBERS.
R  INDICATES RECORD WAS SET OR TIED.
MM INDICATES DATA IS MISSING.
T  INDICATES TRACE AMOUNT.




$$
