000
CDUS43 KDMX 250632 RRA
CLIMCW

CLIMATE REPORT
NATIONAL WEATHER SERVICE DES MOINES IA
130 AM CDT MON APR 25 2016

...................................

...THE MASON CITY IA CLIMATE SUMMARY FOR APRIL 24 2016...

CLIMATE NORMAL PERIOD 1981 TO 2010
CLIMATE RECORD PERIOD 1893 TO 2016


WEATHER ITEM   OBSERVED TIME   RECORD YEAR NORMAL DEPARTURE LAST
                VALUE   (LST)  VALUE       VALUE  FROM      YEAR
                                                  NORMAL
..................................................................
TEMPERATURE (F)
 YESTERDAY
  MAXIMUM         78    426 PM  90    2009  63     15       47
  MINIMUM         54    528 AM  22    1956  38     16       40
  AVERAGE         66                        50     16       44

PRECIPITATION (IN)
  YESTERDAY        0.03          1.64 1929   0.13  -0.10     0.46
  MONTH TO DATE    0.55                      2.91  -2.36     4.53
  SINCE MAR 1      3.83                      5.14  -1.31     5.60
  SINCE JAN 1      5.07                      6.96  -1.89     7.67

SNOWFALL (IN)
  YESTERDAY        0.0          MM      MM   0.0    0.0      0.0
  MONTH TO DATE    T                         2.5   -2.5      0.6
  SINCE MAR 1      9.0                       8.5    0.5      4.2
  SINCE JUL 1     50.9                      41.0    9.9     40.0
  SNOW DEPTH       0

DEGREE DAYS
 HEATING
  YESTERDAY        0                        15    -15       21
  MONTH TO DATE  406                       475    -69      408
  SINCE MAR 1   1197                      1469   -272     1329
  SINCE JUL 1   6296                      7320  -1024     7392

 COOLING
  YESTERDAY        1                         0      1        0
  MONTH TO DATE    4                         0      4        0
  SINCE MAR 1      4                         0      4        0
  SINCE JAN 1      4                         0      4        0
..................................................................


WIND (MPH)
  HIGHEST WIND SPEED    26   HIGHEST WIND DIRECTION     S (170)
  HIGHEST GUST SPEED    33   HIGHEST GUST DIRECTION     S (200)
  AVERAGE WIND SPEED    15.9


SKY COVER
  POSSIBLE SUNSHINE  MM
  AVERAGE SKY COVER 0.5


WEATHER CONDITIONS
 THE FOLLOWING WEATHER WAS RECORDED YESTERDAY.
  THUNDERSTORM
  LIGHT RAIN


RELATIVE HUMIDITY (PERCENT)
 HIGHEST    83           500 AM
 LOWEST     46           600 PM
 AVERAGE    65

..........................................................


THE MASON CITY IA CLIMATE NORMALS FOR TODAY
                         NORMAL    RECORD    YEAR
 MAXIMUM TEMPERATURE (F)   63        89      1949
 MINIMUM TEMPERATURE (F)   39        18      1934


SUNRISE AND SUNSET
APRIL 25 2016.........SUNRISE   615 AM CDT   SUNSET   808 PM CDT
APRIL 26 2016.........SUNRISE   613 AM CDT   SUNSET   810 PM CDT


-  INDICATES NEGATIVE NUMBERS.
R  INDICATES RECORD WAS SET OR TIED.
MM INDICATES DATA IS MISSING.
T  INDICATES TRACE AMOUNT.

$$

REV
