000
CDUS43 KDMX 220638
CLIMCW

CLIMATE REPORT
NATIONAL WEATHER SERVICE DES MOINES IA
133 AM CDT MON AUG 22 2016


...................................

...THE MASON CITY IA CLIMATE SUMMARY FOR AUGUST 21 2016...

CLIMATE NORMAL PERIOD 1981 TO 2010
CLIMATE RECORD PERIOD 1893 TO 2016


WEATHER ITEM   OBSERVED TIME   RECORD YEAR NORMAL DEPARTURE LAST
                VALUE   (LST)  VALUE       VALUE  FROM      YEAR
                                                  NORMAL
..................................................................
TEMPERATURE (F)
 YESTERDAY
  MAXIMUM         73    428 PM 100    1947  80     -7       82
  MINIMUM         52    559 AM  36    2004  58     -6       56
  AVERAGE         63                        69     -6       69

PRECIPITATION (IN)
  YESTERDAY        0.00          3.25 1979   0.13  -0.13     0.00
  MONTH TO DATE    4.65                      2.80   1.85     2.29
  SINCE JUN 1     18.05                     12.64   5.41    13.96
  SINCE JAN 1     29.27                     25.12   4.15    24.96

SNOWFALL (IN)
  YESTERDAY        0.0          MM      MM   0.0    0.0      0.0
  MONTH TO DATE    0.0                       0.0    0.0      0.0
  SINCE JUN 1      0.0                       0.0    0.0      0.0
  SINCE JUL 1      0.0                       0.0    0.0      0.0
  SNOW DEPTH       0

DEGREE DAYS
 HEATING
  YESTERDAY        2                         1      1        0
  MONTH TO DATE    4                        16    -12        9
  SINCE JUN 1     22                        69    -47       42
  SINCE JUL 1     14                        25    -11       30

 COOLING
  YESTERDAY        0                         5     -5        4
  MONTH TO DATE  127                       119      8      119
  SINCE JUN 1    530                       478     52      472
  SINCE JAN 1    571                       513     58      502
..................................................................


WIND (MPH)
  HIGHEST WIND SPEED    16   HIGHEST WIND DIRECTION    NW (310)
  HIGHEST GUST SPEED    20   HIGHEST GUST DIRECTION     W (290)
  AVERAGE WIND SPEED     8.4


SKY COVER
  POSSIBLE SUNSHINE  MM
  AVERAGE SKY COVER 0.1


WEATHER CONDITIONS
 THE FOLLOWING WEATHER WAS RECORDED YESTERDAY.
  NO SIGNIFICANT WEATHER WAS OBSERVED.


RELATIVE HUMIDITY (PERCENT)
 HIGHEST   100           500 AM
 LOWEST     46           100 PM
 AVERAGE    73

..........................................................


THE MASON CITY IA CLIMATE NORMALS FOR TODAY
                         NORMAL    RECORD    YEAR
 MAXIMUM TEMPERATURE (F)   80        97      1947
 MINIMUM TEMPERATURE (F)   57        40      1923


SUNRISE AND SUNSET
AUGUST 22 2016........SUNRISE   627 AM CDT   SUNSET   804 PM CDT
AUGUST 23 2016........SUNRISE   628 AM CDT   SUNSET   802 PM CDT


-  INDICATES NEGATIVE NUMBERS.
R  INDICATES RECORD WAS SET OR TIED.
MM INDICATES DATA IS MISSING.
T  INDICATES TRACE AMOUNT.




$$
