000
CDUS43 KDMX 290701
CLIMCW

CLIMATE REPORT
NATIONAL WEATHER SERVICE DES MOINES IA
101 AM CST THU JAN 29 2015

...................................

...THE MASON CITY IA CLIMATE SUMMARY FOR JANUARY 28 2015...

CLIMATE NORMAL PERIOD 1981 TO 2010
CLIMATE RECORD PERIOD 1893 TO 2015


WEATHER ITEM   OBSERVED TIME   RECORD YEAR NORMAL DEPARTURE LAST
                VALUE   (LST)  VALUE       VALUE  FROM      YEAR
                                                  NORMAL
..................................................................
TEMPERATURE (F)
 YESTERDAY
  MAXIMUM         35    515 PM  51    1931  25     10        5
  MINIMUM         27    831 AM -28    1915   7     20      -15
  AVERAGE         31                        16     15       -5

PRECIPITATION (IN)
  YESTERDAY        0.00          0.80 1909   0.03  -0.03     0.00
  MONTH TO DATE    0.72                      0.73  -0.01     0.71
  SINCE DEC 1      1.82                      1.97  -0.15     1.88
  SINCE JAN 1      0.72                      0.73  -0.01     0.71

SNOWFALL (IN)
  YESTERDAY        0.0           3.8  1947   0.3   -0.3      0.0
  MONTH TO DATE    8.2                       9.7   -1.5      7.7
  SINCE DEC 1     13.9                      19.0   -5.1     22.6
  SINCE JUL 1     21.9                      23.7   -1.8     24.1
  SNOW DEPTH       T

DEGREE DAYS
 HEATING
  YESTERDAY       34                        49    -15       70
  MONTH TO DATE 1291                      1372    -81     1567
  SINCE DEC 1   2517                      2781   -264     3147
  SINCE JUL 1   4416                      4461    -45     4811

 COOLING
  YESTERDAY        0                         0      0        0
  MONTH TO DATE    0                         0      0        0
  SINCE DEC 1      0                         0      0        0
  SINCE JAN 1      0                         0      0        0
..................................................................


WIND (MPH)
  HIGHEST WIND SPEED    26   HIGHEST WIND DIRECTION    SE (150)
  HIGHEST GUST SPEED    33   HIGHEST GUST DIRECTION    SE (150)
  AVERAGE WIND SPEED    15.5


SKY COVER
  POSSIBLE SUNSHINE  MM
  AVERAGE SKY COVER 0.9


WEATHER CONDITIONS
 THE FOLLOWING WEATHER WAS RECORDED YESTERDAY.
  LT FREEZING RAIN
  FOG
  FOG W/VISIBILITY <= 1/4 MILE
  HAZE


RELATIVE HUMIDITY (PERCENT)
 HIGHEST   100           400 AM
 LOWEST     89           100 PM
 AVERAGE    95

..........................................................


THE MASON CITY IA CLIMATE NORMALS FOR TODAY
                         NORMAL    RECORD    YEAR
 MAXIMUM TEMPERATURE (F)   25        50      1931
 MINIMUM TEMPERATURE (F)    7       -28      1966


SUNRISE AND SUNSET
JANUARY 29 2015.......SUNRISE   732 AM CST   SUNSET   521 PM CST
JANUARY 30 2015.......SUNRISE   731 AM CST   SUNSET   523 PM CST


-  INDICATES NEGATIVE NUMBERS.
R  INDICATES RECORD WAS SET OR TIED.
MM INDICATES DATA IS MISSING.
T  INDICATES TRACE AMOUNT.

$$

SMALL
