802
CDUS43 KDMX 280634 RRB
CLIMCW

CLIMATE REPORT
NATIONAL WEATHER SERVICE DES MOINES IA
133 AM CDT WED SEP 28 2016


...................................

...THE MASON CITY IA CLIMATE SUMMARY FOR SEPTEMBER 27 2016...

CLIMATE NORMAL PERIOD 1981 TO 2010
CLIMATE RECORD PERIOD 1893 TO 2016


WEATHER ITEM   OBSERVED TIME   RECORD YEAR NORMAL DEPARTURE LAST
                VALUE   (LST)  VALUE       VALUE  FROM      YEAR
                                                  NORMAL
..................................................................
TEMPERATURE (F)
 YESTERDAY
  MAXIMUM         69    323 PM  86    2013  69      0       80
                                      1963
  MINIMUM         42    613 AM  22    1896  43     -1       50
  AVERAGE         56                        56      0       65

PRECIPITATION (IN)
  YESTERDAY        0.00          1.52 1965   0.10  -0.10     0.00
  MONTH TO DATE   11.03                      2.97   8.06     4.50
  SINCE SEP 1     11.03                      2.97   8.06     4.50
  SINCE JAN 1     42.35                     29.33  13.02    32.31

SNOWFALL (IN)
  YESTERDAY        0.0           0.0  2002   0.0    0.0      0.0
  MONTH TO DATE    0.0                       0.0    0.0      0.0
  SINCE SEP 1      0.0                       0.0    0.0      0.0
  SINCE JUL 1      0.0                       0.0    0.0      0.0
  SNOW DEPTH       0

DEGREE DAYS
 HEATING
  YESTERDAY        9                        10     -1        0
  MONTH TO DATE   45                       145   -100       57
  SINCE SEP 1     45                       145   -100       57
  SINCE JUL 1     63                       181   -118      115

 COOLING
  YESTERDAY        0                         1     -1        0
  MONTH TO DATE   85                        52     33      126
  SINCE SEP 1     85                        52     33      126
  SINCE JAN 1    693                       608     85      643
..................................................................


WIND (MPH)
  HIGHEST WIND SPEED    26   HIGHEST WIND DIRECTION     W (290)
  HIGHEST GUST SPEED    34   HIGHEST GUST DIRECTION    NW (320)
  AVERAGE WIND SPEED    14.0


SKY COVER
  POSSIBLE SUNSHINE  MM
  AVERAGE SKY COVER 0.2


WEATHER CONDITIONS
 THE FOLLOWING WEATHER WAS RECORDED YESTERDAY.
  NO SIGNIFICANT WEATHER WAS OBSERVED.


RELATIVE HUMIDITY (PERCENT)
 HIGHEST    83           700 AM
 LOWEST     23           300 PM
 AVERAGE    53

..........................................................


THE MASON CITY IA CLIMATE NORMALS FOR TODAY
                         NORMAL    RECORD    YEAR
 MAXIMUM TEMPERATURE (F)   68        89      1898
 MINIMUM TEMPERATURE (F)   43        20      1942


SUNRISE AND SUNSET
SEPTEMBER 28 2016.....SUNRISE   708 AM CDT   SUNSET   659 PM CDT
SEPTEMBER 29 2016.....SUNRISE   709 AM CDT   SUNSET   657 PM CDT


-  INDICATES NEGATIVE NUMBERS.
R  INDICATES RECORD WAS SET OR TIED.
MM INDICATES DATA IS MISSING.
T  INDICATES TRACE AMOUNT.




$$
