000
CDUS43 KDMX 300646 RRA
CLIMCW

CLIMATE REPORT
NATIONAL WEATHER SERVICE DES MOINES IA
146 AM CDT SUN AUG 30 2015

...................................

...THE MASON CITY IA CLIMATE SUMMARY FOR AUGUST 29 2015...

CLIMATE NORMAL PERIOD 1981 TO 2010
CLIMATE RECORD PERIOD 1893 TO 2015


WEATHER ITEM   OBSERVED TIME   RECORD YEAR NORMAL DEPARTURE LAST
                VALUE   (LST)  VALUE       VALUE  FROM      YEAR
                                                  NORMAL
..................................................................
TEMPERATURE (F)
 YESTERDAY
  MAXIMUM         74    437 PM  97    2012  79     -5       83
  MINIMUM         59   1159 PM  34    1893  56      3       66
  AVERAGE         67                        67      0       75

PRECIPITATION (IN)
  YESTERDAY        0.00          2.20 1982   0.13  -0.13     0.54
  MONTH TO DATE    5.15                      3.79   1.36     4.13
  SINCE JUN 1     16.82                     13.63   3.19    13.68
  SINCE JAN 1     27.82                     26.11   1.71    27.72

SNOWFALL (IN)
  YESTERDAY        0.0          MM      MM   0.0    0.0      0.0
  MONTH TO DATE    0.0                       0.0    0.0      0.0
  SINCE JUN 1      0.0                       0.0    0.0      0.0
  SINCE JUL 1      0.0                       0.0    0.0      0.0
  SNOW DEPTH       0

DEGREE DAYS
 HEATING
  YESTERDAY        0                         2     -2        0
  MONTH TO DATE   36                        25     11        0
  SINCE JUN 1     69                        78     -9       34
  SINCE JUL 1     57                        34     23       21

 COOLING
  YESTERDAY        2                         4     -2       10
  MONTH TO DATE  127                       154    -27      190
  SINCE JUN 1    480                       513    -33      446
  SINCE JAN 1    510                       548    -38      499
..................................................................


WIND (MPH)
  HIGHEST WIND SPEED    12   HIGHEST WIND DIRECTION     N (20)
  HIGHEST GUST SPEED    14   HIGHEST GUST DIRECTION     N (20)
  AVERAGE WIND SPEED     4.6


SKY COVER
  POSSIBLE SUNSHINE  MM
  AVERAGE SKY COVER 0.8


WEATHER CONDITIONS
 THE FOLLOWING WEATHER WAS RECORDED YESTERDAY.
  FOG


RELATIVE HUMIDITY (PERCENT)
 HIGHEST   100           400 AM
 LOWEST     68           200 PM
 AVERAGE    84

..........................................................


THE MASON CITY IA CLIMATE NORMALS FOR TODAY
                         NORMAL    RECORD    YEAR
 MAXIMUM TEMPERATURE (F)   79        99      2012
 MINIMUM TEMPERATURE (F)   55        30      1915


SUNRISE AND SUNSET
AUGUST 30 2015........SUNRISE   635 AM CDT   SUNSET   752 PM CDT
AUGUST 31 2015........SUNRISE   636 AM CDT   SUNSET   750 PM CDT


-  INDICATES NEGATIVE NUMBERS.
R  INDICATES RECORD WAS SET OR TIED.
MM INDICATES DATA IS MISSING.
T  INDICATES TRACE AMOUNT.

$$

SMALL
