000
CDUS43 KDMX 020635 RRA
CLIMCW

DSMCLIMCX 000
TTAA00 KDMX 020632


CLIMATE REPORT
NATIONAL WEATHER SERVICE DES MOINES IA
132 AM CDT THU JUL 2 2015


...................................

...THE MASON CITY IA CLIMATE SUMMARY FOR JULY 1 2015...

CLIMATE NORMAL PERIOD 1981 TO 2010
CLIMATE RECORD PERIOD 1893 TO 2015


WEATHER ITEM   OBSERVED TIME   RECORD YEAR NORMAL DEPARTURE LAST
                VALUE   (LST)  VALUE       VALUE  FROM      YEAR
                                                  NORMAL
..................................................................
TEMPERATURE (F)
 YESTERDAY
  MAXIMUM         66    121 PM  98    1931  83    -17       75
  MINIMUM         50   1159 PM  44    1976  60    -10       55
  AVERAGE         58                        72    -14       65

PRECIPITATION (IN)
  YESTERDAY        0.01          1.19 1933   0.15  -0.14     0.02
  MONTH TO DATE    0.01                      0.15  -0.14     0.02
  SINCE JUN 1      5.05                      5.29  -0.24     8.67
  SINCE JAN 1     16.05                     17.77  -1.72    22.71

SNOWFALL (IN)
  YESTERDAY        0.0          MM      MM   0.0    0.0      0.0
  MONTH TO DATE    0.0                       0.0    0.0      0.0
  SINCE JUN 1      0.0                       0.0    0.0      0.0
  SINCE JUL 1      0.0                       0.0    0.0      0.0
  SNOW DEPTH       0

DEGREE DAYS
 HEATING
  YESTERDAY        7                         0      7        0
  MONTH TO DATE    7                         0      7        0
  SINCE JUN 1     19                        44    -25       13
  SINCE JUL 1      7                         0      7        0

 COOLING
  YESTERDAY        0                         7     -7        0
  MONTH TO DATE    0                         7     -7        0
  SINCE JUN 1    136                       145     -9      136
  SINCE JAN 1    166                       180    -14      189
..................................................................


WIND (MPH)
  HIGHEST WIND SPEED    13   HIGHEST WIND DIRECTION     E (90)
  HIGHEST GUST SPEED    15   HIGHEST GUST DIRECTION     E (90)
  AVERAGE WIND SPEED     6.4


SKY COVER
  POSSIBLE SUNSHINE  MM
  AVERAGE SKY COVER 0.3


WEATHER CONDITIONS
 THE FOLLOWING WEATHER WAS RECORDED YESTERDAY.
  LIGHT RAIN


RELATIVE HUMIDITY (PERCENT)
 HIGHEST    96          1100 PM
 LOWEST     67           600 PM
 AVERAGE    82

..........................................................


THE MASON CITY IA CLIMATE NORMALS FOR TODAY
                         NORMAL    RECORD    YEAR
 MAXIMUM TEMPERATURE (F)   83       101      1934
 MINIMUM TEMPERATURE (F)   61        43      1924


SUNRISE AND SUNSET
JULY  2 2015..........SUNRISE   538 AM CDT   SUNSET   857 PM CDT
JULY  3 2015..........SUNRISE   538 AM CDT   SUNSET   856 PM CDT


-  INDICATES NEGATIVE NUMBERS.
R  INDICATES RECORD WAS SET OR TIED.
MM INDICATES DATA IS MISSING.
T  INDICATES TRACE AMOUNT.




$$
