000
CDUS43 KDMX 170640
CLIMCW

CLIMATE REPORT
NATIONAL WEATHER SERVICE DES MOINES IA
130 AM CDT FRI OCT 17 2014

...................................

...THE MASON CITY IA CLIMATE SUMMARY FOR OCTOBER 16 2014...

CLIMATE NORMAL PERIOD 1981 TO 2010
CLIMATE RECORD PERIOD 1893 TO 2014

WEATHER ITEM   OBSERVED TIME   RECORD YEAR NORMAL DEPARTURE LAST
                VALUE   (LST)  VALUE       VALUE  FROM      YEAR
                                                  NORMAL
..................................................................
TEMPERATURE (F)
 YESTERDAY
  MAXIMUM         72    155 PM  85    1938  60     12       47
  MINIMUM         32    633 AM  22    1943  37     -5       33
  AVERAGE         52                        48      4       40

PRECIPITATION (IN)
  YESTERDAY        0.00          2.09 1928   0.07  -0.07     0.01
  MONTH TO DATE    1.79                      1.38   0.41     1.82
  SINCE SEP 1      4.38                      4.65  -0.27     2.97
  SINCE JAN 1     33.03                     31.01   2.02    36.35

SNOWFALL (IN)
  YESTERDAY        0.0           5.5  1937   0.0    0.0      0.0
  MONTH TO DATE    0.0                       0.1   -0.1      0.0
  SINCE SEP 1      0.0                       0.1   -0.1      0.0
  SINCE JUL 1      0.0                       0.1   -0.1      0.0
  SNOW DEPTH       0

DEGREE DAYS
 HEATING
  YESTERDAY       13                        17     -4       25
  MONTH TO DATE  262                       226     36      149
  SINCE SEP 1    436                       403     33      269
  SINCE JUL 1    457                       439     18      307

 COOLING
  YESTERDAY        0                         0      0        0
  MONTH TO DATE    0                         2     -2        6
  SINCE SEP 1     33                        56    -23      126
  SINCE JAN 1    544                       612    -68      718
..................................................................

WIND (MPH)
  HIGHEST WIND SPEED    20   HIGHEST WIND DIRECTION    SW (210)
  HIGHEST GUST SPEED    26   HIGHEST GUST DIRECTION     S (200)
  AVERAGE WIND SPEED     9.5

SKY COVER
  POSSIBLE SUNSHINE  MM
  AVERAGE SKY COVER 0.0

WEATHER CONDITIONS
 THE FOLLOWING WEATHER WAS RECORDED YESTERDAY.
  NO SIGNIFICANT WEATHER WAS OBSERVED.

RELATIVE HUMIDITY (PERCENT)
 HIGHEST   100          1200 AM
 LOWEST     37          1200 PM
 AVERAGE    69
..........................................................

THE MASON CITY IA CLIMATE NORMALS FOR TODAY
                         NORMAL    RECORD    YEAR
 MAXIMUM TEMPERATURE (F)   60        85      1947
 MINIMUM TEMPERATURE (F)   36        18      1952

SUNRISE AND SUNSET
OCTOBER 17 2014.......SUNRISE   729 AM CDT   SUNSET   627 PM CDT
OCTOBER 18 2014.......SUNRISE   731 AM CDT   SUNSET   626 PM CDT

-  INDICATES NEGATIVE NUMBERS.
R  INDICATES RECORD WAS SET OR TIED.
MM INDICATES DATA IS MISSING.
T  INDICATES TRACE AMOUNT.

$$

FAB
