000
CDUS43 KDMX 190725
CLIMCW

CLIMATE REPORT
NATIONAL WEATHER SERVICE DES MOINES IA
155 AM CDT WED JUL 19 2017

...................................

...THE MASON CITY IA CLIMATE SUMMARY FOR JULY 18 2017...

CLIMATE NORMAL PERIOD 1981 TO 2010
CLIMATE RECORD PERIOD 1893 TO 2017

WEATHER ITEM   OBSERVED TIME   RECORD YEAR NORMAL DEPARTURE LAST
                VALUE   (LST)  VALUE       VALUE  FROM      YEAR
                                                  NORMAL
..................................................................
TEMPERATURE (F)
 YESTERDAY
  MAXIMUM         88    218 PM 100    1940  83      5       85
  MINIMUM         66    314 AM  43    1914  61      5       58
  AVERAGE         77                        72      5       72

PRECIPITATION (IN)
  YESTERDAY        0.56          3.13 1999   0.16   0.40     0.00
  MONTH TO DATE    1.04                      2.75  -1.71     5.58
  SINCE JUN 1      4.40                      7.89  -3.49    12.09
  SINCE JAN 1     18.55                     20.37  -1.82    23.30

SNOWFALL (IN)
  YESTERDAY        0.0          MM      MM   0.0    0.0      0.0
  MONTH TO DATE    0.0                       0.0    0.0      0.0
  SINCE JUN 1      0.0                       0.0    0.0      0.0
  SINCE JUL 1      0.0                       0.0    0.0      0.0
  SNOW DEPTH       0

DEGREE DAYS
 HEATING
  YESTERDAY        0                         0      0        0
  MONTH TO DATE    1                         0      1       10
  SINCE JUN 1     22                        44    -22       18
  SINCE JUL 1      1                         0      1       10

 COOLING
  YESTERDAY       12                         7      5        7
  MONTH TO DATE  147                       128     19       96
  SINCE JUN 1    328                       266     62      282
  SINCE JAN 1    353                       301     52      323
..................................................................

WIND (MPH)
  HIGHEST WIND SPEED    22   HIGHEST WIND DIRECTION    SW (220)
  HIGHEST GUST SPEED    29   HIGHEST GUST DIRECTION    SW (220)
  AVERAGE WIND SPEED     7.7

SKY COVER
  POSSIBLE SUNSHINE  MM
  AVERAGE SKY COVER 0.3

WEATHER CONDITIONS
 THE FOLLOWING WEATHER WAS RECORDED YESTERDAY.
  THUNDERSTORM
  HEAVY RAIN
  RAIN
  LIGHT RAIN
  FOG

RELATIVE HUMIDITY (PERCENT)
 HIGHEST    93           200 AM
 LOWEST     61           100 PM
 AVERAGE    77
..........................................................

THE MASON CITY IA CLIMATE NORMALS FOR TODAY
                         NORMAL    RECORD    YEAR
 MAXIMUM TEMPERATURE (F)   83       101      1940
 MINIMUM TEMPERATURE (F)   61        46      1912

SUNRISE AND SUNSET
JULY 19 2017..........SUNRISE   551 AM CDT   SUNSET   848 PM CDT
JULY 20 2017..........SUNRISE   552 AM CDT   SUNSET   847 PM CDT

-  INDICATES NEGATIVE NUMBERS.
R  INDICATES RECORD WAS SET OR TIED.
MM INDICATES DATA IS MISSING.
T  INDICATES TRACE AMOUNT.

$$

FAB
