000
CDUS43 KDMX 080639 RRA
CLIMCW

CLIMATE REPORT
NATIONAL WEATHER SERVICE DES MOINES IA
138 AM CDT TUE JUL 8 2014


...................................

...THE MASON CITY IA CLIMATE SUMMARY FOR JULY 7 2014...

CLIMATE NORMAL PERIOD 1981 TO 2010
CLIMATE RECORD PERIOD 1893 TO 2014


WEATHER ITEM   OBSERVED TIME   RECORD YEAR NORMAL DEPARTURE LAST
                VALUE   (LST)  VALUE       VALUE  FROM      YEAR
                                                  NORMAL
..................................................................
TEMPERATURE (F)
 YESTERDAY
  MAXIMUM         83    511 PM 104    1936  84     -1       91
  MINIMUM         61    517 AM  42    1896  61      0       68
  AVERAGE         72                        72      0       80

PRECIPITATION (IN)
  YESTERDAY        T             2.44 1952   0.16  -0.16     0.08
  MONTH TO DATE    0.12                      1.08  -0.96     0.08
  SINCE JUN 1      8.76                      6.22   2.54     6.52
  SINCE JAN 1     22.80                     18.70   4.10    27.96

SNOWFALL (IN)
  YESTERDAY        0.0          MM      MM   0.0    0.0      0.0
  MONTH TO DATE    0.0                       0.0    0.0      0.0
  SINCE JUN 1      0.0                       0.0    0.0      0.0
  SINCE JUL 1      0.0                       0.0    0.0      0.0
  SNOW DEPTH       0

DEGREE DAYS
 HEATING
  YESTERDAY        0                         0      0        0
  MONTH TO DATE    9                         0      9        0
  SINCE JUN 1     22                        44    -22       53
  SINCE JUL 1      9                         0      9        0

 COOLING
  YESTERDAY        7                         7      0       15
  MONTH TO DATE   24                        49    -25       56
  SINCE JUN 1    160                       187    -27      202
  SINCE JAN 1    213                       222     -9      239
..................................................................


WIND (MPH)
  HIGHEST WIND SPEED    21   HIGHEST WIND DIRECTION    NW (300)
  HIGHEST GUST SPEED    29   HIGHEST GUST DIRECTION    NW (320)
  AVERAGE WIND SPEED     9.7


SKY COVER
  POSSIBLE SUNSHINE  MM
  AVERAGE SKY COVER 0.1


WEATHER CONDITIONS
 THE FOLLOWING WEATHER WAS RECORDED YESTERDAY.
  LIGHT RAIN


RELATIVE HUMIDITY (PERCENT)
 HIGHEST   100           400 AM
 LOWEST     58           900 AM
 AVERAGE    79

..........................................................


THE MASON CITY IA CLIMATE NORMALS FOR TODAY
                         NORMAL    RECORD    YEAR
 MAXIMUM TEMPERATURE (F)   84       100      1936
 MINIMUM TEMPERATURE (F)   61        39      1895


SUNRISE AND SUNSET
JULY  8 2014..........SUNRISE   542 AM CDT   SUNSET   855 PM CDT
JULY  9 2014..........SUNRISE   543 AM CDT   SUNSET   854 PM CDT


-  INDICATES NEGATIVE NUMBERS.
R  INDICATES RECORD WAS SET OR TIED.
MM INDICATES DATA IS MISSING.
T  INDICATES TRACE AMOUNT.




$$
