000
CDUS43 KDMX 150708 RRC
CLIMCW

CLIMATE REPORT
NATIONAL WEATHER SERVICE DES MOINES IA
107 AM CST WED NOV 15 2017


...................................

...THE MASON CITY IA CLIMATE SUMMARY FOR NOVEMBER 14 2017...

CLIMATE NORMAL PERIOD 1981 TO 2010
CLIMATE RECORD PERIOD 1893 TO 2017


WEATHER ITEM   OBSERVED TIME   RECORD YEAR NORMAL DEPARTURE LAST
                VALUE   (LST)  VALUE       VALUE  FROM      YEAR
                                                  NORMAL
..................................................................
TEMPERATURE (F)
 YESTERDAY
  MAXIMUM         48   1159 PM  71    1990  44      4       51
  MINIMUM         37    421 AM  -7    1959  25     12       34
  AVERAGE         43                        35      8       43

PRECIPITATION (IN)
  YESTERDAY        0.03          0.60 1926   0.07  -0.04     0.00
  MONTH TO DATE    0.12                      0.94  -0.82     0.00
  SINCE SEP 1      7.38                      6.66   0.72    13.19
  SINCE JAN 1     30.30                     33.02  -2.72    44.45

SNOWFALL (IN)
  YESTERDAY        0.0           5.0  1908   0.1   -0.1      0.0
  MONTH TO DATE    T                         1.1   -1.1      0.0
  SINCE SEP 1      0.2                       1.5   -1.3      0.0
  SINCE JUL 1      0.2                       1.5   -1.3      0.0
  SNOW DEPTH       0

DEGREE DAYS
 HEATING
  YESTERDAY       22                        30     -8       22
  MONTH TO DATE  459                       374     85      230
  SINCE SEP 1    999                      1076    -77      703
  SINCE JUL 1   1022                      1112    -90      721

 COOLING
  YESTERDAY        0                         0      0        0
  MONTH TO DATE    0                         0      0        0
  SINCE SEP 1    104                        60     44       89
  SINCE JAN 1    603                       616    -13      697
..................................................................


WIND (MPH)
  HIGHEST WIND SPEED    20   HIGHEST WIND DIRECTION    SE (150)
  HIGHEST GUST SPEED    25   HIGHEST GUST DIRECTION    SE (150)
  AVERAGE WIND SPEED    12.6


SKY COVER
  POSSIBLE SUNSHINE  MM
  AVERAGE SKY COVER 1.0


WEATHER CONDITIONS
 THE FOLLOWING WEATHER WAS RECORDED YESTERDAY.
  LIGHT RAIN
  FOG
  FOG W/VISIBILITY <= 1/4 MILE


RELATIVE HUMIDITY (PERCENT)
 HIGHEST   100          1200 AM
 LOWEST     92           200 PM
 AVERAGE    96

..........................................................


THE MASON CITY IA CLIMATE NORMALS FOR TODAY
                         NORMAL    RECORD    YEAR
 MAXIMUM TEMPERATURE (F)   43        68      1953
 MINIMUM TEMPERATURE (F)   25        -3      1940


SUNRISE AND SUNSET
NOVEMBER 15 2017......SUNRISE   706 AM CST   SUNSET   449 PM CST
NOVEMBER 16 2017......SUNRISE   708 AM CST   SUNSET   448 PM CST


-  INDICATES NEGATIVE NUMBERS.
R  INDICATES RECORD WAS SET OR TIED.
MM INDICATES DATA IS MISSING.
T  INDICATES TRACE AMOUNT.




$$
