827
CDUS43 KDMX 030706 RRB
CLIMCW

CLIMATE REPORT
NATIONAL WEATHER SERVICE DES MOINES IA
104 AM CST WED FEB 3 2016


...................................

...THE MASON CITY IA CLIMATE SUMMARY FOR FEBRUARY 2 2016...

CLIMATE NORMAL PERIOD 1981 TO 2010
CLIMATE RECORD PERIOD 1893 TO 2016


WEATHER ITEM   OBSERVED TIME   RECORD YEAR NORMAL DEPARTURE LAST
                VALUE   (LST)  VALUE       VALUE  FROM      YEAR
                                                  NORMAL
..................................................................
TEMPERATURE (F)
 YESTERDAY
  MAXIMUM         31    406 PM  53    1987  26      5        9
  MINIMUM         26    229 AM -32    1996   8     18      -10
  AVERAGE         29                        17     12        0

PRECIPITATION (IN)
  YESTERDAY        0.25          0.45 2004   0.03   0.22     0.00
  MONTH TO DATE    0.25                      0.06   0.19     0.56
  SINCE DEC 1      4.44                      2.12   2.32     2.59
  SINCE JAN 1      0.81                      0.88  -0.07     1.49

SNOWFALL (IN)
  YESTERDAY       10.0 R         6.3  2004   0.4    9.6      0.0
  MONTH TO DATE   10.0                       0.7    9.3      6.2
  SINCE DEC 1     28.7                      20.8    7.9     21.6
  SINCE JUL 1     38.7                      25.5   13.2     29.6
  SNOW DEPTH       7

DEGREE DAYS
 HEATING
  YESTERDAY       36                        48    -12       65
  MONTH TO DATE   72                        96    -24      116
  SINCE DEC 1   2642                      3027   -385     2756
  SINCE JUL 1   3997                      4707   -710     4655

 COOLING
  YESTERDAY        0                         0      0        0
  MONTH TO DATE    0                         0      0        0
  SINCE DEC 1      0                         0      0        0
  SINCE JAN 1      0                         0      0        0
..................................................................


WIND (MPH)
  HIGHEST WIND SPEED    32   HIGHEST WIND DIRECTION     E (70)
  HIGHEST GUST SPEED    37   HIGHEST GUST DIRECTION    NE (60)
  AVERAGE WIND SPEED    20.6


SKY COVER
  POSSIBLE SUNSHINE  MM
  AVERAGE SKY COVER 1.0


WEATHER CONDITIONS
 THE FOLLOWING WEATHER WAS RECORDED YESTERDAY.
  LT FREEZING RAIN
  HEAVY SNOW
  SNOW
  LIGHT SNOW
  FOG
  FOG W/VISIBILITY <= 1/4 MILE


RELATIVE HUMIDITY (PERCENT)
 HIGHEST   100           300 AM
 LOWEST     92          1200 AM
 AVERAGE    96

..........................................................


THE MASON CITY IA CLIMATE NORMALS FOR TODAY
                         NORMAL    RECORD    YEAR
 MAXIMUM TEMPERATURE (F)   26        53      1934
 MINIMUM TEMPERATURE (F)    8       -28      1996


SUNRISE AND SUNSET
FEBRUARY  3 2016......SUNRISE   727 AM CST   SUNSET   528 PM CST
FEBRUARY  4 2016......SUNRISE   726 AM CST   SUNSET   529 PM CST


-  INDICATES NEGATIVE NUMBERS.
R  INDICATES RECORD WAS SET OR TIED.
MM INDICATES DATA IS MISSING.
T  INDICATES TRACE AMOUNT.

$$
