000
CDUS43 KDMX 160652
CLIMCW

CLIMATE REPORT
NATIONAL WEATHER SERVICE DES MOINES IA
147 AM CDT SUN APR 16 2017

...................................

...THE MASON CITY IA CLIMATE SUMMARY FOR APRIL 15 2017...

CLIMATE NORMAL PERIOD 1981 TO 2010
CLIMATE RECORD PERIOD 1893 TO 2017

WEATHER ITEM   OBSERVED TIME   RECORD YEAR NORMAL DEPARTURE LAST
                VALUE   (LST)  VALUE       VALUE  FROM      YEAR
                                                  NORMAL
..................................................................
TEMPERATURE (F)
 YESTERDAY
  MAXIMUM         68    317 PM  91    2002  58     10       78
  MINIMUM         53   1159 PM   6    1928  35     18       42
  AVERAGE         61                        46     15       60

PRECIPITATION (IN)
  YESTERDAY        0.12          1.29 1992   0.13  -0.01     0.00
  MONTH TO DATE    2.06                      1.72   0.34     0.12
  SINCE MAR 1      3.97                      3.95   0.02     3.34
  SINCE JAN 1      7.96                      5.77   2.19     4.63

SNOWFALL (IN)
  YESTERDAY        0.0           3.2  1993   0.1   -0.1      0.0
  MONTH TO DATE    0.0                       1.8   -1.8       T
  SINCE MAR 1      8.5                       7.8    0.7      8.2
  SINCE JUL 1     47.9                      40.3    7.6     50.9
  SNOW DEPTH       0

DEGREE DAYS
 HEATING
  YESTERDAY        4                        19    -15        5
  MONTH TO DATE  227                       327   -100      347
  SINCE MAR 1   1245                      1321    -76     1138
  SINCE JUL 1   6157                      7172  -1015     6237

 COOLING
  YESTERDAY        0                         0      0        0
  MONTH TO DATE    0                         0      0        0
  SINCE MAR 1      0                         0      0        0
  SINCE JAN 1      0                         0      0        0
..................................................................

WIND (MPH)
  HIGHEST WIND SPEED    22   HIGHEST WIND DIRECTION    NW (320)
  HIGHEST GUST SPEED    27   HIGHEST GUST DIRECTION    NW (320)
  AVERAGE WIND SPEED    10.4

SKY COVER
  POSSIBLE SUNSHINE  MM
  AVERAGE SKY COVER 0.5

WEATHER CONDITIONS
 THE FOLLOWING WEATHER WAS RECORDED YESTERDAY.
  THUNDERSTORM
  LIGHT RAIN
  FOG

RELATIVE HUMIDITY (PERCENT)
 HIGHEST   100           900 PM
 LOWEST     72           400 AM
 AVERAGE    86
..........................................................

THE MASON CITY IA CLIMATE NORMALS FOR TODAY
                         NORMAL    RECORD    YEAR
 MAXIMUM TEMPERATURE (F)   59        88      2004
                                             1964
 MINIMUM TEMPERATURE (F)   35        18      1928

SUNRISE AND SUNSET
APRIL 16 2017.........SUNRISE   629 AM CDT   SUNSET   758 PM CDT
APRIL 17 2017.........SUNRISE   628 AM CDT   SUNSET   759 PM CDT

-  INDICATES NEGATIVE NUMBERS.
R  INDICATES RECORD WAS SET OR TIED.
MM INDICATES DATA IS MISSING.
T  INDICATES TRACE AMOUNT.

$$

FAB
