000
CDUS43 KDMX 220637 RRA
CLIMCW

CLIMATE REPORT
NATIONAL WEATHER SERVICE DES MOINES IA
135 AM CDT FRI APR 22 2016

...................................

...THE MASON CITY IA CLIMATE SUMMARY FOR APRIL 21 2016...

CLIMATE NORMAL PERIOD 1981 TO 2010
CLIMATE RECORD PERIOD 1893 TO 2016


WEATHER ITEM   OBSERVED TIME   RECORD YEAR NORMAL DEPARTURE LAST
                VALUE   (LST)  VALUE       VALUE  FROM      YEAR
                                                  NORMAL
..................................................................
TEMPERATURE (F)
 YESTERDAY
  MAXIMUM         69    257 PM  93    1980  61      8       48
  MINIMUM         37    536 AM  19    1934  37      0       33
  AVERAGE         53                        49      4       41

PRECIPITATION (IN)
  YESTERDAY        0.00          1.63 1912   0.14  -0.14     0.00
  MONTH TO DATE    0.52                      2.51  -1.99     4.07
  SINCE MAR 1      3.80                      4.74  -0.94     5.14
  SINCE JAN 1      5.04                      6.56  -1.52     7.21

SNOWFALL (IN)
  YESTERDAY        0.0           1.2  1988   0.1   -0.1      0.0
  MONTH TO DATE    T                         2.4   -2.4      0.6
  SINCE MAR 1      9.0                       8.4    0.6      4.2
  SINCE JUL 1     50.9                      40.9   10.0     40.0
  SNOW DEPTH       0

DEGREE DAYS
 HEATING
  YESTERDAY       12                        16     -4       24
  MONTH TO DATE  383                       429    -46      337
  SINCE MAR 1   1174                      1423   -249     1258
  SINCE JUL 1   6273                      7274  -1001     7321

 COOLING
  YESTERDAY        0                         0      0        0
  MONTH TO DATE    3                         0      3        0
  SINCE MAR 1      3                         0      3        0
  SINCE JAN 1      3                         0      3        0
..................................................................


WIND (MPH)
  HIGHEST WIND SPEED    21   HIGHEST WIND DIRECTION    NW (330)
  HIGHEST GUST SPEED    24   HIGHEST GUST DIRECTION    NW (320)
  AVERAGE WIND SPEED     9.7


SKY COVER
  POSSIBLE SUNSHINE  MM
  AVERAGE SKY COVER 0.4


WEATHER CONDITIONS
 THE FOLLOWING WEATHER WAS RECORDED YESTERDAY.
  FOG
  FOG W/VISIBILITY <= 1/4 MILE


RELATIVE HUMIDITY (PERCENT)
 HIGHEST   100          1200 AM
 LOWEST     49           300 PM
 AVERAGE    75

..........................................................


THE MASON CITY IA CLIMATE NORMALS FOR TODAY
                         NORMAL    RECORD    YEAR
 MAXIMUM TEMPERATURE (F)   62        93      1980
 MINIMUM TEMPERATURE (F)   38        21      1936


SUNRISE AND SUNSET
APRIL 22 2016.........SUNRISE   619 AM CDT   SUNSET   805 PM CDT
APRIL 23 2016.........SUNRISE   618 AM CDT   SUNSET   806 PM CDT


-  INDICATES NEGATIVE NUMBERS.
R  INDICATES RECORD WAS SET OR TIED.
MM INDICATES DATA IS MISSING.
T  INDICATES TRACE AMOUNT.

$$

REV
