000
CDUS43 KDMX 200633 RRA
CLIMCW

CLIMATE REPORT
NATIONAL WEATHER SERVICE DES MOINES IA
131 AM CDT WED JUL 20 2016


...................................

...THE MASON CITY IA CLIMATE SUMMARY FOR JULY 19 2016...

CLIMATE NORMAL PERIOD 1981 TO 2010
CLIMATE RECORD PERIOD 1893 TO 2016


WEATHER ITEM   OBSERVED TIME   RECORD YEAR NORMAL DEPARTURE LAST
                VALUE   (LST)  VALUE       VALUE  FROM      YEAR
                                                  NORMAL
..................................................................
TEMPERATURE (F)
 YESTERDAY
  MAXIMUM         81    254 PM 101    1940  83     -2       83
  MINIMUM         66   1208 AM  46    1912  61      5       59
  AVERAGE         74                        72      2       71

PRECIPITATION (IN)
  YESTERDAY        0.52          2.70 1990   0.15   0.37     0.00
  MONTH TO DATE    6.10                      2.90   3.20     1.22
  SINCE JUN 1     12.61                      8.04   4.57     6.26
  SINCE JAN 1     23.83                     20.52   3.31    17.26

SNOWFALL (IN)
  YESTERDAY        0.0           0.0  2002   0.0    0.0      0.0
                                      2001
  MONTH TO DATE    0.0                       0.0    0.0      0.0
  SINCE JUN 1      0.0                       0.0    0.0      0.0
  SINCE JUL 1      0.0                       0.0    0.0      0.0
  SNOW DEPTH       0

DEGREE DAYS
 HEATING
  YESTERDAY        0                         0      0        0
  MONTH TO DATE   10                         0     10       21
  SINCE JUN 1     18                        44    -26       33
  SINCE JUL 1     10                         0     10       21

 COOLING
  YESTERDAY        9                         7      2        6
  MONTH TO DATE  105                       135    -30      127
  SINCE JUN 1    291                       273     18      263
  SINCE JAN 1    332                       308     24      293
..................................................................


WIND (MPH)
  HIGHEST WIND SPEED    25   HIGHEST WIND DIRECTION     S (170)
  HIGHEST GUST SPEED    33   HIGHEST GUST DIRECTION     S (170)
  AVERAGE WIND SPEED     8.6


SKY COVER
  POSSIBLE SUNSHINE  MM
  AVERAGE SKY COVER 0.3


WEATHER CONDITIONS
 THE FOLLOWING WEATHER WAS RECORDED YESTERDAY.
  HEAVY RAIN
  RAIN
  LIGHT RAIN
  FOG


RELATIVE HUMIDITY (PERCENT)
 HIGHEST   100           200 AM
 LOWEST     67           400 PM
 AVERAGE    84

..........................................................


THE MASON CITY IA CLIMATE NORMALS FOR TODAY
                         NORMAL    RECORD    YEAR
 MAXIMUM TEMPERATURE (F)   83       104      1930
 MINIMUM TEMPERATURE (F)   61        45      1970


SUNRISE AND SUNSET
JULY 20 2016..........SUNRISE   552 AM CDT   SUNSET   847 PM CDT
JULY 21 2016..........SUNRISE   553 AM CDT   SUNSET   846 PM CDT


-  INDICATES NEGATIVE NUMBERS.
R  INDICATES RECORD WAS SET OR TIED.
MM INDICATES DATA IS MISSING.
T  INDICATES TRACE AMOUNT.




$$
