000
CDUS43 KDMX 260641 RRA
CLIMCW

CLIMATE REPORT
NATIONAL WEATHER SERVICE DES MOINES IA
138 AM CDT FRI JUN 26 2015


...................................

...THE MASON CITY IA CLIMATE SUMMARY FOR JUNE 25 2015...

CLIMATE NORMAL PERIOD 1981 TO 2010
CLIMATE RECORD PERIOD 1893 TO 2015


WEATHER ITEM   OBSERVED TIME   RECORD YEAR NORMAL DEPARTURE LAST
                VALUE   (LST)  VALUE       VALUE  FROM      YEAR
                                                  NORMAL
..................................................................
TEMPERATURE (F)
 YESTERDAY
  MAXIMUM         81    509 PM  99    1934  82     -1       82
  MINIMUM         65    537 AM  43    2004  59      6       60
                                      1958
  AVERAGE         73                        71      2       71

PRECIPITATION (IN)
  YESTERDAY        0.00          4.68 1951   0.16  -0.16     0.00
  MONTH TO DATE    4.81                      4.31   0.50     6.76
  SINCE JUN 1      4.81                      4.31   0.50     6.76
  SINCE JAN 1     15.81                     16.79  -0.98    20.80

SNOWFALL (IN)
  YESTERDAY        0.0          MM      MM   0.0    0.0      0.0
  MONTH TO DATE    0.0                       0.0    0.0      0.0
  SINCE JUN 1      0.0                       0.0    0.0      0.0
  SINCE JUL 1     40.0                      41.2   -1.2     58.0
  SNOW DEPTH       0

DEGREE DAYS
 HEATING
  YESTERDAY        0                         1     -1        0
  MONTH TO DATE   12                        44    -32       13
  SINCE JUN 1     12                        44    -32       13
  SINCE JUL 1   7696                      7679     17     8624

 COOLING
  YESTERDAY        8                         6      2        6
  MONTH TO DATE  111                       105      6      103
  SINCE JUN 1    111                       105      6      103
  SINCE JAN 1    141                       140      1      156
..................................................................


WIND (MPH)
  HIGHEST WIND SPEED    14   HIGHEST WIND DIRECTION     N (20)
  HIGHEST GUST SPEED    18   HIGHEST GUST DIRECTION    NE (30)
  AVERAGE WIND SPEED     6.3


SKY COVER
  POSSIBLE SUNSHINE  MM
  AVERAGE SKY COVER 0.4


WEATHER CONDITIONS
 THE FOLLOWING WEATHER WAS RECORDED YESTERDAY.
  FOG


RELATIVE HUMIDITY (PERCENT)
 HIGHEST    93          1200 AM
 LOWEST     51           600 PM
 AVERAGE    72

..........................................................


THE MASON CITY IA CLIMATE NORMALS FOR TODAY
                         NORMAL    RECORD    YEAR
 MAXIMUM TEMPERATURE (F)   82        99      1933
 MINIMUM TEMPERATURE (F)   60        41      1926


SUNRISE AND SUNSET
JUNE 26 2015..........SUNRISE   535 AM CDT   SUNSET   857 PM CDT
JUNE 27 2015..........SUNRISE   535 AM CDT   SUNSET   857 PM CDT


-  INDICATES NEGATIVE NUMBERS.
R  INDICATES RECORD WAS SET OR TIED.
MM INDICATES DATA IS MISSING.
T  INDICATES TRACE AMOUNT.




$$
