000
CDUS43 KDMX 280719
CLIMCW

CLIMATE REPORT
NATIONAL WEATHER SERVICE DES MOINES IA
112 AM CST MON NOV 28 2016

...................................

...THE MASON CITY IA CLIMATE SUMMARY FOR NOVEMBER 27 2016...

CLIMATE NORMAL PERIOD 1981 TO 2010
CLIMATE RECORD PERIOD 1893 TO 2016

WEATHER ITEM   OBSERVED TIME   RECORD YEAR NORMAL DEPARTURE LAST
                VALUE   (LST)  VALUE       VALUE  FROM      YEAR
                                                  NORMAL
..................................................................
TEMPERATURE (F)
 YESTERDAY
  MAXIMUM         48   1159 PM  71    1998  36     12       28
  MINIMUM         23    251 AM -10    1897  18      5       16
  AVERAGE         36                        27      9       22

PRECIPITATION (IN)
  YESTERDAY        0.30          1.07 1935   0.05   0.25     0.00
  MONTH TO DATE    1.10                      1.72  -0.62     2.55
  SINCE SEP 1     14.29                      7.44   6.85     8.09
  SINCE JAN 1     45.55                     33.80  11.75    35.90

SNOWFALL (IN)
  YESTERDAY        0.0           4.3  1995   0.3   -0.3      0.0
  MONTH TO DATE    0.0                       3.6   -3.6     10.0
  SINCE SEP 1      0.0                       4.0   -4.0     10.0
  SINCE JUL 1      0.0                       4.0   -4.0     10.0
  SNOW DEPTH       0

DEGREE DAYS
 HEATING
  YESTERDAY       29                        38     -9       43
  MONTH TO DATE  594                       824   -230      659
  SINCE SEP 1   1067                      1526   -459     1186
  SINCE JUL 1   1085                      1562   -477     1244

 COOLING
  YESTERDAY        0                         0      0        0
  MONTH TO DATE    0                         0      0        0
  SINCE SEP 1     89                        60     29      135
  SINCE JAN 1    697                       616     81      652
..................................................................

WIND (MPH)
  HIGHEST WIND SPEED    30   HIGHEST WIND DIRECTION    SE (150)
  HIGHEST GUST SPEED    40   HIGHEST GUST DIRECTION    SE (150)
  AVERAGE WIND SPEED    12.8

SKY COVER
  POSSIBLE SUNSHINE  MM
  AVERAGE SKY COVER 0.8

WEATHER CONDITIONS
 THE FOLLOWING WEATHER WAS RECORDED YESTERDAY.
  RAIN
  LIGHT RAIN
  FOG
  FOG W/VISIBILITY <= 1/4 MILE

RELATIVE HUMIDITY (PERCENT)
 HIGHEST   100           100 AM
 LOWEST     88           300 AM
 AVERAGE    94
..........................................................

THE MASON CITY IA CLIMATE NORMALS FOR TODAY
                         NORMAL    RECORD    YEAR
 MAXIMUM TEMPERATURE (F)   35        63      2006
 MINIMUM TEMPERATURE (F)   18       -14      1897

SUNRISE AND SUNSET
NOVEMBER 28 2016......SUNRISE   723 AM CST   SUNSET   440 PM CST
NOVEMBER 29 2016......SUNRISE   724 AM CST   SUNSET   440 PM CST

-  INDICATES NEGATIVE NUMBERS.
R  INDICATES RECORD WAS SET OR TIED.
MM INDICATES DATA IS MISSING.
T  INDICATES TRACE AMOUNT.

$$

FAB
