000
CDUS43 KDMX 250631
CLIMCW

CLIMATE REPORT
NATIONAL WEATHER SERVICE DES MOINES IA
128 AM CDT MON MAY 25 2015

...................................

...THE MASON CITY IA CLIMATE SUMMARY FOR MAY 24 2015...

CLIMATE NORMAL PERIOD 1981 TO 2010
CLIMATE RECORD PERIOD 1893 TO 2015


WEATHER ITEM   OBSERVED TIME   RECORD YEAR NORMAL DEPARTURE LAST
                VALUE   (LST)  VALUE       VALUE  FROM      YEAR
                                                  NORMAL
..................................................................
TEMPERATURE (F)
 YESTERDAY
  MAXIMUM         64   1129 PM  92    2010  73     -9       79
                                      1939
  MINIMUM         59   1236 PM  32    1930  50      9       51
  AVERAGE         62                        61      1       65

PRECIPITATION (IN)
  YESTERDAY        0.34          2.27 1914   0.16   0.18     0.00
  MONTH TO DATE    2.79                      3.57  -0.78     2.10
  SINCE MAR 1      8.39                      9.55  -1.16    10.79
  SINCE JAN 1     10.46                     11.37  -0.91    13.81

SNOWFALL (IN)
  YESTERDAY        0.0          MM      MM   0.0    0.0      0.0
  MONTH TO DATE    0.0                       0.1   -0.1      0.0
  SINCE MAR 1      4.2                       8.8   -4.6     11.9
  SINCE JUL 1     40.0                      41.3   -1.3     58.0
  SNOW DEPTH       0

DEGREE DAYS
 HEATING
  YESTERDAY        3                         5     -2        0
  MONTH TO DATE  179                       204    -25      247
  SINCE MAR 1   1594                      1753   -159     2065
  SINCE JUL 1   7657                      7604     53     8611

 COOLING
  YESTERDAY        0                         1     -1        0
  MONTH TO DATE   17                        16      1        7
  SINCE MAR 1     17                        21     -4        7
  SINCE JAN 1     17                        21     -4        7
..................................................................


WIND (MPH)
  HIGHEST WIND SPEED    24   HIGHEST WIND DIRECTION     E (110)
  HIGHEST GUST SPEED    30   HIGHEST GUST DIRECTION    SE (120)
  AVERAGE WIND SPEED    11.3


SKY COVER
  POSSIBLE SUNSHINE  MM
  AVERAGE SKY COVER 1.0


WEATHER CONDITIONS
 THE FOLLOWING WEATHER WAS RECORDED YESTERDAY.
  RAIN
  LIGHT RAIN
  FOG


RELATIVE HUMIDITY (PERCENT)
 HIGHEST   100           300 PM
 LOWEST     67          1200 AM
 AVERAGE    84

..........................................................


THE MASON CITY IA CLIMATE NORMALS FOR TODAY
                         NORMAL    RECORD    YEAR
 MAXIMUM TEMPERATURE (F)   73        94      1978
 MINIMUM TEMPERATURE (F)   50        29      1925


SUNRISE AND SUNSET
MAY 25 2015...........SUNRISE   541 AM CDT   SUNSET   840 PM CDT
MAY 26 2015...........SUNRISE   540 AM CDT   SUNSET   841 PM CDT


-  INDICATES NEGATIVE NUMBERS.
R  INDICATES RECORD WAS SET OR TIED.
MM INDICATES DATA IS MISSING.
T  INDICATES TRACE AMOUNT.

$$

REV
