000
CDUS43 KDMX 240634 RRC
CLIMCW

CLIMATE REPORT
NATIONAL WEATHER SERVICE DES MOINES IA
133 AM CDT TUE MAR 24 2015


...................................

...THE MASON CITY IA CLIMATE SUMMARY FOR MARCH 23 2015...

CLIMATE NORMAL PERIOD 1981 TO 2010
CLIMATE RECORD PERIOD 1893 TO 2015


WEATHER ITEM   OBSERVED TIME   RECORD YEAR NORMAL DEPARTURE LAST
                VALUE   (LST)  VALUE       VALUE  FROM      YEAR
                                                  NORMAL
..................................................................
TEMPERATURE (F)
 YESTERDAY
  MAXIMUM         31    615 PM  82    1910  46    -15       27
  MINIMUM         27    739 AM  -5    1899  26      1       10
  AVERAGE         29                        36     -7       19

PRECIPITATION (IN)
  YESTERDAY        0.25          1.36 2009   0.08   0.17     0.00
  MONTH TO DATE    0.31                      1.50  -1.19     0.56
  SINCE MAR 1      0.31                      1.50  -1.19     0.56
  SINCE JAN 1      2.38                      3.32  -0.94     3.58

SNOWFALL (IN)
  YESTERDAY        2.0           7.0  1966   0.1    1.9      0.0
  MONTH TO DATE    2.0                       4.7   -2.7      5.6
  SINCE MAR 1      2.0                       4.7   -2.7      5.6
  SINCE JUL 1     37.8                      37.2    0.6     51.7
  SNOW DEPTH       2

DEGREE DAYS
 HEATING
  YESTERDAY       36                        29      7       46
  MONTH TO DATE  708                       778    -70      950
  SINCE MAR 1    708                       778    -70      950
  SINCE JUL 1   6771                      6629    142     7496

 COOLING
  YESTERDAY        0                         0      0        0
  MONTH TO DATE    0                         0      0        0
  SINCE MAR 1      0                         0      0        0
  SINCE JAN 1      0                         0      0        0
..................................................................


WIND (MPH)
  HIGHEST WIND SPEED    22   HIGHEST WIND DIRECTION     E (80)
  HIGHEST GUST SPEED    27   HIGHEST GUST DIRECTION     E (70)
  AVERAGE WIND SPEED    11.6


SKY COVER
  POSSIBLE SUNSHINE  MM
  AVERAGE SKY COVER 1.0


WEATHER CONDITIONS
 THE FOLLOWING WEATHER WAS RECORDED YESTERDAY.
  THUNDERSTORM
  LT FREEZING RAIN
  SNOW
  LIGHT SNOW
  FOG


RELATIVE HUMIDITY (PERCENT)
 HIGHEST    92           100 AM
 LOWEST     85          1200 AM
 AVERAGE    89

..........................................................


THE MASON CITY IA CLIMATE NORMALS FOR TODAY
                         NORMAL    RECORD    YEAR
 MAXIMUM TEMPERATURE (F)   46        77      1963
 MINIMUM TEMPERATURE (F)   27        -6      1974


SUNRISE AND SUNSET
MARCH 24 2015.........SUNRISE   710 AM CDT   SUNSET   730 PM CDT
MARCH 25 2015.........SUNRISE   708 AM CDT   SUNSET   731 PM CDT


-  INDICATES NEGATIVE NUMBERS.
R  INDICATES RECORD WAS SET OR TIED.
MM INDICATES DATA IS MISSING.
T  INDICATES TRACE AMOUNT.




$$
