000
CDUS43 KDMX 190628 RRA
CLIMCW

CLIMATE REPORT
NATIONAL WEATHER SERVICE DES MOINES IA
126 AM CDT MON JUN 19 2017

...................................

...THE MASON CITY IA CLIMATE SUMMARY FOR JUNE 18 2017...

CLIMATE NORMAL PERIOD 1981 TO 2010
CLIMATE RECORD PERIOD 1893 TO 2017


WEATHER ITEM   OBSERVED TIME   RECORD YEAR NORMAL DEPARTURE LAST
                VALUE   (LST)  VALUE       VALUE  FROM      YEAR
                                                  NORMAL
..................................................................
TEMPERATURE (F)
 YESTERDAY
  MAXIMUM         74    349 PM  97    1953  81     -7       85
  MINIMUM         57    453 AM  44    1936  58     -1       66
  AVERAGE         66                        69     -3       76

PRECIPITATION (IN)
  YESTERDAY        T             5.36 1954   0.18  -0.18     0.00
  MONTH TO DATE    0.80                      3.14  -2.34     3.57
  SINCE JUN 1      0.80                      3.14  -2.34     3.57
  SINCE JAN 1     14.95                     15.62  -0.67    14.78

SNOWFALL (IN)
  YESTERDAY        0.0          MM      MM   0.0    0.0      0.0
  MONTH TO DATE    0.0                       0.0    0.0      0.0
  SINCE JUN 1      0.0                       0.0    0.0      0.0
  SINCE JUL 1     47.9                      41.2    6.7     50.9
  SNOW DEPTH       0

DEGREE DAYS
 HEATING
  YESTERDAY        0                         1     -1        0
  MONTH TO DATE    2                        37    -35        8
  SINCE JUN 1      2                        37    -35        8
  SINCE JUL 1   6673                      7672   -999     6633

 COOLING
  YESTERDAY        1                         5     -4       11
  MONTH TO DATE  155                        65     90      115
  SINCE JUN 1    155                        65     90      115
  SINCE JAN 1    180                       100     80      156
..................................................................


WIND (MPH)
  HIGHEST WIND SPEED    22   HIGHEST WIND DIRECTION     W (280)
  HIGHEST GUST SPEED    29   HIGHEST GUST DIRECTION    NW (330)
  AVERAGE WIND SPEED    13.3


SKY COVER
  POSSIBLE SUNSHINE  MM
  AVERAGE SKY COVER 0.6


WEATHER CONDITIONS
 THE FOLLOWING WEATHER WAS RECORDED YESTERDAY.
  NO SIGNIFICANT WEATHER WAS OBSERVED.


RELATIVE HUMIDITY (PERCENT)
 HIGHEST    DSMCLIMCY 000
TTAA00 KDMX 19062693          1200 AM
 LOWEST     49           200 PM
 AVERAGE    71

..........................................................


THE MASON CITY IA CLIMATE NORMALS FOR TODAY
                         NORMAL    RECORD    YEAR
 MAXIMUM TEMPERATURE (F)   81        97      1956
                                             1953
 MINIMUM TEMPERATURE (F)   58        40      1926


SUNRISE AND SUNSET
JUNE 19 2017..........SUNRISE   533 AM CDT   SUNSET   856 PM CDT
JUNE 20 2017..........SUNRISE   534 AM CDT   SUNSET   856 PM CDT


-  INDICATES NEGATIVE NUMBERS.
R  INDICATES RECORD WAS SET OR TIED.
MM INDICATES DATA IS MISSING.
T  INDICATES TRACE AMOUNT.

$$

REV
