000
CDUS43 KDMX 190642
CLIMCW

CLIMATE REPORT
NATIONAL WEATHER SERVICE DES MOINES IA
138 AM CDT MON SEP 19 2016

...................................

...THE MASON CITY IA CLIMATE SUMMARY FOR SEPTEMBER 18 2016...

CLIMATE NORMAL PERIOD 1981 TO 2010
CLIMATE RECORD PERIOD 1893 TO 2016

WEATHER ITEM   OBSERVED TIME   RECORD YEAR NORMAL DEPARTURE LAST
                VALUE   (LST)  VALUE       VALUE  FROM      YEAR
                                                  NORMAL
..................................................................
TEMPERATURE (F)
 YESTERDAY
  MAXIMUM         83    314 PM  92    1947  73     10       68
  MINIMUM         51    218 AM  26    1929  47      4       49
  AVERAGE         67                        60      7       59

PRECIPITATION (IN)
  YESTERDAY        T             2.52 1942   0.11  -0.11     0.07
  MONTH TO DATE    6.12                      2.01   4.11     3.04
  SINCE SEP 1      6.12                      2.01   4.11     3.04
  SINCE JAN 1     37.44                     28.37   9.07    30.85

SNOWFALL (IN)
  YESTERDAY        0.0           0.0  2002   0.0    0.0      0.0
  MONTH TO DATE    0.0                       0.0    0.0      0.0
  SINCE SEP 1      0.0                       0.0    0.0      0.0
  SINCE JUL 1      0.0                       0.0    0.0      0.0
  SNOW DEPTH       0

DEGREE DAYS
 HEATING
  YESTERDAY        0                         6     -6        6
  MONTH TO DATE   24                        71    -47       39
  SINCE SEP 1     24                        71    -47       39
  SINCE JUL 1     42                       107    -65       97

 COOLING
  YESTERDAY        2                         1      1        0
  MONTH TO DATE   55                        43     12      108
  SINCE SEP 1     55                        43     12      108
  SINCE JAN 1    663                       599     64      625
..................................................................

WIND (MPH)
  HIGHEST WIND SPEED    26   HIGHEST WIND DIRECTION    SW (210)
  HIGHEST GUST SPEED    32   HIGHEST GUST DIRECTION     S (200)
  AVERAGE WIND SPEED    11.7

SKY COVER
  POSSIBLE SUNSHINE  MM
  AVERAGE SKY COVER 0.2

WEATHER CONDITIONS
 THE FOLLOWING WEATHER WAS RECORDED YESTERDAY.
  LIGHT RAIN

RELATIVE HUMIDITY (PERCENT)
 HIGHEST   100          1200 AM
 LOWEST     40           300 PM
 AVERAGE    70
..........................................................

THE MASON CITY IA CLIMATE NORMALS FOR TODAY
                         NORMAL    RECORD    YEAR
 MAXIMUM TEMPERATURE (F)   72        95      1948
 MINIMUM TEMPERATURE (F)   47        25      1894

SUNRISE AND SUNSET
SEPTEMBER 19 2016.....SUNRISE   658 AM CDT   SUNSET   715 PM CDT
SEPTEMBER 20 2016.....SUNRISE   659 AM CDT   SUNSET   713 PM CDT

-  INDICATES NEGATIVE NUMBERS.
R  INDICATES RECORD WAS SET OR TIED.
MM INDICATES DATA IS MISSING.
T  INDICATES TRACE AMOUNT.

$$

FAB
