000
CDUS43 KDMX 270631 RRA
CLIMCW

CLIMATE REPORT
NATIONAL WEATHER SERVICE DES MOINES IA
1229 AM CST TUE JAN 27 2015

...................................

...THE MASON CITY IA CLIMATE SUMMARY FOR JANUARY 26 2015...

CLIMATE NORMAL PERIOD 1981 TO 2010
CLIMATE RECORD PERIOD 1893 TO 2015


WEATHER ITEM   OBSERVED TIME   RECORD YEAR NORMAL DEPARTURE LAST
                VALUE   (LST)  VALUE       VALUE  FROM      YEAR
                                                  NORMAL
..................................................................
TEMPERATURE (F)
 YESTERDAY
  MAXIMUM         46    301 PM  62    2002  25     21       28
  MINIMUM         25   1248 AM -26    1930   7     18       -5
  AVERAGE         36                        16     20       12

PRECIPITATION (IN)
  YESTERDAY        T             0.45 1994   0.03  -0.03     0.15
  MONTH TO DATE    0.38                      0.68  -0.30     0.71
  SINCE DEC 1      1.48                      1.92  -0.44     1.88
  SINCE JAN 1      0.38                      0.68  -0.30     0.71

SNOWFALL (IN)
  YESTERDAY       MM             7.0  1996   0.4   MM        1.5
  MONTH TO DATE    7.7                       9.0   -1.3      7.7
  SINCE DEC 1     13.4                      18.3   -4.9     22.6
  SINCE JUL 1     21.4                      23.0   -1.6     24.1
  SNOW DEPTH       1

DEGREE DAYS
 HEATING
  YESTERDAY       29                        49    -20       53
  MONTH TO DATE 1223                      1274    -51     1423
  SINCE DEC 1   2449                      2683   -234     3003
  SINCE JUL 1   4348                      4363    -15     4667

 COOLING
  YESTERDAY        0                         0      0        0
  MONTH TO DATE    0                         0      0        0
  SINCE DEC 1      0                         0      0        0
  SINCE JAN 1      0                         0      0        0
..................................................................


WIND (MPH)
  HIGHEST WIND SPEED    25   HIGHEST WIND DIRECTION    NW (310)
  HIGHEST GUST SPEED    34   HIGHEST GUST DIRECTION    NW (310)
  AVERAGE WIND SPEED    14.8


SKY COVER
  POSSIBLE SUNSHINE  MM
  AVERAGE SKY COVER 0.6


WEATHER CONDITIONS
 THE FOLLOWING WEATHER WAS RECORDED YESTERDAY.
  NO SIGNIFICANT WEATHER WAS OBSERVED.


RELATIVE HUMIDITY (PERCENT)
 HIGHEST   100           800 AM
 LOWEST     70           400 PM
 AVERAGE    85

..........................................................


THE MASON CITY IA CLIMATE NORMALS FOR TODAY
                         NORMAL    RECORD    YEAR
 MAXIMUM TEMPERATURE (F)   25        57      1944
 MINIMUM TEMPERATURE (F)    7       -24      1904


SUNRISE AND SUNSET
JANUARY 27 2015.......SUNRISE   734 AM CST   SUNSET   519 PM CST
JANUARY 28 2015.......SUNRISE   733 AM CST   SUNSET   520 PM CST


-  INDICATES NEGATIVE NUMBERS.
R  INDICATES RECORD WAS SET OR TIED.
MM INDICATES DATA IS MISSING.
T  INDICATES TRACE AMOUNT.

$$

REV
