000
CDUS43 KDMX 220653 RRA
CLIMCW

CLIMATE REPORT
NATIONAL WEATHER SERVICE DES MOINES IA
151 AM CDT FRI AUG 22 2014


...................................

...THE MASON CITY IA CLIMATE SUMMARY FOR AUGUST 21 2014...

CLIMATE NORMAL PERIOD 1981 TO 2010
CLIMATE RECORD PERIOD 1893 TO 2014


WEATHER ITEM   OBSERVED TIME   RECORD YEAR NORMAL DEPARTURE LAST
                VALUE   (LST)  VALUE       VALUE  FROM      YEAR
                                                  NORMAL
..................................................................
TEMPERATURE (F)
 YESTERDAY
  MAXIMUM         89    359 PM 100    1947  80      9       85
  MINIMUM         69    142 AM  36    2004  58     11       68
  AVERAGE         79                        69     10       77

PRECIPITATION (IN)
  YESTERDAY        0.36          3.25 1979   0.13   0.23      T
  MONTH TO DATE    0.38                      2.80  -2.42     1.61
  SINCE JUN 1      9.92                     12.64  -2.72    11.29
  SINCE JAN 1     23.96                     25.12  -1.16    32.73

SNOWFALL (IN)
  YESTERDAY        0.0          MM      MM   0.0    0.0      0.0
  MONTH TO DATE    0.0                       0.0    0.0      0.0
  SINCE JUN 1      0.0                       0.0    0.0      0.0
  SINCE JUL 1      0.0                       0.0    0.0      0.0
  SNOW DEPTH       0

DEGREE DAYS
 HEATING
  YESTERDAY        0                         1     -1        0
  MONTH TO DATE    0                        16    -16       18
  SINCE JUN 1     34                        69    -35       91
  SINCE JUL 1     21                        25     -4       38

 COOLING
  YESTERDAY       14                         5      9       12
  MONTH TO DATE  128                       119      9       53
  SINCE JUN 1    384                       478    -94      424
  SINCE JAN 1    437                       513    -76      461
..................................................................


WIND (MPH)
  HIGHEST WIND SPEED    23   HIGHEST WIND DIRECTION     S (200)
  HIGHEST GUST SPEED    28   HIGHEST GUST DIRECTION     S (180)
  AVERAGE WIND SPEED     9.2


SKY COVER
  POSSIBLE SUNSHINE  MM
  AVERAGE SKY COVER 0.4


WEATHER CONDITIONS
 THE FOLLOWING WEATHER WAS RECORDED YESTERDAY.
  THUNDERSTORM
  HEAVY RAIN
  RAIN
  LIGHT RAIN
  FOG


RELATIVE HUMIDITY (PERCENT)
 HIGHEST   100           200 AM
 LOWEST     56           300 PM
 AVERAGE    78

..........................................................


THE MASON CITY IA CLIMATE NORMALS FOR TODAY
                         NORMAL    RECORD    YEAR
 MAXIMUM TEMPERATURE (F)   80        97      1947
 MINIMUM TEMPERATURE (F)   57        40      1923


SUNRISE AND SUNSET
AUGUST 22 2014........SUNRISE   627 AM CDT   SUNSET   805 PM CDT
AUGUST 23 2014........SUNRISE   628 AM CDT   SUNSET   803 PM CDT


-  INDICATES NEGATIVE NUMBERS.
R  INDICATES RECORD WAS SET OR TIED.
MM INDICATES DATA IS MISSING.
T  INDICATES TRACE AMOUNT.




$$
