000
CDUS43 KDMX 240635 RRA
CLIMCW

CLIMATE REPORT
NATIONAL WEATHER SERVICE DES MOINES IA
133 AM CDT THU JUL 24 2014


...................................

...THE MASON CITY IA CLIMATE SUMMARY FOR JULY 23 2014...

CLIMATE NORMAL PERIOD 1981 TO 2010
CLIMATE RECORD PERIOD 1893 TO 2014


WEATHER ITEM   OBSERVED TIME   RECORD YEAR NORMAL DEPARTURE LAST
                VALUE   (LST)  VALUE       VALUE  FROM      YEAR
                                                  NORMAL
..................................................................
TEMPERATURE (F)
 YESTERDAY
  MAXIMUM         81    447 PM  99    2012  83     -2       77
                                      1934
  MINIMUM         56    534 AM  45    1925  61     -5       54
  AVERAGE         69                        72     -3       66

PRECIPITATION (IN)
  YESTERDAY        0.00          1.34 2001   0.16  -0.16      T
  MONTH TO DATE    0.40                      3.53  -3.13     1.60
  SINCE JUN 1      9.04                      8.67   0.37     8.04
  SINCE JAN 1     23.08                     21.15   1.93    29.48

SNOWFALL (IN)
  YESTERDAY        0.0          MM      MM   0.0    0.0      0.0
  MONTH TO DATE    0.0                       0.0    0.0      0.0
  SINCE JUN 1      0.0                       0.0    0.0      0.0
  SINCE JUL 1      0.0                       0.0    0.0      0.0
  SNOW DEPTH       0

DEGREE DAYS
 HEATING
  YESTERDAY        0                         0      0        0
  MONTH TO DATE   21                         0     21        0
  SINCE JUN 1     34                        44    -10       53
  SINCE JUL 1     21                         0     21        0

 COOLING
  YESTERDAY        4                         7     -3        1
  MONTH TO DATE   95                       163    -68      211
  SINCE JUN 1    231                       301    -70      357
  SINCE JAN 1    284                       336    -52      394
..................................................................


WIND (MPH)
  HIGHEST WIND SPEED    10   HIGHEST WIND DIRECTION     N (350)
  HIGHEST GUST SPEED    14   HIGHEST GUST DIRECTION     E (100)
  AVERAGE WIND SPEED     4.8


SKY COVER
  POSSIBLE SUNSHINE  MM
  AVERAGE SKY COVER 0.1


WEATHER CONDITIONS
 THE FOLLOWING WEATHER WAS RECORDED YESTERDAY.
  NO SIGNIFICANT WEATHER WAS OBSERVED.


RELATIVE HUMIDITY (PERCENT)
 HIGHEST   100           400 AM
 LOWEST     45           100 PM
 AVERAGE    73

..........................................................


THE MASON CITY IA CLIMATE NORMALS FOR TODAY
                         NORMAL    RECORD    YEAR
 MAXIMUM TEMPERATURE (F)   83       104      1901
 MINIMUM TEMPERATURE (F)   61        46      1931


SUNRISE AND SUNSET
JULY 24 2014..........SUNRISE   556 AM CDT   SUNSET   843 PM CDT
JULY 25 2014..........SUNRISE   557 AM CDT   SUNSET   842 PM CDT


-  INDICATES NEGATIVE NUMBERS.
R  INDICATES RECORD WAS SET OR TIED.
MM INDICATES DATA IS MISSING.
T  INDICATES TRACE AMOUNT.




$$
