000
CDUS43 KDMX 010633
CLIMCW

CLIMATE REPORT
NATIONAL WEATHER SERVICE DES MOINES IA
1230 AM CST SUN MAR 1 2015


...................................

...THE MASON CITY IA CLIMATE SUMMARY FOR FEBRUARY 28 2015...

CLIMATE NORMAL PERIOD 1981 TO 2010
CLIMATE RECORD PERIOD 1893 TO 2015


WEATHER ITEM   OBSERVED TIME   RECORD YEAR NORMAL DEPARTURE LAST
                VALUE   (LST)  VALUE       VALUE  FROM      YEAR
                                                  NORMAL
..................................................................
TEMPERATURE (F)
 YESTERDAY
  MAXIMUM         13    403 PM  60    2000  34    -21       19
  MINIMUM        -20    702 AM -22    1962  17    -37      -11
  AVERAGE         -3                        26    -29        4

PRECIPITATION (IN)
  YESTERDAY        T             0.61 1939   0.05  -0.05     0.07
  MONTH TO DATE    1.14                      1.00   0.14     2.19
  SINCE DEC 1      3.17                      3.06   0.11     4.19
  SINCE JAN 1      2.07                      1.82   0.25     3.02

SNOWFALL (IN)
  YESTERDAY        T             9.0  1939   0.2   -0.2      1.1
  MONTH TO DATE   12.4                       7.7    4.7     20.5
  SINCE DEC 1     27.8                      27.8    0.0     44.6
  SINCE JUL 1     35.8                      32.5    3.3     46.1
  SNOW DEPTH       9

DEGREE DAYS
 HEATING
  YESTERDAY       68                        39     29       61
  MONTH TO DATE 1524                      1240    284     1576
  SINCE DEC 1   4164                      4171     -7     4882
  SINCE JUL 1   6063                      5851    212     6546

 COOLING
  YESTERDAY        0                         0      0        0
  MONTH TO DATE    0                         0      0        0
  SINCE DEC 1      0                         0      0        0
  SINCE JAN 1      0                         0      0        0
..................................................................


WIND (MPH)
  HIGHEST WIND SPEED    16   HIGHEST WIND DIRECTION     S (160)
  HIGHEST GUST SPEED    20   HIGHEST GUST DIRECTION    SE (150)
  AVERAGE WIND SPEED     8.8


SKY COVER
  POSSIBLE SUNSHINE  MM
  AVERAGE SKY COVER 0.3


WEATHER CONDITIONS
 THE FOLLOWING WEATHER WAS RECORDED YESTERDAY.
  LIGHT SNOW
  FOG


RELATIVE HUMIDITY (PERCENT)
 HIGHEST   100           900 AM
 LOWEST     67           200 PM
 AVERAGE    84

..........................................................


THE MASON CITY IA CLIMATE NORMALS FOR TODAY
                         NORMAL    RECORD    YEAR
 MAXIMUM TEMPERATURE (F)   35        63      1923
 MINIMUM TEMPERATURE (F)   18       -28      1962


SUNRISE AND SUNSET
MARCH  1 2015.........SUNRISE   650 AM CST   SUNSET   602 PM CST
MARCH  2 2015.........SUNRISE   648 AM CST   SUNSET   603 PM CST


-  INDICATES NEGATIVE NUMBERS.
R  INDICATES RECORD WAS SET OR TIED.
MM INDICATES DATA IS MISSING.
T  INDICATES TRACE AMOUNT.




$$
