000
CDUS43 KDMX 260645
CLIMCW

CLIMATE REPORT
NATIONAL WEATHER SERVICE DES MOINES IA
142 AM CDT THU MAR 26 2015

...................................

...THE MASON CITY IA CLIMATE SUMMARY FOR MARCH 25 2015...

CLIMATE NORMAL PERIOD 1981 TO 2010
CLIMATE RECORD PERIOD 1893 TO 2015


WEATHER ITEM   OBSERVED TIME   RECORD YEAR NORMAL DEPARTURE LAST
                VALUE   (LST)  VALUE       VALUE  FROM      YEAR
                                                  NORMAL
..................................................................
TEMPERATURE (F)
 YESTERDAY
  MAXIMUM         41    402 PM  80    1907  47     -6       24
  MINIMUM         27   1112 PM   1    1955  27      0       13
  AVERAGE         34                        37     -3       19

PRECIPITATION (IN)
  YESTERDAY        0.00          1.17 1963   0.09  -0.09      T
  MONTH TO DATE    0.85                      1.67  -0.82     0.65
  SINCE MAR 1      0.85                      1.67  -0.82     0.65
  SINCE JAN 1      2.92                      3.49  -0.57     3.67

SNOWFALL (IN)
  YESTERDAY        0.0           4.8  1996   0.1   -0.1       T
  MONTH TO DATE    3.6                       5.0   -1.4      6.9
  SINCE MAR 1      3.6                       5.0   -1.4      6.9
  SINCE JUL 1     39.4                      37.5    1.9     53.0
  SNOW DEPTH       0

DEGREE DAYS
 HEATING
  YESTERDAY       31                        28      3       46
  MONTH TO DATE  771                       834    -63     1036
  SINCE MAR 1    771                       834    -63     1036
  SINCE JUL 1   6834                      6685    149     7582

 COOLING
  YESTERDAY        0                         0      0        0
  MONTH TO DATE    0                         0      0        0
  SINCE MAR 1      0                         0      0        0
  SINCE JAN 1      0                         0      0        0
..................................................................


WIND (MPH)
  HIGHEST WIND SPEED    30   HIGHEST WIND DIRECTION    NW (300)
  HIGHEST GUST SPEED    36   HIGHEST GUST DIRECTION    NW (310)
  AVERAGE WIND SPEED    15.2


SKY COVER
  POSSIBLE SUNSHINE  MM
  AVERAGE SKY COVER 0.9


WEATHER CONDITIONS
 THE FOLLOWING WEATHER WAS RECORDED YESTERDAY.
  FOG


RELATIVE HUMIDITY (PERCENT)
 HIGHEST   100           200 AM
 LOWEST     65           200 PM
 AVERAGE    83

..........................................................


THE MASON CITY IA CLIMATE NORMALS FOR TODAY
                         NORMAL    RECORD    YEAR
 MAXIMUM TEMPERATURE (F)   48        82      1907
 MINIMUM TEMPERATURE (F)   27         0      1996


SUNRISE AND SUNSET
MARCH 26 2015.........SUNRISE   706 AM CDT   SUNSET   732 PM CDT
MARCH 27 2015.........SUNRISE   705 AM CDT   SUNSET   734 PM CDT


-  INDICATES NEGATIVE NUMBERS.
R  INDICATES RECORD WAS SET OR TIED.
MM INDICATES DATA IS MISSING.
T  INDICATES TRACE AMOUNT.




$$
