000
CDUS43 KDMX 290656 RRA
CLIMCW

CLIMATE REPORT
NATIONAL WEATHER SERVICE DES MOINES IA
156 AM CDT FRI JUL 29 2016

...................................

...THE MASON CITY IA CLIMATE SUMMARY FOR JULY 28 2016...

CLIMATE NORMAL PERIOD 1981 TO 2010
CLIMATE RECORD PERIOD 1893 TO 2016


WEATHER ITEM   OBSERVED TIME   RECORD YEAR NORMAL DEPARTURE LAST
                VALUE   (LST)  VALUE       VALUE  FROM      YEAR
                                                  NORMAL
..................................................................
TEMPERATURE (F)
 YESTERDAY
  MAXIMUM         76    445 PM 100    1916  82     -6       78
  MINIMUM         62   1105 PM  43    1928  60      2       65
  AVERAGE         69                        71     -2       72

PRECIPITATION (IN)
  YESTERDAY        T             1.59 2002   0.14  -0.14     0.52
  MONTH TO DATE    6.79                      4.27   2.52     6.63
  SINCE JUN 1     13.30                      9.41   3.89    11.67
  SINCE JAN 1     24.52                     21.89   2.63    22.67

SNOWFALL (IN)
  YESTERDAY        0.0          MM      MM   0.0    0.0      0.0
  MONTH TO DATE    0.0                       0.0    0.0      0.0
  SINCE JUN 1      0.0                       0.0    0.0      0.0
  SINCE JUL 1      0.0                       0.0    0.0      0.0
  SNOW DEPTH       0

DEGREE DAYS
 HEATING
  YESTERDAY        0                         0      0        0
  MONTH TO DATE   10                         0     10       21
  SINCE JUN 1     18                        44    -26       33
  SINCE JUL 1     10                         0     10       21

 COOLING
  YESTERDAY        4                         7     -3        7
  MONTH TO DATE  201                       198      3      194
  SINCE JUN 1    387                       336     51      330
  SINCE JAN 1    428                       371     57      360
..................................................................


WIND (MPH)
  HIGHEST WIND SPEED    17   HIGHEST WIND DIRECTION     N (340)
  HIGHEST GUST SPEED    22   HIGHEST GUST DIRECTION    NE (30)
  AVERAGE WIND SPEED     9.9


SKY COVER
  POSSIBLE SUNSHINE  MM
  AVERAGE SKY COVER 0.6


WEATHER CONDITIONS
 THE FOLLOWING WEATHER WAS RECORDED YESTERDAY.
  LIGHT RAIN


RELATIVE HUMIDITY (PERCENT)
 HIGHEST   100           100 AM
 LOWEST     69           200 PM
 AVERAGE    85

..........................................................


THE MASON CITY IA CLIMATE NORMALS FOR TODAY
                         NORMAL    RECORD    YEAR
 MAXIMUM TEMPERATURE (F)   82        99      1916
 MINIMUM TEMPERATURE (F)   60        45      1952


SUNRISE AND SUNSET
JULY 29 2016..........SUNRISE   601 AM CDT   SUNSET   838 PM CDT
JULY 30 2016..........SUNRISE   602 AM CDT   SUNSET   837 PM CDT


-  INDICATES NEGATIVE NUMBERS.
R  INDICATES RECORD WAS SET OR TIED.
MM INDICATES DATA IS MISSING.
T  INDICATES TRACE AMOUNT.

$$

SMALL
