000
CXUS54 KMAF 011210
CF6MDD
PRELIMINARY LOCAL CLIMATOLOGICAL DATA (WS FORM: F-6)
STATION: MIDLAND AIRPARK
MONTH: NOVEMBER
YEAR: 2022
LATITUDE: 32 2 N
LONGITUDE: 102 6 W
TEMPERATURE IN F: :PCPN: SNOW: WIND :SUNSHINE: SKY :PK WND
================================================================================
1 2 3 4 5 6A 6B 7 8 9 10 11 12 13 14 15 16 17 18
12Z AVG MX 2MIN
DY MAX MIN AVG DEP HDD CDD WTR SNW DPTH SPD SPD DIR MIN PSBL S-S WX SPD DR
================================================================================
1 74 50 62 M 3 0 M M M 6.9 13 160 M M 1 1 M M
2 74 54 64 M 1 0 M M M 13.1 17 170 M M 4 24 170
3 80 60 70 M 0 5 M M M 16.3 20 170 M M 6 28 170
4 70 46 58 M 7 0 M M M 16.4 30 280 M M 2 45 280
5 74 40 57 M 8 0 M M M 10.7 20 240 M M 0 25 240
6 83 50 67 M 0 2 M M M 6.0 10 230 M M 0 M M
7 79 51 65 M 0 0 M M M 8.4 12 130 M M 5 M M
8 78 64 71 M 0 6 M M M 15.3 21 150 M M 6 28 150
9 80 64 72 M 0 7 M M M 17.4 28 190 M M 4 35 190
10 78 55 67 M 0 2 M M M 9.2 18 180 M M 1 22 180
11 58 37 48 M 17 0 M M M 12.0 20 30 M M 4 24 20
12 54 27 41 M 24 0 M M M 5.7 10 150 M M 0 M M
13 56 35 46 M 19 0 M M M 13.9 22 160 M M 0 28 170
14 56 33 45 M 20 0 M M M 12.2 23 320 M M 1 31 310
15 51 26 39 M 26 0 M M M 8.1 13 40 M M 3 18 40
16 49 37 43 M 22 0 M M M 6.1 12 80 M M 9 M M
17 56 34 45 M 20 0 M M M 6.6 14 170 M M 2 22 170
18 42 30 36 M 29 0 M M M 11.4 18 50 M M 5 1 23 60
19 41 29 35 M 30 0 M M M 7.5 14 30 M M 10 1 16 60
20 44 29 37 M 28 0 M M M 5.4 10 180 M M 7 M M
21 56 31 44 M 21 0 M M M 4.0 7 220 M M 3 1 M M
22 63 29 46 M 19 0 M M M 6.0 14 180 M M 1 1 17 160
23 64 46 55 M 10 0 M M M 8.8 14 170 M M 7 1 20 170
24 60 42 51 M 14 0 M M M 12.4 21 350 M M 8 1 28 350
25 44 36 40 M 25 0 0.10 M M 11.9 17 360 M M 10 1 28 40
26 54 34 44 M 21 0 0.02 M M 10.4 20 280 M M 5 1 29 280
27 59 37 48 M 17 0 M M M 6.1 10 310 M M 0 M M
28 71 40 56 M 9 0 M M M 11.9 22 240 M M 0 28 220
29 73 39 56 M 9 0 M M M 15.6 29 270 M M 0 40 270
30 46 28 37 M 28 0 M M M 8.3 18 50 M M 0 23 50
================================================================================
SM 1867 1213 427 22 0.12 M 304.2 M 104
================================================================================
AV 62.2 40.4 10.1 FASTST M M 3 MAX(MPH)
MISC ----> 30 280 45 280
================================================================================
NOTES:
# LAST OF SEVERAL OCCURRENCES
COLUMN 17 PEAK WIND IN M.P.H.
PRELIMINARY LOCAL CLIMATOLOGICAL DATA (WS FORM: F-6) , PAGE 2
STATION: MIDLAND AIRPARK
MONTH: NOVEMBER
YEAR: 2022
LATITUDE: 32 2 N
LONGITUDE: 102 6 W
[TEMPERATURE DATA] [PRECIPITATION DATA] SYMBOLS USED IN COLUMN 16
AVERAGE MONTHLY: 51.3 TOTAL FOR MONTH: 0.12 1 = FOG OR MIST
DPTR FM NORMAL: 0.0 DPTR FM NORMAL: M 2 = FOG REDUCING VISIBILITY
HIGHEST: 83 ON 6 GRTST 24HR 0.10 ON 25-25 TO 1/4 MILE OR LESS
LOWEST: 26 ON 15 3 = THUNDER
SNOW, ICE PELLETS, HAIL 4 = ICE PELLETS
TOTAL MONTH: M 5 = HAIL
GRTST 24HR M ON M 6 = FREEZING RAIN OR DRIZZLE
GRTST DEPTH: M ON M 7 = DUSTSTORM OR SANDSTORM:
VSBY 1/2 MILE OR LESS
8 = SMOKE OR HAZE
[NO. OF DAYS WITH] [WEATHER - DAYS WITH] 9 = BLOWING SNOW
X = TORNADO
MAX 32 OR BELOW: 0 0.01 INCH OR MORE: 2
MAX 90 OR ABOVE: 0 0.10 INCH OR MORE: 0
MIN 32 OR BELOW: 8 0.50 INCH OR MORE: 0
MIN 0 OR BELOW: 0 1.00 INCH OR MORE: 0
[HDD (BASE 65) ]
TOTAL THIS MO. 427 CLEAR (SCALE 0-3) 15
DPTR FM NORMAL M PTCLDY (SCALE 4-7) 12
TOTAL FM JUL 1 506 CLOUDY (SCALE 8-10) 3
DPTR FM NORMAL M
[CDD (BASE 65) ]
TOTAL THIS MO. 22
DPTR FM NORMAL M [PRESSURE DATA]
TOTAL FM JAN 1 3133 HIGHEST SLP M ON M
DPTR FM NORMAL M LOWEST SLP M ON M
[REMARKS]
#FINAL-11-22#