000
CXUS53 KPAH 010700
CF6MDH
PRELIMINARY LOCAL CLIMATOLOGICAL DATA (WS FORM: F-6)
STATION: CARBONDALE IL
MONTH: JANUARY
YEAR: 2023
LATITUDE: 37 46 N
LONGITUDE: 89 15 W
TEMPERATURE IN F: :PCPN: SNOW: WIND :SUNSHINE: SKY :PK WND
================================================================================
1 2 3 4 5 6A 6B 7 8 9 10 11 12 13 14 15 16 17 18
12Z AVG MX 2MIN
DY MAX MIN AVG DEP HDD CDD WTR SNW DPTH SPD SPD DIR MIN PSBL S-S WX SPD DR
================================================================================
1 57 44 51 17 14 0 0.00 M M 5.7 12 160 M M 9 12 15 220
2 64 51 58 24 7 0 1.09 M M 5.6 15 160 M M 10 123 22 170
3 67 54 61 27 4 0 0.29 M M 17.6 32 200 M M 6 1 43 200
4 56 33 45 11 20 0 0.00 M M 8.1 17 250 M M 2 25 250
5 47 33 40 6 25 0 0.00 M M 9.7 20 230 M M 3 28 280
6 50 27 39 6 26 0 0.00 M M 3.9 10 240 M M 2 15 250
7 52 39 46 13 19 0 0.00 M M 6.9 15 50 M M 8 20 50
8 41 27 34 1 31 0 0.00 M M 6.7 15 330 M M 9 1 20 330
9 51 22 37 4 28 0 0.00 M M 6.0 14 200 M M 0 1 19 170
10 58 38 48 15 17 0 0.00 M M 7.4 16 200 M M 0 21 190
11 64 44 54 21 11 0 0.00 M M 6.3 15 190 M M 6 1 21 230
12 58 32 45 12 20 0 0.53 M M 13.7 28 350 M M 10 123 42 320
13 32 30 31 -2 34 0 T M M 12.7 20 330 M M 10 1 28 320
14 40 24 32 -1 33 0 0.00 M M 3.6 9 310 M M 5 14 310
15 53 28 41 8 24 0 0.00 M M 11.4 21 180 M M 1 27 160
16 60 48 54 21 11 0 T M M 15.9 26 190 M M 9 1 36 190
17 63 41 52 19 13 0 0.00 M M 6.0 16 260 M M 1 12 21 260
18 48 41 45 12 20 0 2.00 M M 7.6 23 70 M M 8 1 28 80
19 50 38 44 11 21 0 0.00 M M 12.5 33 250 M M 6 1 45 240
20 41 26 34 1 31 0 0.00 M M 7.3 17 300 M M 6 1 27 280
21 44 21 33 0 32 0 T M M 3.5 12 80 M M 2 1 15 80
22 40 32 36 3 29 0 T M M 3.6 12 320 M M 10 1 17 320
23 46 31 39 6 26 0 0.00 M M 7.2 15 310 M M 5 21 340
24 46 27 37 4 28 0 M M M 4.1 16 90 M M 3 1 22 80
25 37 32 35 2 30 0 M M M 9.2 16 280 M M 10 1 23 270
26 36 25 31 -2 34 0 0.00 M M 9.1 16 240 M M 6 24 290
27 51 24 38 4 27 0 0.00 M M 12.0 25 210 M M 2 36 210
28 51 33 42 8 23 0 T M M 11.2 30 190 M M 5 39 190
29 46 30 38 4 27 0 T M M 9.5 22 320 M M 10 1 28 320
30 30 19 25 -9 40 0 0.01 M M 12.9 17 360 M M 10 146 23 330
31 23 17 20 -14 45 0 T M M 10.4 16 360 M M 10 16 21 350
================================================================================
SM 1502 1011 750 0 3.92 M 267.3 M 184
================================================================================
AV 48.5 32.6 8.6 FASTST M M 6 MAX(MPH)
MISC ----> 33 250 45 240
================================================================================
NOTES:
# LAST OF SEVERAL OCCURRENCES
COLUMN 17 PEAK WIND IN M.P.H.
PRELIMINARY LOCAL CLIMATOLOGICAL DATA (WS FORM: F-6) , PAGE 2
STATION: CARBONDALE IL
MONTH: JANUARY
YEAR: 2023
LATITUDE: 37 46 N
LONGITUDE: 89 15 W
[TEMPERATURE DATA] [PRECIPITATION DATA] SYMBOLS USED IN COLUMN 16
AVERAGE MONTHLY: 40.5 TOTAL FOR MONTH: 3.92 1 = FOG OR MIST
DPTR FM NORMAL: 7.3 DPTR FM NORMAL: 1.13 2 = FOG REDUCING VISIBILITY
HIGHEST: 67 ON 3 GRTST 24HR 2.44 ON 2- 3 TO 1/4 MILE OR LESS
LOWEST: 17 ON 31 3 = THUNDER
SNOW, ICE PELLETS, HAIL 4 = ICE PELLETS
TOTAL MONTH: M 5 = HAIL
GRTST 24HR M ON M 6 = FREEZING RAIN OR DRIZZLE
GRTST DEPTH: M ON M 7 = DUSTSTORM OR SANDSTORM:
VSBY 1/2 MILE OR LESS
8 = SMOKE OR HAZE
[NO. OF DAYS WITH] [WEATHER - DAYS WITH] 9 = BLOWING SNOW
X = TORNADO
MAX 32 OR BELOW: 3 0.01 INCH OR MORE: 5
MAX 90 OR ABOVE: 0 0.10 INCH OR MORE: 4
MIN 32 OR BELOW: 18 0.50 INCH OR MORE: 3
MIN 0 OR BELOW: 0 1.00 INCH OR MORE: 2
[HDD (BASE 65) ]
TOTAL THIS MO. 750 CLEAR (SCALE 0-3) 9
DPTR FM NORMAL -234 PTCLDY (SCALE 4-7) 10
TOTAL FM JUL 1 2612 CLOUDY (SCALE 8-10) 12
DPTR FM NORMAL -143
[CDD (BASE 65) ]
TOTAL THIS MO. 0
DPTR FM NORMAL 0 [PRESSURE DATA]
TOTAL FM JAN 1 0 HIGHEST SLP M ON M
DPTR FM NORMAL 0 LOWEST SLP 29.56 ON 18
[REMARKS]
#FINAL-01-23#