000
CXUS54 KMEG 020023
CF6MEG
PRELIMINARY LOCAL CLIMATOLOGICAL DATA (WS FORM: F-6)
STATION: MEMPHIS/GERMANTOWN WFO
MONTH: MARCH
YEAR: 2020
LATITUDE: 35 7 N
LONGITUDE: 89 48 W
TEMPERATURE IN F: :PCPN: SNOW: WIND :SUNSHINE: SKY :PK WND
================================================================================
1 2 3 4 5 6A 6B 7 8 9 10 11 12 13 14 15 16 17 18
12Z AVG MX 2MIN
DY MAX MIN AVG DEP HDD CDD WTR SNW DPTH SPD SPD DIR MIN PSBL S-S WX SPD DR
================================================================================
1 73 45 59 12 6 0 0.56 0.0 0 M M M M M M 13 M M
2 70 52 61 14 4 0 0.03 0.0 0 M M M M M M 13 M M
3 68 53 61 14 4 0 0.27 0.0 0 M M M M M M 13 M M
4 61 50 56 8 9 0 0.00 0.0 0 M M M M M M M M
5 68 48 58 10 7 0 0.00 0.0 0 M M M M M M M M
6 57 35 46 -2 19 0 0.00 0.0 0 M M M M M M M M
7 62 30 46 -3 19 0 0.00 0.0 0 M M M M M M M M
8 71 40 56 7 9 0 0.00 0.0 0 M M M M M M M M
9 67 56 62 13 3 0 0.62 0.0 0 M M M M M M 1 M M
10 64 44 54 4 11 0 0.02 0.0 0 M M M M M M M M
11 67 41 54 4 11 0 0.75 0.0 0 M M M M M M 13 M M
12 74 58 66 16 0 1 0.50 0.0 0 M M M M M M 13 M M
13 63 45 54 4 11 0 0.10 0.0 0 M M M M M M M M
14 68 44 56 5 9 0 1.28 0.0 0 M M M M M M 1 M M
15 48 42 45 -6 20 0 1.02 0.0 0 M M M M M M 13 M M
16 50 42 46 -5 19 0 0.33 0.0 0 M M M M M M 1 M M
17 63 48 56 4 9 0 T 0.0 0 M M M M M M 1 M M
18 75 52 64 12 1 0 0.38 0.0 0 M M M M M M 1 M M
19 77 64 71 19 0 6 0.14 0.0 0 M M M M M M M M
20 74 47 61 9 4 0 0.14 0.0 0 M M M M M M M M
21 54 42 48 -5 17 0 T 0.0 0 M M M M M M M M
22 51 43 47 -6 18 0 0.62 0.0 0 M M M M M M M M
23 65 48 57 4 8 0 0.30 0.0 0 M M M M M M M M
24 70 43 57 3 8 0 0.58 0.0 0 M M M M M M 3 M M
25 62 48 55 1 10 0 0.00 0.0 0 M M M M M M M M
26 87 47 67 13 0 2 0.00 0.0 0 M M M M M M M M
27 82 70 76 21 0 11 0.00 0.0 0 M M M M M M M M
28 82 65 74 19 0 9 0.55 0.0 0 M M M M M M 13 M M
29 71 49 60 5 5 0 0.00 0.0 0 M M M M M M M M
30 67 51 59 4 6 0 0.73 0.0 0 M M M M M M M M
31 62 45 54 -2 11 0 1.08 0.0 0 M M M M M M M M
================================================================================
SM 2073 1487 258 29 10.00 0.0 M M M
================================================================================
AV 66.9 48.0 M FASTST M M 0 MAX(MPH)
MISC ----> M M M M
================================================================================
NOTES:
# LAST OF SEVERAL OCCURRENCES
COLUMN 17 PEAK WIND IN M.P.H.
PRELIMINARY LOCAL CLIMATOLOGICAL DATA (WS FORM: F-6) , PAGE 2
STATION: MEMPHIS/GERMANTOWN WFO
MONTH: MARCH
YEAR: 2020
LATITUDE: 35 7 N
LONGITUDE: 89 48 W
[TEMPERATURE DATA] [PRECIPITATION DATA] SYMBOLS USED IN COLUMN 16
AVERAGE MONTHLY: 57.4 TOTAL FOR MONTH: 10.00 1 = FOG OR MIST
DPTR FM NORMAL: 6.1 DPTR FM NORMAL: 5.05 2 = FOG REDUCING VISIBILITY
HIGHEST: 87 ON 26 GRTST 24HR 1.28 ON 14-14 TO 1/4 MILE OR LESS
LOWEST: 30 ON 7 3 = THUNDER
SNOW, ICE PELLETS, HAIL 4 = ICE PELLETS
TOTAL MONTH: 0.0 INCH 5 = HAIL
GRTST 24HR 0.0 6 = FREEZING RAIN OR DRIZZLE
GRTST DEPTH: 0 7 = DUSTSTORM OR SANDSTORM:
VSBY 1/2 MILE OR LESS
8 = SMOKE OR HAZE
[NO. OF DAYS WITH] [WEATHER - DAYS WITH] 9 = BLOWING SNOW
X = TORNADO
MAX 32 OR BELOW: 0 0.01 INCH OR MORE: 20
MAX 90 OR ABOVE: 0 0.10 INCH OR MORE: 18
MIN 32 OR BELOW: 1 0.50 INCH OR MORE: 11
MIN 0 OR BELOW: 0 1.00 INCH OR MORE: 3
[HDD (BASE 65) ]
TOTAL THIS MO. 258 CLEAR (SCALE 0-3) 0
DPTR FM NORMAL -178 PTCLDY (SCALE 4-7) 0
TOTAL FM JUL 1 2693 CLOUDY (SCALE 8-10) 0
DPTR FM NORMAL -489
[CDD (BASE 65) ]
TOTAL THIS MO. 29
DPTR FM NORMAL 18 [PRESSURE DATA]
TOTAL FM JAN 1 29 HIGHEST SLP M ON M
DPTR FM NORMAL 17 LOWEST SLP M ON M
[REMARKS]
#FINAL-03-20#