000
CXUS51 KCLE 091613 RRA
CLSMFD
CLIMATE REPORT
NATIONAL WEATHER SERVICE CLEVELAND OH
1159 AM EDT THU MAY 9 2019
...................................
...THE MANSFIELD OH CLIMATE SUMMARY FOR THE SEASON, FROM
12/1/2018 TO 2/28/2019...
CLIMATE NORMAL PERIOD 1981 TO 2010
CLIMATE RECORD PERIOD 1916 TO 2019
WEATHER OBSERVED NORMAL DEPART
VALUE DATE(S) VALUE FROM
NORMAL
................................................
TEMPERATURE (F)
RECORD
HIGH 74 02/24/2017
LOW -26 01/15/1929
HIGHEST 62 12/02
LOWEST -10 01/30
AVG. MAXIMUM 37.6 35.2 2.4
AVG. MINIMUM 22.4 20.5 1.9
MEAN 30.0 27.8 2.2
DAYS MAX >= 90 0 0.0
DAYS MAX <= 32 32 36.8
DAYS MIN <= 32 74 76.7
DAYS MIN <= 0 7 5.0
PRECIPITATION (INCHES)
RECORD
MAXIMUM 20.95 1950
MINIMUM 2.70 1977
TOTALS 10.44 8.55 1.89
DAYS >= .01 41 42.7
DAYS >= .10 23 20.1
DAYS >= .50 9 4.8
DAYS >= 1.00 3 1.4
SNOWFALL (INCHES)
RECORDS
TOTAL 77.3 2010
TOTALS 37.5 35.2
DAYS >= TRACE 36
DAYS >= 1.0 10 11.2
DEGREE_DAYS
HEATING TOTAL 3130 3343 -213
COOLING TOTAL 0 0 0
.................................................
WIND (MPH)
HIGHEST GUST SPEED/DIRECTION 59/240 DATE 02/24
SKY COVER
POSSIBLE SUNSHINE (PERCENT) MM
NUMBER OF DAYS FAIR 19
NUMBER OF DAYS PC 29
NUMBER OF DAYS CLOUDY 42
WEATHER CONDITIONS. NUMBER OF DAYS WITH
THUNDERSTORM 1 MIXED PRECIP 0
HEAVY RAIN 3 RAIN 10
LIGHT RAIN 24 FREEZING RAIN 0
LT FREEZING RAIN 8 HAIL 0
HEAVY SNOW 0 SNOW 8
LIGHT SNOW 35 SLEET 2
FOG 69 FOG W/VIS <= 1/4 MILE 12
HAZE 26
- INDICATES NEGATIVE NUMBERS.
R INDICATES RECORD WAS SET OR TIED.
MM INDICATES DATA IS MISSING.
T INDICATES TRACE AMOUNT.
$$