000
CXUS53 KGRB 040232
CF6MFI
PRELIMINARY LOCAL CLIMATOLOGICAL DATA (WS FORM: F-6)
STATION: MARSHFIELD WI
MONTH: AUGUST
YEAR: 2022
LATITUDE: 44 37 N
LONGITUDE: 90 11 W
TEMPERATURE IN F: :PCPN: SNOW: WIND :SUNSHINE: SKY :PK WND
================================================================================
1 2 3 4 5 6A 6B 7 8 9 10 11 12 13 14 15 16 17 18
12Z AVG MX 2MIN
DY MAX MIN AVG DEP HDD CDD WTR SNW DPTH SPD SPD DIR MIN PSBL S-S WX SPD DR
================================================================================
1 78 60 69 0 0 4 0.01 0.0 0 9.6 20 320 M M 5 1 26 320
2 86 58 72 3 0 7 T 0.0 0 11.4 23 50 M M 2 37 30
3 87 61 74 5 0 9 0.67 0.0 0 10.1 21 40 M M 3 13 27 320
4 81 59 70 1 0 5 0.00 0.0 0 4.3 9 70 M M 2 13 20
5 84 58 71 2 0 6 0.00 0.0 0 6.5 15 170 M M 0 21 150
6 84 66 75 6 0 10 T 0.0 0 6.0 12 220 M M 5 138 18 240
7 74 65 70 2 0 5 0.04 0.0 0 6.6 13 130 M M 10 12 18 80
8 75 56 66 -2 0 1 0.38 0.0 0 8.2 20 310 M M 5 1 26 320
9 79 51 65 -3 0 0 0.00 0.0 0 3.3 12 290 M M 0 1 15 280
10 83 56 70 2 0 5 0.00 0.0 0 7.4 15 320 M M 1 21 290
11 77 55 66 -2 0 1 0.00 0.0 0 4.2 12 30 M M 1 17 40
12 62 56 59 -9 6 0 T 0.0 0 7.4 17 220 M M 5 1 22 220
13 68 59 64 -4 1 0 0.00 0.0 0 6.5 16 160 M M 10 1 23 150
14 70 59 65 -3 0 0 0.00 0.0 0 6.5 13 50 M M 10 1 18 40
15 76 53 65 -3 0 0 0.00 0.0 0 2.4 9 80 M M 5 12 11 70
16 79 56 68 0 0 3 0.00 0.0 0 4.5 12 130 M M 0 16 140
17 81 54 68 1 0 3 0.00 0.0 0 2.0 9 250 M M 1 12 220
18 72 58 65 -2 0 0 0.07 0.0 0 5.5 13 200 M M 5 1 19 240
19 74 58 66 -1 0 1 0.13 0.0 0 6.4 15 170 M M 7 13 20 160
20 76 61 69 2 0 4 T 0.0 0 3.3 9 30 M M 6 1 12 30
21 79 58 69 2 0 4 0.00 0.0 0 6.0 14 320 M M 3 1 20 320
22 80 54 67 0 0 2 0.00 0.0 0 4.8 10 310 M M 2 15 340
23 84 57 71 5 0 6 0.00 0.0 0 3.6 9 240 M M 1 14 300
24 81 59 70 4 0 5 0.13 0.0 0 4.5 14 320 M M 4 123 21 310
25 78 58 68 2 0 3 0.00 0.0 0 7.6 17 350 M M 7 1 26 350
26 76 52 64 -2 1 0 0.00 0.0 0 2.6 7 160 M M 0 12 11 140
27 69 56 63 -3 2 0 0.43 0.0 0 10.1 26 180 M M 5 13 40 170
28 78 64 71 6 0 6 0.10 0.0 0 7.2 15 140 M M 9 1 20 150
29 79 63 71 6 0 6 0.00 0.0 0 9.8 20 290 M M 3 3 30 270
30 75 58 67 2 0 2 0.00 0.0 0 11.2 24 310 M M 1 32 320
31 82 57 70 5 0 5 0.00 0.0 0 7.3 16 300 M M 0 22 310
================================================================================
SM 2407 1795 10 103 1.96 0.0 196.8 M 118
================================================================================
AV 77.6 57.9 6.3 FASTST M M 4 MAX(MPH)
MISC ----> 26 180 40 170
================================================================================
NOTES:
# LAST OF SEVERAL OCCURRENCES
COLUMN 17 PEAK WIND IN M.P.H.
PRELIMINARY LOCAL CLIMATOLOGICAL DATA (WS FORM: F-6) , PAGE 2
STATION: MARSHFIELD WI
MONTH: AUGUST
YEAR: 2022
LATITUDE: 44 37 N
LONGITUDE: 90 11 W
[TEMPERATURE DATA] [PRECIPITATION DATA] SYMBOLS USED IN COLUMN 16
AVERAGE MONTHLY: 67.8 TOTAL FOR MONTH: 1.96 1 = FOG OR MIST
DPTR FM NORMAL: 0.5 DPTR FM NORMAL: -1.24 2 = FOG REDUCING VISIBILITY
HIGHEST: 87 ON 3 GRTST 24HR 0.67 ON 2- 3 TO 1/4 MILE OR LESS
LOWEST: 51 ON 9 3 = THUNDER
SNOW, ICE PELLETS, HAIL 4 = ICE PELLETS
TOTAL MONTH: 0.0 INCH 5 = HAIL
GRTST 24HR 0.0 6 = FREEZING RAIN OR DRIZZLE
GRTST DEPTH: 0 7 = DUSTSTORM OR SANDSTORM:
VSBY 1/2 MILE OR LESS
8 = SMOKE OR HAZE
[NO. OF DAYS WITH] [WEATHER - DAYS WITH] 9 = BLOWING SNOW
X = TORNADO
MAX 32 OR BELOW: 0 0.01 INCH OR MORE: 9
MAX 90 OR ABOVE: 0 0.10 INCH OR MORE: 6
MIN 32 OR BELOW: 0 0.50 INCH OR MORE: 1
MIN 0 OR BELOW: 0 1.00 INCH OR MORE: 0
[HDD (BASE 65) ]
TOTAL THIS MO. 10 CLEAR (SCALE 0-3) 14
DPTR FM NORMAL -28 PTCLDY (SCALE 4-7) 13
TOTAL FM JUL 1 13 CLOUDY (SCALE 8-10) 4
DPTR FM NORMAL -51
[CDD (BASE 65) ]
TOTAL THIS MO. 103
DPTR FM NORMAL -5 [PRESSURE DATA]
TOTAL FM JAN 1 390 HIGHEST SLP 30.31 ON 12
DPTR FM NORMAL 37 LOWEST SLP 29.62 ON 3
[REMARKS]
#FINAL-08-22#